[INFO] fetching crate rgb-runtime 0.11.0-alpha.2...
[INFO] checking rgb-runtime-0.11.0-alpha.2 against nightly-2024-02-05 for check-cfg
[INFO] extracting crate rgb-runtime 0.11.0-alpha.2 into /workspace/builds/worker-3-tc1/source
[INFO] validating manifest of crates.io crate rgb-runtime 0.11.0-alpha.2 on toolchain nightly-2024-02-05
[INFO] running `Command { std: CARGO_HOME="/workspace/cargo-home" RUSTUP_HOME="/workspace/rustup-home" "/workspace/cargo-home/bin/cargo" "+nightly-2024-02-05" "metadata" "--manifest-path" "Cargo.toml" "--no-deps", kill_on_drop: false }`
[INFO] removed /workspace/builds/worker-3-tc1/source/rust-toolchain.toml
[INFO] started tweaking crates.io crate rgb-runtime 0.11.0-alpha.2
[INFO] finished tweaking crates.io crate rgb-runtime 0.11.0-alpha.2
[INFO] tweaked toml for crates.io crate rgb-runtime 0.11.0-alpha.2 written to /workspace/builds/worker-3-tc1/source/Cargo.toml
[INFO] running `Command { std: CARGO_HOME="/workspace/cargo-home" RUSTUP_HOME="/workspace/rustup-home" "/workspace/cargo-home/bin/cargo" "+nightly-2024-02-05" "generate-lockfile" "--manifest-path" "Cargo.toml", kill_on_drop: false }`
[INFO] [stderr]     Updating crates.io index
[INFO] running `Command { std: CARGO_HOME="/workspace/cargo-home" RUSTUP_HOME="/workspace/rustup-home" "/workspace/cargo-home/bin/cargo" "+nightly-2024-02-05" "fetch" "--manifest-path" "Cargo.toml", kill_on_drop: false }`
[INFO] [stderr]  Downloading crates ...
[INFO] [stderr]   Downloaded amplify_apfloat v0.2.0
[INFO] [stderr]   Downloaded descriptors v0.11.0-beta.3
[INFO] [stderr]   Downloaded strict_encoding_derive v2.0.1
[INFO] [stderr]   Downloaded commit_encoding_derive v0.10.0
[INFO] [stderr]   Downloaded baid58 v0.4.4
[INFO] [stderr]   Downloaded hex-conservative v0.1.1
[INFO] [stderr]   Downloaded bp-core v0.11.0-beta.3
[INFO] [stderr]   Downloaded rgb-core v0.11.0-beta.4
[INFO] [stderr]   Downloaded psbt v0.11.0-beta.3.1
[INFO] [stderr]   Downloaded secp256k1 v0.28.2
[INFO] [stderr]   Downloaded secp256k1-sys v0.9.2
[INFO] [stderr]   Downloaded secp256k1-zkp-sys v0.8.1
[INFO] [stderr]   Downloaded fluent-uri v0.1.4
[INFO] [stderr]   Downloaded aluvm v0.11.0-beta.2
[INFO] [stderr]   Downloaded bp-dbc v0.11.0-beta.3
[INFO] [stderr]   Downloaded single_use_seals v0.11.0-beta.3
[INFO] [stderr]   Downloaded mnemonic v1.0.1
[INFO] [stderr]   Downloaded bp-consensus v0.11.0-beta.3
[INFO] [stderr]   Downloaded rgb-std v0.11.0-beta.4
[INFO] [stderr]   Downloaded bitcoin_hashes v0.13.0
[INFO] [stderr]   Downloaded strict_types v1.6.3
[INFO] [stderr]   Downloaded bitcoin-internals v0.2.0
[INFO] [stderr]   Downloaded strict_encoding v2.6.2
[INFO] [stderr]   Downloaded socks v0.3.4
[INFO] [stderr]   Downloaded bp-esplora v0.11.0-beta.2
[INFO] [stderr]   Downloaded bp-std v0.11.0-beta.3
[INFO] [stderr]   Downloaded bp-invoice v0.11.0-beta.3
[INFO] [stderr]   Downloaded base85 v2.0.0
[INFO] [stderr]   Downloaded secp256k1-zkp v0.9.2
[INFO] [stderr]   Downloaded rgb-invoice v0.11.0-beta.4
[INFO] [stderr]   Downloaded commit_verify v0.11.0-beta.3
[INFO] [stderr]   Downloaded bp-seals v0.11.0-beta.3
[INFO] [stderr]   Downloaded cfg_eval v0.1.2
[INFO] [stderr]   Downloaded bp-derive v0.11.0-beta.3
[INFO] [stderr]   Downloaded rgb-persist-fs v0.11.0
[INFO] [stderr]   Downloaded bp-wallet v0.11.0-beta.4
[INFO] running `Command { std: "docker" "create" "-v" "/var/lib/crater-agent-workspace/builds/worker-3-tc1/target:/opt/rustwide/target:rw,Z" "-v" "/var/lib/crater-agent-workspace/builds/worker-3-tc1/source:/opt/rustwide/workdir:ro,Z" "-v" "/var/lib/crater-agent-workspace/cargo-home:/opt/rustwide/cargo-home:ro,Z" "-v" "/var/lib/crater-agent-workspace/rustup-home:/opt/rustwide/rustup-home:ro,Z" "-e" "SOURCE_DIR=/opt/rustwide/workdir" "-e" "CARGO_TARGET_DIR=/opt/rustwide/target" "-e" "CARGO_HOME=/opt/rustwide/cargo-home" "-e" "RUSTUP_HOME=/opt/rustwide/rustup-home" "-w" "/opt/rustwide/workdir" "-m" "1610612736" "--user" "0:0" "--network" "none" "ghcr.io/rust-lang/crates-build-env/linux@sha256:2788e3201cd34a07e3172128adcd8b3090168a8e3bcc40d7c032b9dda1df7d1c" "/opt/rustwide/cargo-home/bin/cargo" "+nightly-2024-02-05" "metadata" "--no-deps" "--format-version=1", kill_on_drop: false }`
[INFO] [stdout] d4d39229a796447c8ab789f516b123ca1b146fca7cd73d3949d532ea209fea94
[INFO] running `Command { std: "docker" "start" "-a" "d4d39229a796447c8ab789f516b123ca1b146fca7cd73d3949d532ea209fea94", kill_on_drop: false }`
[INFO] running `Command { std: "docker" "inspect" "d4d39229a796447c8ab789f516b123ca1b146fca7cd73d3949d532ea209fea94", kill_on_drop: false }`
[INFO] running `Command { std: "docker" "rm" "-f" "d4d39229a796447c8ab789f516b123ca1b146fca7cd73d3949d532ea209fea94", kill_on_drop: false }`
[INFO] [stdout] d4d39229a796447c8ab789f516b123ca1b146fca7cd73d3949d532ea209fea94
[INFO] running `Command { std: "docker" "create" "-v" "/var/lib/crater-agent-workspace/builds/worker-3-tc1/target:/opt/rustwide/target:rw,Z" "-v" "/var/lib/crater-agent-workspace/builds/worker-3-tc1/source:/opt/rustwide/workdir:ro,Z" "-v" "/var/lib/crater-agent-workspace/cargo-home:/opt/rustwide/cargo-home:ro,Z" "-v" "/var/lib/crater-agent-workspace/rustup-home:/opt/rustwide/rustup-home:ro,Z" "-e" "SOURCE_DIR=/opt/rustwide/workdir" "-e" "CARGO_TARGET_DIR=/opt/rustwide/target" "-e" "CARGO_INCREMENTAL=0" "-e" "RUST_BACKTRACE=full" "-e" "RUSTFLAGS=--cap-lints=forbid" "-e" "RUSTDOCFLAGS=--cap-lints=forbid" "-e" "CARGO_HOME=/opt/rustwide/cargo-home" "-e" "RUSTUP_HOME=/opt/rustwide/rustup-home" "-w" "/opt/rustwide/workdir" "-m" "1610612736" "--user" "0:0" "--network" "none" "ghcr.io/rust-lang/crates-build-env/linux@sha256:2788e3201cd34a07e3172128adcd8b3090168a8e3bcc40d7c032b9dda1df7d1c" "/opt/rustwide/cargo-home/bin/cargo" "+nightly-2024-02-05" "check" "--frozen" "--all" "--all-targets" "--message-format=json", kill_on_drop: false }`
[INFO] [stdout] dc2e9c480282bb4c987a2ec0035e95625724b54a8a91ffff9715532f1b7ebf2c
[INFO] running `Command { std: "docker" "start" "-a" "dc2e9c480282bb4c987a2ec0035e95625724b54a8a91ffff9715532f1b7ebf2c", kill_on_drop: false }`
[INFO] [stderr]    Compiling proc-macro2 v1.0.78
[INFO] [stderr]    Compiling serde v1.0.196
[INFO] [stderr]    Compiling syn v1.0.109
[INFO] [stderr]    Compiling version_check v0.9.4
[INFO] [stderr]    Compiling typenum v1.17.0
[INFO] [stderr]     Checking ppv-lite86 v0.2.17
[INFO] [stderr]     Checking unicode-ident v1.0.12
[INFO] [stderr]     Checking winnow v0.5.37
[INFO] [stderr]    Compiling paste v1.0.14
[INFO] [stderr]     Checking byteorder v1.5.0
[INFO] [stderr]     Checking bitflags v1.3.2
[INFO] [stderr]     Checking unsafe-libyaml v0.2.10
[INFO] [stderr]    Compiling heck v0.4.1
[INFO] [stderr]     Checking getrandom v0.2.12
[INFO] [stderr]    Compiling blake3 v1.5.0
[INFO] [stderr]     Checking arrayvec v0.7.4
[INFO] [stderr]     Checking rand_core v0.6.4
[INFO] [stderr]     Checking arrayref v0.3.7
[INFO] [stderr]     Checking cpufeatures v0.2.12
[INFO] [stderr]     Checking constant_time_eq v0.3.0
[INFO] [stderr]     Checking lazy_static v1.4.0
[INFO] [stderr]     Checking half v2.2.1
[INFO] [stderr]     Checking base58 v0.2.0
[INFO] [stderr]     Checking mnemonic v1.0.1
[INFO] [stderr]    Compiling generic-array v0.14.7
[INFO] [stderr]    Compiling secp256k1-sys v0.9.2
[INFO] [stderr]    Compiling amplify_num v0.5.1
[INFO] [stderr]    Compiling ascii v1.1.0
[INFO] [stderr]    Compiling thiserror v1.0.56
[INFO] [stderr]     Checking rand_chacha v0.3.1
[INFO] [stderr]     Checking chrono v0.4.33
[INFO] [stderr]    Compiling quote v1.0.35
[INFO] [stderr]    Compiling bitcoin-internals v0.2.0
[INFO] [stderr]     Checking rand v0.8.5
[INFO] [stderr]    Compiling syn v2.0.48
[INFO] [stderr]    Compiling vcpkg v0.2.15
[INFO] [stderr]    Compiling pkg-config v0.3.29
[INFO] [stderr]     Checking hex-conservative v0.1.1
[INFO] [stderr]    Compiling secp256k1-sys v0.8.1
[INFO] [stderr]     Checking bech32 v0.9.1
[INFO] [stderr]     Checking tokio v1.36.0
[INFO] [stderr]     Checking bitcoin_hashes v0.13.0
[INFO] [stderr]     Checking futures-task v0.3.30
[INFO] [stderr]     Checking foreign-types-shared v0.1.1
[INFO] [stderr]    Compiling openssl v0.10.63
[INFO] [stderr]     Checking futures-util v0.3.30
[INFO] [stderr]     Checking foreign-types v0.3.2
[INFO] [stderr]     Checking tracing v0.1.40
[INFO] [stderr]    Compiling secp256k1-zkp-sys v0.8.1
[INFO] [stderr]    Compiling fnv v1.0.7
[INFO] [stderr]    Compiling strsim v0.10.0
[INFO] [stderr]     Checking bitflags v2.4.2
[INFO] [stderr]    Compiling native-tls v0.2.11
[INFO] [stderr]    Compiling ident_case v1.0.1
[INFO] [stderr]    Compiling bitcoin-private v0.1.0
[INFO] [stderr]    Compiling openssl-sys v0.9.99
[INFO] [stderr]     Checking unicode-normalization v0.1.22
[INFO] [stderr]    Compiling crc32fast v1.3.2
[INFO] [stderr]     Checking openssl-probe v0.1.5
[INFO] [stderr]     Checking amplify_syn v2.0.1
[INFO] [stderr]     Checking rustls-pki-types v1.2.0
[INFO] [stderr]     Checking unicode-bidi v0.3.15
[INFO] [stderr]     Checking block-buffer v0.10.4
[INFO] [stderr]     Checking crypto-common v0.1.6
[INFO] [stderr]     Checking ring v0.17.7
[INFO] [stderr]    Compiling rustls v0.22.2
[INFO] [stderr]     Checking digest v0.10.7
[INFO] [stderr]     Checking adler v1.0.2
[INFO] [stderr]     Checking miniz_oxide v0.7.2
[INFO] [stderr]     Checking hoot v0.1.3
[INFO] [stderr]     Checking fastrand v2.0.1
[INFO] [stderr]     Checking idna v0.3.0
[INFO] [stderr]     Checking sha2 v0.10.8
[INFO] [stderr]     Checking ripemd v0.1.3
[INFO] [stderr]     Checking subtle v2.5.0
[INFO] [stderr]     Checking either v1.9.0
[INFO] [stderr]     Checking zeroize v1.7.0
[INFO] [stderr]     Checking webpki-roots v0.26.1
[INFO] [stderr]     Checking socks v0.3.4
[INFO] [stderr]     Checking fluent-uri v0.1.4
[INFO] [stderr]     Checking hex v0.4.3
[INFO] [stderr]     Checking baid58 v0.4.4
[INFO] [stderr]     Checking flate2 v1.0.28
[INFO] [stderr]     Checking url v2.3.1
[INFO] [stderr]     Checking rustls-webpki v0.102.2
[INFO] [stderr]    Compiling darling_core v0.20.5
[INFO] [stderr]    Compiling amplify_derive v4.0.0
[INFO] [stderr]    Compiling strict_encoding_derive v2.0.1
[INFO] [stderr]     Checking secp256k1 v0.27.0
[INFO] [stderr]     Checking tokio-util v0.7.10
[INFO] [stderr]    Compiling serde_derive v1.0.196
[INFO] [stderr]    Compiling thiserror-impl v1.0.56
[INFO] [stderr]    Compiling openssl-macros v0.1.1
[INFO] [stderr]    Compiling cfg_eval v0.1.2
[INFO] [stderr]    Compiling darling_macro v0.20.5
[INFO] [stderr]     Checking base85 v2.0.0
[INFO] [stderr]     Checking tokio-socks v0.5.1
[INFO] [stderr]    Compiling amplify v4.5.1
[INFO] [stderr]     Checking single_use_seals v0.11.0-beta.3
[INFO] [stderr]    Compiling darling v0.20.5
[INFO] [stderr]    Compiling serde_with_macros v3.6.0
[INFO] [stderr]    Compiling commit_encoding_derive v0.10.0
[INFO] [stderr]     Checking secp256k1-zkp v0.9.2
[INFO] [stderr]     Checking tokio-native-tls v0.3.1
[INFO] [stderr]     Checking indexmap v2.2.2
[INFO] [stderr]     Checking toml_datetime v0.6.5
[INFO] [stderr]     Checking serde_spanned v0.6.5
[INFO] [stderr]     Checking serde_json v1.0.113
[INFO] [stderr]     Checking serde_str_helpers v0.1.2
[INFO] [stderr]     Checking secp256k1 v0.28.2
[INFO] [stderr]     Checking serde_urlencoded v0.7.1
[INFO] [stderr]     Checking serde_with v3.6.0
[INFO] [stderr]     Checking stringly_conversions v0.1.1
[INFO] [stderr]     Checking toml_edit v0.19.15
[INFO] [stderr]     Checking serde_yaml v0.9.31
[INFO] [stderr]     Checking h2 v0.3.24
[INFO] [stderr]     Checking toml_edit v0.22.4
[INFO] [stderr]     Checking hootbin v0.1.1
[INFO] [stderr]     Checking ureq v2.9.4
[INFO] [stderr]     Checking amplify_apfloat v0.2.0
[INFO] [stderr]     Checking toml v0.8.10
[INFO] [stderr]     Checking toml v0.7.8
[INFO] [stderr]     Checking strict_encoding v2.6.2
[INFO] [stderr]     Checking hyper v0.14.28
[INFO] [stderr]     Checking strict_types v1.6.3
[INFO] [stderr]     Checking hyper-tls v0.5.0
[INFO] [stderr]     Checking reqwest v0.11.24
[INFO] [stderr]     Checking commit_verify v0.11.0-beta.3
[INFO] [stderr]     Checking aluvm v0.11.0-beta.2
[INFO] [stderr]     Checking bp-consensus v0.11.0-beta.3
[INFO] [stderr]     Checking bp-invoice v0.11.0-beta.3
[INFO] [stderr]     Checking bp-dbc v0.11.0-beta.3
[INFO] [stderr]     Checking bp-derive v0.11.0-beta.3
[INFO] [stderr]     Checking bp-seals v0.11.0-beta.3
[INFO] [stderr]     Checking bp-core v0.11.0-beta.3
[INFO] [stderr]     Checking rgb-core v0.11.0-beta.4
[INFO] [stderr]     Checking descriptors v0.11.0-beta.3
[INFO] [stderr]     Checking psbt v0.11.0-beta.3.1
[INFO] [stderr]     Checking bp-std v0.11.0-beta.3
[INFO] [stderr]     Checking bp-esplora v0.11.0-beta.2
[INFO] [stderr]     Checking bp-wallet v0.11.0-beta.4
[INFO] [stderr]     Checking rgb-invoice v0.11.0-beta.4
[INFO] [stderr]     Checking rgb-std v0.11.0-beta.4
[INFO] [stderr]     Checking rgb-persist-fs v0.11.0
[INFO] [stderr]     Checking rgb-runtime v0.11.0-alpha.2 (/opt/rustwide/workdir)
[INFO] [stdout] error[E0432]: unresolved import `rgbstd::validation::ResolveTx`
[INFO] [stdout]   --> src/runtime.rs:36:32
[INFO] [stdout]    |
[INFO] [stdout] 36 | use rgbstd::validation::{self, ResolveTx};
[INFO] [stdout]    |                                ^^^^^^^^^ no `ResolveTx` in `validation`
[INFO] [stdout] 
[INFO] [stdout] 
[INFO] [stdout] error[E0432]: unresolved import `rgbstd::Output`
[INFO] [stdout]   --> src/runtime.rs:37:5
[INFO] [stdout]    |
[INFO] [stdout] 37 | use rgbstd::Output;
[INFO] [stdout]    |     ^^^^^^^^^^^^^^ no `Output` in the root
[INFO] [stdout]    |
[INFO] [stdout] help: consider importing this struct instead
[INFO] [stdout]    |
[INFO] [stdout] 37 | use std::process::Output;
[INFO] [stdout]    |     ~~~~~~~~~~~~~~~~~~~~
[INFO] [stdout] 
[INFO] [stdout] 
[INFO] [stdout] error[E0432]: unresolved import `rgbstd::validation::ResolveTx`
[INFO] [stdout]   --> src/runtime.rs:36:32
[INFO] [stdout]    |
[INFO] [stdout] 36 | use rgbstd::validation::{self, ResolveTx};
[INFO] [stdout]    |                                ^^^^^^^^^ no `ResolveTx` in `validation`
[INFO] [stdout] 
[INFO] [stdout] 
[INFO] [stdout] error[E0432]: unresolved import `rgbstd::Output`
[INFO] [stdout]   --> src/runtime.rs:37:5
[INFO] [stdout]    |
[INFO] [stdout] 37 | use rgbstd::Output;
[INFO] [stdout]    |     ^^^^^^^^^^^^^^ no `Output` in the root
[INFO] [stdout]    |
[INFO] [stdout] help: consider importing this struct instead
[INFO] [stdout]    |
[INFO] [stdout] 37 | use std::process::Output;
[INFO] [stdout]    |     ~~~~~~~~~~~~~~~~~~~~
[INFO] [stdout] 
[INFO] [stdout] 
[INFO] [stdout] error: cannot find derive macro `Serialize` in this scope
[INFO] [stdout]   --> src/descriptor.rs:42:10
[INFO] [stdout]    |
[INFO] [stdout] 42 | #[derive(Serialize, Deserialize)]
[INFO] [stdout]    |          ^^^^^^^^^
[INFO] [stdout] 
[INFO] [stdout] 
[INFO] [stdout] error: cannot find derive macro `Deserialize` in this scope
[INFO] [stdout]   --> src/descriptor.rs:42:21
[INFO] [stdout]    |
[INFO] [stdout] 42 | #[derive(Serialize, Deserialize)]
[INFO] [stdout]    |                     ^^^^^^^^^^^
[INFO] [stdout] 
[INFO] [stdout] 
[INFO] [stdout] error: cannot find attribute `serde` in this scope
[INFO] [stdout]   --> src/descriptor.rs:43:3
[INFO] [stdout]    |
[INFO] [stdout] 43 | #[serde(crate = "serde_crate", rename_all = "camelCase")]
[INFO] [stdout]    |   ^^^^^
[INFO] [stdout] 
[INFO] [stdout] 
[INFO] [stdout] error: cannot find derive macro `Serialize` in this scope
[INFO] [stdout]   --> src/descriptor.rs:92:10
[INFO] [stdout]    |
[INFO] [stdout] 92 | #[derive(Serialize, Deserialize)]
[INFO] [stdout]    |          ^^^^^^^^^
[INFO] [stdout] 
[INFO] [stdout] 
[INFO] [stdout] error: cannot find derive macro `Serialize` in this scope
[INFO] [stdout]   --> src/descriptor.rs:42:10
[INFO] [stdout]    |
[INFO] [stdout] 42 | #[derive(Serialize, Deserialize)]
[INFO] [stdout]    |          ^^^^^^^^^
[INFO] [stdout] 
[INFO] [stdout] 
[INFO] [stdout] error: cannot find derive macro `Deserialize` in this scope
[INFO] [stdout]   --> src/descriptor.rs:92:21
[INFO] [stdout]    |
[INFO] [stdout] 92 | #[derive(Serialize, Deserialize)]
[INFO] [stdout]    |                     ^^^^^^^^^^^
[INFO] [stdout] 
[INFO] [stdout] 
[INFO] [stdout] error: cannot find derive macro `Deserialize` in this scope
[INFO] [stdout]   --> src/descriptor.rs:42:21
[INFO] [stdout]    |
[INFO] [stdout] 42 | #[derive(Serialize, Deserialize)]
[INFO] [stdout]    |                     ^^^^^^^^^^^
[INFO] [stdout] 
[INFO] [stdout] 
[INFO] [stdout] error: cannot find attribute `serde` in this scope
[INFO] [stdout]   --> src/descriptor.rs:93:3
[INFO] [stdout]    |
[INFO] [stdout] 93 | #[serde(crate = "serde_crate", rename_all = "camelCase")]
[INFO] [stdout]    |   ^^^^^
[INFO] [stdout] 
[INFO] [stdout] 
[INFO] [stdout] error: cannot find derive macro `Serialize` in this scope
[INFO] [stdout]    --> src/descriptor.rs:178:10
[INFO] [stdout]     |
[INFO] [stdout] 178 | #[derive(Serialize, Deserialize)]
[INFO] [stdout]     |          ^^^^^^^^^
[INFO] [stdout] 
[INFO] [stdout] 
[INFO] [stdout] error: cannot find derive macro `Deserialize` in this scope
[INFO] [stdout]    --> src/descriptor.rs:178:21
[INFO] [stdout]     |
[INFO] [stdout] 178 | #[derive(Serialize, Deserialize)]
[INFO] [stdout]     |                     ^^^^^^^^^^^
[INFO] [stdout] 
[INFO] [stdout] 
[INFO] [stdout] error: cannot find attribute `serde` in this scope
[INFO] [stdout]   --> src/descriptor.rs:43:3
[INFO] [stdout]    |
[INFO] [stdout] 43 | #[serde(crate = "serde_crate", rename_all = "camelCase")]
[INFO] [stdout]    |   ^^^^^
[INFO] [stdout] 
[INFO] [stdout] 
[INFO] [stdout] error: cannot find attribute `serde` in this scope
[INFO] [stdout]    --> src/descriptor.rs:179:3
[INFO] [stdout]     |
[INFO] [stdout] 179 | #[serde(
[INFO] [stdout]     |   ^^^^^
[INFO] [stdout] 
[INFO] [stdout] 
[INFO] [stdout] error: cannot find derive macro `Serialize` in this scope
[INFO] [stdout]   --> src/descriptor.rs:92:10
[INFO] [stdout]    |
[INFO] [stdout] 92 | #[derive(Serialize, Deserialize)]
[INFO] [stdout]    |          ^^^^^^^^^
[INFO] [stdout] 
[INFO] [stdout] 
[INFO] [stdout] error: cannot find derive macro `Deserialize` in this scope
[INFO] [stdout]   --> src/descriptor.rs:92:21
[INFO] [stdout]    |
[INFO] [stdout] 92 | #[derive(Serialize, Deserialize)]
[INFO] [stdout]    |                     ^^^^^^^^^^^
[INFO] [stdout] 
[INFO] [stdout] 
[INFO] [stdout] error: cannot find attribute `serde` in this scope
[INFO] [stdout]   --> src/descriptor.rs:93:3
[INFO] [stdout]    |
[INFO] [stdout] 93 | #[serde(crate = "serde_crate", rename_all = "camelCase")]
[INFO] [stdout]    |   ^^^^^
[INFO] [stdout] 
[INFO] [stdout] 
[INFO] [stdout] error: cannot find derive macro `Serialize` in this scope
[INFO] [stdout]    --> src/descriptor.rs:178:10
[INFO] [stdout]     |
[INFO] [stdout] 178 | #[derive(Serialize, Deserialize)]
[INFO] [stdout]     |          ^^^^^^^^^
[INFO] [stdout] 
[INFO] [stdout] 
[INFO] [stdout] error: cannot find derive macro `Deserialize` in this scope
[INFO] [stdout]    --> src/descriptor.rs:178:21
[INFO] [stdout]     |
[INFO] [stdout] 178 | #[derive(Serialize, Deserialize)]
[INFO] [stdout]     |                     ^^^^^^^^^^^
[INFO] [stdout] 
[INFO] [stdout] 
[INFO] [stdout] error: cannot find attribute `serde` in this scope
[INFO] [stdout]    --> src/descriptor.rs:179:3
[INFO] [stdout]     |
[INFO] [stdout] 179 | #[serde(
[INFO] [stdout]     |   ^^^^^
[INFO] [stdout] 
[INFO] [stdout] 
[INFO] [stdout] warning: unused import: `fs`
[INFO] [stdout]   --> src/runtime.rs:27:11
[INFO] [stdout]    |
[INFO] [stdout] 27 | use std::{fs, io};
[INFO] [stdout]    |           ^^
[INFO] [stdout]    |
[INFO] [stdout]    = note: `#[warn(unused_imports)]` on by default
[INFO] [stdout] 
[INFO] [stdout] 
[INFO] [stdout] warning: unused import: `fs`
[INFO] [stdout]   --> src/runtime.rs:27:11
[INFO] [stdout]    |
[INFO] [stdout] 27 | use std::{fs, io};
[INFO] [stdout]    |           ^^
[INFO] [stdout]    |
[INFO] [stdout]    = note: `#[warn(unused_imports)]` on by default
[INFO] [stdout] 
[INFO] [stdout] 
[INFO] [stdout] error[E0433]: failed to resolve: use of undeclared crate or module `serde_yaml`
[INFO] [stdout]   --> src/runtime.rs:90:10
[INFO] [stdout]    |
[INFO] [stdout] 90 |     Yaml(serde_yaml::Error),
[INFO] [stdout]    |          ^^^^^^^^^^ use of undeclared crate or module `serde_yaml`
[INFO] [stdout] 
[INFO] [stdout] 
[INFO] [stdout] error: aborting due to 12 previous errors; 1 warning emitted
[INFO] [stdout] 
[INFO] [stdout] 
[INFO] [stdout] Some errors have detailed explanations: E0432, E0433.
[INFO] [stdout] 
[INFO] [stdout] For more information about an error, try `rustc --explain E0432`.
[INFO] [stdout] 
[INFO] [stdout] error[E0433]: failed to resolve: use of undeclared crate or module `serde_yaml`
[INFO] [stdout]   --> src/runtime.rs:90:10
[INFO] [stdout]    |
[INFO] [stdout] 90 |     Yaml(serde_yaml::Error),
[INFO] [stdout]    |          ^^^^^^^^^^ use of undeclared crate or module `serde_yaml`
[INFO] [stdout] 
[INFO] [stdout] 
[INFO] [stdout] error: aborting due to 12 previous errors; 1 warning emitted
[INFO] [stdout] 
[INFO] [stdout] 
[INFO] [stdout] Some errors have detailed explanations: E0432, E0433.
[INFO] [stdout] 
[INFO] [stdout] For more information about an error, try `rustc --explain E0432`.
[INFO] [stdout] 
[INFO] [stderr] error: could not compile `rgb-runtime` (lib test) due to 13 previous errors; 1 warning emitted
[INFO] [stderr] warning: build failed, waiting for other jobs to finish...
[INFO] [stderr] error: could not compile `rgb-runtime` (lib) due to 13 previous errors; 1 warning emitted
[INFO] running `Command { std: "docker" "inspect" "dc2e9c480282bb4c987a2ec0035e95625724b54a8a91ffff9715532f1b7ebf2c", kill_on_drop: false }`
[INFO] running `Command { std: "docker" "rm" "-f" "dc2e9c480282bb4c987a2ec0035e95625724b54a8a91ffff9715532f1b7ebf2c", kill_on_drop: false }`
[INFO] [stdout] dc2e9c480282bb4c987a2ec0035e95625724b54a8a91ffff9715532f1b7ebf2c
[INFO] checking rgb-runtime-0.11.0-alpha.2 against nightly-2024-02-05+rustflags=-Dunexpected_cfgs+cargoflags=-Zcheck-cfg for check-cfg
[INFO] extracting crate rgb-runtime 0.11.0-alpha.2 into /workspace/builds/worker-3-tc2/source
[INFO] validating manifest of crates.io crate rgb-runtime 0.11.0-alpha.2 on toolchain nightly-2024-02-05
[INFO] running `Command { std: CARGO_HOME="/workspace/cargo-home" RUSTUP_HOME="/workspace/rustup-home" "/workspace/cargo-home/bin/cargo" "+nightly-2024-02-05" "metadata" "--manifest-path" "Cargo.toml" "--no-deps", kill_on_drop: false }`
[INFO] removed /workspace/builds/worker-3-tc2/source/rust-toolchain.toml
[INFO] started tweaking crates.io crate rgb-runtime 0.11.0-alpha.2
[INFO] finished tweaking crates.io crate rgb-runtime 0.11.0-alpha.2
[INFO] tweaked toml for crates.io crate rgb-runtime 0.11.0-alpha.2 written to /workspace/builds/worker-3-tc2/source/Cargo.toml
[INFO] running `Command { std: CARGO_HOME="/workspace/cargo-home" RUSTUP_HOME="/workspace/rustup-home" "/workspace/cargo-home/bin/cargo" "+nightly-2024-02-05" "generate-lockfile" "--manifest-path" "Cargo.toml", kill_on_drop: false }`
[INFO] [stderr]     Updating crates.io index
[INFO] running `Command { std: CARGO_HOME="/workspace/cargo-home" RUSTUP_HOME="/workspace/rustup-home" "/workspace/cargo-home/bin/cargo" "+nightly-2024-02-05" "fetch" "--manifest-path" "Cargo.toml", kill_on_drop: false }`
[INFO] running `Command { std: "docker" "create" "-v" "/var/lib/crater-agent-workspace/builds/worker-3-tc2/target:/opt/rustwide/target:rw,Z" "-v" "/var/lib/crater-agent-workspace/builds/worker-3-tc2/source:/opt/rustwide/workdir:ro,Z" "-v" "/var/lib/crater-agent-workspace/cargo-home:/opt/rustwide/cargo-home:ro,Z" "-v" "/var/lib/crater-agent-workspace/rustup-home:/opt/rustwide/rustup-home:ro,Z" "-e" "SOURCE_DIR=/opt/rustwide/workdir" "-e" "CARGO_TARGET_DIR=/opt/rustwide/target" "-e" "CARGO_HOME=/opt/rustwide/cargo-home" "-e" "RUSTUP_HOME=/opt/rustwide/rustup-home" "-w" "/opt/rustwide/workdir" "-m" "1610612736" "--user" "0:0" "--network" "none" "ghcr.io/rust-lang/crates-build-env/linux@sha256:2788e3201cd34a07e3172128adcd8b3090168a8e3bcc40d7c032b9dda1df7d1c" "/opt/rustwide/cargo-home/bin/cargo" "+nightly-2024-02-05" "metadata" "--no-deps" "--format-version=1", kill_on_drop: false }`
[INFO] [stdout] 3ecf887e151c1682147a509bdcd38ed69b5709f6d6b165fa2df4a9bf062f4eb3
[INFO] running `Command { std: "docker" "start" "-a" "3ecf887e151c1682147a509bdcd38ed69b5709f6d6b165fa2df4a9bf062f4eb3", kill_on_drop: false }`
[INFO] running `Command { std: "docker" "inspect" "3ecf887e151c1682147a509bdcd38ed69b5709f6d6b165fa2df4a9bf062f4eb3", kill_on_drop: false }`
[INFO] running `Command { std: "docker" "rm" "-f" "3ecf887e151c1682147a509bdcd38ed69b5709f6d6b165fa2df4a9bf062f4eb3", kill_on_drop: false }`
[INFO] [stdout] 3ecf887e151c1682147a509bdcd38ed69b5709f6d6b165fa2df4a9bf062f4eb3
[INFO] running `Command { std: "docker" "create" "-v" "/var/lib/crater-agent-workspace/builds/worker-3-tc2/target:/opt/rustwide/target:rw,Z" "-v" "/var/lib/crater-agent-workspace/builds/worker-3-tc2/source:/opt/rustwide/workdir:ro,Z" "-v" "/var/lib/crater-agent-workspace/cargo-home:/opt/rustwide/cargo-home:ro,Z" "-v" "/var/lib/crater-agent-workspace/rustup-home:/opt/rustwide/rustup-home:ro,Z" "-e" "SOURCE_DIR=/opt/rustwide/workdir" "-e" "CARGO_TARGET_DIR=/opt/rustwide/target" "-e" "CARGO_INCREMENTAL=0" "-e" "RUST_BACKTRACE=full" "-e" "RUSTFLAGS=--cap-lints=forbid -Dunexpected_cfgs" "-e" "RUSTDOCFLAGS=--cap-lints=forbid" "-e" "CARGO_HOME=/opt/rustwide/cargo-home" "-e" "RUSTUP_HOME=/opt/rustwide/rustup-home" "-w" "/opt/rustwide/workdir" "-m" "1610612736" "--user" "0:0" "--network" "none" "ghcr.io/rust-lang/crates-build-env/linux@sha256:2788e3201cd34a07e3172128adcd8b3090168a8e3bcc40d7c032b9dda1df7d1c" "/opt/rustwide/cargo-home/bin/cargo" "+nightly-2024-02-05" "check" "--frozen" "--all" "--all-targets" "--message-format=json" "-Zcheck-cfg", kill_on_drop: false }`
[INFO] [stdout] 3307c7daab0043772e68b7054a948b55bcbd57d1162ca004d3c42e737b11530e
[INFO] running `Command { std: "docker" "start" "-a" "3307c7daab0043772e68b7054a948b55bcbd57d1162ca004d3c42e737b11530e", kill_on_drop: false }`
[INFO] [stderr]    Compiling proc-macro2 v1.0.78
[INFO] [stderr]    Compiling serde v1.0.196
[INFO] [stderr]    Compiling syn v1.0.109
[INFO] [stderr]    Compiling typenum v1.17.0
[INFO] [stderr]    Compiling version_check v0.9.4
[INFO] [stderr]     Checking ppv-lite86 v0.2.17
[INFO] [stderr]     Checking winnow v0.5.37
[INFO] [stderr]     Checking unicode-ident v1.0.12
[INFO] [stderr]    Compiling paste v1.0.14
[INFO] [stderr]     Checking bitflags v1.3.2
[INFO] [stderr]     Checking byteorder v1.5.0
[INFO] [stderr]     Checking unsafe-libyaml v0.2.10
[INFO] [stderr]     Checking getrandom v0.2.12
[INFO] [stderr]    Compiling heck v0.4.1
[INFO] [stderr]    Compiling blake3 v1.5.0
[INFO] [stderr]     Checking lazy_static v1.4.0
[INFO] [stderr]     Checking constant_time_eq v0.3.0
[INFO] [stderr]     Checking rand_core v0.6.4
[INFO] [stderr]     Checking arrayvec v0.7.4
[INFO] [stderr]     Checking cpufeatures v0.2.12
[INFO] [stderr]     Checking arrayref v0.3.7
[INFO] [stderr]     Checking mnemonic v1.0.1
[INFO] [stderr]     Checking half v2.2.1
[INFO] [stderr]     Checking base58 v0.2.0
[INFO] [stderr]    Compiling secp256k1-sys v0.9.2
[INFO] [stderr]    Compiling ascii v1.1.0
[INFO] [stderr]    Compiling amplify_num v0.5.1
[INFO] [stderr]    Compiling thiserror v1.0.56
[INFO] [stderr]    Compiling generic-array v0.14.7
[INFO] [stderr]     Checking chrono v0.4.33
[INFO] [stderr]    Compiling bitcoin-internals v0.2.0
[INFO] [stderr]    Compiling quote v1.0.35
[INFO] [stderr]     Checking rand_chacha v0.3.1
[INFO] [stderr]    Compiling vcpkg v0.2.15
[INFO] [stderr]    Compiling pkg-config v0.3.29
[INFO] [stderr]    Compiling syn v2.0.48
[INFO] [stderr]     Checking rand v0.8.5
[INFO] [stderr]     Checking hex-conservative v0.1.1
[INFO] [stderr]    Compiling secp256k1-sys v0.8.1
[INFO] [stderr]     Checking bech32 v0.9.1
[INFO] [stderr]     Checking tokio v1.36.0
[INFO] [stderr]     Checking bitcoin_hashes v0.13.0
[INFO] [stderr]     Checking foreign-types-shared v0.1.1
[INFO] [stderr]     Checking futures-task v0.3.30
[INFO] [stderr]    Compiling openssl v0.10.63
[INFO] [stderr]     Checking futures-util v0.3.30
[INFO] [stderr]     Checking foreign-types v0.3.2
[INFO] [stderr]     Checking tracing v0.1.40
[INFO] [stderr]    Compiling secp256k1-zkp-sys v0.8.1
[INFO] [stderr]    Compiling native-tls v0.2.11
[INFO] [stderr]    Compiling strsim v0.10.0
[INFO] [stderr]    Compiling openssl-sys v0.9.99
[INFO] [stderr]     Checking bitflags v2.4.2
[INFO] [stderr]    Compiling bitcoin-private v0.1.0
[INFO] [stderr]    Compiling fnv v1.0.7
[INFO] [stderr]    Compiling ident_case v1.0.1
[INFO] [stderr]     Checking unicode-normalization v0.1.22
[INFO] [stderr]    Compiling crc32fast v1.3.2
[INFO] [stderr]     Checking unicode-bidi v0.3.15
[INFO] [stderr]     Checking openssl-probe v0.1.5
[INFO] [stderr]     Checking rustls-pki-types v1.2.0
[INFO] [stderr]     Checking ring v0.17.7
[INFO] [stderr]     Checking block-buffer v0.10.4
[INFO] [stderr]     Checking crypto-common v0.1.6
[INFO] [stderr]     Checking amplify_syn v2.0.1
[INFO] [stderr]    Compiling rustls v0.22.2
[INFO] [stderr]     Checking adler v1.0.2
[INFO] [stderr]     Checking digest v0.10.7
[INFO] [stderr]     Checking idna v0.3.0
[INFO] [stderr]     Checking miniz_oxide v0.7.2
[INFO] [stderr]     Checking hoot v0.1.3
[INFO] [stderr]     Checking fastrand v2.0.1
[INFO] [stderr]     Checking sha2 v0.10.8
[INFO] [stderr]     Checking ripemd v0.1.3
[INFO] [stderr]     Checking subtle v2.5.0
[INFO] [stderr]     Checking zeroize v1.7.0
[INFO] [stderr]     Checking either v1.9.0
[INFO] [stderr]     Checking webpki-roots v0.26.1
[INFO] [stderr]     Checking socks v0.3.4
[INFO] [stderr]     Checking baid58 v0.4.4
[INFO] [stderr]     Checking fluent-uri v0.1.4
[INFO] [stderr]     Checking flate2 v1.0.28
[INFO] [stderr]     Checking hex v0.4.3
[INFO] [stderr]     Checking url v2.3.1
[INFO] [stderr]     Checking rustls-webpki v0.102.2
[INFO] [stderr]    Compiling amplify_derive v4.0.0
[INFO] [stderr]    Compiling strict_encoding_derive v2.0.1
[INFO] [stderr]    Compiling darling_core v0.20.5
[INFO] [stderr]     Checking tokio-util v0.7.10
[INFO] [stderr]    Compiling serde_derive v1.0.196
[INFO] [stderr]    Compiling thiserror-impl v1.0.56
[INFO] [stderr]    Compiling openssl-macros v0.1.1
[INFO] [stderr]    Compiling cfg_eval v0.1.2
[INFO] [stderr]     Checking secp256k1 v0.27.0
[INFO] [stderr]    Compiling darling_macro v0.20.5
[INFO] [stderr]     Checking base85 v2.0.0
[INFO] [stderr]     Checking tokio-socks v0.5.1
[INFO] [stderr]    Compiling amplify v4.5.1
[INFO] [stderr]     Checking single_use_seals v0.11.0-beta.3
[INFO] [stderr]    Compiling darling v0.20.5
[INFO] [stderr]    Compiling commit_encoding_derive v0.10.0
[INFO] [stderr]    Compiling serde_with_macros v3.6.0
[INFO] [stderr]     Checking secp256k1-zkp v0.9.2
[INFO] [stderr]     Checking tokio-native-tls v0.3.1
[INFO] [stderr]     Checking indexmap v2.2.2
[INFO] [stderr]     Checking toml_datetime v0.6.5
[INFO] [stderr]     Checking serde_spanned v0.6.5
[INFO] [stderr]     Checking serde_json v1.0.113
[INFO] [stderr]     Checking serde_str_helpers v0.1.2
[INFO] [stderr]     Checking secp256k1 v0.28.2
[INFO] [stderr]     Checking serde_urlencoded v0.7.1
[INFO] [stderr]     Checking serde_with v3.6.0
[INFO] [stderr]     Checking stringly_conversions v0.1.1
[INFO] [stderr]     Checking toml_edit v0.19.15
[INFO] [stderr]     Checking serde_yaml v0.9.31
[INFO] [stderr]     Checking h2 v0.3.24
[INFO] [stderr]     Checking toml_edit v0.22.4
[INFO] [stderr]     Checking hootbin v0.1.1
[INFO] [stderr]     Checking ureq v2.9.4
[INFO] [stderr]     Checking amplify_apfloat v0.2.0
[INFO] [stderr]     Checking toml v0.7.8
[INFO] [stderr]     Checking toml v0.8.10
[INFO] [stderr]     Checking strict_encoding v2.6.2
[INFO] [stderr]     Checking hyper v0.14.28
[INFO] [stderr]     Checking strict_types v1.6.3
[INFO] [stderr]     Checking hyper-tls v0.5.0
[INFO] [stderr]     Checking reqwest v0.11.24
[INFO] [stderr]     Checking commit_verify v0.11.0-beta.3
[INFO] [stderr]     Checking aluvm v0.11.0-beta.2
[INFO] [stderr]     Checking bp-consensus v0.11.0-beta.3
[INFO] [stderr]     Checking bp-invoice v0.11.0-beta.3
[INFO] [stderr]     Checking bp-dbc v0.11.0-beta.3
[INFO] [stderr]     Checking bp-derive v0.11.0-beta.3
[INFO] [stderr]     Checking bp-seals v0.11.0-beta.3
[INFO] [stderr]     Checking bp-core v0.11.0-beta.3
[INFO] [stderr]     Checking rgb-core v0.11.0-beta.4
[INFO] [stderr]     Checking descriptors v0.11.0-beta.3
[INFO] [stderr]     Checking psbt v0.11.0-beta.3.1
[INFO] [stderr]     Checking bp-std v0.11.0-beta.3
[INFO] [stderr]     Checking bp-esplora v0.11.0-beta.2
[INFO] [stderr]     Checking bp-wallet v0.11.0-beta.4
[INFO] [stderr]     Checking rgb-invoice v0.11.0-beta.4
[INFO] [stderr]     Checking rgb-std v0.11.0-beta.4
[INFO] [stderr]     Checking rgb-persist-fs v0.11.0
[INFO] [stderr]     Checking rgb-runtime v0.11.0-alpha.2 (/opt/rustwide/workdir)
[INFO] [stdout] error[E0432]: unresolved import `rgbstd::validation::ResolveTx`
[INFO] [stdout]   --> src/runtime.rs:36:32
[INFO] [stdout]    |
[INFO] [stdout] 36 | use rgbstd::validation::{self, ResolveTx};
[INFO] [stdout]    |                                ^^^^^^^^^ no `ResolveTx` in `validation`
[INFO] [stdout] 
[INFO] [stdout] 
[INFO] [stdout] error[E0432]: unresolved import `rgbstd::Output`
[INFO] [stdout]   --> src/runtime.rs:37:5
[INFO] [stdout]    |
[INFO] [stdout] 37 | use rgbstd::Output;
[INFO] [stdout]    |     ^^^^^^^^^^^^^^ no `Output` in the root
[INFO] [stdout]    |
[INFO] [stdout] help: consider importing this struct instead
[INFO] [stdout]    |
[INFO] [stdout] 37 | use std::process::Output;
[INFO] [stdout]    |     ~~~~~~~~~~~~~~~~~~~~
[INFO] [stdout] 
[INFO] [stdout] 
[INFO] [stdout] error[E0432]: unresolved import `rgbstd::validation::ResolveTx`
[INFO] [stdout]   --> src/runtime.rs:36:32
[INFO] [stdout]    |
[INFO] [stdout] 36 | use rgbstd::validation::{self, ResolveTx};
[INFO] [stdout]    |                                ^^^^^^^^^ no `ResolveTx` in `validation`
[INFO] [stdout] 
[INFO] [stdout] 
[INFO] [stdout] error[E0432]: unresolved import `rgbstd::Output`
[INFO] [stdout]   --> src/runtime.rs:37:5
[INFO] [stdout]    |
[INFO] [stdout] 37 | use rgbstd::Output;
[INFO] [stdout]    |     ^^^^^^^^^^^^^^ no `Output` in the root
[INFO] [stdout]    |
[INFO] [stdout] help: consider importing this struct instead
[INFO] [stdout]    |
[INFO] [stdout] 37 | use std::process::Output;
[INFO] [stdout]    |     ~~~~~~~~~~~~~~~~~~~~
[INFO] [stdout] 
[INFO] [stdout] 
[INFO] [stdout] error: cannot find derive macro `Serialize` in this scope
[INFO] [stdout]   --> src/descriptor.rs:42:10
[INFO] [stdout]    |
[INFO] [stdout] 42 | #[derive(Serialize, Deserialize)]
[INFO] [stdout]    |          ^^^^^^^^^
[INFO] [stdout] 
[INFO] [stdout] 
[INFO] [stdout] error: cannot find derive macro `Serialize` in this scope
[INFO] [stdout]   --> src/descriptor.rs:42:10
[INFO] [stdout]    |
[INFO] [stdout] 42 | #[derive(Serialize, Deserialize)]
[INFO] [stdout]    |          ^^^^^^^^^
[INFO] [stdout] 
[INFO] [stdout] 
[INFO] [stdout] error: cannot find derive macro `Deserialize` in this scope
[INFO] [stdout]   --> src/descriptor.rs:42:21
[INFO] [stdout]    |
[INFO] [stdout] 42 | #[derive(Serialize, Deserialize)]
[INFO] [stdout]    |                     ^^^^^^^^^^^
[INFO] [stdout] 
[INFO] [stdout] 
[INFO] [stdout] error: cannot find derive macro `Deserialize` in this scope
[INFO] [stdout]   --> src/descriptor.rs:42:21
[INFO] [stdout]    |
[INFO] [stdout] 42 | #[derive(Serialize, Deserialize)]
[INFO] [stdout]    |                     ^^^^^^^^^^^
[INFO] [stdout] 
[INFO] [stdout] 
[INFO] [stdout] error: cannot find attribute `serde` in this scope
[INFO] [stdout]   --> src/descriptor.rs:43:3
[INFO] [stdout]    |
[INFO] [stdout] 43 | #[serde(crate = "serde_crate", rename_all = "camelCase")]
[INFO] [stdout]    |   ^^^^^
[INFO] [stdout] 
[INFO] [stdout] 
[INFO] [stdout] error: cannot find attribute `serde` in this scope
[INFO] [stdout]   --> src/descriptor.rs:43:3
[INFO] [stdout]    |
[INFO] [stdout] 43 | #[serde(crate = "serde_crate", rename_all = "camelCase")]
[INFO] [stdout]    |   ^^^^^
[INFO] [stdout] 
[INFO] [stdout] 
[INFO] [stdout] error: cannot find derive macro `Serialize` in this scope
[INFO] [stdout]   --> src/descriptor.rs:92:10
[INFO] [stdout]    |
[INFO] [stdout] 92 | #[derive(Serialize, Deserialize)]
[INFO] [stdout]    |          ^^^^^^^^^
[INFO] [stdout] 
[INFO] [stdout] 
[INFO] [stdout] error: cannot find derive macro `Serialize` in this scope
[INFO] [stdout]   --> src/descriptor.rs:92:10
[INFO] [stdout]    |
[INFO] [stdout] 92 | #[derive(Serialize, Deserialize)]
[INFO] [stdout]    |          ^^^^^^^^^
[INFO] [stdout] 
[INFO] [stdout] 
[INFO] [stdout] error: cannot find derive macro `Deserialize` in this scope
[INFO] [stdout]   --> src/descriptor.rs:92:21
[INFO] [stdout]    |
[INFO] [stdout] 92 | #[derive(Serialize, Deserialize)]
[INFO] [stdout]    |                     ^^^^^^^^^^^
[INFO] [stdout] 
[INFO] [stdout] 
[INFO] [stdout] error: cannot find derive macro `Deserialize` in this scope
[INFO] [stdout]   --> src/descriptor.rs:92:21
[INFO] [stdout]    |
[INFO] [stdout] 92 | #[derive(Serialize, Deserialize)]
[INFO] [stdout]    |                     ^^^^^^^^^^^
[INFO] [stdout] 
[INFO] [stdout] 
[INFO] [stdout] error: cannot find attribute `serde` in this scope
[INFO] [stdout]   --> src/descriptor.rs:93:3
[INFO] [stdout]    |
[INFO] [stdout] 93 | #[serde(crate = "serde_crate", rename_all = "camelCase")]
[INFO] [stdout]    |   ^^^^^
[INFO] [stdout] 
[INFO] [stdout] 
[INFO] [stdout] error: cannot find derive macro `Serialize` in this scope
[INFO] [stdout]    --> src/descriptor.rs:178:10
[INFO] [stdout]     |
[INFO] [stdout] 178 | #[derive(Serialize, Deserialize)]
[INFO] [stdout]     |          ^^^^^^^^^
[INFO] [stdout] 
[INFO] [stdout] 
[INFO] [stdout] error: cannot find attribute `serde` in this scope
[INFO] [stdout]   --> src/descriptor.rs:93:3
[INFO] [stdout]    |
[INFO] [stdout] 93 | #[serde(crate = "serde_crate", rename_all = "camelCase")]
[INFO] [stdout]    |   ^^^^^
[INFO] [stdout] 
[INFO] [stdout] 
[INFO] [stdout] error: cannot find derive macro `Deserialize` in this scope
[INFO] [stdout]    --> src/descriptor.rs:178:21
[INFO] [stdout]     |
[INFO] [stdout] 178 | #[derive(Serialize, Deserialize)]
[INFO] [stdout]     |                     ^^^^^^^^^^^
[INFO] [stdout] 
[INFO] [stdout] 
[INFO] [stdout] error: cannot find derive macro `Serialize` in this scope
[INFO] [stdout]    --> src/descriptor.rs:178:10
[INFO] [stdout]     |
[INFO] [stdout] 178 | #[derive(Serialize, Deserialize)]
[INFO] [stdout]     |          ^^^^^^^^^
[INFO] [stdout] 
[INFO] [stdout] 
[INFO] [stdout] error: cannot find derive macro `Deserialize` in this scope
[INFO] [stdout]    --> src/descriptor.rs:178:21
[INFO] [stdout]     |
[INFO] [stdout] 178 | #[derive(Serialize, Deserialize)]
[INFO] [stdout]     |                     ^^^^^^^^^^^
[INFO] [stdout] 
[INFO] [stdout] 
[INFO] [stdout] error: cannot find attribute `serde` in this scope
[INFO] [stdout]    --> src/descriptor.rs:179:3
[INFO] [stdout]     |
[INFO] [stdout] 179 | #[serde(
[INFO] [stdout]     |   ^^^^^
[INFO] [stdout] 
[INFO] [stdout] 
[INFO] [stdout] error: cannot find attribute `serde` in this scope
[INFO] [stdout]    --> src/descriptor.rs:179:3
[INFO] [stdout]     |
[INFO] [stdout] 179 | #[serde(
[INFO] [stdout]     |   ^^^^^
[INFO] [stdout] 
[INFO] [stdout] 
[INFO] [stdout] warning: unused import: `fs`
[INFO] [stdout]   --> src/runtime.rs:27:11
[INFO] [stdout]    |
[INFO] [stdout] 27 | use std::{fs, io};
[INFO] [stdout]    |           ^^
[INFO] [stdout]    |
[INFO] [stdout]    = note: `#[warn(unused_imports)]` on by default
[INFO] [stdout] 
[INFO] [stdout] 
[INFO] [stdout] warning: unused import: `fs`
[INFO] [stdout]   --> src/runtime.rs:27:11
[INFO] [stdout]    |
[INFO] [stdout] 27 | use std::{fs, io};
[INFO] [stdout]    |           ^^
[INFO] [stdout]    |
[INFO] [stdout]    = note: `#[warn(unused_imports)]` on by default
[INFO] [stdout] 
[INFO] [stdout] 
[INFO] [stdout] error[E0433]: failed to resolve: use of undeclared crate or module `serde_yaml`
[INFO] [stdout]   --> src/runtime.rs:90:10
[INFO] [stdout]    |
[INFO] [stdout] 90 |     Yaml(serde_yaml::Error),
[INFO] [stdout]    |          ^^^^^^^^^^ use of undeclared crate or module `serde_yaml`
[INFO] [stdout] 
[INFO] [stdout] 
[INFO] [stdout] error: aborting due to 12 previous errors; 1 warning emitted
[INFO] [stdout] 
[INFO] [stdout] 
[INFO] [stdout] Some errors have detailed explanations: E0432, E0433.
[INFO] [stdout] 
[INFO] [stdout] For more information about an error, try `rustc --explain E0432`.
[INFO] [stdout] 
[INFO] [stdout] error[E0433]: failed to resolve: use of undeclared crate or module `serde_yaml`
[INFO] [stdout]   --> src/runtime.rs:90:10
[INFO] [stdout]    |
[INFO] [stdout] 90 |     Yaml(serde_yaml::Error),
[INFO] [stdout]    |          ^^^^^^^^^^ use of undeclared crate or module `serde_yaml`
[INFO] [stdout] 
[INFO] [stdout] 
[INFO] [stdout] error: aborting due to 12 previous errors; 1 warning emitted
[INFO] [stdout] 
[INFO] [stdout] 
[INFO] [stdout] Some errors have detailed explanations: E0432, E0433.
[INFO] [stdout] 
[INFO] [stdout] For more information about an error, try `rustc --explain E0432`.
[INFO] [stdout] 
[INFO] [stderr] error: could not compile `rgb-runtime` (lib test) due to 13 previous errors; 1 warning emitted
[INFO] [stderr] warning: build failed, waiting for other jobs to finish...
[INFO] [stderr] error: could not compile `rgb-runtime` (lib) due to 13 previous errors; 1 warning emitted
[INFO] running `Command { std: "docker" "inspect" "3307c7daab0043772e68b7054a948b55bcbd57d1162ca004d3c42e737b11530e", kill_on_drop: false }`
[INFO] running `Command { std: "docker" "rm" "-f" "3307c7daab0043772e68b7054a948b55bcbd57d1162ca004d3c42e737b11530e", kill_on_drop: false }`
[INFO] [stdout] 3307c7daab0043772e68b7054a948b55bcbd57d1162ca004d3c42e737b11530e
