[INFO] fetching crate rgb-lightning-sample 0.0.1...
[INFO] checking rgb-lightning-sample-0.0.1 against nightly-2024-02-05 for check-cfg
[INFO] extracting crate rgb-lightning-sample 0.0.1 into /workspace/builds/worker-3-tc1/source
[INFO] validating manifest of crates.io crate rgb-lightning-sample 0.0.1 on toolchain nightly-2024-02-05
[INFO] running `Command { std: CARGO_HOME="/workspace/cargo-home" RUSTUP_HOME="/workspace/rustup-home" "/workspace/cargo-home/bin/cargo" "+nightly-2024-02-05" "metadata" "--manifest-path" "Cargo.toml" "--no-deps", kill_on_drop: false }`
[INFO] started tweaking crates.io crate rgb-lightning-sample 0.0.1
[INFO] finished tweaking crates.io crate rgb-lightning-sample 0.0.1
[INFO] tweaked toml for crates.io crate rgb-lightning-sample 0.0.1 written to /workspace/builds/worker-3-tc1/source/Cargo.toml
[INFO] crate crates.io crate rgb-lightning-sample 0.0.1 already has a lockfile, it will not be regenerated
[INFO] running `Command { std: CARGO_HOME="/workspace/cargo-home" RUSTUP_HOME="/workspace/rustup-home" "/workspace/cargo-home/bin/cargo" "+nightly-2024-02-05" "fetch" "--manifest-path" "Cargo.toml", kill_on_drop: false }`
[INFO] [stderr]     Updating crates.io index
[INFO] [stderr]  Downloading crates ...
[INFO] [stderr]   Downloaded lightning-background-processor v0.0.113
[INFO] [stderr]   Downloaded cxxbridge-flags v1.0.86
[INFO] [stderr]   Downloaded chunked_transfer v1.4.1
[INFO] [stderr]   Downloaded bitcoin-bech32 v0.12.1
[INFO] [stderr]   Downloaded lightning-rapid-gossip-sync v0.0.113
[INFO] [stderr]   Downloaded cxxbridge-macro v1.0.86
[INFO] [stderr]   Downloaded bech32 v0.8.1
[INFO] [stderr]   Downloaded secp256k1 v0.24.2
[INFO] [stderr]   Downloaded lightning-invoice v0.21.0
[INFO] [stderr]   Downloaded cxx-build v1.0.86
[INFO] [stderr]   Downloaded lightning-net-tokio v0.0.113
[INFO] [stderr]   Downloaded cxx v1.0.86
[INFO] [stderr]   Downloaded lightning v0.0.113
[INFO] [stderr]   Downloaded tokio v1.14.1
[INFO] [stderr]   Downloaded lightning-persister v0.0.113
[INFO] [stderr]   Downloaded lightning-block-sync v0.0.113
[INFO] running `Command { std: "docker" "create" "-v" "/var/lib/crater-agent-workspace/builds/worker-3-tc1/target:/opt/rustwide/target:rw,Z" "-v" "/var/lib/crater-agent-workspace/builds/worker-3-tc1/source:/opt/rustwide/workdir:ro,Z" "-v" "/var/lib/crater-agent-workspace/cargo-home:/opt/rustwide/cargo-home:ro,Z" "-v" "/var/lib/crater-agent-workspace/rustup-home:/opt/rustwide/rustup-home:ro,Z" "-e" "SOURCE_DIR=/opt/rustwide/workdir" "-e" "CARGO_TARGET_DIR=/opt/rustwide/target" "-e" "CARGO_HOME=/opt/rustwide/cargo-home" "-e" "RUSTUP_HOME=/opt/rustwide/rustup-home" "-w" "/opt/rustwide/workdir" "-m" "1610612736" "--user" "0:0" "--network" "none" "ghcr.io/rust-lang/crates-build-env/linux@sha256:2788e3201cd34a07e3172128adcd8b3090168a8e3bcc40d7c032b9dda1df7d1c" "/opt/rustwide/cargo-home/bin/cargo" "+nightly-2024-02-05" "metadata" "--no-deps" "--format-version=1", kill_on_drop: false }`
[INFO] [stdout] 1fa33c6dad73a0c9a776b477766b546fae78e86856e50a994138babf45b5c77e
[INFO] running `Command { std: "docker" "start" "-a" "1fa33c6dad73a0c9a776b477766b546fae78e86856e50a994138babf45b5c77e", kill_on_drop: false }`
[INFO] running `Command { std: "docker" "inspect" "1fa33c6dad73a0c9a776b477766b546fae78e86856e50a994138babf45b5c77e", kill_on_drop: false }`
[INFO] running `Command { std: "docker" "rm" "-f" "1fa33c6dad73a0c9a776b477766b546fae78e86856e50a994138babf45b5c77e", kill_on_drop: false }`
[INFO] [stdout] 1fa33c6dad73a0c9a776b477766b546fae78e86856e50a994138babf45b5c77e
[INFO] running `Command { std: "docker" "create" "-v" "/var/lib/crater-agent-workspace/builds/worker-3-tc1/target:/opt/rustwide/target:rw,Z" "-v" "/var/lib/crater-agent-workspace/builds/worker-3-tc1/source:/opt/rustwide/workdir:ro,Z" "-v" "/var/lib/crater-agent-workspace/cargo-home:/opt/rustwide/cargo-home:ro,Z" "-v" "/var/lib/crater-agent-workspace/rustup-home:/opt/rustwide/rustup-home:ro,Z" "-e" "SOURCE_DIR=/opt/rustwide/workdir" "-e" "CARGO_TARGET_DIR=/opt/rustwide/target" "-e" "CARGO_INCREMENTAL=0" "-e" "RUST_BACKTRACE=full" "-e" "RUSTFLAGS=--cap-lints=forbid" "-e" "RUSTDOCFLAGS=--cap-lints=forbid" "-e" "CARGO_HOME=/opt/rustwide/cargo-home" "-e" "RUSTUP_HOME=/opt/rustwide/rustup-home" "-w" "/opt/rustwide/workdir" "-m" "1610612736" "--user" "0:0" "--network" "none" "ghcr.io/rust-lang/crates-build-env/linux@sha256:2788e3201cd34a07e3172128adcd8b3090168a8e3bcc40d7c032b9dda1df7d1c" "/opt/rustwide/cargo-home/bin/cargo" "+nightly-2024-02-05" "check" "--frozen" "--all" "--all-targets" "--message-format=json", kill_on_drop: false }`
[INFO] [stdout] 041b3973bc77410f38142e555c9de38ee0c923603155c203ea68a0affc071cce
[INFO] running `Command { std: "docker" "start" "-a" "041b3973bc77410f38142e555c9de38ee0c923603155c203ea68a0affc071cce", kill_on_drop: false }`
[INFO] [stderr]    Compiling proc-macro2 v1.0.49
[INFO] [stderr]    Compiling cc v1.0.78
[INFO] [stderr]    Compiling syn v1.0.107
[INFO] [stderr]    Compiling futures-core v0.3.25
[INFO] [stderr]    Compiling slab v0.4.7
[INFO] [stderr]    Compiling futures-channel v0.3.25
[INFO] [stderr]    Compiling futures-task v0.3.25
[INFO] [stderr]    Compiling num-traits v0.2.15
[INFO] [stderr]    Compiling futures-util v0.3.25
[INFO] [stderr]     Checking bitcoin_hashes v0.11.0
[INFO] [stderr]     Checking libc v0.2.139
[INFO] [stderr]    Compiling serde v1.0.152
[INFO] [stderr]     Checking bech32 v0.9.1
[INFO] [stderr]     Checking memchr v2.5.0
[INFO] [stderr]    Compiling tokio v1.14.1
[INFO] [stderr]    Compiling num-integer v0.1.45
[INFO] [stderr]     Checking pin-project-lite v0.2.9
[INFO] [stderr]     Checking futures-sink v0.3.25
[INFO] [stderr]     Checking futures-io v0.3.25
[INFO] [stderr]     Checking pin-utils v0.1.0
[INFO] [stderr]     Checking cfg-if v1.0.0
[INFO] [stdout] error[E0422]: cannot find struct, variant or union type `LineColumn` in crate `proc_macro`
[INFO] [stdout]    --> /opt/rustwide/cargo-home/registry/src/index.crates.io-6f17d22bba15001f/proc-macro2-1.0.49/src/wrapper.rs:479:33
[INFO] [stdout]     |
[INFO] [stdout] 479 |                 let proc_macro::LineColumn { line, column } = s.start();
[INFO] [stdout]     |                                 ^^^^^^^^^^ not found in `proc_macro`
[INFO] [stdout]     |
[INFO] [stdout] help: consider importing one of these items
[INFO] [stdout]     |
[INFO] [stdout] 1   + use crate::LineColumn;
[INFO] [stdout]     |
[INFO] [stdout] 1   + use crate::fallback::LineColumn;
[INFO] [stdout]     |
[INFO] [stdout] help: if you import `LineColumn`, refer to it directly
[INFO] [stdout]     |
[INFO] [stdout] 479 -                 let proc_macro::LineColumn { line, column } = s.start();
[INFO] [stdout] 479 +                 let LineColumn { line, column } = s.start();
[INFO] [stdout]     |
[INFO] [stdout] 
[INFO] [stdout] 
[INFO] [stderr]     Checking num_cpus v1.15.0
[INFO] [stdout] error[E0422]: cannot find struct, variant or union type `LineColumn` in crate `proc_macro`
[INFO] [stdout]    --> /opt/rustwide/cargo-home/registry/src/index.crates.io-6f17d22bba15001f/proc-macro2-1.0.49/src/wrapper.rs:496:33
[INFO] [stdout]     |
[INFO] [stdout] 496 |                 let proc_macro::LineColumn { line, column } = s.end();
[INFO] [stdout]     |                                 ^^^^^^^^^^ not found in `proc_macro`
[INFO] [stdout]     |
[INFO] [stdout] help: consider importing one of these items
[INFO] [stdout]     |
[INFO] [stdout] 1   + use crate::LineColumn;
[INFO] [stdout]     |
[INFO] [stdout] 1   + use crate::fallback::LineColumn;
[INFO] [stdout]     |
[INFO] [stdout] help: if you import `LineColumn`, refer to it directly
[INFO] [stdout]     |
[INFO] [stdout] 496 -                 let proc_macro::LineColumn { line, column } = s.end();
[INFO] [stdout] 496 +                 let LineColumn { line, column } = s.end();
[INFO] [stdout]     |
[INFO] [stdout] 
[INFO] [stdout] 
[INFO] [stderr]     Checking mio v0.7.14
[INFO] [stderr]     Checking bytes v1.3.0
[INFO] [stderr]     Checking ryu v1.0.12
[INFO] [stdout] error[E0635]: unknown feature `proc_macro_span_shrink`
[INFO] [stdout]   --> /opt/rustwide/cargo-home/registry/src/index.crates.io-6f17d22bba15001f/proc-macro2-1.0.49/src/lib.rs:92:30
[INFO] [stdout]    |
[INFO] [stdout] 92 |     feature(proc_macro_span, proc_macro_span_shrink)
[INFO] [stdout]    |                              ^^^^^^^^^^^^^^^^^^^^^^
[INFO] [stdout] 
[INFO] [stdout] 
[INFO] [stderr]     Checking log v0.4.17
[INFO] [stderr]     Checking itoa v1.0.5
[INFO] [stderr]     Checking time v0.1.45
[INFO] [stderr]     Checking iana-time-zone v0.1.53
[INFO] [stderr]     Checking bech32 v0.8.1
[INFO] [stderr]     Checking chunked_transfer v1.4.1
[INFO] [stdout] error: aborting due to 3 previous errors
[INFO] [stdout] 
[INFO] [stdout] 
[INFO] [stdout] Some errors have detailed explanations: E0422, E0635.
[INFO] [stdout] 
[INFO] [stdout] For more information about an error, try `rustc --explain E0422`.
[INFO] [stdout] 
[INFO] [stderr] error: could not compile `proc-macro2` (lib) due to 4 previous errors
[INFO] [stderr] warning: build failed, waiting for other jobs to finish...
[INFO] running `Command { std: "docker" "inspect" "041b3973bc77410f38142e555c9de38ee0c923603155c203ea68a0affc071cce", kill_on_drop: false }`
[INFO] running `Command { std: "docker" "rm" "-f" "041b3973bc77410f38142e555c9de38ee0c923603155c203ea68a0affc071cce", kill_on_drop: false }`
[INFO] [stdout] 041b3973bc77410f38142e555c9de38ee0c923603155c203ea68a0affc071cce
