[INFO] fetching crate revolt_rocket_okapi 0.9.1...
[INFO] checking revolt_rocket_okapi-0.9.1 against nightly-2024-02-05 for check-cfg
[INFO] extracting crate revolt_rocket_okapi 0.9.1 into /workspace/builds/worker-2-tc1/source
[INFO] validating manifest of crates.io crate revolt_rocket_okapi 0.9.1 on toolchain nightly-2024-02-05
[INFO] running `Command { std: CARGO_HOME="/workspace/cargo-home" RUSTUP_HOME="/workspace/rustup-home" "/workspace/cargo-home/bin/cargo" "+nightly-2024-02-05" "metadata" "--manifest-path" "Cargo.toml" "--no-deps", kill_on_drop: false }`
[INFO] started tweaking crates.io crate revolt_rocket_okapi 0.9.1
[INFO] finished tweaking crates.io crate revolt_rocket_okapi 0.9.1
[INFO] tweaked toml for crates.io crate revolt_rocket_okapi 0.9.1 written to /workspace/builds/worker-2-tc1/source/Cargo.toml
[INFO] running `Command { std: CARGO_HOME="/workspace/cargo-home" RUSTUP_HOME="/workspace/rustup-home" "/workspace/cargo-home/bin/cargo" "+nightly-2024-02-05" "generate-lockfile" "--manifest-path" "Cargo.toml", kill_on_drop: false }`
[INFO] [stderr]     Updating crates.io index
[INFO] running `Command { std: CARGO_HOME="/workspace/cargo-home" RUSTUP_HOME="/workspace/rustup-home" "/workspace/cargo-home/bin/cargo" "+nightly-2024-02-05" "fetch" "--manifest-path" "Cargo.toml", kill_on_drop: false }`
[INFO] [stderr]  Downloading crates ...
[INFO] [stderr]   Downloaded revolt_rocket_okapi_codegen v0.9.1
[INFO] [stderr]   Downloaded revolt_okapi v0.9.1
[INFO] running `Command { std: "docker" "create" "-v" "/var/lib/crater-agent-workspace/builds/worker-2-tc1/target:/opt/rustwide/target:rw,Z" "-v" "/var/lib/crater-agent-workspace/builds/worker-2-tc1/source:/opt/rustwide/workdir:ro,Z" "-v" "/var/lib/crater-agent-workspace/cargo-home:/opt/rustwide/cargo-home:ro,Z" "-v" "/var/lib/crater-agent-workspace/rustup-home:/opt/rustwide/rustup-home:ro,Z" "-e" "SOURCE_DIR=/opt/rustwide/workdir" "-e" "CARGO_TARGET_DIR=/opt/rustwide/target" "-e" "CARGO_HOME=/opt/rustwide/cargo-home" "-e" "RUSTUP_HOME=/opt/rustwide/rustup-home" "-w" "/opt/rustwide/workdir" "-m" "1610612736" "--user" "0:0" "--network" "none" "ghcr.io/rust-lang/crates-build-env/linux@sha256:2788e3201cd34a07e3172128adcd8b3090168a8e3bcc40d7c032b9dda1df7d1c" "/opt/rustwide/cargo-home/bin/cargo" "+nightly-2024-02-05" "metadata" "--no-deps" "--format-version=1", kill_on_drop: false }`
[INFO] [stdout] 263c7a04e37f37b2def124272297751ffc9a124d7829a4cc9d4cccada64dd7f6
[INFO] running `Command { std: "docker" "start" "-a" "263c7a04e37f37b2def124272297751ffc9a124d7829a4cc9d4cccada64dd7f6", kill_on_drop: false }`
[INFO] running `Command { std: "docker" "inspect" "263c7a04e37f37b2def124272297751ffc9a124d7829a4cc9d4cccada64dd7f6", kill_on_drop: false }`
[INFO] running `Command { std: "docker" "rm" "-f" "263c7a04e37f37b2def124272297751ffc9a124d7829a4cc9d4cccada64dd7f6", kill_on_drop: false }`
[INFO] [stdout] 263c7a04e37f37b2def124272297751ffc9a124d7829a4cc9d4cccada64dd7f6
[INFO] running `Command { std: "docker" "create" "-v" "/var/lib/crater-agent-workspace/builds/worker-2-tc1/target:/opt/rustwide/target:rw,Z" "-v" "/var/lib/crater-agent-workspace/builds/worker-2-tc1/source:/opt/rustwide/workdir:ro,Z" "-v" "/var/lib/crater-agent-workspace/cargo-home:/opt/rustwide/cargo-home:ro,Z" "-v" "/var/lib/crater-agent-workspace/rustup-home:/opt/rustwide/rustup-home:ro,Z" "-e" "SOURCE_DIR=/opt/rustwide/workdir" "-e" "CARGO_TARGET_DIR=/opt/rustwide/target" "-e" "CARGO_INCREMENTAL=0" "-e" "RUST_BACKTRACE=full" "-e" "RUSTFLAGS=--cap-lints=forbid" "-e" "RUSTDOCFLAGS=--cap-lints=forbid" "-e" "CARGO_HOME=/opt/rustwide/cargo-home" "-e" "RUSTUP_HOME=/opt/rustwide/rustup-home" "-w" "/opt/rustwide/workdir" "-m" "1610612736" "--user" "0:0" "--network" "none" "ghcr.io/rust-lang/crates-build-env/linux@sha256:2788e3201cd34a07e3172128adcd8b3090168a8e3bcc40d7c032b9dda1df7d1c" "/opt/rustwide/cargo-home/bin/cargo" "+nightly-2024-02-05" "check" "--frozen" "--all" "--all-targets" "--message-format=json", kill_on_drop: false }`
[INFO] [stdout] 3cb868761e7a1fc644eff4d0e55a5109b323df8ca929ed79dba127c6665d55b1
[INFO] running `Command { std: "docker" "start" "-a" "3cb868761e7a1fc644eff4d0e55a5109b323df8ca929ed79dba127c6665d55b1", kill_on_drop: false }`
[INFO] [stderr]    Compiling libc v0.2.153
[INFO] [stderr]    Compiling serde v1.0.196
[INFO] [stderr]    Compiling rustix v0.38.31
[INFO] [stderr]    Compiling bitflags v2.4.2
[INFO] [stderr]    Compiling linux-raw-sys v0.4.13
[INFO] [stderr]    Compiling proc-macro2-diagnostics v0.10.1
[INFO] [stderr]    Compiling uncased v0.9.10
[INFO] [stderr]    Compiling cookie v0.18.0
[INFO] [stderr]    Compiling futures-sink v0.3.30
[INFO] [stderr]    Compiling syn v2.0.48
[INFO] [stderr]    Compiling memchr v2.7.1
[INFO] [stderr]    Compiling futures-core v0.3.30
[INFO] [stderr]    Compiling ref-cast v1.0.22
[INFO] [stderr]    Compiling slab v0.4.9
[INFO] [stderr]    Compiling powerfmt v0.2.0
[INFO] [stderr]    Compiling futures-channel v0.3.30
[INFO] [stderr]    Compiling pin-utils v0.1.0
[INFO] [stderr]    Compiling once_cell v1.19.0
[INFO] [stderr]    Compiling futures-task v0.3.30
[INFO] [stderr]    Compiling futures-io v0.3.30
[INFO] [stderr]    Compiling deranged v0.3.11
[INFO] [stderr]    Compiling try-lock v0.2.5
[INFO] [stderr]    Compiling http-body v0.4.6
[INFO] [stderr]    Compiling httparse v1.8.0
[INFO] [stderr]    Compiling inlinable_string v0.1.15
[INFO] [stderr]    Compiling tracing-core v0.1.32
[INFO] [stderr]    Compiling want v0.3.1
[INFO] [stderr]    Compiling tower-service v0.3.2
[INFO] [stderr]    Compiling percent-encoding v2.3.1
[INFO] [stderr]    Compiling httpdate v1.0.3
[INFO] [stderr]    Compiling hashbrown v0.14.3
[INFO] [stderr]    Compiling equivalent v1.0.1
[INFO] [stderr]     Checking futures-util v0.3.30
[INFO] [stderr]    Compiling indexmap v1.9.3
[INFO] [stderr]     Checking winnow v0.5.37
[INFO] [stderr]    Compiling stable-pattern v0.1.0
[INFO] [stderr]    Compiling smallvec v1.13.1
[INFO] [stderr]    Compiling either v1.9.0
[INFO] [stderr]     Checking log v0.4.20
[INFO] [stderr]    Compiling state v0.6.0
[INFO] [stderr]     Checking time v0.3.34
[INFO] [stderr]    Compiling darling_core v0.13.4
[INFO] [stderr]    Compiling serde_derive_internals v0.26.0
[INFO] [stderr]    Compiling multer v2.1.0
[INFO] [stderr]    Compiling figment v0.10.14
[INFO] [stderr]     Checking hashbrown v0.12.3
[INFO] [stderr]    Compiling async-trait v0.1.77
[INFO] [stderr]    Compiling schemars v0.8.16
[INFO] [stderr]    Compiling rocket v0.5.0
[INFO] [stderr]    Compiling unicode-xid v0.2.4
[INFO] [stderr]     Checking fastrand v2.0.1
[INFO] [stderr]     Checking dyn-clone v1.0.16
[INFO] [stderr]     Checking spin v0.9.8
[INFO] [stderr]    Compiling glob v0.3.1
[INFO] [stderr]     Checking atomic v0.5.3
[INFO] [stderr]     Checking binascii v0.1.4
[INFO] [stderr]     Checking mio v0.8.10
[INFO] [stderr]     Checking signal-hook-registry v1.4.1
[INFO] [stderr]     Checking num_cpus v1.16.0
[INFO] [stderr]     Checking socket2 v0.5.5
[INFO] [stderr]     Checking getrandom v0.2.12
[INFO] [stderr]    Compiling schemars_derive v0.8.16
[INFO] [stderr]     Checking parking_lot_core v0.9.9
[INFO] [stderr]     Checking rand_core v0.6.4
[INFO] [stderr]     Checking parking_lot v0.12.1
[INFO] [stderr]     Checking rand_chacha v0.3.1
[INFO] [stderr]     Checking is-terminal v0.4.10
[INFO] [stderr]     Checking tempfile v3.10.0
[INFO] [stderr]     Checking yansi v1.0.0-rc.1
[INFO] [stderr]     Checking rand v0.8.5
[INFO] [stderr]    Compiling darling_macro v0.13.4
[INFO] [stderr]     Checking futures v0.3.30
[INFO] [stderr]    Compiling darling v0.13.4
[INFO] [stderr]    Compiling devise_core v0.4.1
[INFO] [stderr]    Compiling serde_derive v1.0.196
[INFO] [stderr]    Compiling tokio-macros v2.2.0
[INFO] [stderr]    Compiling tracing-attributes v0.1.27
[INFO] [stderr]    Compiling pear_codegen v0.2.8
[INFO] [stderr]    Compiling ref-cast-impl v1.0.22
[INFO] [stderr]    Compiling async-stream-impl v0.3.5
[INFO] [stderr]    Compiling devise_codegen v0.4.1
[INFO] [stderr]     Checking async-stream v0.3.5
[INFO] [stderr]     Checking tokio v1.36.0
[INFO] [stderr]    Compiling devise v0.4.1
[INFO] [stderr]    Compiling pear v0.2.8
[INFO] [stderr]    Compiling tracing v0.1.40
[INFO] [stderr]     Checking hyper v0.14.28
[INFO] [stderr]     Checking tokio-util v0.7.10
[INFO] [stderr]     Checking tokio-stream v0.1.14
[INFO] [stderr]     Checking indexmap v2.2.2
[INFO] [stderr]     Checking serde_spanned v0.6.5
[INFO] [stderr]     Checking toml_datetime v0.6.5
[INFO] [stderr]     Checking serde_json v1.0.113
[INFO] [stderr]     Checking ubyte v0.10.4
[INFO] [stderr]     Checking toml_edit v0.22.4
[INFO] [stderr]     Checking rocket_http v0.5.0
[INFO] [stderr]     Checking revolt_okapi v0.9.1
[INFO] [stderr]     Checking toml v0.8.10
[INFO] [stderr]    Compiling rocket_codegen v0.5.0
[INFO] [stderr]    Compiling revolt_rocket_okapi_codegen v0.9.1
[INFO] [stderr]     Checking revolt_rocket_okapi v0.9.1 (/opt/rustwide/workdir)
[INFO] [stdout] error[E0061]: this function takes 2 arguments but 1 argument was supplied
[INFO] [stdout]    --> src/handlers/content.rs:59:13
[INFO] [stdout]     |
[INFO] [stdout] 59  |             Outcome::forward(data)
[INFO] [stdout]     |             ^^^^^^^^^^^^^^^^------ an argument of type `Status` is missing
[INFO] [stdout]     |
[INFO] [stdout] note: associated function defined here
[INFO] [stdout]    --> /opt/rustwide/cargo-home/registry/src/index.crates.io-6f17d22bba15001f/rocket-0.5.0/src/route/handler.rs:257:12
[INFO] [stdout]     |
[INFO] [stdout] 257 |     pub fn forward(data: Data<'r>, status: Status) -> Outcome<'r> {
[INFO] [stdout]     |            ^^^^^^^
[INFO] [stdout] help: provide the argument
[INFO] [stdout]     |
[INFO] [stdout] 59  |             Outcome::forward(data, /* Status */)
[INFO] [stdout]     |                             ~~~~~~~~~~~~~~~~~~~~
[INFO] [stdout] 
[INFO] [stdout] 
[INFO] [stdout] error[E0061]: this function takes 2 arguments but 1 argument was supplied
[INFO] [stdout]    --> src/handlers/content.rs:59:13
[INFO] [stdout]     |
[INFO] [stdout] 59  |             Outcome::forward(data)
[INFO] [stdout]     |             ^^^^^^^^^^^^^^^^------ an argument of type `Status` is missing
[INFO] [stdout]     |
[INFO] [stdout] note: associated function defined here
[INFO] [stdout]    --> /opt/rustwide/cargo-home/registry/src/index.crates.io-6f17d22bba15001f/rocket-0.5.0/src/route/handler.rs:257:12
[INFO] [stdout]     |
[INFO] [stdout] 257 |     pub fn forward(data: Data<'r>, status: Status) -> Outcome<'r> {
[INFO] [stdout]     |            ^^^^^^^
[INFO] [stdout] help: provide the argument
[INFO] [stdout]     |
[INFO] [stdout] 59  |             Outcome::forward(data, /* Status */)
[INFO] [stdout]     |                             ~~~~~~~~~~~~~~~~~~~~
[INFO] [stdout] 
[INFO] [stdout] 
[INFO] [stdout] error[E0599]: no variant or associated item named `Failure` found for enum `Outcome` in the current scope
[INFO] [stdout]    --> src/handlers/content.rs:64:41
[INFO] [stdout]     |
[INFO] [stdout] 64  |                 Err(status) => Outcome::Failure(status),
[INFO] [stdout]     |                                         ^^^^^^^ variant or associated item not found in `Outcome<Response<'_>, Status, (Data<'_>, Status)>`
[INFO] [stdout]     |
[INFO] [stdout] note: if you're trying to build a new `Outcome<rocket::Response<'_>, Status, (rocket::Data<'_>, Status)>` consider using one of the following associated functions:
[INFO] [stdout]       route::handler::<impl Outcome<rocket::Response<'o>, Status, (rocket::Data<'o>, Status)>>::from
[INFO] [stdout]       route::handler::<impl Outcome<rocket::Response<'o>, Status, (rocket::Data<'o>, Status)>>::try_from
[INFO] [stdout]       route::handler::<impl Outcome<rocket::Response<'o>, Status, (rocket::Data<'o>, Status)>>::error
[INFO] [stdout]       route::handler::<impl Outcome<rocket::Response<'o>, Status, (rocket::Data<'o>, Status)>>::forward
[INFO] [stdout]    --> /opt/rustwide/cargo-home/registry/src/index.crates.io-6f17d22bba15001f/rocket-0.5.0/src/route/handler.rs:188:5
[INFO] [stdout]     |
[INFO] [stdout] 188 |       pub fn from<R: Responder<'r, 'o>>(req: &'r Request<'_>, responder: R) -> Outcome<'r> {
[INFO] [stdout]     |       ^^^^^^^^^^^^^^^^^^^^^^^^^^^^^^^^^^^^^^^^^^^^^^^^^^^^^^^^^^^^^^^^^^^^^^^^^^^^^^^^^^^^
[INFO] [stdout] ...
[INFO] [stdout] 211 | /     pub fn try_from<R, E>(req: &'r Request<'_>, result: Result<R, E>) -> Outcome<'r>
[INFO] [stdout] 212 | |         where R: Responder<'r, 'o>, E: std::fmt::Debug
[INFO] [stdout]     | |______________________________________________________^
[INFO] [stdout] ...
[INFO] [stdout] 237 |       pub fn error(code: Status) -> Outcome<'r> {
[INFO] [stdout]     |       ^^^^^^^^^^^^^^^^^^^^^^^^^^^^^^^^^^^^^^^^^
[INFO] [stdout] ...
[INFO] [stdout] 257 |       pub fn forward(data: Data<'r>, status: Status) -> Outcome<'r> {
[INFO] [stdout]     |       ^^^^^^^^^^^^^^^^^^^^^^^^^^^^^^^^^^^^^^^^^^^^^^^^^^^^^^^^^^^^^
[INFO] [stdout] 
[INFO] [stdout] 
[INFO] [stdout] error[E0599]: no variant or associated item named `Failure` found for enum `Outcome` in the current scope
[INFO] [stdout]    --> src/handlers/content.rs:64:41
[INFO] [stdout]     |
[INFO] [stdout] 64  |                 Err(status) => Outcome::Failure(status),
[INFO] [stdout]     |                                         ^^^^^^^ variant or associated item not found in `Outcome<Response<'_>, Status, (Data<'_>, Status)>`
[INFO] [stdout]     |
[INFO] [stdout] note: if you're trying to build a new `Outcome<rocket::Response<'_>, Status, (rocket::Data<'_>, Status)>` consider using one of the following associated functions:
[INFO] [stdout]       route::handler::<impl Outcome<rocket::Response<'o>, Status, (rocket::Data<'o>, Status)>>::from
[INFO] [stdout]       route::handler::<impl Outcome<rocket::Response<'o>, Status, (rocket::Data<'o>, Status)>>::try_from
[INFO] [stdout]       route::handler::<impl Outcome<rocket::Response<'o>, Status, (rocket::Data<'o>, Status)>>::error
[INFO] [stdout]       route::handler::<impl Outcome<rocket::Response<'o>, Status, (rocket::Data<'o>, Status)>>::forward
[INFO] [stdout]    --> /opt/rustwide/cargo-home/registry/src/index.crates.io-6f17d22bba15001f/rocket-0.5.0/src/route/handler.rs:188:5
[INFO] [stdout]     |
[INFO] [stdout] 188 |       pub fn from<R: Responder<'r, 'o>>(req: &'r Request<'_>, responder: R) -> Outcome<'r> {
[INFO] [stdout]     |       ^^^^^^^^^^^^^^^^^^^^^^^^^^^^^^^^^^^^^^^^^^^^^^^^^^^^^^^^^^^^^^^^^^^^^^^^^^^^^^^^^^^^
[INFO] [stdout] ...
[INFO] [stdout] 211 | /     pub fn try_from<R, E>(req: &'r Request<'_>, result: Result<R, E>) -> Outcome<'r>
[INFO] [stdout] 212 | |         where R: Responder<'r, 'o>, E: std::fmt::Debug
[INFO] [stdout]     | |______________________________________________________^
[INFO] [stdout] ...
[INFO] [stdout] 237 |       pub fn error(code: Status) -> Outcome<'r> {
[INFO] [stdout]     |       ^^^^^^^^^^^^^^^^^^^^^^^^^^^^^^^^^^^^^^^^^
[INFO] [stdout] ...
[INFO] [stdout] 257 |       pub fn forward(data: Data<'r>, status: Status) -> Outcome<'r> {
[INFO] [stdout]     |       ^^^^^^^^^^^^^^^^^^^^^^^^^^^^^^^^^^^^^^^^^^^^^^^^^^^^^^^^^^^^^
[INFO] [stdout] 
[INFO] [stdout] 
[INFO] [stdout] error: aborting due to 2 previous errors
[INFO] [stdout] 
[INFO] [stdout] 
[INFO] [stdout] Some errors have detailed explanations: E0061, E0599.
[INFO] [stdout] 
[INFO] [stdout] For more information about an error, try `rustc --explain E0061`.
[INFO] [stdout] 
[INFO] [stdout] error: aborting due to 2 previous errors
[INFO] [stdout] 
[INFO] [stdout] 
[INFO] [stdout] Some errors have detailed explanations: E0061, E0599.
[INFO] [stdout] 
[INFO] [stdout] For more information about an error, try `rustc --explain E0061`.
[INFO] [stdout] 
[INFO] [stderr] error: could not compile `revolt_rocket_okapi` (lib) due to 3 previous errors
[INFO] [stderr] warning: build failed, waiting for other jobs to finish...
[INFO] [stderr] error: could not compile `revolt_rocket_okapi` (lib test) due to 3 previous errors
[INFO] running `Command { std: "docker" "inspect" "3cb868761e7a1fc644eff4d0e55a5109b323df8ca929ed79dba127c6665d55b1", kill_on_drop: false }`
[INFO] running `Command { std: "docker" "rm" "-f" "3cb868761e7a1fc644eff4d0e55a5109b323df8ca929ed79dba127c6665d55b1", kill_on_drop: false }`
[INFO] [stdout] 3cb868761e7a1fc644eff4d0e55a5109b323df8ca929ed79dba127c6665d55b1
[INFO] checking revolt_rocket_okapi-0.9.1 against nightly-2024-02-05+rustflags=-Dunexpected_cfgs+cargoflags=-Zcheck-cfg for check-cfg
[INFO] extracting crate revolt_rocket_okapi 0.9.1 into /workspace/builds/worker-2-tc2/source
[INFO] validating manifest of crates.io crate revolt_rocket_okapi 0.9.1 on toolchain nightly-2024-02-05
[INFO] running `Command { std: CARGO_HOME="/workspace/cargo-home" RUSTUP_HOME="/workspace/rustup-home" "/workspace/cargo-home/bin/cargo" "+nightly-2024-02-05" "metadata" "--manifest-path" "Cargo.toml" "--no-deps", kill_on_drop: false }`
[INFO] started tweaking crates.io crate revolt_rocket_okapi 0.9.1
[INFO] finished tweaking crates.io crate revolt_rocket_okapi 0.9.1
[INFO] tweaked toml for crates.io crate revolt_rocket_okapi 0.9.1 written to /workspace/builds/worker-2-tc2/source/Cargo.toml
[INFO] running `Command { std: CARGO_HOME="/workspace/cargo-home" RUSTUP_HOME="/workspace/rustup-home" "/workspace/cargo-home/bin/cargo" "+nightly-2024-02-05" "generate-lockfile" "--manifest-path" "Cargo.toml", kill_on_drop: false }`
[INFO] [stderr]     Updating crates.io index
[INFO] running `Command { std: CARGO_HOME="/workspace/cargo-home" RUSTUP_HOME="/workspace/rustup-home" "/workspace/cargo-home/bin/cargo" "+nightly-2024-02-05" "fetch" "--manifest-path" "Cargo.toml", kill_on_drop: false }`
[INFO] running `Command { std: "docker" "create" "-v" "/var/lib/crater-agent-workspace/builds/worker-2-tc2/target:/opt/rustwide/target:rw,Z" "-v" "/var/lib/crater-agent-workspace/builds/worker-2-tc2/source:/opt/rustwide/workdir:ro,Z" "-v" "/var/lib/crater-agent-workspace/cargo-home:/opt/rustwide/cargo-home:ro,Z" "-v" "/var/lib/crater-agent-workspace/rustup-home:/opt/rustwide/rustup-home:ro,Z" "-e" "SOURCE_DIR=/opt/rustwide/workdir" "-e" "CARGO_TARGET_DIR=/opt/rustwide/target" "-e" "CARGO_HOME=/opt/rustwide/cargo-home" "-e" "RUSTUP_HOME=/opt/rustwide/rustup-home" "-w" "/opt/rustwide/workdir" "-m" "1610612736" "--user" "0:0" "--network" "none" "ghcr.io/rust-lang/crates-build-env/linux@sha256:2788e3201cd34a07e3172128adcd8b3090168a8e3bcc40d7c032b9dda1df7d1c" "/opt/rustwide/cargo-home/bin/cargo" "+nightly-2024-02-05" "metadata" "--no-deps" "--format-version=1", kill_on_drop: false }`
[INFO] [stdout] c68ded7dca379606bfdf2e2edcf7a33e859c6ffdcc2289716c5fa4b064e587a5
[INFO] running `Command { std: "docker" "start" "-a" "c68ded7dca379606bfdf2e2edcf7a33e859c6ffdcc2289716c5fa4b064e587a5", kill_on_drop: false }`
[INFO] running `Command { std: "docker" "inspect" "c68ded7dca379606bfdf2e2edcf7a33e859c6ffdcc2289716c5fa4b064e587a5", kill_on_drop: false }`
[INFO] running `Command { std: "docker" "rm" "-f" "c68ded7dca379606bfdf2e2edcf7a33e859c6ffdcc2289716c5fa4b064e587a5", kill_on_drop: false }`
[INFO] [stdout] c68ded7dca379606bfdf2e2edcf7a33e859c6ffdcc2289716c5fa4b064e587a5
[INFO] running `Command { std: "docker" "create" "-v" "/var/lib/crater-agent-workspace/builds/worker-2-tc2/target:/opt/rustwide/target:rw,Z" "-v" "/var/lib/crater-agent-workspace/builds/worker-2-tc2/source:/opt/rustwide/workdir:ro,Z" "-v" "/var/lib/crater-agent-workspace/cargo-home:/opt/rustwide/cargo-home:ro,Z" "-v" "/var/lib/crater-agent-workspace/rustup-home:/opt/rustwide/rustup-home:ro,Z" "-e" "SOURCE_DIR=/opt/rustwide/workdir" "-e" "CARGO_TARGET_DIR=/opt/rustwide/target" "-e" "CARGO_INCREMENTAL=0" "-e" "RUST_BACKTRACE=full" "-e" "RUSTFLAGS=--cap-lints=forbid -Dunexpected_cfgs" "-e" "RUSTDOCFLAGS=--cap-lints=forbid" "-e" "CARGO_HOME=/opt/rustwide/cargo-home" "-e" "RUSTUP_HOME=/opt/rustwide/rustup-home" "-w" "/opt/rustwide/workdir" "-m" "1610612736" "--user" "0:0" "--network" "none" "ghcr.io/rust-lang/crates-build-env/linux@sha256:2788e3201cd34a07e3172128adcd8b3090168a8e3bcc40d7c032b9dda1df7d1c" "/opt/rustwide/cargo-home/bin/cargo" "+nightly-2024-02-05" "check" "--frozen" "--all" "--all-targets" "--message-format=json" "-Zcheck-cfg", kill_on_drop: false }`
[INFO] [stdout] e8d859b9c85b07c80a7b3b5e46f5991834c8661b4e5682fa10747994371e4129
[INFO] running `Command { std: "docker" "start" "-a" "e8d859b9c85b07c80a7b3b5e46f5991834c8661b4e5682fa10747994371e4129", kill_on_drop: false }`
[INFO] [stderr]    Compiling libc v0.2.153
[INFO] [stderr]    Compiling serde v1.0.196
[INFO] [stderr]    Compiling rustix v0.38.31
[INFO] [stderr]    Compiling linux-raw-sys v0.4.13
[INFO] [stderr]    Compiling bitflags v2.4.2
[INFO] [stderr]    Compiling proc-macro2-diagnostics v0.10.1
[INFO] [stderr]    Compiling uncased v0.9.10
[INFO] [stderr]    Compiling cookie v0.18.0
[INFO] [stderr]    Compiling futures-core v0.3.30
[INFO] [stderr]    Compiling ref-cast v1.0.22
[INFO] [stderr]    Compiling futures-sink v0.3.30
[INFO] [stderr]    Compiling syn v2.0.48
[INFO] [stderr]    Compiling memchr v2.7.1
[INFO] [stderr]    Compiling slab v0.4.9
[INFO] [stderr]    Compiling futures-channel v0.3.30
[INFO] [stderr]    Compiling pin-utils v0.1.0
[INFO] [stderr]    Compiling futures-task v0.3.30
[INFO] [stderr]    Compiling once_cell v1.19.0
[INFO] [stderr]    Compiling futures-io v0.3.30
[INFO] [stderr]    Compiling powerfmt v0.2.0
[INFO] [stderr]    Compiling try-lock v0.2.5
[INFO] [stderr]    Compiling http-body v0.4.6
[INFO] [stderr]    Compiling httparse v1.8.0
[INFO] [stderr]    Compiling tracing-core v0.1.32
[INFO] [stderr]    Compiling deranged v0.3.11
[INFO] [stderr]    Compiling hashbrown v0.14.3
[INFO] [stderr]    Compiling inlinable_string v0.1.15
[INFO] [stderr]    Compiling want v0.3.1
[INFO] [stderr]    Compiling equivalent v1.0.1
[INFO] [stderr]    Compiling httpdate v1.0.3
[INFO] [stderr]     Checking futures-util v0.3.30
[INFO] [stderr]    Compiling tower-service v0.3.2
[INFO] [stderr]    Compiling percent-encoding v2.3.1
[INFO] [stderr]    Compiling indexmap v1.9.3
[INFO] [stderr]    Compiling stable-pattern v0.1.0
[INFO] [stderr]    Compiling log v0.4.20
[INFO] [stderr]    Compiling state v0.6.0
[INFO] [stderr]     Checking winnow v0.5.37
[INFO] [stderr]    Compiling smallvec v1.13.1
[INFO] [stderr]    Compiling either v1.9.0
[INFO] [stderr]     Checking time v0.3.34
[INFO] [stderr]    Compiling darling_core v0.13.4
[INFO] [stderr]    Compiling serde_derive_internals v0.26.0
[INFO] [stderr]    Compiling multer v2.1.0
[INFO] [stderr]    Compiling figment v0.10.14
[INFO] [stderr]    Compiling schemars v0.8.16
[INFO] [stderr]     Checking hashbrown v0.12.3
[INFO] [stderr]    Compiling async-trait v0.1.77
[INFO] [stderr]    Compiling rocket v0.5.0
[INFO] [stderr]     Checking fastrand v2.0.1
[INFO] [stderr]     Checking signal-hook-registry v1.4.1
[INFO] [stderr]     Checking socket2 v0.5.5
[INFO] [stderr]     Checking num_cpus v1.16.0
[INFO] [stderr]     Checking mio v0.8.10
[INFO] [stderr]     Checking getrandom v0.2.12
[INFO] [stderr]     Checking parking_lot_core v0.9.9
[INFO] [stderr]     Checking rand_core v0.6.4
[INFO] [stderr]     Checking spin v0.9.8
[INFO] [stderr]    Compiling glob v0.3.1
[INFO] [stderr]     Checking dyn-clone v1.0.16
[INFO] [stderr]    Compiling is-terminal v0.4.10
[INFO] [stderr]     Checking rand_chacha v0.3.1
[INFO] [stderr]    Compiling unicode-xid v0.2.4
[INFO] [stderr]    Compiling yansi v1.0.0-rc.1
[INFO] [stderr]     Checking parking_lot v0.12.1
[INFO] [stderr]    Compiling schemars_derive v0.8.16
[INFO] [stderr]     Checking binascii v0.1.4
[INFO] [stderr]     Checking tempfile v3.10.0
[INFO] [stderr]     Checking atomic v0.5.3
[INFO] [stderr]     Checking rand v0.8.5
[INFO] [stderr]    Compiling darling_macro v0.13.4
[INFO] [stderr]    Compiling futures v0.3.30
[INFO] [stderr]    Compiling devise_core v0.4.1
[INFO] [stderr]    Compiling darling v0.13.4
[INFO] [stderr]    Compiling serde_derive v1.0.196
[INFO] [stderr]    Compiling tokio-macros v2.2.0
[INFO] [stderr]    Compiling tracing-attributes v0.1.27
[INFO] [stderr]    Compiling pear_codegen v0.2.8
[INFO] [stderr]    Compiling ref-cast-impl v1.0.22
[INFO] [stderr]    Compiling async-stream-impl v0.3.5
[INFO] [stderr]    Compiling devise_codegen v0.4.1
[INFO] [stderr]     Checking tokio v1.36.0
[INFO] [stderr]     Checking async-stream v0.3.5
[INFO] [stderr]    Compiling devise v0.4.1
[INFO] [stderr]    Compiling pear v0.2.8
[INFO] [stderr]    Compiling tracing v0.1.40
[INFO] [stderr]     Checking hyper v0.14.28
[INFO] [stderr]     Checking tokio-util v0.7.10
[INFO] [stderr]     Checking tokio-stream v0.1.14
[INFO] [stderr]     Checking indexmap v2.2.2
[INFO] [stderr]     Checking serde_spanned v0.6.5
[INFO] [stderr]     Checking toml_datetime v0.6.5
[INFO] [stderr]     Checking serde_json v1.0.113
[INFO] [stderr]     Checking ubyte v0.10.4
[INFO] [stderr]     Checking toml_edit v0.22.4
[INFO] [stderr]     Checking rocket_http v0.5.0
[INFO] [stderr]     Checking revolt_okapi v0.9.1
[INFO] [stderr]     Checking toml v0.8.10
[INFO] [stderr]    Compiling rocket_codegen v0.5.0
[INFO] [stderr]    Compiling revolt_rocket_okapi_codegen v0.9.1
[INFO] [stderr]     Checking revolt_rocket_okapi v0.9.1 (/opt/rustwide/workdir)
[INFO] [stdout] error[E0061]: this function takes 2 arguments but 1 argument was supplied
[INFO] [stdout]    --> src/handlers/content.rs:59:13
[INFO] [stdout]     |
[INFO] [stdout] 59  |             Outcome::forward(data)
[INFO] [stdout]     |             ^^^^^^^^^^^^^^^^------ an argument of type `Status` is missing
[INFO] [stdout]     |
[INFO] [stdout] note: associated function defined here
[INFO] [stdout]    --> /opt/rustwide/cargo-home/registry/src/index.crates.io-6f17d22bba15001f/rocket-0.5.0/src/route/handler.rs:257:12
[INFO] [stdout]     |
[INFO] [stdout] 257 |     pub fn forward(data: Data<'r>, status: Status) -> Outcome<'r> {
[INFO] [stdout]     |            ^^^^^^^
[INFO] [stdout] help: provide the argument
[INFO] [stdout]     |
[INFO] [stdout] 59  |             Outcome::forward(data, /* Status */)
[INFO] [stdout]     |                             ~~~~~~~~~~~~~~~~~~~~
[INFO] [stdout] 
[INFO] [stdout] 
[INFO] [stdout] error[E0061]: this function takes 2 arguments but 1 argument was supplied
[INFO] [stdout]    --> src/handlers/content.rs:59:13
[INFO] [stdout]     |
[INFO] [stdout] 59  |             Outcome::forward(data)
[INFO] [stdout]     |             ^^^^^^^^^^^^^^^^------ an argument of type `Status` is missing
[INFO] [stdout]     |
[INFO] [stdout] note: associated function defined here
[INFO] [stdout]    --> /opt/rustwide/cargo-home/registry/src/index.crates.io-6f17d22bba15001f/rocket-0.5.0/src/route/handler.rs:257:12
[INFO] [stdout]     |
[INFO] [stdout] 257 |     pub fn forward(data: Data<'r>, status: Status) -> Outcome<'r> {
[INFO] [stdout]     |            ^^^^^^^
[INFO] [stdout] help: provide the argument
[INFO] [stdout]     |
[INFO] [stdout] 59  |             Outcome::forward(data, /* Status */)
[INFO] [stdout]     |                             ~~~~~~~~~~~~~~~~~~~~
[INFO] [stdout] 
[INFO] [stdout] 
[INFO] [stdout] error[E0599]: no variant or associated item named `Failure` found for enum `Outcome` in the current scope
[INFO] [stdout]    --> src/handlers/content.rs:64:41
[INFO] [stdout]     |
[INFO] [stdout] 64  |                 Err(status) => Outcome::Failure(status),
[INFO] [stdout]     |                                         ^^^^^^^ variant or associated item not found in `Outcome<Response<'_>, Status, (Data<'_>, Status)>`
[INFO] [stdout]     |
[INFO] [stdout] note: if you're trying to build a new `Outcome<rocket::Response<'_>, Status, (rocket::Data<'_>, Status)>` consider using one of the following associated functions:
[INFO] [stdout]       route::handler::<impl Outcome<rocket::Response<'o>, Status, (rocket::Data<'o>, Status)>>::from
[INFO] [stdout]       route::handler::<impl Outcome<rocket::Response<'o>, Status, (rocket::Data<'o>, Status)>>::try_from
[INFO] [stdout]       route::handler::<impl Outcome<rocket::Response<'o>, Status, (rocket::Data<'o>, Status)>>::error
[INFO] [stdout]       route::handler::<impl Outcome<rocket::Response<'o>, Status, (rocket::Data<'o>, Status)>>::forward
[INFO] [stdout]    --> /opt/rustwide/cargo-home/registry/src/index.crates.io-6f17d22bba15001f/rocket-0.5.0/src/route/handler.rs:188:5
[INFO] [stdout]     |
[INFO] [stdout] 188 |       pub fn from<R: Responder<'r, 'o>>(req: &'r Request<'_>, responder: R) -> Outcome<'r> {
[INFO] [stdout]     |       ^^^^^^^^^^^^^^^^^^^^^^^^^^^^^^^^^^^^^^^^^^^^^^^^^^^^^^^^^^^^^^^^^^^^^^^^^^^^^^^^^^^^
[INFO] [stdout] ...
[INFO] [stdout] 211 | /     pub fn try_from<R, E>(req: &'r Request<'_>, result: Result<R, E>) -> Outcome<'r>
[INFO] [stdout] 212 | |         where R: Responder<'r, 'o>, E: std::fmt::Debug
[INFO] [stdout]     | |______________________________________________________^
[INFO] [stdout] ...
[INFO] [stdout] 237 |       pub fn error(code: Status) -> Outcome<'r> {
[INFO] [stdout]     |       ^^^^^^^^^^^^^^^^^^^^^^^^^^^^^^^^^^^^^^^^^
[INFO] [stdout] ...
[INFO] [stdout] 257 |       pub fn forward(data: Data<'r>, status: Status) -> Outcome<'r> {
[INFO] [stdout]     |       ^^^^^^^^^^^^^^^^^^^^^^^^^^^^^^^^^^^^^^^^^^^^^^^^^^^^^^^^^^^^^
[INFO] [stdout] 
[INFO] [stdout] 
[INFO] [stdout] error[E0599]: no variant or associated item named `Failure` found for enum `Outcome` in the current scope
[INFO] [stdout]    --> src/handlers/content.rs:64:41
[INFO] [stdout]     |
[INFO] [stdout] 64  |                 Err(status) => Outcome::Failure(status),
[INFO] [stdout]     |                                         ^^^^^^^ variant or associated item not found in `Outcome<Response<'_>, Status, (Data<'_>, Status)>`
[INFO] [stdout]     |
[INFO] [stdout] note: if you're trying to build a new `Outcome<rocket::Response<'_>, Status, (rocket::Data<'_>, Status)>` consider using one of the following associated functions:
[INFO] [stdout]       route::handler::<impl Outcome<rocket::Response<'o>, Status, (rocket::Data<'o>, Status)>>::from
[INFO] [stdout]       route::handler::<impl Outcome<rocket::Response<'o>, Status, (rocket::Data<'o>, Status)>>::try_from
[INFO] [stdout]       route::handler::<impl Outcome<rocket::Response<'o>, Status, (rocket::Data<'o>, Status)>>::error
[INFO] [stdout]       route::handler::<impl Outcome<rocket::Response<'o>, Status, (rocket::Data<'o>, Status)>>::forward
[INFO] [stdout]    --> /opt/rustwide/cargo-home/registry/src/index.crates.io-6f17d22bba15001f/rocket-0.5.0/src/route/handler.rs:188:5
[INFO] [stdout]     |
[INFO] [stdout] 188 |       pub fn from<R: Responder<'r, 'o>>(req: &'r Request<'_>, responder: R) -> Outcome<'r> {
[INFO] [stdout]     |       ^^^^^^^^^^^^^^^^^^^^^^^^^^^^^^^^^^^^^^^^^^^^^^^^^^^^^^^^^^^^^^^^^^^^^^^^^^^^^^^^^^^^
[INFO] [stdout] ...
[INFO] [stdout] 211 | /     pub fn try_from<R, E>(req: &'r Request<'_>, result: Result<R, E>) -> Outcome<'r>
[INFO] [stdout] 212 | |         where R: Responder<'r, 'o>, E: std::fmt::Debug
[INFO] [stdout]     | |______________________________________________________^
[INFO] [stdout] ...
[INFO] [stdout] 237 |       pub fn error(code: Status) -> Outcome<'r> {
[INFO] [stdout]     |       ^^^^^^^^^^^^^^^^^^^^^^^^^^^^^^^^^^^^^^^^^
[INFO] [stdout] ...
[INFO] [stdout] 257 |       pub fn forward(data: Data<'r>, status: Status) -> Outcome<'r> {
[INFO] [stdout]     |       ^^^^^^^^^^^^^^^^^^^^^^^^^^^^^^^^^^^^^^^^^^^^^^^^^^^^^^^^^^^^^
[INFO] [stdout] 
[INFO] [stdout] 
[INFO] [stdout] error: aborting due to 2 previous errors
[INFO] [stdout] 
[INFO] [stdout] 
[INFO] [stdout] Some errors have detailed explanations: E0061, E0599.
[INFO] [stdout] 
[INFO] [stdout] For more information about an error, try `rustc --explain E0061`.
[INFO] [stdout] 
[INFO] [stdout] error: aborting due to 2 previous errors
[INFO] [stdout] 
[INFO] [stdout] 
[INFO] [stdout] Some errors have detailed explanations: E0061, E0599.
[INFO] [stdout] 
[INFO] [stdout] For more information about an error, try `rustc --explain E0061`.
[INFO] [stdout] 
[INFO] [stderr] error: could not compile `revolt_rocket_okapi` (lib test) due to 3 previous errors
[INFO] [stderr] warning: build failed, waiting for other jobs to finish...
[INFO] [stderr] error: could not compile `revolt_rocket_okapi` (lib) due to 3 previous errors
[INFO] running `Command { std: "docker" "inspect" "e8d859b9c85b07c80a7b3b5e46f5991834c8661b4e5682fa10747994371e4129", kill_on_drop: false }`
[INFO] running `Command { std: "docker" "rm" "-f" "e8d859b9c85b07c80a7b3b5e46f5991834c8661b4e5682fa10747994371e4129", kill_on_drop: false }`
[INFO] [stdout] e8d859b9c85b07c80a7b3b5e46f5991834c8661b4e5682fa10747994371e4129
