[INFO] fetching crate rev_lines 0.3.0...
[INFO] checking rev_lines-0.3.0 against nightly-2024-02-05 for check-cfg
[INFO] extracting crate rev_lines 0.3.0 into /workspace/builds/worker-7-tc1/source
[INFO] validating manifest of crates.io crate rev_lines 0.3.0 on toolchain nightly-2024-02-05
[INFO] running `Command { std: CARGO_HOME="/workspace/cargo-home" RUSTUP_HOME="/workspace/rustup-home" "/workspace/cargo-home/bin/cargo" "+nightly-2024-02-05" "metadata" "--manifest-path" "Cargo.toml" "--no-deps", kill_on_drop: false }`
[INFO] started tweaking crates.io crate rev_lines 0.3.0
[INFO] finished tweaking crates.io crate rev_lines 0.3.0
[INFO] tweaked toml for crates.io crate rev_lines 0.3.0 written to /workspace/builds/worker-7-tc1/source/Cargo.toml
[INFO] crate crates.io crate rev_lines 0.3.0 already has a lockfile, it will not be regenerated
[INFO] running `Command { std: CARGO_HOME="/workspace/cargo-home" RUSTUP_HOME="/workspace/rustup-home" "/workspace/cargo-home/bin/cargo" "+nightly-2024-02-05" "fetch" "--manifest-path" "Cargo.toml", kill_on_drop: false }`
[INFO] [stderr]  Downloading crates ...
[INFO] [stderr]   Downloaded clap v4.3.5
[INFO] [stderr]   Downloaded clap_builder v4.3.5
[INFO] running `Command { std: "docker" "create" "-v" "/var/lib/crater-agent-workspace/builds/worker-7-tc1/target:/opt/rustwide/target:rw,Z" "-v" "/var/lib/crater-agent-workspace/builds/worker-7-tc1/source:/opt/rustwide/workdir:ro,Z" "-v" "/var/lib/crater-agent-workspace/cargo-home:/opt/rustwide/cargo-home:ro,Z" "-v" "/var/lib/crater-agent-workspace/rustup-home:/opt/rustwide/rustup-home:ro,Z" "-e" "SOURCE_DIR=/opt/rustwide/workdir" "-e" "CARGO_TARGET_DIR=/opt/rustwide/target" "-e" "CARGO_HOME=/opt/rustwide/cargo-home" "-e" "RUSTUP_HOME=/opt/rustwide/rustup-home" "-w" "/opt/rustwide/workdir" "-m" "1610612736" "--user" "0:0" "--network" "none" "ghcr.io/rust-lang/crates-build-env/linux@sha256:2788e3201cd34a07e3172128adcd8b3090168a8e3bcc40d7c032b9dda1df7d1c" "/opt/rustwide/cargo-home/bin/cargo" "+nightly-2024-02-05" "metadata" "--no-deps" "--format-version=1", kill_on_drop: false }`
[INFO] [stdout] ee22e04b560720176ea9b981c6b15eb92cb90085be71b44dc2f36b655227e991
[INFO] running `Command { std: "docker" "start" "-a" "ee22e04b560720176ea9b981c6b15eb92cb90085be71b44dc2f36b655227e991", kill_on_drop: false }`
[INFO] running `Command { std: "docker" "inspect" "ee22e04b560720176ea9b981c6b15eb92cb90085be71b44dc2f36b655227e991", kill_on_drop: false }`
[INFO] running `Command { std: "docker" "rm" "-f" "ee22e04b560720176ea9b981c6b15eb92cb90085be71b44dc2f36b655227e991", kill_on_drop: false }`
[INFO] [stdout] ee22e04b560720176ea9b981c6b15eb92cb90085be71b44dc2f36b655227e991
[INFO] running `Command { std: "docker" "create" "-v" "/var/lib/crater-agent-workspace/builds/worker-7-tc1/target:/opt/rustwide/target:rw,Z" "-v" "/var/lib/crater-agent-workspace/builds/worker-7-tc1/source:/opt/rustwide/workdir:ro,Z" "-v" "/var/lib/crater-agent-workspace/cargo-home:/opt/rustwide/cargo-home:ro,Z" "-v" "/var/lib/crater-agent-workspace/rustup-home:/opt/rustwide/rustup-home:ro,Z" "-e" "SOURCE_DIR=/opt/rustwide/workdir" "-e" "CARGO_TARGET_DIR=/opt/rustwide/target" "-e" "CARGO_INCREMENTAL=0" "-e" "RUST_BACKTRACE=full" "-e" "RUSTFLAGS=--cap-lints=forbid" "-e" "RUSTDOCFLAGS=--cap-lints=forbid" "-e" "CARGO_HOME=/opt/rustwide/cargo-home" "-e" "RUSTUP_HOME=/opt/rustwide/rustup-home" "-w" "/opt/rustwide/workdir" "-m" "1610612736" "--user" "0:0" "--network" "none" "ghcr.io/rust-lang/crates-build-env/linux@sha256:2788e3201cd34a07e3172128adcd8b3090168a8e3bcc40d7c032b9dda1df7d1c" "/opt/rustwide/cargo-home/bin/cargo" "+nightly-2024-02-05" "check" "--frozen" "--all" "--all-targets" "--message-format=json", kill_on_drop: false }`
[INFO] [stdout] ec83b908a2d516b5913362d7bf735c9a3a2be94ff67005d465085925822ddbf8
[INFO] running `Command { std: "docker" "start" "-a" "ec83b908a2d516b5913362d7bf735c9a3a2be94ff67005d465085925822ddbf8", kill_on_drop: false }`
[INFO] [stderr]    Compiling proc-macro2 v1.0.60
[INFO] [stderr]    Compiling unicode-ident v1.0.9
[INFO] [stderr]    Compiling quote v1.0.28
[INFO] [stderr]    Compiling libc v0.2.146
[INFO] [stderr]    Compiling crossbeam-utils v0.8.16
[INFO] [stderr]    Compiling memoffset v0.9.0
[INFO] [stderr]    Compiling crossbeam-epoch v0.9.15
[INFO] [stderr]    Compiling serde v1.0.164
[INFO] [stderr]    Compiling io-lifetimes v1.0.11
[INFO] [stderr]    Compiling num-traits v0.2.15
[INFO] [stderr]    Compiling rayon-core v1.11.0
[INFO] [stderr]    Compiling serde_json v1.0.97
[INFO] [stderr]     Checking either v1.8.1
[INFO] [stderr]    Compiling rustix v0.37.20
[INFO] [stderr]     Checking anstyle v1.0.1
[INFO] [stderr]     Checking ryu v1.0.13
[INFO] [stderr]     Checking linux-raw-sys v0.3.8
[INFO] [stderr]     Checking itoa v1.0.6
[INFO] [stderr]     Checking clap_lex v0.5.0
[INFO] [stderr]    Compiling thiserror v1.0.40
[INFO] [stderr]     Checking plotters-backend v0.3.5
[INFO] [stderr]     Checking itertools v0.10.5
[INFO] [stderr]     Checking clap_builder v4.3.5
[INFO] [stderr]     Checking cast v0.3.0
[INFO] [stderr]     Checking regex-syntax v0.7.2
[INFO] [stderr]     Checking walkdir v2.3.3
[INFO] [stderr]     Checking anes v0.1.6
[INFO] [stderr]     Checking oorandom v11.1.3
[INFO] [stderr]     Checking plotters-svg v0.3.5
[INFO] [stderr]     Checking crossbeam-channel v0.5.8
[INFO] [stderr]     Checking crossbeam-deque v0.8.3
[INFO] [stderr]    Compiling syn v2.0.18
[INFO] [stderr]     Checking regex v1.8.4
[INFO] [stderr]     Checking plotters v0.3.5
[INFO] [stderr]     Checking num_cpus v1.15.0
[INFO] [stderr]     Checking criterion-plot v0.5.0
[INFO] [stderr]     Checking clap v4.3.5
[INFO] [stderr]     Checking rayon v1.7.0
[INFO] [stderr]    Compiling serde_derive v1.0.164
[INFO] [stderr]    Compiling thiserror-impl v1.0.40
[INFO] [stderr]     Checking is-terminal v0.4.7
[INFO] [stderr]     Checking rev_lines v0.3.0 (/opt/rustwide/workdir)
[INFO] [stderr]     Checking ciborium v0.2.1
[INFO] [stderr]     Checking tinytemplate v1.2.1
[INFO] [stderr]     Checking criterion v0.5.1
[INFO] [stdout] error[E0433]: failed to resolve: use of undeclared crate or module `iai`
[INFO] [stdout]   --> benches/iai.rs:35:1
[INFO] [stdout]    |
[INFO] [stdout] 35 | iai::main!(
[INFO] [stdout]    | ^^^ use of undeclared crate or module `iai`
[INFO] [stdout] 
[INFO] [stdout] 
[INFO] [stdout] error[E0601]: `main` function not found in crate `iai`
[INFO] [stdout]   --> benches/iai.rs:38:3
[INFO] [stdout]    |
[INFO] [stdout] 38 | );
[INFO] [stdout]    |   ^ consider adding a `main` function to `benches/iai.rs`
[INFO] [stdout] 
[INFO] [stdout] 
[INFO] [stdout] error: aborting due to 2 previous errors
[INFO] [stdout] 
[INFO] [stdout] 
[INFO] [stdout] Some errors have detailed explanations: E0433, E0601.
[INFO] [stdout] 
[INFO] [stdout] For more information about an error, try `rustc --explain E0433`.
[INFO] [stdout] 
[INFO] [stderr] error: could not compile `rev_lines` (bench "iai") due to 3 previous errors
[INFO] [stderr] warning: build failed, waiting for other jobs to finish...
[INFO] running `Command { std: "docker" "inspect" "ec83b908a2d516b5913362d7bf735c9a3a2be94ff67005d465085925822ddbf8", kill_on_drop: false }`
[INFO] running `Command { std: "docker" "rm" "-f" "ec83b908a2d516b5913362d7bf735c9a3a2be94ff67005d465085925822ddbf8", kill_on_drop: false }`
[INFO] [stdout] ec83b908a2d516b5913362d7bf735c9a3a2be94ff67005d465085925822ddbf8
[INFO] checking rev_lines-0.3.0 against nightly-2024-02-05+rustflags=-Dunexpected_cfgs+cargoflags=-Zcheck-cfg for check-cfg
[INFO] extracting crate rev_lines 0.3.0 into /workspace/builds/worker-7-tc2/source
[INFO] validating manifest of crates.io crate rev_lines 0.3.0 on toolchain nightly-2024-02-05
[INFO] running `Command { std: CARGO_HOME="/workspace/cargo-home" RUSTUP_HOME="/workspace/rustup-home" "/workspace/cargo-home/bin/cargo" "+nightly-2024-02-05" "metadata" "--manifest-path" "Cargo.toml" "--no-deps", kill_on_drop: false }`
[INFO] started tweaking crates.io crate rev_lines 0.3.0
[INFO] finished tweaking crates.io crate rev_lines 0.3.0
[INFO] tweaked toml for crates.io crate rev_lines 0.3.0 written to /workspace/builds/worker-7-tc2/source/Cargo.toml
[INFO] crate crates.io crate rev_lines 0.3.0 already has a lockfile, it will not be regenerated
[INFO] running `Command { std: CARGO_HOME="/workspace/cargo-home" RUSTUP_HOME="/workspace/rustup-home" "/workspace/cargo-home/bin/cargo" "+nightly-2024-02-05" "fetch" "--manifest-path" "Cargo.toml", kill_on_drop: false }`
[INFO] running `Command { std: "docker" "create" "-v" "/var/lib/crater-agent-workspace/builds/worker-7-tc2/target:/opt/rustwide/target:rw,Z" "-v" "/var/lib/crater-agent-workspace/builds/worker-7-tc2/source:/opt/rustwide/workdir:ro,Z" "-v" "/var/lib/crater-agent-workspace/cargo-home:/opt/rustwide/cargo-home:ro,Z" "-v" "/var/lib/crater-agent-workspace/rustup-home:/opt/rustwide/rustup-home:ro,Z" "-e" "SOURCE_DIR=/opt/rustwide/workdir" "-e" "CARGO_TARGET_DIR=/opt/rustwide/target" "-e" "CARGO_HOME=/opt/rustwide/cargo-home" "-e" "RUSTUP_HOME=/opt/rustwide/rustup-home" "-w" "/opt/rustwide/workdir" "-m" "1610612736" "--user" "0:0" "--network" "none" "ghcr.io/rust-lang/crates-build-env/linux@sha256:2788e3201cd34a07e3172128adcd8b3090168a8e3bcc40d7c032b9dda1df7d1c" "/opt/rustwide/cargo-home/bin/cargo" "+nightly-2024-02-05" "metadata" "--no-deps" "--format-version=1", kill_on_drop: false }`
[INFO] [stdout] f5416b5518ee13da100f1a4f189064159b93ace2a3f6d111f73f92ea11610048
[INFO] running `Command { std: "docker" "start" "-a" "f5416b5518ee13da100f1a4f189064159b93ace2a3f6d111f73f92ea11610048", kill_on_drop: false }`
[INFO] running `Command { std: "docker" "inspect" "f5416b5518ee13da100f1a4f189064159b93ace2a3f6d111f73f92ea11610048", kill_on_drop: false }`
[INFO] running `Command { std: "docker" "rm" "-f" "f5416b5518ee13da100f1a4f189064159b93ace2a3f6d111f73f92ea11610048", kill_on_drop: false }`
[INFO] [stdout] f5416b5518ee13da100f1a4f189064159b93ace2a3f6d111f73f92ea11610048
[INFO] running `Command { std: "docker" "create" "-v" "/var/lib/crater-agent-workspace/builds/worker-7-tc2/target:/opt/rustwide/target:rw,Z" "-v" "/var/lib/crater-agent-workspace/builds/worker-7-tc2/source:/opt/rustwide/workdir:ro,Z" "-v" "/var/lib/crater-agent-workspace/cargo-home:/opt/rustwide/cargo-home:ro,Z" "-v" "/var/lib/crater-agent-workspace/rustup-home:/opt/rustwide/rustup-home:ro,Z" "-e" "SOURCE_DIR=/opt/rustwide/workdir" "-e" "CARGO_TARGET_DIR=/opt/rustwide/target" "-e" "CARGO_INCREMENTAL=0" "-e" "RUST_BACKTRACE=full" "-e" "RUSTFLAGS=--cap-lints=forbid -Dunexpected_cfgs" "-e" "RUSTDOCFLAGS=--cap-lints=forbid" "-e" "CARGO_HOME=/opt/rustwide/cargo-home" "-e" "RUSTUP_HOME=/opt/rustwide/rustup-home" "-w" "/opt/rustwide/workdir" "-m" "1610612736" "--user" "0:0" "--network" "none" "ghcr.io/rust-lang/crates-build-env/linux@sha256:2788e3201cd34a07e3172128adcd8b3090168a8e3bcc40d7c032b9dda1df7d1c" "/opt/rustwide/cargo-home/bin/cargo" "+nightly-2024-02-05" "check" "--frozen" "--all" "--all-targets" "--message-format=json" "-Zcheck-cfg", kill_on_drop: false }`
[INFO] [stdout] 809b1c6cb85d91d7ddd607f1ea215169cff19b781590e5f30e7307d6e4e7aa2e
[INFO] running `Command { std: "docker" "start" "-a" "809b1c6cb85d91d7ddd607f1ea215169cff19b781590e5f30e7307d6e4e7aa2e", kill_on_drop: false }`
[INFO] [stderr]    Compiling proc-macro2 v1.0.60
[INFO] [stderr]    Compiling unicode-ident v1.0.9
[INFO] [stderr]    Compiling quote v1.0.28
[INFO] [stderr]    Compiling libc v0.2.146
[INFO] [stderr]    Compiling crossbeam-utils v0.8.16
[INFO] [stderr]    Compiling memoffset v0.9.0
[INFO] [stderr]    Compiling crossbeam-epoch v0.9.15
[INFO] [stderr]    Compiling serde v1.0.164
[INFO] [stderr]    Compiling io-lifetimes v1.0.11
[INFO] [stderr]    Compiling num-traits v0.2.15
[INFO] [stderr]    Compiling rustix v0.37.20
[INFO] [stderr]    Compiling rayon-core v1.11.0
[INFO] [stderr]    Compiling serde_json v1.0.97
[INFO] [stderr]     Checking either v1.8.1
[INFO] [stderr]    Compiling thiserror v1.0.40
[INFO] [stderr]     Checking plotters-backend v0.3.5
[INFO] [stderr]     Checking linux-raw-sys v0.3.8
[INFO] [stderr]     Checking clap_lex v0.5.0
[INFO] [stderr]     Checking anstyle v1.0.1
[INFO] [stderr]     Checking ryu v1.0.13
[INFO] [stderr]     Checking itoa v1.0.6
[INFO] [stderr]     Checking plotters-svg v0.3.5
[INFO] [stderr]     Checking itertools v0.10.5
[INFO] [stderr]     Checking regex-syntax v0.7.2
[INFO] [stderr]     Checking cast v0.3.0
[INFO] [stderr]     Checking walkdir v2.3.3
[INFO] [stderr]     Checking anes v0.1.6
[INFO] [stderr]     Checking oorandom v11.1.3
[INFO] [stderr]     Checking clap_builder v4.3.5
[INFO] [stderr]     Checking crossbeam-channel v0.5.8
[INFO] [stderr]     Checking crossbeam-deque v0.8.3
[INFO] [stderr]    Compiling syn v2.0.18
[INFO] [stderr]     Checking regex v1.8.4
[INFO] [stderr]     Checking plotters v0.3.5
[INFO] [stderr]     Checking criterion-plot v0.5.0
[INFO] [stderr]     Checking num_cpus v1.15.0
[INFO] [stderr]     Checking clap v4.3.5
[INFO] [stderr]     Checking rayon v1.7.0
[INFO] [stderr]    Compiling serde_derive v1.0.164
[INFO] [stderr]    Compiling thiserror-impl v1.0.40
[INFO] [stderr]     Checking is-terminal v0.4.7
[INFO] [stderr]     Checking rev_lines v0.3.0 (/opt/rustwide/workdir)
[INFO] [stderr]     Checking ciborium v0.2.1
[INFO] [stderr]     Checking tinytemplate v1.2.1
[INFO] [stderr]     Checking criterion v0.5.1
[INFO] [stdout] error[E0433]: failed to resolve: use of undeclared crate or module `iai`
[INFO] [stdout]   --> benches/iai.rs:35:1
[INFO] [stdout]    |
[INFO] [stdout] 35 | iai::main!(
[INFO] [stdout]    | ^^^ use of undeclared crate or module `iai`
[INFO] [stdout] 
[INFO] [stdout] 
[INFO] [stdout] error[E0601]: `main` function not found in crate `iai`
[INFO] [stdout]   --> benches/iai.rs:38:3
[INFO] [stdout]    |
[INFO] [stdout] 38 | );
[INFO] [stdout]    |   ^ consider adding a `main` function to `benches/iai.rs`
[INFO] [stdout] 
[INFO] [stdout] 
[INFO] [stdout] error: aborting due to 2 previous errors
[INFO] [stdout] 
[INFO] [stdout] 
[INFO] [stdout] Some errors have detailed explanations: E0433, E0601.
[INFO] [stdout] 
[INFO] [stdout] For more information about an error, try `rustc --explain E0433`.
[INFO] [stdout] 
[INFO] [stderr] error: could not compile `rev_lines` (bench "iai") due to 3 previous errors
[INFO] [stderr] warning: build failed, waiting for other jobs to finish...
[INFO] running `Command { std: "docker" "inspect" "809b1c6cb85d91d7ddd607f1ea215169cff19b781590e5f30e7307d6e4e7aa2e", kill_on_drop: false }`
[INFO] running `Command { std: "docker" "rm" "-f" "809b1c6cb85d91d7ddd607f1ea215169cff19b781590e5f30e7307d6e4e7aa2e", kill_on_drop: false }`
[INFO] [stdout] 809b1c6cb85d91d7ddd607f1ea215169cff19b781590e5f30e7307d6e4e7aa2e
