[INFO] fetching crate remote-mem 0.1.1...
[INFO] checking remote-mem-0.1.1 against nightly-2024-02-05 for check-cfg
[INFO] extracting crate remote-mem 0.1.1 into /workspace/builds/worker-4-tc1/source
[INFO] validating manifest of crates.io crate remote-mem 0.1.1 on toolchain nightly-2024-02-05
[INFO] running `Command { std: CARGO_HOME="/workspace/cargo-home" RUSTUP_HOME="/workspace/rustup-home" "/workspace/cargo-home/bin/cargo" "+nightly-2024-02-05" "metadata" "--manifest-path" "Cargo.toml" "--no-deps", kill_on_drop: false }`
[INFO] started tweaking crates.io crate remote-mem 0.1.1
[INFO] finished tweaking crates.io crate remote-mem 0.1.1
[INFO] tweaked toml for crates.io crate remote-mem 0.1.1 written to /workspace/builds/worker-4-tc1/source/Cargo.toml
[INFO] running `Command { std: CARGO_HOME="/workspace/cargo-home" RUSTUP_HOME="/workspace/rustup-home" "/workspace/cargo-home/bin/cargo" "+nightly-2024-02-05" "generate-lockfile" "--manifest-path" "Cargo.toml", kill_on_drop: false }`
[INFO] [stderr]     Updating crates.io index
[INFO] running `Command { std: CARGO_HOME="/workspace/cargo-home" RUSTUP_HOME="/workspace/rustup-home" "/workspace/cargo-home/bin/cargo" "+nightly-2024-02-05" "fetch" "--manifest-path" "Cargo.toml", kill_on_drop: false }`
[INFO] [stderr]  Downloading crates ...
[INFO] [stderr]   Downloaded windows v0.36.1
[INFO] [stderr]   Downloaded stringr v0.1.3
[INFO] [stderr]   Downloaded robs v0.2.2
[INFO] [stderr]   Downloaded winproc v0.6.4
[INFO] running `Command { std: "docker" "create" "-v" "/var/lib/crater-agent-workspace/builds/worker-4-tc1/target:/opt/rustwide/target:rw,Z" "-v" "/var/lib/crater-agent-workspace/builds/worker-4-tc1/source:/opt/rustwide/workdir:ro,Z" "-v" "/var/lib/crater-agent-workspace/cargo-home:/opt/rustwide/cargo-home:ro,Z" "-v" "/var/lib/crater-agent-workspace/rustup-home:/opt/rustwide/rustup-home:ro,Z" "-e" "SOURCE_DIR=/opt/rustwide/workdir" "-e" "CARGO_TARGET_DIR=/opt/rustwide/target" "-e" "CARGO_HOME=/opt/rustwide/cargo-home" "-e" "RUSTUP_HOME=/opt/rustwide/rustup-home" "-w" "/opt/rustwide/workdir" "-m" "1610612736" "--user" "0:0" "--network" "none" "ghcr.io/rust-lang/crates-build-env/linux@sha256:2788e3201cd34a07e3172128adcd8b3090168a8e3bcc40d7c032b9dda1df7d1c" "/opt/rustwide/cargo-home/bin/cargo" "+nightly-2024-02-05" "metadata" "--no-deps" "--format-version=1", kill_on_drop: false }`
[INFO] [stdout] 544496dcb619d1c02b479fa0285874758b90a81c34d6ac9c92ca4f858599d9dc
[INFO] running `Command { std: "docker" "start" "-a" "544496dcb619d1c02b479fa0285874758b90a81c34d6ac9c92ca4f858599d9dc", kill_on_drop: false }`
[INFO] running `Command { std: "docker" "inspect" "544496dcb619d1c02b479fa0285874758b90a81c34d6ac9c92ca4f858599d9dc", kill_on_drop: false }`
[INFO] running `Command { std: "docker" "rm" "-f" "544496dcb619d1c02b479fa0285874758b90a81c34d6ac9c92ca4f858599d9dc", kill_on_drop: false }`
[INFO] [stdout] 544496dcb619d1c02b479fa0285874758b90a81c34d6ac9c92ca4f858599d9dc
[INFO] running `Command { std: "docker" "create" "-v" "/var/lib/crater-agent-workspace/builds/worker-4-tc1/target:/opt/rustwide/target:rw,Z" "-v" "/var/lib/crater-agent-workspace/builds/worker-4-tc1/source:/opt/rustwide/workdir:ro,Z" "-v" "/var/lib/crater-agent-workspace/cargo-home:/opt/rustwide/cargo-home:ro,Z" "-v" "/var/lib/crater-agent-workspace/rustup-home:/opt/rustwide/rustup-home:ro,Z" "-e" "SOURCE_DIR=/opt/rustwide/workdir" "-e" "CARGO_TARGET_DIR=/opt/rustwide/target" "-e" "CARGO_INCREMENTAL=0" "-e" "RUST_BACKTRACE=full" "-e" "RUSTFLAGS=--cap-lints=forbid" "-e" "RUSTDOCFLAGS=--cap-lints=forbid" "-e" "CARGO_HOME=/opt/rustwide/cargo-home" "-e" "RUSTUP_HOME=/opt/rustwide/rustup-home" "-w" "/opt/rustwide/workdir" "-m" "1610612736" "--user" "0:0" "--network" "none" "ghcr.io/rust-lang/crates-build-env/linux@sha256:2788e3201cd34a07e3172128adcd8b3090168a8e3bcc40d7c032b9dda1df7d1c" "/opt/rustwide/cargo-home/bin/cargo" "+nightly-2024-02-05" "check" "--frozen" "--all" "--all-targets" "--message-format=json", kill_on_drop: false }`
[INFO] [stdout] 8993a3a9e159396a575733289c29e62f9815cd1f7bea1989d1c4f6acb5629176
[INFO] running `Command { std: "docker" "start" "-a" "8993a3a9e159396a575733289c29e62f9815cd1f7bea1989d1c4f6acb5629176", kill_on_drop: false }`
[INFO] [stderr]    Compiling num-traits v0.2.17
[INFO] [stderr]    Compiling num-integer v0.1.45
[INFO] [stderr]    Compiling crossbeam-utils v0.8.19
[INFO] [stderr]    Compiling num-bigint v0.4.4
[INFO] [stderr]    Compiling num-iter v0.1.43
[INFO] [stderr]    Compiling num-rational v0.4.1
[INFO] [stderr]    Compiling rayon-core v1.12.1
[INFO] [stderr]    Compiling thiserror v1.0.56
[INFO] [stderr]     Checking itertools v0.11.0
[INFO] [stderr]    Compiling syn v2.0.48
[INFO] [stderr]     Checking crossbeam-epoch v0.9.18
[INFO] [stderr]     Checking crossbeam-deque v0.8.5
[INFO] [stderr]     Checking num-complex v0.4.4
[INFO] [stderr]     Checking rayon v1.8.1
[INFO] [stderr]    Compiling thiserror-impl v1.0.56
[INFO] [stderr]     Checking num v0.4.1
[INFO] [stderr]     Checking stringr v0.1.3
[INFO] [stderr]     Checking robs v0.2.2
[INFO] [stderr]     Checking remote-mem v0.1.1 (/opt/rustwide/workdir)
[INFO] [stdout] error[E0599]: no method named `read_bytes` found for reference `&RemoteMemory` in the current scope
[INFO] [stdout]   --> src/lib.rs:73:14
[INFO] [stdout]    |
[INFO] [stdout] 73 |         self.read_bytes(address, &mut buffer)?;
[INFO] [stdout]    |              ^^^^^^^^^^ method not found in `&RemoteMemory`
[INFO] [stdout] 
[INFO] [stdout] 
[INFO] [stdout] error[E0599]: no method named `read_bytes` found for reference `&RemoteMemory` in the current scope
[INFO] [stdout]   --> src/lib.rs:73:14
[INFO] [stdout]    |
[INFO] [stdout] 73 |         self.read_bytes(address, &mut buffer)?;
[INFO] [stdout]    |              ^^^^^^^^^^ method not found in `&RemoteMemory`
[INFO] [stdout] 
[INFO] [stdout] 
[INFO] [stdout] error[E0599]: no method named `write_ptr` found for reference `&RemoteMemory` in the current scope
[INFO] [stdout]   --> src/lib.rs:78:14
[INFO] [stdout]    |
[INFO] [stdout] 78 |         self.write_ptr(address, buffer.as_ptr() as usize, buffer.len())
[INFO] [stdout]    |              ^^^^^^^^^ help: there is a method with a similar name: `write`
[INFO] [stdout] 
[INFO] [stdout] 
[INFO] [stdout] error[E0599]: no method named `write_ptr` found for reference `&RemoteMemory` in the current scope
[INFO] [stdout]   --> src/lib.rs:78:14
[INFO] [stdout]    |
[INFO] [stdout] 78 |         self.write_ptr(address, buffer.as_ptr() as usize, buffer.len())
[INFO] [stdout]    |              ^^^^^^^^^ help: there is a method with a similar name: `write`
[INFO] [stdout] 
[INFO] [stdout] 
[INFO] [stdout] error[E0599]: no method named `write_ptr` found for reference `&RemoteMemory` in the current scope
[INFO] [stdout]   --> src/lib.rs:87:14
[INFO] [stdout]    |
[INFO] [stdout] 87 |         self.write_ptr(address, std::ptr::addr_of!(value) as usize, size)
[INFO] [stdout]    |              ^^^^^^^^^ help: there is a method with a similar name: `write`
[INFO] [stdout] 
[INFO] [stdout] 
[INFO] [stdout] error[E0599]: no method named `write_ptr` found for reference `&RemoteMemory` in the current scope
[INFO] [stdout]   --> src/lib.rs:87:14
[INFO] [stdout]    |
[INFO] [stdout] 87 |         self.write_ptr(address, std::ptr::addr_of!(value) as usize, size)
[INFO] [stdout]    |              ^^^^^^^^^ help: there is a method with a similar name: `write`
[INFO] [stdout] 
[INFO] [stdout] 
[INFO] [stdout] error[E0599]: no method named `get_base_address` found for reference `&RemoteMemory` in the current scope
[INFO] [stdout]   --> src/lib.rs:91:33
[INFO] [stdout]    |
[INFO] [stdout] 91 |         let base_address = self.get_base_address();
[INFO] [stdout]    |                                 ^^^^^^^^^^^^^^^^ method not found in `&RemoteMemory`
[INFO] [stdout] 
[INFO] [stdout] 
[INFO] [stdout] error[E0599]: no method named `get_base_address` found for reference `&RemoteMemory` in the current scope
[INFO] [stdout]   --> src/lib.rs:91:33
[INFO] [stdout]    |
[INFO] [stdout] 91 |         let base_address = self.get_base_address();
[INFO] [stdout]    |                                 ^^^^^^^^^^^^^^^^ method not found in `&RemoteMemory`
[INFO] [stdout] 
[INFO] [stdout] 
[INFO] [stdout] error[E0599]: no method named `get_base_size` found for reference `&RemoteMemory` in the current scope
[INFO] [stdout]   --> src/lib.rs:92:30
[INFO] [stdout]    |
[INFO] [stdout] 92 |         let base_size = self.get_base_size();
[INFO] [stdout]    |                              ^^^^^^^^^^^^^ method not found in `&RemoteMemory`
[INFO] [stdout] 
[INFO] [stdout] 
[INFO] [stdout] error[E0599]: no method named `get_base_size` found for reference `&RemoteMemory` in the current scope
[INFO] [stdout]   --> src/lib.rs:92:30
[INFO] [stdout]    |
[INFO] [stdout] 92 |         let base_size = self.get_base_size();
[INFO] [stdout]    |                              ^^^^^^^^^^^^^ method not found in `&RemoteMemory`
[INFO] [stdout] 
[INFO] [stdout] 
[INFO] [stdout] error[E0599]: no method named `read_bytes` found for reference `&RemoteMemory` in the current scope
[INFO] [stdout]   --> src/lib.rs:94:14
[INFO] [stdout]    |
[INFO] [stdout] 94 |         self.read_bytes(base_address, &mut buffer).ok()?;
[INFO] [stdout]    |              ^^^^^^^^^^ method not found in `&RemoteMemory`
[INFO] [stdout] 
[INFO] [stdout] 
[INFO] [stdout] error[E0599]: no method named `read_bytes` found for reference `&RemoteMemory` in the current scope
[INFO] [stdout]   --> src/lib.rs:94:14
[INFO] [stdout]    |
[INFO] [stdout] 94 |         self.read_bytes(base_address, &mut buffer).ok()?;
[INFO] [stdout]    |              ^^^^^^^^^^ method not found in `&RemoteMemory`
[INFO] [stdout] 
[INFO] [stdout] 
[INFO] [stdout] error: aborting due to 6 previous errors
[INFO] [stdout] 
[INFO] [stdout] 
[INFO] [stdout] error[E0599]: no function or associated item named `new` found for struct `RemoteMemory` in the current scope
[INFO] [stdout]    --> src/lib.rs:106:50
[INFO] [stdout]     |
[INFO] [stdout] 7   | pub struct RemoteMemory {
[INFO] [stdout]     | ----------------------- function or associated item `new` not found for this struct
[INFO] [stdout] ...
[INFO] [stdout] 106 |         let remote_memory = super::RemoteMemory::new(process_id);
[INFO] [stdout]     |                                                  ^^^ function or associated item not found in `RemoteMemory`
[INFO] [stdout] 
[INFO] [stdout] 
[INFO] [stdout] For more information about this error, try `rustc --explain E0599`.
[INFO] [stdout] 
[INFO] [stdout] error[E0599]: no function or associated item named `new` found for struct `RemoteMemory` in the current scope
[INFO] [stdout]    --> src/lib.rs:121:50
[INFO] [stdout]     |
[INFO] [stdout] 7   | pub struct RemoteMemory {
[INFO] [stdout]     | ----------------------- function or associated item `new` not found for this struct
[INFO] [stdout] ...
[INFO] [stdout] 121 |         let remote_memory = super::RemoteMemory::new(process_id);
[INFO] [stdout]     |                                                  ^^^ function or associated item not found in `RemoteMemory`
[INFO] [stdout] 
[INFO] [stdout] 
[INFO] [stdout] error[E0599]: no function or associated item named `new` found for struct `RemoteMemory` in the current scope
[INFO] [stdout]    --> src/lib.rs:136:50
[INFO] [stdout]     |
[INFO] [stdout] 7   | pub struct RemoteMemory {
[INFO] [stdout]     | ----------------------- function or associated item `new` not found for this struct
[INFO] [stdout] ...
[INFO] [stdout] 136 |         let remote_memory = super::RemoteMemory::new(process_id);
[INFO] [stdout]     |                                                  ^^^ function or associated item not found in `RemoteMemory`
[INFO] [stdout] 
[INFO] [stdout] 
[INFO] [stdout] error[E0599]: no function or associated item named `new` found for struct `RemoteMemory` in the current scope
[INFO] [stdout]    --> src/lib.rs:150:50
[INFO] [stdout]     |
[INFO] [stdout] 7   | pub struct RemoteMemory {
[INFO] [stdout]     | ----------------------- function or associated item `new` not found for this struct
[INFO] [stdout] ...
[INFO] [stdout] 150 |         let remote_memory = super::RemoteMemory::new(process_id);
[INFO] [stdout]     |                                                  ^^^ function or associated item not found in `RemoteMemory`
[INFO] [stdout] 
[INFO] [stdout] 
[INFO] [stderr] error: could not compile `remote-mem` (lib) due to 7 previous errors
[INFO] [stderr] warning: build failed, waiting for other jobs to finish...
[INFO] [stdout] error: aborting due to 10 previous errors
[INFO] [stdout] 
[INFO] [stdout] 
[INFO] [stdout] For more information about this error, try `rustc --explain E0599`.
[INFO] [stdout] 
[INFO] [stderr] error: could not compile `remote-mem` (lib test) due to 11 previous errors
[INFO] running `Command { std: "docker" "inspect" "8993a3a9e159396a575733289c29e62f9815cd1f7bea1989d1c4f6acb5629176", kill_on_drop: false }`
[INFO] running `Command { std: "docker" "rm" "-f" "8993a3a9e159396a575733289c29e62f9815cd1f7bea1989d1c4f6acb5629176", kill_on_drop: false }`
[INFO] [stdout] 8993a3a9e159396a575733289c29e62f9815cd1f7bea1989d1c4f6acb5629176
[INFO] checking remote-mem-0.1.1 against nightly-2024-02-05+rustflags=-Dunexpected_cfgs+cargoflags=-Zcheck-cfg for check-cfg
[INFO] extracting crate remote-mem 0.1.1 into /workspace/builds/worker-4-tc2/source
[INFO] validating manifest of crates.io crate remote-mem 0.1.1 on toolchain nightly-2024-02-05
[INFO] running `Command { std: CARGO_HOME="/workspace/cargo-home" RUSTUP_HOME="/workspace/rustup-home" "/workspace/cargo-home/bin/cargo" "+nightly-2024-02-05" "metadata" "--manifest-path" "Cargo.toml" "--no-deps", kill_on_drop: false }`
[INFO] started tweaking crates.io crate remote-mem 0.1.1
[INFO] finished tweaking crates.io crate remote-mem 0.1.1
[INFO] tweaked toml for crates.io crate remote-mem 0.1.1 written to /workspace/builds/worker-4-tc2/source/Cargo.toml
[INFO] running `Command { std: CARGO_HOME="/workspace/cargo-home" RUSTUP_HOME="/workspace/rustup-home" "/workspace/cargo-home/bin/cargo" "+nightly-2024-02-05" "generate-lockfile" "--manifest-path" "Cargo.toml", kill_on_drop: false }`
[INFO] [stderr]     Updating crates.io index
[INFO] running `Command { std: CARGO_HOME="/workspace/cargo-home" RUSTUP_HOME="/workspace/rustup-home" "/workspace/cargo-home/bin/cargo" "+nightly-2024-02-05" "fetch" "--manifest-path" "Cargo.toml", kill_on_drop: false }`
[INFO] running `Command { std: "docker" "create" "-v" "/var/lib/crater-agent-workspace/builds/worker-4-tc2/target:/opt/rustwide/target:rw,Z" "-v" "/var/lib/crater-agent-workspace/builds/worker-4-tc2/source:/opt/rustwide/workdir:ro,Z" "-v" "/var/lib/crater-agent-workspace/cargo-home:/opt/rustwide/cargo-home:ro,Z" "-v" "/var/lib/crater-agent-workspace/rustup-home:/opt/rustwide/rustup-home:ro,Z" "-e" "SOURCE_DIR=/opt/rustwide/workdir" "-e" "CARGO_TARGET_DIR=/opt/rustwide/target" "-e" "CARGO_HOME=/opt/rustwide/cargo-home" "-e" "RUSTUP_HOME=/opt/rustwide/rustup-home" "-w" "/opt/rustwide/workdir" "-m" "1610612736" "--user" "0:0" "--network" "none" "ghcr.io/rust-lang/crates-build-env/linux@sha256:2788e3201cd34a07e3172128adcd8b3090168a8e3bcc40d7c032b9dda1df7d1c" "/opt/rustwide/cargo-home/bin/cargo" "+nightly-2024-02-05" "metadata" "--no-deps" "--format-version=1", kill_on_drop: false }`
[INFO] [stdout] 270b23ab1deaf8930a4a1ee0886b137dd37ec567bed74fe6af1f835e79679c3a
[INFO] running `Command { std: "docker" "start" "-a" "270b23ab1deaf8930a4a1ee0886b137dd37ec567bed74fe6af1f835e79679c3a", kill_on_drop: false }`
[INFO] running `Command { std: "docker" "inspect" "270b23ab1deaf8930a4a1ee0886b137dd37ec567bed74fe6af1f835e79679c3a", kill_on_drop: false }`
[INFO] running `Command { std: "docker" "rm" "-f" "270b23ab1deaf8930a4a1ee0886b137dd37ec567bed74fe6af1f835e79679c3a", kill_on_drop: false }`
[INFO] [stdout] 270b23ab1deaf8930a4a1ee0886b137dd37ec567bed74fe6af1f835e79679c3a
[INFO] running `Command { std: "docker" "create" "-v" "/var/lib/crater-agent-workspace/builds/worker-4-tc2/target:/opt/rustwide/target:rw,Z" "-v" "/var/lib/crater-agent-workspace/builds/worker-4-tc2/source:/opt/rustwide/workdir:ro,Z" "-v" "/var/lib/crater-agent-workspace/cargo-home:/opt/rustwide/cargo-home:ro,Z" "-v" "/var/lib/crater-agent-workspace/rustup-home:/opt/rustwide/rustup-home:ro,Z" "-e" "SOURCE_DIR=/opt/rustwide/workdir" "-e" "CARGO_TARGET_DIR=/opt/rustwide/target" "-e" "CARGO_INCREMENTAL=0" "-e" "RUST_BACKTRACE=full" "-e" "RUSTFLAGS=--cap-lints=forbid -Dunexpected_cfgs" "-e" "RUSTDOCFLAGS=--cap-lints=forbid" "-e" "CARGO_HOME=/opt/rustwide/cargo-home" "-e" "RUSTUP_HOME=/opt/rustwide/rustup-home" "-w" "/opt/rustwide/workdir" "-m" "1610612736" "--user" "0:0" "--network" "none" "ghcr.io/rust-lang/crates-build-env/linux@sha256:2788e3201cd34a07e3172128adcd8b3090168a8e3bcc40d7c032b9dda1df7d1c" "/opt/rustwide/cargo-home/bin/cargo" "+nightly-2024-02-05" "check" "--frozen" "--all" "--all-targets" "--message-format=json" "-Zcheck-cfg", kill_on_drop: false }`
[INFO] [stdout] d18a6db7749bf10f75fae4103aab6eb6d8e5700225b1aa3a9e1822e646eeadf0
[INFO] running `Command { std: "docker" "start" "-a" "d18a6db7749bf10f75fae4103aab6eb6d8e5700225b1aa3a9e1822e646eeadf0", kill_on_drop: false }`
[INFO] [stderr]    Compiling num-traits v0.2.17
[INFO] [stderr]    Compiling num-integer v0.1.45
[INFO] [stderr]    Compiling crossbeam-utils v0.8.19
[INFO] [stderr]    Compiling num-bigint v0.4.4
[INFO] [stderr]    Compiling num-iter v0.1.43
[INFO] [stderr]    Compiling num-rational v0.4.1
[INFO] [stderr]    Compiling rayon-core v1.12.1
[INFO] [stderr]    Compiling thiserror v1.0.56
[INFO] [stderr]     Checking itertools v0.11.0
[INFO] [stderr]    Compiling syn v2.0.48
[INFO] [stderr]     Checking crossbeam-epoch v0.9.18
[INFO] [stderr]     Checking crossbeam-deque v0.8.5
[INFO] [stderr]     Checking num-complex v0.4.4
[INFO] [stderr]     Checking rayon v1.8.1
[INFO] [stderr]    Compiling thiserror-impl v1.0.56
[INFO] [stderr]     Checking num v0.4.1
[INFO] [stderr]     Checking stringr v0.1.3
[INFO] [stderr]     Checking robs v0.2.2
[INFO] [stderr]     Checking remote-mem v0.1.1 (/opt/rustwide/workdir)
[INFO] [stdout] error[E0599]: no method named `read_bytes` found for reference `&RemoteMemory` in the current scope
[INFO] [stdout]   --> src/lib.rs:73:14
[INFO] [stdout]    |
[INFO] [stdout] 73 |         self.read_bytes(address, &mut buffer)?;
[INFO] [stdout]    |              ^^^^^^^^^^ method not found in `&RemoteMemory`
[INFO] [stdout] 
[INFO] [stdout] 
[INFO] [stdout] error[E0599]: no method named `read_bytes` found for reference `&RemoteMemory` in the current scope
[INFO] [stdout]   --> src/lib.rs:73:14
[INFO] [stdout]    |
[INFO] [stdout] 73 |         self.read_bytes(address, &mut buffer)?;
[INFO] [stdout]    |              ^^^^^^^^^^ method not found in `&RemoteMemory`
[INFO] [stdout] 
[INFO] [stdout] 
[INFO] [stdout] error[E0599]: no method named `write_ptr` found for reference `&RemoteMemory` in the current scope
[INFO] [stdout]   --> src/lib.rs:78:14
[INFO] [stdout]    |
[INFO] [stdout] 78 |         self.write_ptr(address, buffer.as_ptr() as usize, buffer.len())
[INFO] [stdout]    |              ^^^^^^^^^ help: there is a method with a similar name: `write`
[INFO] [stdout] 
[INFO] [stdout] 
[INFO] [stdout] error[E0599]: no method named `write_ptr` found for reference `&RemoteMemory` in the current scope
[INFO] [stdout]   --> src/lib.rs:78:14
[INFO] [stdout]    |
[INFO] [stdout] 78 |         self.write_ptr(address, buffer.as_ptr() as usize, buffer.len())
[INFO] [stdout]    |              ^^^^^^^^^ help: there is a method with a similar name: `write`
[INFO] [stdout] 
[INFO] [stdout] 
[INFO] [stdout] error[E0599]: no method named `write_ptr` found for reference `&RemoteMemory` in the current scope
[INFO] [stdout]   --> src/lib.rs:87:14
[INFO] [stdout]    |
[INFO] [stdout] 87 |         self.write_ptr(address, std::ptr::addr_of!(value) as usize, size)
[INFO] [stdout]    |              ^^^^^^^^^ help: there is a method with a similar name: `write`
[INFO] [stdout] 
[INFO] [stdout] 
[INFO] [stdout] error[E0599]: no method named `write_ptr` found for reference `&RemoteMemory` in the current scope
[INFO] [stdout]   --> src/lib.rs:87:14
[INFO] [stdout]    |
[INFO] [stdout] 87 |         self.write_ptr(address, std::ptr::addr_of!(value) as usize, size)
[INFO] [stdout]    |              ^^^^^^^^^ help: there is a method with a similar name: `write`
[INFO] [stdout] 
[INFO] [stdout] 
[INFO] [stdout] error[E0599]: no method named `get_base_address` found for reference `&RemoteMemory` in the current scope
[INFO] [stdout]   --> src/lib.rs:91:33
[INFO] [stdout]    |
[INFO] [stdout] 91 |         let base_address = self.get_base_address();
[INFO] [stdout]    |                                 ^^^^^^^^^^^^^^^^ method not found in `&RemoteMemory`
[INFO] [stdout] 
[INFO] [stdout] 
[INFO] [stdout] error[E0599]: no method named `get_base_address` found for reference `&RemoteMemory` in the current scope
[INFO] [stdout]   --> src/lib.rs:91:33
[INFO] [stdout]    |
[INFO] [stdout] 91 |         let base_address = self.get_base_address();
[INFO] [stdout]    |                                 ^^^^^^^^^^^^^^^^ method not found in `&RemoteMemory`
[INFO] [stdout] 
[INFO] [stdout] 
[INFO] [stdout] error[E0599]: no method named `get_base_size` found for reference `&RemoteMemory` in the current scope
[INFO] [stdout]   --> src/lib.rs:92:30
[INFO] [stdout]    |
[INFO] [stdout] 92 |         let base_size = self.get_base_size();
[INFO] [stdout]    |                              ^^^^^^^^^^^^^ method not found in `&RemoteMemory`
[INFO] [stdout] 
[INFO] [stdout] 
[INFO] [stdout] error[E0599]: no method named `get_base_size` found for reference `&RemoteMemory` in the current scope
[INFO] [stdout]   --> src/lib.rs:92:30
[INFO] [stdout]    |
[INFO] [stdout] 92 |         let base_size = self.get_base_size();
[INFO] [stdout]    |                              ^^^^^^^^^^^^^ method not found in `&RemoteMemory`
[INFO] [stdout] 
[INFO] [stdout] 
[INFO] [stdout] error[E0599]: no method named `read_bytes` found for reference `&RemoteMemory` in the current scope
[INFO] [stdout]   --> src/lib.rs:94:14
[INFO] [stdout]    |
[INFO] [stdout] 94 |         self.read_bytes(base_address, &mut buffer).ok()?;
[INFO] [stdout]    |              ^^^^^^^^^^ method not found in `&RemoteMemory`
[INFO] [stdout] 
[INFO] [stdout] 
[INFO] [stdout] error[E0599]: no method named `read_bytes` found for reference `&RemoteMemory` in the current scope
[INFO] [stdout]   --> src/lib.rs:94:14
[INFO] [stdout]    |
[INFO] [stdout] 94 |         self.read_bytes(base_address, &mut buffer).ok()?;
[INFO] [stdout]    |              ^^^^^^^^^^ method not found in `&RemoteMemory`
[INFO] [stdout] 
[INFO] [stdout] 
[INFO] [stdout] error[E0599]: no function or associated item named `new` found for struct `RemoteMemory` in the current scope
[INFO] [stdout]    --> src/lib.rs:106:50
[INFO] [stdout]     |
[INFO] [stdout] 7   | pub struct RemoteMemory {
[INFO] [stdout]     | ----------------------- function or associated item `new` not found for this struct
[INFO] [stdout] ...
[INFO] [stdout] 106 |         let remote_memory = super::RemoteMemory::new(process_id);
[INFO] [stdout]     |                                                  ^^^ function or associated item not found in `RemoteMemory`
[INFO] [stdout] 
[INFO] [stdout] 
[INFO] [stdout] error: aborting due to 6 previous errors
[INFO] [stdout] 
[INFO] [stdout] 
[INFO] [stdout] For more information about this error, try `rustc --explain E0599`.
[INFO] [stdout] 
[INFO] [stdout] error[E0599]: no function or associated item named `new` found for struct `RemoteMemory` in the current scope
[INFO] [stdout]    --> src/lib.rs:121:50
[INFO] [stdout]     |
[INFO] [stdout] 7   | pub struct RemoteMemory {
[INFO] [stdout]     | ----------------------- function or associated item `new` not found for this struct
[INFO] [stdout] ...
[INFO] [stdout] 121 |         let remote_memory = super::RemoteMemory::new(process_id);
[INFO] [stdout]     |                                                  ^^^ function or associated item not found in `RemoteMemory`
[INFO] [stdout] 
[INFO] [stdout] 
[INFO] [stdout] error[E0599]: no function or associated item named `new` found for struct `RemoteMemory` in the current scope
[INFO] [stdout]    --> src/lib.rs:136:50
[INFO] [stdout]     |
[INFO] [stdout] 7   | pub struct RemoteMemory {
[INFO] [stdout]     | ----------------------- function or associated item `new` not found for this struct
[INFO] [stdout] ...
[INFO] [stdout] 136 |         let remote_memory = super::RemoteMemory::new(process_id);
[INFO] [stdout]     |                                                  ^^^ function or associated item not found in `RemoteMemory`
[INFO] [stdout] 
[INFO] [stdout] 
[INFO] [stdout] error[E0599]: no function or associated item named `new` found for struct `RemoteMemory` in the current scope
[INFO] [stdout]    --> src/lib.rs:150:50
[INFO] [stdout]     |
[INFO] [stdout] 7   | pub struct RemoteMemory {
[INFO] [stdout]     | ----------------------- function or associated item `new` not found for this struct
[INFO] [stdout] ...
[INFO] [stdout] 150 |         let remote_memory = super::RemoteMemory::new(process_id);
[INFO] [stdout]     |                                                  ^^^ function or associated item not found in `RemoteMemory`
[INFO] [stdout] 
[INFO] [stdout] 
[INFO] [stderr] error: could not compile `remote-mem` (lib) due to 7 previous errors
[INFO] [stderr] warning: build failed, waiting for other jobs to finish...
[INFO] [stdout] error: aborting due to 10 previous errors
[INFO] [stdout] 
[INFO] [stdout] 
[INFO] [stdout] For more information about this error, try `rustc --explain E0599`.
[INFO] [stdout] 
[INFO] [stderr] error: could not compile `remote-mem` (lib test) due to 11 previous errors
[INFO] running `Command { std: "docker" "inspect" "d18a6db7749bf10f75fae4103aab6eb6d8e5700225b1aa3a9e1822e646eeadf0", kill_on_drop: false }`
[INFO] running `Command { std: "docker" "rm" "-f" "d18a6db7749bf10f75fae4103aab6eb6d8e5700225b1aa3a9e1822e646eeadf0", kill_on_drop: false }`
[INFO] [stdout] d18a6db7749bf10f75fae4103aab6eb6d8e5700225b1aa3a9e1822e646eeadf0
