[INFO] fetching crate relp-bin 0.0.6...
[INFO] checking relp-bin-0.0.6 against nightly-2024-02-05 for check-cfg
[INFO] extracting crate relp-bin 0.0.6 into /workspace/builds/worker-1-tc1/source
[INFO] validating manifest of crates.io crate relp-bin 0.0.6 on toolchain nightly-2024-02-05
[INFO] running `Command { std: CARGO_HOME="/workspace/cargo-home" RUSTUP_HOME="/workspace/rustup-home" "/workspace/cargo-home/bin/cargo" "+nightly-2024-02-05" "metadata" "--manifest-path" "Cargo.toml" "--no-deps", kill_on_drop: false }`
[INFO] started tweaking crates.io crate relp-bin 0.0.6
[INFO] finished tweaking crates.io crate relp-bin 0.0.6
[INFO] tweaked toml for crates.io crate relp-bin 0.0.6 written to /workspace/builds/worker-1-tc1/source/Cargo.toml
[INFO] crate crates.io crate relp-bin 0.0.6 already has a lockfile, it will not be regenerated
[INFO] running `Command { std: CARGO_HOME="/workspace/cargo-home" RUSTUP_HOME="/workspace/rustup-home" "/workspace/cargo-home/bin/cargo" "+nightly-2024-02-05" "fetch" "--manifest-path" "Cargo.toml", kill_on_drop: false }`
[INFO] [stderr]     Updating crates.io index
[INFO] [stderr]  Downloading crates ...
[INFO] [stderr]   Downloaded cumsum v1.0.0
[INFO] [stderr]   Downloaded enum-map v1.1.1
[INFO] [stderr]   Downloaded clap_derive v3.0.5
[INFO] [stderr]   Downloaded enum-map-derive v0.6.0
[INFO] [stderr]   Downloaded index-utils v2.2.0
[INFO] [stderr]   Downloaded fifo-set v1.0.0
[INFO] [stderr]   Downloaded clap v3.0.5
[INFO] [stderr]   Downloaded gcd v2.0.1
[INFO] [stderr]   Downloaded relp v0.2.3
[INFO] [stderr]   Downloaded relp-num v0.1.10
[INFO] running `Command { std: "docker" "create" "-v" "/var/lib/crater-agent-workspace/builds/worker-1-tc1/target:/opt/rustwide/target:rw,Z" "-v" "/var/lib/crater-agent-workspace/builds/worker-1-tc1/source:/opt/rustwide/workdir:ro,Z" "-v" "/var/lib/crater-agent-workspace/cargo-home:/opt/rustwide/cargo-home:ro,Z" "-v" "/var/lib/crater-agent-workspace/rustup-home:/opt/rustwide/rustup-home:ro,Z" "-e" "SOURCE_DIR=/opt/rustwide/workdir" "-e" "CARGO_TARGET_DIR=/opt/rustwide/target" "-e" "CARGO_HOME=/opt/rustwide/cargo-home" "-e" "RUSTUP_HOME=/opt/rustwide/rustup-home" "-w" "/opt/rustwide/workdir" "-m" "1610612736" "--user" "0:0" "--network" "none" "ghcr.io/rust-lang/crates-build-env/linux@sha256:2788e3201cd34a07e3172128adcd8b3090168a8e3bcc40d7c032b9dda1df7d1c" "/opt/rustwide/cargo-home/bin/cargo" "+nightly-2024-02-05" "metadata" "--no-deps" "--format-version=1", kill_on_drop: false }`
[INFO] [stdout] 66bea7a506fe7f9110957659afdb1ac78bae944a1fd81dd7d88c34b842160e0f
[INFO] running `Command { std: "docker" "start" "-a" "66bea7a506fe7f9110957659afdb1ac78bae944a1fd81dd7d88c34b842160e0f", kill_on_drop: false }`
[INFO] running `Command { std: "docker" "inspect" "66bea7a506fe7f9110957659afdb1ac78bae944a1fd81dd7d88c34b842160e0f", kill_on_drop: false }`
[INFO] running `Command { std: "docker" "rm" "-f" "66bea7a506fe7f9110957659afdb1ac78bae944a1fd81dd7d88c34b842160e0f", kill_on_drop: false }`
[INFO] [stdout] 66bea7a506fe7f9110957659afdb1ac78bae944a1fd81dd7d88c34b842160e0f
[INFO] running `Command { std: "docker" "create" "-v" "/var/lib/crater-agent-workspace/builds/worker-1-tc1/target:/opt/rustwide/target:rw,Z" "-v" "/var/lib/crater-agent-workspace/builds/worker-1-tc1/source:/opt/rustwide/workdir:ro,Z" "-v" "/var/lib/crater-agent-workspace/cargo-home:/opt/rustwide/cargo-home:ro,Z" "-v" "/var/lib/crater-agent-workspace/rustup-home:/opt/rustwide/rustup-home:ro,Z" "-e" "SOURCE_DIR=/opt/rustwide/workdir" "-e" "CARGO_TARGET_DIR=/opt/rustwide/target" "-e" "CARGO_INCREMENTAL=0" "-e" "RUST_BACKTRACE=full" "-e" "RUSTFLAGS=--cap-lints=forbid" "-e" "RUSTDOCFLAGS=--cap-lints=forbid" "-e" "CARGO_HOME=/opt/rustwide/cargo-home" "-e" "RUSTUP_HOME=/opt/rustwide/rustup-home" "-w" "/opt/rustwide/workdir" "-m" "1610612736" "--user" "0:0" "--network" "none" "ghcr.io/rust-lang/crates-build-env/linux@sha256:2788e3201cd34a07e3172128adcd8b3090168a8e3bcc40d7c032b9dda1df7d1c" "/opt/rustwide/cargo-home/bin/cargo" "+nightly-2024-02-05" "check" "--frozen" "--all" "--all-targets" "--message-format=json", kill_on_drop: false }`
[INFO] [stdout] 188ccb0ebb15d8658e51e42f4f8bc5b9d3c97ecbd45451302534c81df587b590
[INFO] running `Command { std: "docker" "start" "-a" "188ccb0ebb15d8658e51e42f4f8bc5b9d3c97ecbd45451302534c81df587b590", kill_on_drop: false }`
[INFO] [stderr]    Compiling syn v1.0.74
[INFO] [stderr]    Compiling indexmap v1.7.0
[INFO] [stderr]    Compiling num-traits v0.2.14
[INFO] [stderr]     Checking hashbrown v0.11.2
[INFO] [stderr]    Compiling libc v0.2.98
[INFO] [stderr]    Compiling cc v1.0.72
[INFO] [stderr]    Compiling memchr v2.4.1
[INFO] [stderr]    Compiling proc-macro-error-attr v1.0.4
[INFO] [stderr]     Checking fixedbitset v0.4.1
[INFO] [stderr]     Checking smallvec v1.7.0
[INFO] [stderr]     Checking gcd v2.0.1
[INFO] [stderr]     Checking either v1.6.1
[INFO] [stderr]    Compiling heck v0.4.0
[INFO] [stderr]     Checking itertools v0.10.3
[INFO] [stderr]     Checking os_str_bytes v6.0.0
[INFO] [stderr]     Checking cumsum v1.0.0
[INFO] [stderr]     Checking textwrap v0.14.2
[INFO] [stderr]     Checking petgraph v0.6.0
[INFO] [stderr]     Checking termcolor v1.1.2
[INFO] [stderr]     Checking atty v0.2.14
[INFO] [stderr]     Checking fifo-set v1.0.0
[INFO] [stderr]     Checking index-utils v2.2.0
[INFO] [stderr]    Compiling relp-num v0.1.10
[INFO] [stdout] error[E0635]: unknown feature `drain_filter`
[INFO] [stdout]  --> /opt/rustwide/cargo-home/registry/src/index.crates.io-6f17d22bba15001f/index-utils-2.2.0/src/lib.rs:1:12
[INFO] [stdout]   |
[INFO] [stdout] 1 | #![feature(drain_filter)]
[INFO] [stdout]   |            ^^^^^^^^^^^^
[INFO] [stdout] 
[INFO] [stdout] 
[INFO] [stdout] error[E0308]: mismatched types
[INFO] [stdout]    --> /opt/rustwide/cargo-home/registry/src/index.crates.io-6f17d22bba15001f/index-utils-2.2.0/src/num.rs:124:44
[INFO] [stdout]     |
[INFO] [stdout] 124 |     debug_assert!(left.is_sorted_by(|a, b| Some(a.0.cmp(&b.0))));
[INFO] [stdout]     |                                            ^^^^^^^^^^^^^^^^^^^ expected `bool`, found `Option<Ordering>`
[INFO] [stdout]     |
[INFO] [stdout]     = note: expected type `bool`
[INFO] [stdout]                found enum `Option<std::cmp::Ordering>`
[INFO] [stdout] help: use `Option::is_some` to test if the `Option` has a value
[INFO] [stdout]     |
[INFO] [stdout] 124 |     debug_assert!(left.is_sorted_by(|a, b| Some(a.0.cmp(&b.0)).is_some()));
[INFO] [stdout]     |                                                               ++++++++++
[INFO] [stdout] 
[INFO] [stdout] 
[INFO] [stdout] error[E0308]: mismatched types
[INFO] [stdout]    --> /opt/rustwide/cargo-home/registry/src/index.crates.io-6f17d22bba15001f/index-utils-2.2.0/src/num.rs:126:45
[INFO] [stdout]     |
[INFO] [stdout] 126 |     debug_assert!(right.is_sorted_by(|a, b| Some(a.0.cmp(&b.0))));
[INFO] [stdout]     |                                             ^^^^^^^^^^^^^^^^^^^ expected `bool`, found `Option<Ordering>`
[INFO] [stdout]     |
[INFO] [stdout]     = note: expected type `bool`
[INFO] [stdout]                found enum `Option<std::cmp::Ordering>`
[INFO] [stdout] help: use `Option::is_some` to test if the `Option` has a value
[INFO] [stdout]     |
[INFO] [stdout] 126 |     debug_assert!(right.is_sorted_by(|a, b| Some(a.0.cmp(&b.0)).is_some()));
[INFO] [stdout]     |                                                                ++++++++++
[INFO] [stdout] 
[INFO] [stdout] 
[INFO] [stdout] error[E0599]: no method named `drain_filter` found for mutable reference `&mut Vec<(usize, T)>` in the current scope
[INFO] [stdout]   --> /opt/rustwide/cargo-home/registry/src/index.crates.io-6f17d22bba15001f/index-utils-2.2.0/src/lib.rs:67:12
[INFO] [stdout]    |
[INFO] [stdout] 67 |     vector.drain_filter(|(i, _)| {
[INFO] [stdout]    |     -------^^^^^^^^^^^^ method not found in `&mut Vec<(usize, T)>`
[INFO] [stdout] 
[INFO] [stdout] 
[INFO] [stdout] error: aborting due to 4 previous errors
[INFO] [stdout] 
[INFO] [stdout] 
[INFO] [stdout] Some errors have detailed explanations: E0308, E0599, E0635.
[INFO] [stdout] 
[INFO] [stdout] For more information about an error, try `rustc --explain E0308`.
[INFO] [stdout] 
[INFO] [stderr] error: could not compile `index-utils` (lib) due to 5 previous errors
[INFO] [stderr] warning: build failed, waiting for other jobs to finish...
[INFO] running `Command { std: "docker" "inspect" "188ccb0ebb15d8658e51e42f4f8bc5b9d3c97ecbd45451302534c81df587b590", kill_on_drop: false }`
[INFO] running `Command { std: "docker" "rm" "-f" "188ccb0ebb15d8658e51e42f4f8bc5b9d3c97ecbd45451302534c81df587b590", kill_on_drop: false }`
[INFO] [stdout] 188ccb0ebb15d8658e51e42f4f8bc5b9d3c97ecbd45451302534c81df587b590
