[INFO] fetching crate relm-gen-widget 0.16.0...
[INFO] checking relm-gen-widget-0.16.0 against nightly-2024-02-05 for check-cfg
[INFO] extracting crate relm-gen-widget 0.16.0 into /workspace/builds/worker-3-tc1/source
[INFO] validating manifest of crates.io crate relm-gen-widget 0.16.0 on toolchain nightly-2024-02-05
[INFO] running `Command { std: CARGO_HOME="/workspace/cargo-home" RUSTUP_HOME="/workspace/rustup-home" "/workspace/cargo-home/bin/cargo" "+nightly-2024-02-05" "metadata" "--manifest-path" "Cargo.toml" "--no-deps", kill_on_drop: false }`
[INFO] started tweaking crates.io crate relm-gen-widget 0.16.0
[INFO] finished tweaking crates.io crate relm-gen-widget 0.16.0
[INFO] tweaked toml for crates.io crate relm-gen-widget 0.16.0 written to /workspace/builds/worker-3-tc1/source/Cargo.toml
[INFO] running `Command { std: CARGO_HOME="/workspace/cargo-home" RUSTUP_HOME="/workspace/rustup-home" "/workspace/cargo-home/bin/cargo" "+nightly-2024-02-05" "generate-lockfile" "--manifest-path" "Cargo.toml", kill_on_drop: false }`
[INFO] [stderr]     Updating crates.io index
[INFO] running `Command { std: CARGO_HOME="/workspace/cargo-home" RUSTUP_HOME="/workspace/rustup-home" "/workspace/cargo-home/bin/cargo" "+nightly-2024-02-05" "fetch" "--manifest-path" "Cargo.toml", kill_on_drop: false }`
[INFO] running `Command { std: "docker" "create" "-v" "/var/lib/crater-agent-workspace/builds/worker-3-tc1/target:/opt/rustwide/target:rw,Z" "-v" "/var/lib/crater-agent-workspace/builds/worker-3-tc1/source:/opt/rustwide/workdir:ro,Z" "-v" "/var/lib/crater-agent-workspace/cargo-home:/opt/rustwide/cargo-home:ro,Z" "-v" "/var/lib/crater-agent-workspace/rustup-home:/opt/rustwide/rustup-home:ro,Z" "-e" "SOURCE_DIR=/opt/rustwide/workdir" "-e" "CARGO_TARGET_DIR=/opt/rustwide/target" "-e" "CARGO_HOME=/opt/rustwide/cargo-home" "-e" "RUSTUP_HOME=/opt/rustwide/rustup-home" "-w" "/opt/rustwide/workdir" "-m" "1610612736" "--user" "0:0" "--network" "none" "ghcr.io/rust-lang/crates-build-env/linux@sha256:2788e3201cd34a07e3172128adcd8b3090168a8e3bcc40d7c032b9dda1df7d1c" "/opt/rustwide/cargo-home/bin/cargo" "+nightly-2024-02-05" "metadata" "--no-deps" "--format-version=1", kill_on_drop: false }`
[INFO] [stdout] b3bf077e36b5b87ac428b8b070f4a1bac8eea097797c08e3bbfd8f2cd78f5d65
[INFO] running `Command { std: "docker" "start" "-a" "b3bf077e36b5b87ac428b8b070f4a1bac8eea097797c08e3bbfd8f2cd78f5d65", kill_on_drop: false }`
[INFO] running `Command { std: "docker" "inspect" "b3bf077e36b5b87ac428b8b070f4a1bac8eea097797c08e3bbfd8f2cd78f5d65", kill_on_drop: false }`
[INFO] running `Command { std: "docker" "rm" "-f" "b3bf077e36b5b87ac428b8b070f4a1bac8eea097797c08e3bbfd8f2cd78f5d65", kill_on_drop: false }`
[INFO] [stdout] b3bf077e36b5b87ac428b8b070f4a1bac8eea097797c08e3bbfd8f2cd78f5d65
[INFO] running `Command { std: "docker" "create" "-v" "/var/lib/crater-agent-workspace/builds/worker-3-tc1/target:/opt/rustwide/target:rw,Z" "-v" "/var/lib/crater-agent-workspace/builds/worker-3-tc1/source:/opt/rustwide/workdir:ro,Z" "-v" "/var/lib/crater-agent-workspace/cargo-home:/opt/rustwide/cargo-home:ro,Z" "-v" "/var/lib/crater-agent-workspace/rustup-home:/opt/rustwide/rustup-home:ro,Z" "-e" "SOURCE_DIR=/opt/rustwide/workdir" "-e" "CARGO_TARGET_DIR=/opt/rustwide/target" "-e" "CARGO_INCREMENTAL=0" "-e" "RUST_BACKTRACE=full" "-e" "RUSTFLAGS=--cap-lints=forbid" "-e" "RUSTDOCFLAGS=--cap-lints=forbid" "-e" "CARGO_HOME=/opt/rustwide/cargo-home" "-e" "RUSTUP_HOME=/opt/rustwide/rustup-home" "-w" "/opt/rustwide/workdir" "-m" "1610612736" "--user" "0:0" "--network" "none" "ghcr.io/rust-lang/crates-build-env/linux@sha256:2788e3201cd34a07e3172128adcd8b3090168a8e3bcc40d7c032b9dda1df7d1c" "/opt/rustwide/cargo-home/bin/cargo" "+nightly-2024-02-05" "check" "--frozen" "--all" "--all-targets" "--message-format=json", kill_on_drop: false }`
[INFO] [stdout] 43c97a18fa74c74d8d52d8ec698c37788f54400e44c63b93807b431c7eaf6217
[INFO] running `Command { std: "docker" "start" "-a" "43c97a18fa74c74d8d52d8ec698c37788f54400e44c63b93807b431c7eaf6217", kill_on_drop: false }`
[INFO] [stderr]    Compiling proc-macro2 v0.4.30
[INFO] [stderr]     Checking unicode-xid v0.1.0
[INFO] [stderr]    Compiling syn v0.15.44
[INFO] [stderr]     Checking quote v0.6.13
[INFO] [stderr]     Checking relm-gen-widget v0.16.0 (/opt/rustwide/workdir)
[INFO] [stdout] error[E0432]: unresolved import `syn::parse_expr`
[INFO] [stdout]    --> src/lib.rs:660:9
[INFO] [stdout]     |
[INFO] [stdout] 660 |     use syn::parse_expr;
[INFO] [stdout]     |         ^^^^^----------
[INFO] [stdout]     |         |    |
[INFO] [stdout]     |         |    help: a similar name exists in the module: `parse_str`
[INFO] [stdout]     |         no `parse_expr` in the root
[INFO] [stdout] 
[INFO] [stdout] 
[INFO] [stdout] error[E0432]: unresolved import `syn::ExprKind`
[INFO] [stdout]    --> src/lib.rs:661:15
[INFO] [stdout]     |
[INFO] [stdout] 661 |     use syn::{ExprKind};
[INFO] [stdout]     |               ^^^^^^^^ no `ExprKind` in the root
[INFO] [stdout] 
[INFO] [stdout] 
[INFO] [stdout] error: aborting due to 2 previous errors
[INFO] [stdout] 
[INFO] [stdout] 
[INFO] [stdout] For more information about this error, try `rustc --explain E0432`.
[INFO] [stdout] 
[INFO] [stderr] error: could not compile `relm-gen-widget` (lib test) due to 3 previous errors
[INFO] [stderr] warning: build failed, waiting for other jobs to finish...
[INFO] [stdout] warning: variable does not need to be mutable
[INFO] [stdout]    --> src/gen.rs:659:17
[INFO] [stdout]     |
[INFO] [stdout] 659 |             let mut original_type = typ.clone();
[INFO] [stdout]     |                 ----^^^^^^^^^^^^^
[INFO] [stdout]     |                 |
[INFO] [stdout]     |                 help: remove this `mut`
[INFO] [stdout]     |
[INFO] [stdout]     = note: `#[warn(unused_mut)]` on by default
[INFO] [stdout] 
[INFO] [stdout] 
[INFO] [stdout] warning: 1 warning emitted
[INFO] [stdout] 
[INFO] [stdout] 
[INFO] running `Command { std: "docker" "inspect" "43c97a18fa74c74d8d52d8ec698c37788f54400e44c63b93807b431c7eaf6217", kill_on_drop: false }`
[INFO] running `Command { std: "docker" "rm" "-f" "43c97a18fa74c74d8d52d8ec698c37788f54400e44c63b93807b431c7eaf6217", kill_on_drop: false }`
[INFO] [stdout] 43c97a18fa74c74d8d52d8ec698c37788f54400e44c63b93807b431c7eaf6217
[INFO] checking relm-gen-widget-0.16.0 against nightly-2024-02-05+rustflags=-Dunexpected_cfgs+cargoflags=-Zcheck-cfg for check-cfg
[INFO] extracting crate relm-gen-widget 0.16.0 into /workspace/builds/worker-3-tc2/source
[INFO] validating manifest of crates.io crate relm-gen-widget 0.16.0 on toolchain nightly-2024-02-05
[INFO] running `Command { std: CARGO_HOME="/workspace/cargo-home" RUSTUP_HOME="/workspace/rustup-home" "/workspace/cargo-home/bin/cargo" "+nightly-2024-02-05" "metadata" "--manifest-path" "Cargo.toml" "--no-deps", kill_on_drop: false }`
[INFO] started tweaking crates.io crate relm-gen-widget 0.16.0
[INFO] finished tweaking crates.io crate relm-gen-widget 0.16.0
[INFO] tweaked toml for crates.io crate relm-gen-widget 0.16.0 written to /workspace/builds/worker-3-tc2/source/Cargo.toml
[INFO] running `Command { std: CARGO_HOME="/workspace/cargo-home" RUSTUP_HOME="/workspace/rustup-home" "/workspace/cargo-home/bin/cargo" "+nightly-2024-02-05" "generate-lockfile" "--manifest-path" "Cargo.toml", kill_on_drop: false }`
[INFO] [stderr]     Blocking waiting for file lock on package cache
[INFO] [stderr]     Updating crates.io index
[INFO] running `Command { std: CARGO_HOME="/workspace/cargo-home" RUSTUP_HOME="/workspace/rustup-home" "/workspace/cargo-home/bin/cargo" "+nightly-2024-02-05" "fetch" "--manifest-path" "Cargo.toml", kill_on_drop: false }`
[INFO] [stderr]     Blocking waiting for file lock on package cache
[INFO] running `Command { std: "docker" "create" "-v" "/var/lib/crater-agent-workspace/builds/worker-3-tc2/target:/opt/rustwide/target:rw,Z" "-v" "/var/lib/crater-agent-workspace/builds/worker-3-tc2/source:/opt/rustwide/workdir:ro,Z" "-v" "/var/lib/crater-agent-workspace/cargo-home:/opt/rustwide/cargo-home:ro,Z" "-v" "/var/lib/crater-agent-workspace/rustup-home:/opt/rustwide/rustup-home:ro,Z" "-e" "SOURCE_DIR=/opt/rustwide/workdir" "-e" "CARGO_TARGET_DIR=/opt/rustwide/target" "-e" "CARGO_HOME=/opt/rustwide/cargo-home" "-e" "RUSTUP_HOME=/opt/rustwide/rustup-home" "-w" "/opt/rustwide/workdir" "-m" "1610612736" "--user" "0:0" "--network" "none" "ghcr.io/rust-lang/crates-build-env/linux@sha256:2788e3201cd34a07e3172128adcd8b3090168a8e3bcc40d7c032b9dda1df7d1c" "/opt/rustwide/cargo-home/bin/cargo" "+nightly-2024-02-05" "metadata" "--no-deps" "--format-version=1", kill_on_drop: false }`
[INFO] [stdout] 884665291fe9f8326695f634842bea89b8203392abe8b2abb62de8b2497af6ba
[INFO] running `Command { std: "docker" "start" "-a" "884665291fe9f8326695f634842bea89b8203392abe8b2abb62de8b2497af6ba", kill_on_drop: false }`
[INFO] running `Command { std: "docker" "inspect" "884665291fe9f8326695f634842bea89b8203392abe8b2abb62de8b2497af6ba", kill_on_drop: false }`
[INFO] running `Command { std: "docker" "rm" "-f" "884665291fe9f8326695f634842bea89b8203392abe8b2abb62de8b2497af6ba", kill_on_drop: false }`
[INFO] [stdout] 884665291fe9f8326695f634842bea89b8203392abe8b2abb62de8b2497af6ba
[INFO] running `Command { std: "docker" "create" "-v" "/var/lib/crater-agent-workspace/builds/worker-3-tc2/target:/opt/rustwide/target:rw,Z" "-v" "/var/lib/crater-agent-workspace/builds/worker-3-tc2/source:/opt/rustwide/workdir:ro,Z" "-v" "/var/lib/crater-agent-workspace/cargo-home:/opt/rustwide/cargo-home:ro,Z" "-v" "/var/lib/crater-agent-workspace/rustup-home:/opt/rustwide/rustup-home:ro,Z" "-e" "SOURCE_DIR=/opt/rustwide/workdir" "-e" "CARGO_TARGET_DIR=/opt/rustwide/target" "-e" "CARGO_INCREMENTAL=0" "-e" "RUST_BACKTRACE=full" "-e" "RUSTFLAGS=--cap-lints=forbid -Dunexpected_cfgs" "-e" "RUSTDOCFLAGS=--cap-lints=forbid" "-e" "CARGO_HOME=/opt/rustwide/cargo-home" "-e" "RUSTUP_HOME=/opt/rustwide/rustup-home" "-w" "/opt/rustwide/workdir" "-m" "1610612736" "--user" "0:0" "--network" "none" "ghcr.io/rust-lang/crates-build-env/linux@sha256:2788e3201cd34a07e3172128adcd8b3090168a8e3bcc40d7c032b9dda1df7d1c" "/opt/rustwide/cargo-home/bin/cargo" "+nightly-2024-02-05" "check" "--frozen" "--all" "--all-targets" "--message-format=json" "-Zcheck-cfg", kill_on_drop: false }`
[INFO] [stdout] cf2ec1402a9ebb77a6cd5e9a67a99077e77f74c24a117f0351cc522e1c9ce726
[INFO] running `Command { std: "docker" "start" "-a" "cf2ec1402a9ebb77a6cd5e9a67a99077e77f74c24a117f0351cc522e1c9ce726", kill_on_drop: false }`
[INFO] [stderr]    Compiling proc-macro2 v0.4.30
[INFO] [stderr]     Checking unicode-xid v0.1.0
[INFO] [stderr]    Compiling syn v0.15.44
[INFO] [stderr]     Checking quote v0.6.13
[INFO] [stderr]     Checking relm-gen-widget v0.16.0 (/opt/rustwide/workdir)
[INFO] [stdout] error[E0432]: unresolved import `syn::parse_expr`
[INFO] [stdout]    --> src/lib.rs:660:9
[INFO] [stdout]     |
[INFO] [stdout] 660 |     use syn::parse_expr;
[INFO] [stdout]     |         ^^^^^----------
[INFO] [stdout]     |         |    |
[INFO] [stdout]     |         |    help: a similar name exists in the module: `parse_str`
[INFO] [stdout]     |         no `parse_expr` in the root
[INFO] [stdout] 
[INFO] [stdout] 
[INFO] [stdout] error[E0432]: unresolved import `syn::ExprKind`
[INFO] [stdout]    --> src/lib.rs:661:15
[INFO] [stdout]     |
[INFO] [stdout] 661 |     use syn::{ExprKind};
[INFO] [stdout]     |               ^^^^^^^^ no `ExprKind` in the root
[INFO] [stdout] 
[INFO] [stdout] 
[INFO] [stdout] error: aborting due to 2 previous errors
[INFO] [stdout] 
[INFO] [stdout] 
[INFO] [stdout] For more information about this error, try `rustc --explain E0432`.
[INFO] [stdout] 
[INFO] [stderr] error: could not compile `relm-gen-widget` (lib test) due to 3 previous errors
[INFO] [stderr] warning: build failed, waiting for other jobs to finish...
[INFO] [stdout] warning: variable does not need to be mutable
[INFO] [stdout]    --> src/gen.rs:659:17
[INFO] [stdout]     |
[INFO] [stdout] 659 |             let mut original_type = typ.clone();
[INFO] [stdout]     |                 ----^^^^^^^^^^^^^
[INFO] [stdout]     |                 |
[INFO] [stdout]     |                 help: remove this `mut`
[INFO] [stdout]     |
[INFO] [stdout]     = note: `#[warn(unused_mut)]` on by default
[INFO] [stdout] 
[INFO] [stdout] 
[INFO] [stdout] warning: 1 warning emitted
[INFO] [stdout] 
[INFO] [stdout] 
[INFO] running `Command { std: "docker" "inspect" "cf2ec1402a9ebb77a6cd5e9a67a99077e77f74c24a117f0351cc522e1c9ce726", kill_on_drop: false }`
[INFO] running `Command { std: "docker" "rm" "-f" "cf2ec1402a9ebb77a6cd5e9a67a99077e77f74c24a117f0351cc522e1c9ce726", kill_on_drop: false }`
[INFO] [stdout] cf2ec1402a9ebb77a6cd5e9a67a99077e77f74c24a117f0351cc522e1c9ce726
