[INFO] fetching crate relativetime 0.1.4...
[INFO] checking relativetime-0.1.4 against nightly-2024-02-05 for check-cfg
[INFO] extracting crate relativetime 0.1.4 into /workspace/builds/worker-5-tc1/source
[INFO] validating manifest of crates.io crate relativetime 0.1.4 on toolchain nightly-2024-02-05
[INFO] running `Command { std: CARGO_HOME="/workspace/cargo-home" RUSTUP_HOME="/workspace/rustup-home" "/workspace/cargo-home/bin/cargo" "+nightly-2024-02-05" "metadata" "--manifest-path" "Cargo.toml" "--no-deps", kill_on_drop: false }`
[INFO] started tweaking crates.io crate relativetime 0.1.4
[INFO] finished tweaking crates.io crate relativetime 0.1.4
[INFO] tweaked toml for crates.io crate relativetime 0.1.4 written to /workspace/builds/worker-5-tc1/source/Cargo.toml
[INFO] running `Command { std: CARGO_HOME="/workspace/cargo-home" RUSTUP_HOME="/workspace/rustup-home" "/workspace/cargo-home/bin/cargo" "+nightly-2024-02-05" "generate-lockfile" "--manifest-path" "Cargo.toml", kill_on_drop: false }`
[INFO] [stderr]     Updating crates.io index
[INFO] running `Command { std: CARGO_HOME="/workspace/cargo-home" RUSTUP_HOME="/workspace/rustup-home" "/workspace/cargo-home/bin/cargo" "+nightly-2024-02-05" "fetch" "--manifest-path" "Cargo.toml", kill_on_drop: false }`
[INFO] running `Command { std: "docker" "create" "-v" "/var/lib/crater-agent-workspace/builds/worker-5-tc1/target:/opt/rustwide/target:rw,Z" "-v" "/var/lib/crater-agent-workspace/builds/worker-5-tc1/source:/opt/rustwide/workdir:ro,Z" "-v" "/var/lib/crater-agent-workspace/cargo-home:/opt/rustwide/cargo-home:ro,Z" "-v" "/var/lib/crater-agent-workspace/rustup-home:/opt/rustwide/rustup-home:ro,Z" "-e" "SOURCE_DIR=/opt/rustwide/workdir" "-e" "CARGO_TARGET_DIR=/opt/rustwide/target" "-e" "CARGO_HOME=/opt/rustwide/cargo-home" "-e" "RUSTUP_HOME=/opt/rustwide/rustup-home" "-w" "/opt/rustwide/workdir" "-m" "1610612736" "--user" "0:0" "--network" "none" "ghcr.io/rust-lang/crates-build-env/linux@sha256:2788e3201cd34a07e3172128adcd8b3090168a8e3bcc40d7c032b9dda1df7d1c" "/opt/rustwide/cargo-home/bin/cargo" "+nightly-2024-02-05" "metadata" "--no-deps" "--format-version=1", kill_on_drop: false }`
[INFO] [stdout] 6c4e79b93793a42995eb8e2545632dcaca14398efe9d65bdb5d5b45cadccc3e1
[INFO] running `Command { std: "docker" "start" "-a" "6c4e79b93793a42995eb8e2545632dcaca14398efe9d65bdb5d5b45cadccc3e1", kill_on_drop: false }`
[INFO] running `Command { std: "docker" "inspect" "6c4e79b93793a42995eb8e2545632dcaca14398efe9d65bdb5d5b45cadccc3e1", kill_on_drop: false }`
[INFO] running `Command { std: "docker" "rm" "-f" "6c4e79b93793a42995eb8e2545632dcaca14398efe9d65bdb5d5b45cadccc3e1", kill_on_drop: false }`
[INFO] [stdout] 6c4e79b93793a42995eb8e2545632dcaca14398efe9d65bdb5d5b45cadccc3e1
[INFO] running `Command { std: "docker" "create" "-v" "/var/lib/crater-agent-workspace/builds/worker-5-tc1/target:/opt/rustwide/target:rw,Z" "-v" "/var/lib/crater-agent-workspace/builds/worker-5-tc1/source:/opt/rustwide/workdir:ro,Z" "-v" "/var/lib/crater-agent-workspace/cargo-home:/opt/rustwide/cargo-home:ro,Z" "-v" "/var/lib/crater-agent-workspace/rustup-home:/opt/rustwide/rustup-home:ro,Z" "-e" "SOURCE_DIR=/opt/rustwide/workdir" "-e" "CARGO_TARGET_DIR=/opt/rustwide/target" "-e" "CARGO_INCREMENTAL=0" "-e" "RUST_BACKTRACE=full" "-e" "RUSTFLAGS=--cap-lints=forbid" "-e" "RUSTDOCFLAGS=--cap-lints=forbid" "-e" "CARGO_HOME=/opt/rustwide/cargo-home" "-e" "RUSTUP_HOME=/opt/rustwide/rustup-home" "-w" "/opt/rustwide/workdir" "-m" "1610612736" "--user" "0:0" "--network" "none" "ghcr.io/rust-lang/crates-build-env/linux@sha256:2788e3201cd34a07e3172128adcd8b3090168a8e3bcc40d7c032b9dda1df7d1c" "/opt/rustwide/cargo-home/bin/cargo" "+nightly-2024-02-05" "check" "--frozen" "--all" "--all-targets" "--message-format=json", kill_on_drop: false }`
[INFO] [stdout] 74fae65d6d910a0d6034c176e34c4ce7f2da510c966d509dc3d5885e85195c6b
[INFO] running `Command { std: "docker" "start" "-a" "74fae65d6d910a0d6034c176e34c4ce7f2da510c966d509dc3d5885e85195c6b", kill_on_drop: false }`
[INFO] [stderr]     Checking humantime v2.1.0
[INFO] [stderr]     Checking relativetime v0.1.4 (/opt/rustwide/workdir)
[INFO] [stdout] error[E0432]: unresolved import `chrono`
[INFO] [stdout]    --> src/lib.rs:100:9
[INFO] [stdout]     |
[INFO] [stdout] 100 |     use chrono::Utc;
[INFO] [stdout]     |         ^^^^^^ use of undeclared crate or module `chrono`
[INFO] [stdout] 
[INFO] [stdout] 
[INFO] [stdout] error[E0433]: failed to resolve: use of undeclared crate or module `chrono`
[INFO] [stdout]    --> src/lib.rs:150:17
[INFO] [stdout]     |
[INFO] [stdout] 150 |         let d = chrono::Duration::seconds(10);
[INFO] [stdout]     |                 ^^^^^^ use of undeclared crate or module `chrono`
[INFO] [stdout]     |
[INFO] [stdout] help: consider importing one of these items
[INFO] [stdout]     |
[INFO] [stdout] 98  +     use core::time::Duration;
[INFO] [stdout]     |
[INFO] [stdout] 98  +     use crate::tests::Duration;
[INFO] [stdout]     |
[INFO] [stdout] 98  +     use humantime::Duration;
[INFO] [stdout]     |
[INFO] [stdout] 98  +     use std::time::Duration;
[INFO] [stdout]     |
[INFO] [stdout] help: if you import `Duration`, refer to it directly
[INFO] [stdout]     |
[INFO] [stdout] 150 -         let d = chrono::Duration::seconds(10);
[INFO] [stdout] 150 +         let d = Duration::seconds(10);
[INFO] [stdout]     |
[INFO] [stdout] 
[INFO] [stdout] 
[INFO] [stdout] error[E0433]: failed to resolve: use of undeclared crate or module `chrono`
[INFO] [stdout]    --> src/lib.rs:153:17
[INFO] [stdout]     |
[INFO] [stdout] 153 |         let d = chrono::Duration::minutes(-10);
[INFO] [stdout]     |                 ^^^^^^ use of undeclared crate or module `chrono`
[INFO] [stdout]     |
[INFO] [stdout] help: consider importing one of these items
[INFO] [stdout]     |
[INFO] [stdout] 98  +     use core::time::Duration;
[INFO] [stdout]     |
[INFO] [stdout] 98  +     use crate::tests::Duration;
[INFO] [stdout]     |
[INFO] [stdout] 98  +     use humantime::Duration;
[INFO] [stdout]     |
[INFO] [stdout] 98  +     use std::time::Duration;
[INFO] [stdout]     |
[INFO] [stdout] help: if you import `Duration`, refer to it directly
[INFO] [stdout]     |
[INFO] [stdout] 153 -         let d = chrono::Duration::minutes(-10);
[INFO] [stdout] 153 +         let d = Duration::minutes(-10);
[INFO] [stdout]     |
[INFO] [stdout] 
[INFO] [stdout] 
[INFO] [stdout] error[E0433]: failed to resolve: use of undeclared crate or module `chrono`
[INFO] [stdout]    --> src/lib.rs:159:32
[INFO] [stdout]     |
[INFO] [stdout] 159 |         let d = Utc::now().sub(chrono::Duration::days(1));
[INFO] [stdout]     |                                ^^^^^^ use of undeclared crate or module `chrono`
[INFO] [stdout]     |
[INFO] [stdout] help: consider importing one of these items
[INFO] [stdout]     |
[INFO] [stdout] 98  +     use core::time::Duration;
[INFO] [stdout]     |
[INFO] [stdout] 98  +     use crate::tests::Duration;
[INFO] [stdout]     |
[INFO] [stdout] 98  +     use humantime::Duration;
[INFO] [stdout]     |
[INFO] [stdout] 98  +     use std::time::Duration;
[INFO] [stdout]     |
[INFO] [stdout] help: if you import `Duration`, refer to it directly
[INFO] [stdout]     |
[INFO] [stdout] 159 -         let d = Utc::now().sub(chrono::Duration::days(1));
[INFO] [stdout] 159 +         let d = Utc::now().sub(Duration::days(1));
[INFO] [stdout]     |
[INFO] [stdout] 
[INFO] [stdout] 
[INFO] [stdout] warning: unused import: `Add`
[INFO] [stdout]   --> src/lib.rs:98:20
[INFO] [stdout]    |
[INFO] [stdout] 98 |     use std::ops::{Add, Sub};
[INFO] [stdout]    |                    ^^^
[INFO] [stdout]    |
[INFO] [stdout]    = note: `#[warn(unused_imports)]` on by default
[INFO] [stdout] 
[INFO] [stdout] 
[INFO] [stdout] warning: unused import: `Sub`
[INFO] [stdout]   --> src/lib.rs:98:25
[INFO] [stdout]    |
[INFO] [stdout] 98 |     use std::ops::{Add, Sub};
[INFO] [stdout]    |                         ^^^
[INFO] [stdout] 
[INFO] [stdout] 
[INFO] [stdout] error: aborting due to 4 previous errors; 2 warnings emitted
[INFO] [stdout] 
[INFO] [stdout] 
[INFO] [stdout] Some errors have detailed explanations: E0432, E0433.
[INFO] [stdout] 
[INFO] [stdout] For more information about an error, try `rustc --explain E0432`.
[INFO] [stdout] 
[INFO] [stderr] error: could not compile `relativetime` (lib test) due to 5 previous errors; 2 warnings emitted
[INFO] running `Command { std: "docker" "inspect" "74fae65d6d910a0d6034c176e34c4ce7f2da510c966d509dc3d5885e85195c6b", kill_on_drop: false }`
[INFO] running `Command { std: "docker" "rm" "-f" "74fae65d6d910a0d6034c176e34c4ce7f2da510c966d509dc3d5885e85195c6b", kill_on_drop: false }`
[INFO] [stdout] 74fae65d6d910a0d6034c176e34c4ce7f2da510c966d509dc3d5885e85195c6b
