[INFO] fetching crate refrsh 0.2.1...
[INFO] checking refrsh-0.2.1 against nightly-2024-02-05 for check-cfg
[INFO] extracting crate refrsh 0.2.1 into /workspace/builds/worker-0-tc1/source
[INFO] validating manifest of crates.io crate refrsh 0.2.1 on toolchain nightly-2024-02-05
[INFO] running `Command { std: CARGO_HOME="/workspace/cargo-home" RUSTUP_HOME="/workspace/rustup-home" "/workspace/cargo-home/bin/cargo" "+nightly-2024-02-05" "metadata" "--manifest-path" "Cargo.toml" "--no-deps", kill_on_drop: false }`
[INFO] started tweaking crates.io crate refrsh 0.2.1
[INFO] finished tweaking crates.io crate refrsh 0.2.1
[INFO] tweaked toml for crates.io crate refrsh 0.2.1 written to /workspace/builds/worker-0-tc1/source/Cargo.toml
[INFO] crate crates.io crate refrsh 0.2.1 already has a lockfile, it will not be regenerated
[INFO] running `Command { std: CARGO_HOME="/workspace/cargo-home" RUSTUP_HOME="/workspace/rustup-home" "/workspace/cargo-home/bin/cargo" "+nightly-2024-02-05" "fetch" "--manifest-path" "Cargo.toml", kill_on_drop: false }`
[INFO] [stderr]     Updating crates.io index
[INFO] [stderr]  Downloading crates ...
[INFO] [stderr]   Downloaded toml_datetime v0.6.3
[INFO] [stderr]   Downloaded clap v4.4.2
[INFO] [stderr]   Downloaded crossbeam-channel v0.5.8
[INFO] [stderr]   Downloaded raw-window-handle v0.5.2
[INFO] [stderr]   Downloaded malloc_buf v0.0.6
[INFO] [stderr]   Downloaded notify v6.1.1
[INFO] [stderr]   Downloaded kqueue-sys v1.0.4
[INFO] [stderr]   Downloaded windows-targets v0.42.2
[INFO] [stderr]   Downloaded ndk-context v0.1.1
[INFO] [stderr]   Downloaded webbrowser v0.8.11
[INFO] [stderr]   Downloaded cesu8 v1.1.0
[INFO] [stderr]   Downloaded thiserror-impl v1.0.48
[INFO] [stderr]   Downloaded serde_spanned v0.6.3
[INFO] [stderr]   Downloaded litrs v0.2.3
[INFO] [stderr]   Downloaded getrandom v0.2.10
[INFO] [stderr]   Downloaded memchr v2.6.3
[INFO] [stderr]   Downloaded clap_builder v4.4.2
[INFO] [stderr]   Downloaded combine v4.6.6
[INFO] [stderr]   Downloaded gimli v0.28.0
[INFO] [stderr]   Downloaded winnow v0.5.15
[INFO] [stderr]   Downloaded object v0.32.1
[INFO] [stderr]   Downloaded syn v2.0.30
[INFO] [stderr]   Downloaded hashbrown v0.14.0
[INFO] [stderr]   Downloaded jni v0.21.1
[INFO] [stderr]   Downloaded os_info v3.7.0
[INFO] [stderr]   Downloaded crossbeam-utils v0.8.16
[INFO] [stderr]   Downloaded url v2.4.1
[INFO] [stderr]   Downloaded toml_edit v0.19.14
[INFO] [stderr]   Downloaded indexmap v2.0.0
[INFO] [stderr]   Downloaded uuid v1.4.1
[INFO] [stderr]   Downloaded anstyle-parse v0.2.1
[INFO] [stderr]   Downloaded anstream v0.5.0
[INFO] [stderr]   Downloaded bunt-macros v0.2.8
[INFO] [stderr]   Downloaded jni-sys v0.3.0
[INFO] [stderr]   Downloaded anstyle v1.0.2
[INFO] [stderr]   Downloaded thiserror v1.0.48
[INFO] [stderr]   Downloaded walkdir v2.3.3
[INFO] [stderr]   Downloaded anstyle-wincon v2.1.0
[INFO] [stderr]   Downloaded human-panic v1.2.0
[INFO] [stderr]   Downloaded home v0.5.5
[INFO] [stderr]   Downloaded objc v0.2.7
[INFO] [stderr]   Downloaded toml v0.7.6
[INFO] [stderr]   Downloaded bunt v0.2.8
[INFO] [stderr]   Downloaded kqueue v1.0.8
[INFO] [stderr]   Downloaded filetime v0.2.22
[INFO] running `Command { std: "docker" "create" "-v" "/var/lib/crater-agent-workspace/builds/worker-0-tc1/target:/opt/rustwide/target:rw,Z" "-v" "/var/lib/crater-agent-workspace/builds/worker-0-tc1/source:/opt/rustwide/workdir:ro,Z" "-v" "/var/lib/crater-agent-workspace/cargo-home:/opt/rustwide/cargo-home:ro,Z" "-v" "/var/lib/crater-agent-workspace/rustup-home:/opt/rustwide/rustup-home:ro,Z" "-e" "SOURCE_DIR=/opt/rustwide/workdir" "-e" "CARGO_TARGET_DIR=/opt/rustwide/target" "-e" "CARGO_HOME=/opt/rustwide/cargo-home" "-e" "RUSTUP_HOME=/opt/rustwide/rustup-home" "-w" "/opt/rustwide/workdir" "-m" "1610612736" "--user" "0:0" "--network" "none" "ghcr.io/rust-lang/crates-build-env/linux@sha256:2788e3201cd34a07e3172128adcd8b3090168a8e3bcc40d7c032b9dda1df7d1c" "/opt/rustwide/cargo-home/bin/cargo" "+nightly-2024-02-05" "metadata" "--no-deps" "--format-version=1", kill_on_drop: false }`
[INFO] [stdout] 6ece396db6c547d51093230b2db8dd68113d21c1fdfe5c6f1d8ae88159be85cc
[INFO] running `Command { std: "docker" "start" "-a" "6ece396db6c547d51093230b2db8dd68113d21c1fdfe5c6f1d8ae88159be85cc", kill_on_drop: false }`
[INFO] running `Command { std: "docker" "inspect" "6ece396db6c547d51093230b2db8dd68113d21c1fdfe5c6f1d8ae88159be85cc", kill_on_drop: false }`
[INFO] running `Command { std: "docker" "rm" "-f" "6ece396db6c547d51093230b2db8dd68113d21c1fdfe5c6f1d8ae88159be85cc", kill_on_drop: false }`
[INFO] [stdout] 6ece396db6c547d51093230b2db8dd68113d21c1fdfe5c6f1d8ae88159be85cc
[INFO] running `Command { std: "docker" "create" "-v" "/var/lib/crater-agent-workspace/builds/worker-0-tc1/target:/opt/rustwide/target:rw,Z" "-v" "/var/lib/crater-agent-workspace/builds/worker-0-tc1/source:/opt/rustwide/workdir:ro,Z" "-v" "/var/lib/crater-agent-workspace/cargo-home:/opt/rustwide/cargo-home:ro,Z" "-v" "/var/lib/crater-agent-workspace/rustup-home:/opt/rustwide/rustup-home:ro,Z" "-e" "SOURCE_DIR=/opt/rustwide/workdir" "-e" "CARGO_TARGET_DIR=/opt/rustwide/target" "-e" "CARGO_INCREMENTAL=0" "-e" "RUST_BACKTRACE=full" "-e" "RUSTFLAGS=--cap-lints=forbid" "-e" "RUSTDOCFLAGS=--cap-lints=forbid" "-e" "CARGO_HOME=/opt/rustwide/cargo-home" "-e" "RUSTUP_HOME=/opt/rustwide/rustup-home" "-w" "/opt/rustwide/workdir" "-m" "1610612736" "--user" "0:0" "--network" "none" "ghcr.io/rust-lang/crates-build-env/linux@sha256:2788e3201cd34a07e3172128adcd8b3090168a8e3bcc40d7c032b9dda1df7d1c" "/opt/rustwide/cargo-home/bin/cargo" "+nightly-2024-02-05" "check" "--frozen" "--all" "--all-targets" "--message-format=json", kill_on_drop: false }`
[INFO] [stdout] 43308cd66877062a9a79275bda61a8be887bf3adc4dc50aa55158d8bbd8ba836
[INFO] running `Command { std: "docker" "start" "-a" "43308cd66877062a9a79275bda61a8be887bf3adc4dc50aa55158d8bbd8ba836", kill_on_drop: false }`
[INFO] [stderr]    Compiling proc-macro2 v1.0.66
[INFO] [stderr]    Compiling unicode-ident v1.0.11
[INFO] [stderr]    Compiling libc v0.2.147
[INFO] [stderr]    Compiling serde v1.0.188
[INFO] [stderr]     Checking utf8parse v0.2.1
[INFO] [stderr]     Checking anstyle v1.0.2
[INFO] [stderr]    Compiling crossbeam-utils v0.8.16
[INFO] [stderr]     Checking anstyle-parse v0.2.1
[INFO] [stderr]     Checking anstyle-query v1.0.0
[INFO] [stderr]     Checking hashbrown v0.14.0
[INFO] [stderr]     Checking colorchoice v1.0.0
[INFO] [stderr]     Checking memchr v2.6.3
[INFO] [stderr]     Checking anstream v0.5.0
[INFO] [stderr]     Checking gimli v0.28.0
[INFO] [stderr]     Checking percent-encoding v2.3.0
[INFO] [stderr]     Checking adler v1.0.2
[INFO] [stderr]     Checking winnow v0.5.15
[INFO] [stderr]     Checking unicode-bidi v0.3.13
[INFO] [stderr]     Checking object v0.32.1
[INFO] [stderr]     Checking indexmap v2.0.0
[INFO] [stderr]     Checking idna v0.4.0
[INFO] [stderr]    Compiling quote v1.0.33
[INFO] [stderr]    Compiling cc v1.0.83
[INFO] [stderr]     Checking inotify-sys v0.1.5
[INFO] [stderr]     Checking getrandom v0.2.10
[INFO] [stderr]    Compiling litrs v0.2.3
[INFO] [stderr]    Compiling syn v2.0.30
[INFO] [stderr]     Checking miniz_oxide v0.7.1
[INFO] [stderr]     Checking form_urlencoded v1.2.0
[INFO] [stderr]     Checking same-file v1.0.6
[INFO] [stderr]     Checking rustc-demangle v0.1.23
[INFO] [stderr]     Checking strsim v0.10.0
[INFO] [stderr]    Compiling unicode-xid v0.2.4
[INFO] [stderr]     Checking clap_lex v0.5.1
[INFO] [stderr]     Checking inotify v0.9.6
[INFO] [stderr]    Compiling bunt-macros v0.2.8
[INFO] [stderr]     Checking clap_builder v4.4.2
[INFO] [stderr]     Checking crossbeam-channel v0.5.8
[INFO] [stderr]     Checking walkdir v2.3.3
[INFO] [stderr]     Checking url v2.4.1
[INFO] [stderr]     Checking uuid v1.4.1
[INFO] [stderr]    Compiling backtrace v0.3.69
[INFO] [stderr]     Checking addr2line v0.21.0
[INFO] [stderr]     Checking filetime v0.2.22
[INFO] [stderr]     Checking mio v0.8.8
[INFO] [stderr]     Checking termcolor v1.2.0
[INFO] [stderr]     Checking home v0.5.5
[INFO] [stderr]     Checking webbrowser v0.8.11
[INFO] [stderr]     Checking notify v6.1.1
[INFO] [stderr]     Checking bunt v0.2.8
[INFO] [stderr]    Compiling serde_derive v1.0.188
[INFO] [stderr]    Compiling clap_derive v4.4.2
[INFO] [stderr]     Checking clap v4.4.2
[INFO] [stderr]     Checking serde_spanned v0.6.3
[INFO] [stderr]     Checking toml_datetime v0.6.3
[INFO] [stderr]     Checking os_info v3.7.0
[INFO] [stderr]     Checking toml_edit v0.19.14
[INFO] [stderr]     Checking toml v0.7.6
[INFO] [stderr]     Checking human-panic v1.2.0
[INFO] [stderr]     Checking refrsh v0.2.1 (/opt/rustwide/workdir)
[INFO] [stdout] error[E0412]: cannot find type `ReadDirectoryChangesWatcher` in crate `notify`
[INFO] [stdout]    --> src/files.rs:12:58
[INFO] [stdout]     |
[INFO] [stdout] 12  | pub fn get_file_watcher(ext: String, run: bool)->notify::ReadDirectoryChangesWatcher{
[INFO] [stdout]     |                                                          ^^^^^^^^^^^^^^^^^^^^^^^^^^^ not found in `notify`
[INFO] [stdout]     |
[INFO] [stdout] note: found an item that was configured out
[INFO] [stdout]    --> /opt/rustwide/cargo-home/registry/src/index.crates.io-6f17d22bba15001f/notify-6.1.1/src/lib.rs:228:18
[INFO] [stdout]     |
[INFO] [stdout] 228 | pub use windows::ReadDirectoryChangesWatcher;
[INFO] [stdout]     |                  ^^^^^^^^^^^^^^^^^^^^^^^^^^^
[INFO] [stdout]     = note: the item is gated behind the `windows` feature
[INFO] [stdout] help: there is an enum variant `notify::WatcherKind::ReadDirectoryChangesWatcher`; try using the variant's enum
[INFO] [stdout]     |
[INFO] [stdout] 12  | pub fn get_file_watcher(ext: String, run: bool)->notify::WatcherKind{
[INFO] [stdout]     |                                                  ~~~~~~~~~~~~~~~~~~~
[INFO] [stdout] 
[INFO] [stdout] 
[INFO] [stdout] error[E0412]: cannot find type `ReadDirectoryChangesWatcher` in crate `notify`
[INFO] [stdout]    --> src/files.rs:12:58
[INFO] [stdout]     |
[INFO] [stdout] 12  | pub fn get_file_watcher(ext: String, run: bool)->notify::ReadDirectoryChangesWatcher{
[INFO] [stdout]     |                                                          ^^^^^^^^^^^^^^^^^^^^^^^^^^^ not found in `notify`
[INFO] [stdout]     |
[INFO] [stdout] note: found an item that was configured out
[INFO] [stdout]    --> /opt/rustwide/cargo-home/registry/src/index.crates.io-6f17d22bba15001f/notify-6.1.1/src/lib.rs:228:18
[INFO] [stdout]     |
[INFO] [stdout] 228 | pub use windows::ReadDirectoryChangesWatcher;
[INFO] [stdout]     |                  ^^^^^^^^^^^^^^^^^^^^^^^^^^^
[INFO] [stdout]     = note: the item is gated behind the `windows` feature
[INFO] [stdout] help: there is an enum variant `notify::WatcherKind::ReadDirectoryChangesWatcher`; try using the variant's enum
[INFO] [stdout]     |
[INFO] [stdout] 12  | pub fn get_file_watcher(ext: String, run: bool)->notify::WatcherKind{
[INFO] [stdout]     |                                                  ~~~~~~~~~~~~~~~~~~~
[INFO] [stdout] 
[INFO] [stdout] 
[INFO] [stdout] error[E0412]: cannot find type `ReadDirectoryChangesWatcher` in crate `notify`
[INFO] [stdout]    --> src/files.rs:13:26
[INFO] [stdout]     |
[INFO] [stdout] 13  |     let watcher: notify::ReadDirectoryChangesWatcher = RecommendedWatcher::new(move |result: Result<Event, Error>|{
[INFO] [stdout]     |                          ^^^^^^^^^^^^^^^^^^^^^^^^^^^ not found in `notify`
[INFO] [stdout]     |
[INFO] [stdout] note: found an item that was configured out
[INFO] [stdout]    --> /opt/rustwide/cargo-home/registry/src/index.crates.io-6f17d22bba15001f/notify-6.1.1/src/lib.rs:228:18
[INFO] [stdout]     |
[INFO] [stdout] 228 | pub use windows::ReadDirectoryChangesWatcher;
[INFO] [stdout]     |                  ^^^^^^^^^^^^^^^^^^^^^^^^^^^
[INFO] [stdout]     = note: the item is gated behind the `windows` feature
[INFO] [stdout] help: there is an enum variant `notify::WatcherKind::ReadDirectoryChangesWatcher`; try using the variant's enum
[INFO] [stdout]     |
[INFO] [stdout] 13  |     let watcher: notify::WatcherKind = RecommendedWatcher::new(move |result: Result<Event, Error>|{
[INFO] [stdout]     |                  ~~~~~~~~~~~~~~~~~~~
[INFO] [stdout] 
[INFO] [stdout] 
[INFO] [stdout] error[E0412]: cannot find type `ReadDirectoryChangesWatcher` in crate `notify`
[INFO] [stdout]    --> src/files.rs:13:26
[INFO] [stdout]     |
[INFO] [stdout] 13  |     let watcher: notify::ReadDirectoryChangesWatcher = RecommendedWatcher::new(move |result: Result<Event, Error>|{
[INFO] [stdout]     |                          ^^^^^^^^^^^^^^^^^^^^^^^^^^^ not found in `notify`
[INFO] [stdout]     |
[INFO] [stdout] note: found an item that was configured out
[INFO] [stdout]    --> /opt/rustwide/cargo-home/registry/src/index.crates.io-6f17d22bba15001f/notify-6.1.1/src/lib.rs:228:18
[INFO] [stdout]     |
[INFO] [stdout] 228 | pub use windows::ReadDirectoryChangesWatcher;
[INFO] [stdout]     |                  ^^^^^^^^^^^^^^^^^^^^^^^^^^^
[INFO] [stdout]     = note: the item is gated behind the `windows` feature
[INFO] [stdout] help: there is an enum variant `notify::WatcherKind::ReadDirectoryChangesWatcher`; try using the variant's enum
[INFO] [stdout]     |
[INFO] [stdout] 13  |     let watcher: notify::WatcherKind = RecommendedWatcher::new(move |result: Result<Event, Error>|{
[INFO] [stdout]     |                  ~~~~~~~~~~~~~~~~~~~
[INFO] [stdout] 
[INFO] [stdout] 
[INFO] [stdout] warning: unused import: `Watcher`
[INFO] [stdout]  --> src/main.rs:1:29
[INFO] [stdout]   |
[INFO] [stdout] 1 | use notify::{RecursiveMode, Watcher};
[INFO] [stdout]   |                             ^^^^^^^
[INFO] [stdout]   |
[INFO] [stdout]   = note: `#[warn(unused_imports)]` on by default
[INFO] [stdout] 
[INFO] [stdout] 
[INFO] [stdout] warning: unused import: `Watcher`
[INFO] [stdout]  --> src/main.rs:1:29
[INFO] [stdout]   |
[INFO] [stdout] 1 | use notify::{RecursiveMode, Watcher};
[INFO] [stdout]   |                             ^^^^^^^
[INFO] [stdout]   |
[INFO] [stdout]   = note: `#[warn(unused_imports)]` on by default
[INFO] [stdout] 
[INFO] [stdout] 
[INFO] [stdout] error: aborting due to 2 previous errors; 1 warning emitted
[INFO] [stdout] 
[INFO] [stdout] 
[INFO] [stdout] For more information about this error, try `rustc --explain E0412`.
[INFO] [stdout] 
[INFO] [stdout] error: aborting due to 2 previous errors; 1 warning emitted
[INFO] [stdout] 
[INFO] [stdout] 
[INFO] [stdout] For more information about this error, try `rustc --explain E0412`.
[INFO] [stdout] 
[INFO] [stderr] error: could not compile `refrsh` (bin "refrsh" test) due to 3 previous errors; 1 warning emitted
[INFO] [stderr] warning: build failed, waiting for other jobs to finish...
[INFO] [stderr] error: could not compile `refrsh` (bin "refrsh") due to 3 previous errors; 1 warning emitted
[INFO] running `Command { std: "docker" "inspect" "43308cd66877062a9a79275bda61a8be887bf3adc4dc50aa55158d8bbd8ba836", kill_on_drop: false }`
[INFO] running `Command { std: "docker" "rm" "-f" "43308cd66877062a9a79275bda61a8be887bf3adc4dc50aa55158d8bbd8ba836", kill_on_drop: false }`
[INFO] [stdout] 43308cd66877062a9a79275bda61a8be887bf3adc4dc50aa55158d8bbd8ba836
[INFO] checking refrsh-0.2.1 against nightly-2024-02-05+rustflags=-Dunexpected_cfgs+cargoflags=-Zcheck-cfg for check-cfg
[INFO] extracting crate refrsh 0.2.1 into /workspace/builds/worker-0-tc2/source
[INFO] validating manifest of crates.io crate refrsh 0.2.1 on toolchain nightly-2024-02-05
[INFO] running `Command { std: CARGO_HOME="/workspace/cargo-home" RUSTUP_HOME="/workspace/rustup-home" "/workspace/cargo-home/bin/cargo" "+nightly-2024-02-05" "metadata" "--manifest-path" "Cargo.toml" "--no-deps", kill_on_drop: false }`
[INFO] started tweaking crates.io crate refrsh 0.2.1
[INFO] finished tweaking crates.io crate refrsh 0.2.1
[INFO] tweaked toml for crates.io crate refrsh 0.2.1 written to /workspace/builds/worker-0-tc2/source/Cargo.toml
[INFO] crate crates.io crate refrsh 0.2.1 already has a lockfile, it will not be regenerated
[INFO] running `Command { std: CARGO_HOME="/workspace/cargo-home" RUSTUP_HOME="/workspace/rustup-home" "/workspace/cargo-home/bin/cargo" "+nightly-2024-02-05" "fetch" "--manifest-path" "Cargo.toml", kill_on_drop: false }`
[INFO] running `Command { std: "docker" "create" "-v" "/var/lib/crater-agent-workspace/builds/worker-0-tc2/target:/opt/rustwide/target:rw,Z" "-v" "/var/lib/crater-agent-workspace/builds/worker-0-tc2/source:/opt/rustwide/workdir:ro,Z" "-v" "/var/lib/crater-agent-workspace/cargo-home:/opt/rustwide/cargo-home:ro,Z" "-v" "/var/lib/crater-agent-workspace/rustup-home:/opt/rustwide/rustup-home:ro,Z" "-e" "SOURCE_DIR=/opt/rustwide/workdir" "-e" "CARGO_TARGET_DIR=/opt/rustwide/target" "-e" "CARGO_HOME=/opt/rustwide/cargo-home" "-e" "RUSTUP_HOME=/opt/rustwide/rustup-home" "-w" "/opt/rustwide/workdir" "-m" "1610612736" "--user" "0:0" "--network" "none" "ghcr.io/rust-lang/crates-build-env/linux@sha256:2788e3201cd34a07e3172128adcd8b3090168a8e3bcc40d7c032b9dda1df7d1c" "/opt/rustwide/cargo-home/bin/cargo" "+nightly-2024-02-05" "metadata" "--no-deps" "--format-version=1", kill_on_drop: false }`
[INFO] [stdout] f75eb7ea89f1e81ecf6f7ab2bb8873ae3baba7fdb2c1eae89ee95852bfaf4abb
[INFO] running `Command { std: "docker" "start" "-a" "f75eb7ea89f1e81ecf6f7ab2bb8873ae3baba7fdb2c1eae89ee95852bfaf4abb", kill_on_drop: false }`
[INFO] running `Command { std: "docker" "inspect" "f75eb7ea89f1e81ecf6f7ab2bb8873ae3baba7fdb2c1eae89ee95852bfaf4abb", kill_on_drop: false }`
[INFO] running `Command { std: "docker" "rm" "-f" "f75eb7ea89f1e81ecf6f7ab2bb8873ae3baba7fdb2c1eae89ee95852bfaf4abb", kill_on_drop: false }`
[INFO] [stdout] f75eb7ea89f1e81ecf6f7ab2bb8873ae3baba7fdb2c1eae89ee95852bfaf4abb
[INFO] running `Command { std: "docker" "create" "-v" "/var/lib/crater-agent-workspace/builds/worker-0-tc2/target:/opt/rustwide/target:rw,Z" "-v" "/var/lib/crater-agent-workspace/builds/worker-0-tc2/source:/opt/rustwide/workdir:ro,Z" "-v" "/var/lib/crater-agent-workspace/cargo-home:/opt/rustwide/cargo-home:ro,Z" "-v" "/var/lib/crater-agent-workspace/rustup-home:/opt/rustwide/rustup-home:ro,Z" "-e" "SOURCE_DIR=/opt/rustwide/workdir" "-e" "CARGO_TARGET_DIR=/opt/rustwide/target" "-e" "CARGO_INCREMENTAL=0" "-e" "RUST_BACKTRACE=full" "-e" "RUSTFLAGS=--cap-lints=forbid -Dunexpected_cfgs" "-e" "RUSTDOCFLAGS=--cap-lints=forbid" "-e" "CARGO_HOME=/opt/rustwide/cargo-home" "-e" "RUSTUP_HOME=/opt/rustwide/rustup-home" "-w" "/opt/rustwide/workdir" "-m" "1610612736" "--user" "0:0" "--network" "none" "ghcr.io/rust-lang/crates-build-env/linux@sha256:2788e3201cd34a07e3172128adcd8b3090168a8e3bcc40d7c032b9dda1df7d1c" "/opt/rustwide/cargo-home/bin/cargo" "+nightly-2024-02-05" "check" "--frozen" "--all" "--all-targets" "--message-format=json" "-Zcheck-cfg", kill_on_drop: false }`
[INFO] [stdout] b793a931fd9f235565f9ea2598fe102c659469275de041431b5a462fd42eba2c
[INFO] running `Command { std: "docker" "start" "-a" "b793a931fd9f235565f9ea2598fe102c659469275de041431b5a462fd42eba2c", kill_on_drop: false }`
[INFO] [stderr]    Compiling proc-macro2 v1.0.66
[INFO] [stderr]    Compiling unicode-ident v1.0.11
[INFO] [stderr]    Compiling libc v0.2.147
[INFO] [stderr]    Compiling serde v1.0.188
[INFO] [stderr]     Checking utf8parse v0.2.1
[INFO] [stderr]     Checking anstyle-query v1.0.0
[INFO] [stderr]     Checking colorchoice v1.0.0
[INFO] [stderr]    Compiling crossbeam-utils v0.8.16
[INFO] [stderr]     Checking anstyle v1.0.2
[INFO] [stderr]     Checking anstyle-parse v0.2.1
[INFO] [stderr]     Checking hashbrown v0.14.0
[INFO] [stderr]     Checking unicode-bidi v0.3.13
[INFO] [stderr]     Checking anstream v0.5.0
[INFO] [stderr]     Checking memchr v2.6.3
[INFO] [stderr]     Checking adler v1.0.2
[INFO] [stderr]     Checking gimli v0.28.0
[INFO] [stderr]     Checking winnow v0.5.15
[INFO] [stderr]     Checking percent-encoding v2.3.0
[INFO] [stderr]     Checking form_urlencoded v1.2.0
[INFO] [stderr]     Checking indexmap v2.0.0
[INFO] [stderr]     Checking idna v0.4.0
[INFO] [stderr]     Checking object v0.32.1
[INFO] [stderr]    Compiling quote v1.0.33
[INFO] [stderr]    Compiling cc v1.0.83
[INFO] [stderr]     Checking getrandom v0.2.10
[INFO] [stderr]     Checking inotify-sys v0.1.5
[INFO] [stderr]    Compiling litrs v0.2.3
[INFO] [stderr]     Checking miniz_oxide v0.7.1
[INFO] [stderr]    Compiling syn v2.0.30
[INFO] [stderr]     Checking strsim v0.10.0
[INFO] [stderr]     Checking clap_lex v0.5.1
[INFO] [stderr]    Compiling unicode-xid v0.2.4
[INFO] [stderr]     Checking same-file v1.0.6
[INFO] [stderr]     Checking rustc-demangle v0.1.23
[INFO] [stderr]     Checking walkdir v2.3.3
[INFO] [stderr]     Checking inotify v0.9.6
[INFO] [stderr]    Compiling bunt-macros v0.2.8
[INFO] [stderr]     Checking crossbeam-channel v0.5.8
[INFO] [stderr]     Checking clap_builder v4.4.2
[INFO] [stderr]     Checking uuid v1.4.1
[INFO] [stderr]     Checking url v2.4.1
[INFO] [stderr]     Checking mio v0.8.8
[INFO] [stderr]    Compiling backtrace v0.3.69
[INFO] [stderr]     Checking filetime v0.2.22
[INFO] [stderr]     Checking termcolor v1.2.0
[INFO] [stderr]     Checking addr2line v0.21.0
[INFO] [stderr]     Checking home v0.5.5
[INFO] [stderr]     Checking notify v6.1.1
[INFO] [stderr]     Checking webbrowser v0.8.11
[INFO] [stderr]     Checking bunt v0.2.8
[INFO] [stderr]    Compiling serde_derive v1.0.188
[INFO] [stderr]    Compiling clap_derive v4.4.2
[INFO] [stderr]     Checking clap v4.4.2
[INFO] [stderr]     Checking toml_datetime v0.6.3
[INFO] [stderr]     Checking serde_spanned v0.6.3
[INFO] [stderr]     Checking os_info v3.7.0
[INFO] [stderr]     Checking toml_edit v0.19.14
[INFO] [stderr]     Checking toml v0.7.6
[INFO] [stderr]     Checking human-panic v1.2.0
[INFO] [stderr]     Checking refrsh v0.2.1 (/opt/rustwide/workdir)
[INFO] [stdout] error[E0412]: cannot find type `ReadDirectoryChangesWatcher` in crate `notify`
[INFO] [stdout]    --> src/files.rs:12:58
[INFO] [stdout]     |
[INFO] [stdout] 12  | pub fn get_file_watcher(ext: String, run: bool)->notify::ReadDirectoryChangesWatcher{
[INFO] [stdout]     |                                                          ^^^^^^^^^^^^^^^^^^^^^^^^^^^ not found in `notify`
[INFO] [stdout]     |
[INFO] [stdout] note: found an item that was configured out
[INFO] [stdout]    --> /opt/rustwide/cargo-home/registry/src/index.crates.io-6f17d22bba15001f/notify-6.1.1/src/lib.rs:228:18
[INFO] [stdout]     |
[INFO] [stdout] 228 | pub use windows::ReadDirectoryChangesWatcher;
[INFO] [stdout]     |                  ^^^^^^^^^^^^^^^^^^^^^^^^^^^
[INFO] [stdout]     = note: the item is gated behind the `windows` feature
[INFO] [stdout] help: there is an enum variant `notify::WatcherKind::ReadDirectoryChangesWatcher`; try using the variant's enum
[INFO] [stdout]     |
[INFO] [stdout] 12  | pub fn get_file_watcher(ext: String, run: bool)->notify::WatcherKind{
[INFO] [stdout]     |                                                  ~~~~~~~~~~~~~~~~~~~
[INFO] [stdout] 
[INFO] [stdout] 
[INFO] [stdout] error[E0412]: cannot find type `ReadDirectoryChangesWatcher` in crate `notify`
[INFO] [stdout]    --> src/files.rs:12:58
[INFO] [stdout]     |
[INFO] [stdout] 12  | pub fn get_file_watcher(ext: String, run: bool)->notify::ReadDirectoryChangesWatcher{
[INFO] [stdout]     |                                                          ^^^^^^^^^^^^^^^^^^^^^^^^^^^ not found in `notify`
[INFO] [stdout]     |
[INFO] [stdout] note: found an item that was configured out
[INFO] [stdout]    --> /opt/rustwide/cargo-home/registry/src/index.crates.io-6f17d22bba15001f/notify-6.1.1/src/lib.rs:228:18
[INFO] [stdout]     |
[INFO] [stdout] 228 | pub use windows::ReadDirectoryChangesWatcher;
[INFO] [stdout]     |                  ^^^^^^^^^^^^^^^^^^^^^^^^^^^
[INFO] [stdout]     = note: the item is gated behind the `windows` feature
[INFO] [stdout] help: there is an enum variant `notify::WatcherKind::ReadDirectoryChangesWatcher`; try using the variant's enum
[INFO] [stdout]     |
[INFO] [stdout] 12  | pub fn get_file_watcher(ext: String, run: bool)->notify::WatcherKind{
[INFO] [stdout]     |                                                  ~~~~~~~~~~~~~~~~~~~
[INFO] [stdout] 
[INFO] [stdout] 
[INFO] [stdout] error[E0412]: cannot find type `ReadDirectoryChangesWatcher` in crate `notify`
[INFO] [stdout]    --> src/files.rs:13:26
[INFO] [stdout]     |
[INFO] [stdout] 13  |     let watcher: notify::ReadDirectoryChangesWatcher = RecommendedWatcher::new(move |result: Result<Event, Error>|{
[INFO] [stdout]     |                          ^^^^^^^^^^^^^^^^^^^^^^^^^^^ not found in `notify`
[INFO] [stdout]     |
[INFO] [stdout] note: found an item that was configured out
[INFO] [stdout]    --> /opt/rustwide/cargo-home/registry/src/index.crates.io-6f17d22bba15001f/notify-6.1.1/src/lib.rs:228:18
[INFO] [stdout]     |
[INFO] [stdout] 228 | pub use windows::ReadDirectoryChangesWatcher;
[INFO] [stdout]     |                  ^^^^^^^^^^^^^^^^^^^^^^^^^^^
[INFO] [stdout]     = note: the item is gated behind the `windows` feature
[INFO] [stdout] help: there is an enum variant `notify::WatcherKind::ReadDirectoryChangesWatcher`; try using the variant's enum
[INFO] [stdout]     |
[INFO] [stdout] 13  |     let watcher: notify::WatcherKind = RecommendedWatcher::new(move |result: Result<Event, Error>|{
[INFO] [stdout]     |                  ~~~~~~~~~~~~~~~~~~~
[INFO] [stdout] 
[INFO] [stdout] 
[INFO] [stdout] error[E0412]: cannot find type `ReadDirectoryChangesWatcher` in crate `notify`
[INFO] [stdout]    --> src/files.rs:13:26
[INFO] [stdout]     |
[INFO] [stdout] 13  |     let watcher: notify::ReadDirectoryChangesWatcher = RecommendedWatcher::new(move |result: Result<Event, Error>|{
[INFO] [stdout]     |                          ^^^^^^^^^^^^^^^^^^^^^^^^^^^ not found in `notify`
[INFO] [stdout]     |
[INFO] [stdout] note: found an item that was configured out
[INFO] [stdout]    --> /opt/rustwide/cargo-home/registry/src/index.crates.io-6f17d22bba15001f/notify-6.1.1/src/lib.rs:228:18
[INFO] [stdout]     |
[INFO] [stdout] 228 | pub use windows::ReadDirectoryChangesWatcher;
[INFO] [stdout]     |                  ^^^^^^^^^^^^^^^^^^^^^^^^^^^
[INFO] [stdout]     = note: the item is gated behind the `windows` feature
[INFO] [stdout] help: there is an enum variant `notify::WatcherKind::ReadDirectoryChangesWatcher`; try using the variant's enum
[INFO] [stdout]     |
[INFO] [stdout] 13  |     let watcher: notify::WatcherKind = RecommendedWatcher::new(move |result: Result<Event, Error>|{
[INFO] [stdout]     |                  ~~~~~~~~~~~~~~~~~~~
[INFO] [stdout] 
[INFO] [stdout] 
[INFO] [stdout] warning: unused import: `Watcher`
[INFO] [stdout]  --> src/main.rs:1:29
[INFO] [stdout]   |
[INFO] [stdout] 1 | use notify::{RecursiveMode, Watcher};
[INFO] [stdout]   |                             ^^^^^^^
[INFO] [stdout]   |
[INFO] [stdout]   = note: `#[warn(unused_imports)]` on by default
[INFO] [stdout] 
[INFO] [stdout] 
[INFO] [stdout] warning: unused import: `Watcher`
[INFO] [stdout]  --> src/main.rs:1:29
[INFO] [stdout]   |
[INFO] [stdout] 1 | use notify::{RecursiveMode, Watcher};
[INFO] [stdout]   |                             ^^^^^^^
[INFO] [stdout]   |
[INFO] [stdout]   = note: `#[warn(unused_imports)]` on by default
[INFO] [stdout] 
[INFO] [stdout] 
[INFO] [stdout] error: aborting due to 2 previous errors; 1 warning emitted
[INFO] [stdout] 
[INFO] [stdout] 
[INFO] [stdout] For more information about this error, try `rustc --explain E0412`.
[INFO] [stdout] 
[INFO] [stdout] error: aborting due to 2 previous errors; 1 warning emitted
[INFO] [stdout] 
[INFO] [stdout] 
[INFO] [stdout] For more information about this error, try `rustc --explain E0412`.
[INFO] [stdout] 
[INFO] [stderr] error: could not compile `refrsh` (bin "refrsh") due to 3 previous errors; 1 warning emitted
[INFO] [stderr] warning: build failed, waiting for other jobs to finish...
[INFO] [stderr] error: could not compile `refrsh` (bin "refrsh" test) due to 3 previous errors; 1 warning emitted
[INFO] running `Command { std: "docker" "inspect" "b793a931fd9f235565f9ea2598fe102c659469275de041431b5a462fd42eba2c", kill_on_drop: false }`
[INFO] running `Command { std: "docker" "rm" "-f" "b793a931fd9f235565f9ea2598fe102c659469275de041431b5a462fd42eba2c", kill_on_drop: false }`
[INFO] [stdout] b793a931fd9f235565f9ea2598fe102c659469275de041431b5a462fd42eba2c
