[INFO] fetching crate refmove 0.1.3...
[INFO] checking refmove-0.1.3 against nightly-2024-02-05 for check-cfg
[INFO] extracting crate refmove 0.1.3 into /workspace/builds/worker-7-tc1/source
[INFO] validating manifest of crates.io crate refmove 0.1.3 on toolchain nightly-2024-02-05
[INFO] running `Command { std: CARGO_HOME="/workspace/cargo-home" RUSTUP_HOME="/workspace/rustup-home" "/workspace/cargo-home/bin/cargo" "+nightly-2024-02-05" "metadata" "--manifest-path" "Cargo.toml" "--no-deps", kill_on_drop: false }`
[INFO] removed /workspace/builds/worker-7-tc1/source/rust-toolchain
[INFO] started tweaking crates.io crate refmove 0.1.3
[INFO] finished tweaking crates.io crate refmove 0.1.3
[INFO] tweaked toml for crates.io crate refmove 0.1.3 written to /workspace/builds/worker-7-tc1/source/Cargo.toml
[INFO] running `Command { std: CARGO_HOME="/workspace/cargo-home" RUSTUP_HOME="/workspace/rustup-home" "/workspace/cargo-home/bin/cargo" "+nightly-2024-02-05" "generate-lockfile" "--manifest-path" "Cargo.toml", kill_on_drop: false }`
[INFO] running `Command { std: CARGO_HOME="/workspace/cargo-home" RUSTUP_HOME="/workspace/rustup-home" "/workspace/cargo-home/bin/cargo" "+nightly-2024-02-05" "fetch" "--manifest-path" "Cargo.toml", kill_on_drop: false }`
[INFO] running `Command { std: "docker" "create" "-v" "/var/lib/crater-agent-workspace/builds/worker-7-tc1/target:/opt/rustwide/target:rw,Z" "-v" "/var/lib/crater-agent-workspace/builds/worker-7-tc1/source:/opt/rustwide/workdir:ro,Z" "-v" "/var/lib/crater-agent-workspace/cargo-home:/opt/rustwide/cargo-home:ro,Z" "-v" "/var/lib/crater-agent-workspace/rustup-home:/opt/rustwide/rustup-home:ro,Z" "-e" "SOURCE_DIR=/opt/rustwide/workdir" "-e" "CARGO_TARGET_DIR=/opt/rustwide/target" "-e" "CARGO_HOME=/opt/rustwide/cargo-home" "-e" "RUSTUP_HOME=/opt/rustwide/rustup-home" "-w" "/opt/rustwide/workdir" "-m" "1610612736" "--user" "0:0" "--network" "none" "ghcr.io/rust-lang/crates-build-env/linux@sha256:2788e3201cd34a07e3172128adcd8b3090168a8e3bcc40d7c032b9dda1df7d1c" "/opt/rustwide/cargo-home/bin/cargo" "+nightly-2024-02-05" "metadata" "--no-deps" "--format-version=1", kill_on_drop: false }`
[INFO] [stdout] d3db80986d05c4ecdb80b0195a10f2f7742b6c45fcfd839a0f287b3c36f8c41f
[INFO] running `Command { std: "docker" "start" "-a" "d3db80986d05c4ecdb80b0195a10f2f7742b6c45fcfd839a0f287b3c36f8c41f", kill_on_drop: false }`
[INFO] running `Command { std: "docker" "inspect" "d3db80986d05c4ecdb80b0195a10f2f7742b6c45fcfd839a0f287b3c36f8c41f", kill_on_drop: false }`
[INFO] running `Command { std: "docker" "rm" "-f" "d3db80986d05c4ecdb80b0195a10f2f7742b6c45fcfd839a0f287b3c36f8c41f", kill_on_drop: false }`
[INFO] [stdout] d3db80986d05c4ecdb80b0195a10f2f7742b6c45fcfd839a0f287b3c36f8c41f
[INFO] running `Command { std: "docker" "create" "-v" "/var/lib/crater-agent-workspace/builds/worker-7-tc1/target:/opt/rustwide/target:rw,Z" "-v" "/var/lib/crater-agent-workspace/builds/worker-7-tc1/source:/opt/rustwide/workdir:ro,Z" "-v" "/var/lib/crater-agent-workspace/cargo-home:/opt/rustwide/cargo-home:ro,Z" "-v" "/var/lib/crater-agent-workspace/rustup-home:/opt/rustwide/rustup-home:ro,Z" "-e" "SOURCE_DIR=/opt/rustwide/workdir" "-e" "CARGO_TARGET_DIR=/opt/rustwide/target" "-e" "CARGO_INCREMENTAL=0" "-e" "RUST_BACKTRACE=full" "-e" "RUSTFLAGS=--cap-lints=forbid" "-e" "RUSTDOCFLAGS=--cap-lints=forbid" "-e" "CARGO_HOME=/opt/rustwide/cargo-home" "-e" "RUSTUP_HOME=/opt/rustwide/rustup-home" "-w" "/opt/rustwide/workdir" "-m" "1610612736" "--user" "0:0" "--network" "none" "ghcr.io/rust-lang/crates-build-env/linux@sha256:2788e3201cd34a07e3172128adcd8b3090168a8e3bcc40d7c032b9dda1df7d1c" "/opt/rustwide/cargo-home/bin/cargo" "+nightly-2024-02-05" "check" "--frozen" "--all" "--all-targets" "--message-format=json", kill_on_drop: false }`
[INFO] [stdout] 0835e654fb86d7dc0c5afad34ff83d11648b8e38e8c11f854a335effdf00f875
[INFO] running `Command { std: "docker" "start" "-a" "0835e654fb86d7dc0c5afad34ff83d11648b8e38e8c11f854a335effdf00f875", kill_on_drop: false }`
[INFO] [stderr]     Checking refmove v0.1.3 (/opt/rustwide/workdir)
[INFO] [stdout] error[E0407]: method `initializer` is not a member of trait `Read`
[INFO] [stdout]    --> src/impls.rs:221:5
[INFO] [stdout]     |
[INFO] [stdout] 221 | /     unsafe fn initializer(&self) -> io::Initializer {
[INFO] [stdout] 222 | |         R::initializer(self)
[INFO] [stdout] 223 | |     }
[INFO] [stdout]     | |_____^ not a member of trait `Read`
[INFO] [stdout] 
[INFO] [stdout] 
[INFO] [stdout] error[E0407]: method `initializer` is not a member of trait `Read`
[INFO] [stdout]    --> src/impls.rs:221:5
[INFO] [stdout]     |
[INFO] [stdout] 221 | /     unsafe fn initializer(&self) -> io::Initializer {
[INFO] [stdout] 222 | |         R::initializer(self)
[INFO] [stdout] 223 | |     }
[INFO] [stdout]     | |_____^ not a member of trait `Read`
[INFO] [stdout] 
[INFO] [stdout] 
[INFO] [stdout] error[E0412]: cannot find type `Initializer` in module `io`
[INFO] [stdout]    --> src/impls.rs:221:41
[INFO] [stdout]     |
[INFO] [stdout] 221 |     unsafe fn initializer(&self) -> io::Initializer {
[INFO] [stdout]     |                                         ^^^^^^^^^^^ not found in `io`
[INFO] [stdout] 
[INFO] [stdout] 
[INFO] [stdout] error[E0412]: cannot find type `Initializer` in module `io`
[INFO] [stdout]    --> src/impls.rs:221:41
[INFO] [stdout]     |
[INFO] [stdout] 221 |     unsafe fn initializer(&self) -> io::Initializer {
[INFO] [stdout]     |                                         ^^^^^^^^^^^ not found in `io`
[INFO] [stdout] 
[INFO] [stdout] 
[INFO] [stdout] warning: the feature `nll` has been stable since 1.63.0 and no longer requires an attribute to enable
[INFO] [stdout]   --> src/lib.rs:48:12
[INFO] [stdout]    |
[INFO] [stdout] 48 | #![feature(nll)]
[INFO] [stdout]    |            ^^^
[INFO] [stdout]    |
[INFO] [stdout]    = note: `#[warn(stable_features)]` on by default
[INFO] [stdout] 
[INFO] [stdout] 
[INFO] [stdout] warning: the feature `pin` has been stable since 1.33.0 and no longer requires an attribute to enable
[INFO] [stdout]   --> src/lib.rs:50:12
[INFO] [stdout]    |
[INFO] [stdout] 50 | #![feature(pin)]
[INFO] [stdout]    |            ^^^
[INFO] [stdout] 
[INFO] [stdout] 
[INFO] [stdout] error[E0635]: unknown feature `read_initializer`
[INFO] [stdout]   --> src/lib.rs:64:38
[INFO] [stdout]    |
[INFO] [stdout] 64 | #![cfg_attr(feature = "std", feature(read_initializer))]
[INFO] [stdout]    |                                      ^^^^^^^^^^^^^^^^
[INFO] [stdout] 
[INFO] [stdout] 
[INFO] [stdout] warning: the feature `nll` has been stable since 1.63.0 and no longer requires an attribute to enable
[INFO] [stdout]   --> src/lib.rs:48:12
[INFO] [stdout]    |
[INFO] [stdout] 48 | #![feature(nll)]
[INFO] [stdout]    |            ^^^
[INFO] [stdout]    |
[INFO] [stdout]    = note: `#[warn(stable_features)]` on by default
[INFO] [stdout] 
[INFO] [stdout] 
[INFO] [stdout] warning: the feature `pin` has been stable since 1.33.0 and no longer requires an attribute to enable
[INFO] [stdout]   --> src/lib.rs:50:12
[INFO] [stdout]    |
[INFO] [stdout] 50 | #![feature(pin)]
[INFO] [stdout]    |            ^^^
[INFO] [stdout] 
[INFO] [stdout] 
[INFO] [stdout] error[E0635]: unknown feature `read_initializer`
[INFO] [stdout]   --> src/lib.rs:64:38
[INFO] [stdout]    |
[INFO] [stdout] 64 | #![cfg_attr(feature = "std", feature(read_initializer))]
[INFO] [stdout]    |                                      ^^^^^^^^^^^^^^^^
[INFO] [stdout] 
[INFO] [stdout] 
[INFO] [stdout] error[E0059]: type parameter to bare `FnOnce` trait must be a tuple
[INFO] [stdout]    --> src/impls.rs:132:16
[INFO] [stdout]     |
[INFO] [stdout] 132 | impl<'a, A, F> FnOnce<A> for RefMove<'a, F>
[INFO] [stdout]     |                ^^^^^^^^^ the trait `Tuple` is not implemented for `A`
[INFO] [stdout]     |
[INFO] [stdout] note: required by a bound in `FnOnce`
[INFO] [stdout]    --> /rustc/268dbbbc4b3fd71c5f360a4d0728295252430b5b/library/core/src/ops/function.rs:242:1
[INFO] [stdout] help: consider further restricting type parameter `A`
[INFO] [stdout]     |
[INFO] [stdout] 134 |     F: FnMut<A> + ?Sized, A: std::marker::Tuple // TODO
[INFO] [stdout]     |                         ~~~~~~~~~~~~~~~~~~~~~~~
[INFO] [stdout] 
[INFO] [stdout] 
[INFO] [stdout] error[E0059]: type parameter to bare `FnOnce` trait must be a tuple
[INFO] [stdout]    --> src/impls.rs:132:16
[INFO] [stdout]     |
[INFO] [stdout] 132 | impl<'a, A, F> FnOnce<A> for RefMove<'a, F>
[INFO] [stdout]     |                ^^^^^^^^^ the trait `Tuple` is not implemented for `A`
[INFO] [stdout]     |
[INFO] [stdout] note: required by a bound in `FnOnce`
[INFO] [stdout]    --> /rustc/268dbbbc4b3fd71c5f360a4d0728295252430b5b/library/core/src/ops/function.rs:242:1
[INFO] [stdout] help: consider further restricting type parameter `A`
[INFO] [stdout]     |
[INFO] [stdout] 134 |     F: FnMut<A> + ?Sized, A: std::marker::Tuple // TODO
[INFO] [stdout]     |                         ~~~~~~~~~~~~~~~~~~~~~~~
[INFO] [stdout] 
[INFO] [stdout] 
[INFO] [stdout] error[E0059]: type parameter to bare `FnMut` trait must be a tuple
[INFO] [stdout]    --> src/impls.rs:142:16
[INFO] [stdout]     |
[INFO] [stdout] 142 | impl<'a, A, F> FnMut<A> for RefMove<'a, F>
[INFO] [stdout]     |                ^^^^^^^^ the trait `Tuple` is not implemented for `A`
[INFO] [stdout]     |
[INFO] [stdout] note: required by a bound in `FnMut`
[INFO] [stdout]    --> /rustc/268dbbbc4b3fd71c5f360a4d0728295252430b5b/library/core/src/ops/function.rs:163:1
[INFO] [stdout] help: consider further restricting type parameter `A`
[INFO] [stdout]     |
[INFO] [stdout] 144 |     F: FnMut<A> + ?Sized, A: std::marker::Tuple
[INFO] [stdout]     |                         ~~~~~~~~~~~~~~~~~~~~~~~
[INFO] [stdout] 
[INFO] [stdout] 
[INFO] [stdout] error[E0059]: type parameter to bare `FnMut` trait must be a tuple
[INFO] [stdout]    --> src/impls.rs:142:16
[INFO] [stdout]     |
[INFO] [stdout] 142 | impl<'a, A, F> FnMut<A> for RefMove<'a, F>
[INFO] [stdout]     |                ^^^^^^^^ the trait `Tuple` is not implemented for `A`
[INFO] [stdout]     |
[INFO] [stdout] note: required by a bound in `FnMut`
[INFO] [stdout]    --> /rustc/268dbbbc4b3fd71c5f360a4d0728295252430b5b/library/core/src/ops/function.rs:163:1
[INFO] [stdout] help: consider further restricting type parameter `A`
[INFO] [stdout]     |
[INFO] [stdout] 144 |     F: FnMut<A> + ?Sized, A: std::marker::Tuple
[INFO] [stdout]     |                         ~~~~~~~~~~~~~~~~~~~~~~~
[INFO] [stdout] 
[INFO] [stdout] 
[INFO] [stdout] error[E0059]: type parameter to bare `Fn` trait must be a tuple
[INFO] [stdout]    --> src/impls.rs:151:16
[INFO] [stdout]     |
[INFO] [stdout] 151 | impl<'a, A, F> Fn<A> for RefMove<'a, F>
[INFO] [stdout]     |                ^^^^^ the trait `Tuple` is not implemented for `A`
[INFO] [stdout]     |
[INFO] [stdout] note: required by a bound in `Fn`
[INFO] [stdout]    --> /rustc/268dbbbc4b3fd71c5f360a4d0728295252430b5b/library/core/src/ops/function.rs:76:1
[INFO] [stdout] help: consider further restricting type parameter `A`
[INFO] [stdout]     |
[INFO] [stdout] 153 |     F: Fn<A> + ?Sized, A: std::marker::Tuple
[INFO] [stdout]     |                      ~~~~~~~~~~~~~~~~~~~~~~~
[INFO] [stdout] 
[INFO] [stdout] 
[INFO] [stdout] error[E0059]: type parameter to bare `Fn` trait must be a tuple
[INFO] [stdout]    --> src/impls.rs:151:16
[INFO] [stdout]     |
[INFO] [stdout] 151 | impl<'a, A, F> Fn<A> for RefMove<'a, F>
[INFO] [stdout]     |                ^^^^^ the trait `Tuple` is not implemented for `A`
[INFO] [stdout]     |
[INFO] [stdout] note: required by a bound in `Fn`
[INFO] [stdout]    --> /rustc/268dbbbc4b3fd71c5f360a4d0728295252430b5b/library/core/src/ops/function.rs:76:1
[INFO] [stdout] help: consider further restricting type parameter `A`
[INFO] [stdout]     |
[INFO] [stdout] 153 |     F: Fn<A> + ?Sized, A: std::marker::Tuple
[INFO] [stdout]     |                      ~~~~~~~~~~~~~~~~~~~~~~~
[INFO] [stdout] 
[INFO] [stdout] 
[INFO] [stdout] error[E0059]: type parameter to bare `FnOnce` trait must be a tuple
[INFO] [stdout]    --> src/impls.rs:136:19
[INFO] [stdout]     |
[INFO] [stdout] 136 |     type Output = F::Output;
[INFO] [stdout]     |                   ^^^^^^^^^ the trait `Tuple` is not implemented for `A`
[INFO] [stdout]     |
[INFO] [stdout] note: required by a bound in `FnOnce`
[INFO] [stdout]    --> /rustc/268dbbbc4b3fd71c5f360a4d0728295252430b5b/library/core/src/ops/function.rs:242:1
[INFO] [stdout] help: consider further restricting type parameter `A`
[INFO] [stdout]     |
[INFO] [stdout] 134 |     F: FnMut<A> + ?Sized, A: std::marker::Tuple // TODO
[INFO] [stdout]     |                         ~~~~~~~~~~~~~~~~~~~~~~~
[INFO] [stdout] 
[INFO] [stdout] 
[INFO] [stdout] error[E0059]: type parameter to bare `FnOnce` trait must be a tuple
[INFO] [stdout]    --> src/impls.rs:136:19
[INFO] [stdout]     |
[INFO] [stdout] 136 |     type Output = F::Output;
[INFO] [stdout]     |                   ^^^^^^^^^ the trait `Tuple` is not implemented for `A`
[INFO] [stdout]     |
[INFO] [stdout] note: required by a bound in `FnOnce`
[INFO] [stdout]    --> /rustc/268dbbbc4b3fd71c5f360a4d0728295252430b5b/library/core/src/ops/function.rs:242:1
[INFO] [stdout] help: consider further restricting type parameter `A`
[INFO] [stdout]     |
[INFO] [stdout] 134 |     F: FnMut<A> + ?Sized, A: std::marker::Tuple // TODO
[INFO] [stdout]     |                         ~~~~~~~~~~~~~~~~~~~~~~~
[INFO] [stdout] 
[INFO] [stdout] 
[INFO] [stdout] error[E0059]: type parameter to bare `FnMut` trait must be a tuple
[INFO] [stdout]    --> src/impls.rs:134:8
[INFO] [stdout]     |
[INFO] [stdout] 134 |     F: FnMut<A> + ?Sized, // TODO
[INFO] [stdout]     |        ^^^^^^^^ the trait `Tuple` is not implemented for `A`
[INFO] [stdout]     |
[INFO] [stdout] note: required by a bound in `FnMut`
[INFO] [stdout]    --> /rustc/268dbbbc4b3fd71c5f360a4d0728295252430b5b/library/core/src/ops/function.rs:163:1
[INFO] [stdout] help: consider further restricting type parameter `A`
[INFO] [stdout]     |
[INFO] [stdout] 134 |     F: FnMut<A> + ?Sized, A: std::marker::Tuple // TODO
[INFO] [stdout]     |                         ~~~~~~~~~~~~~~~~~~~~~~~
[INFO] [stdout] 
[INFO] [stdout] 
[INFO] [stdout] error[E0059]: type parameter to bare `FnMut` trait must be a tuple
[INFO] [stdout]    --> src/impls.rs:134:8
[INFO] [stdout]     |
[INFO] [stdout] 134 |     F: FnMut<A> + ?Sized, // TODO
[INFO] [stdout]     |        ^^^^^^^^ the trait `Tuple` is not implemented for `A`
[INFO] [stdout]     |
[INFO] [stdout] note: required by a bound in `FnMut`
[INFO] [stdout]    --> /rustc/268dbbbc4b3fd71c5f360a4d0728295252430b5b/library/core/src/ops/function.rs:163:1
[INFO] [stdout] help: consider further restricting type parameter `A`
[INFO] [stdout]     |
[INFO] [stdout] 134 |     F: FnMut<A> + ?Sized, A: std::marker::Tuple // TODO
[INFO] [stdout]     |                         ~~~~~~~~~~~~~~~~~~~~~~~
[INFO] [stdout] 
[INFO] [stdout] 
[INFO] [stdout] error[E0059]: type parameter to bare `FnMut` trait must be a tuple
[INFO] [stdout]    --> src/impls.rs:144:8
[INFO] [stdout]     |
[INFO] [stdout] 144 |     F: FnMut<A> + ?Sized,
[INFO] [stdout]     |        ^^^^^^^^ the trait `Tuple` is not implemented for `A`
[INFO] [stdout]     |
[INFO] [stdout] note: required by a bound in `FnMut`
[INFO] [stdout]    --> /rustc/268dbbbc4b3fd71c5f360a4d0728295252430b5b/library/core/src/ops/function.rs:163:1
[INFO] [stdout] help: consider further restricting type parameter `A`
[INFO] [stdout]     |
[INFO] [stdout] 144 |     F: FnMut<A> + ?Sized, A: std::marker::Tuple
[INFO] [stdout]     |                         ~~~~~~~~~~~~~~~~~~~~~~~
[INFO] [stdout] 
[INFO] [stdout] 
[INFO] [stdout] error[E0059]: type parameter to bare `FnMut` trait must be a tuple
[INFO] [stdout]    --> src/impls.rs:144:8
[INFO] [stdout]     |
[INFO] [stdout] 144 |     F: FnMut<A> + ?Sized,
[INFO] [stdout]     |        ^^^^^^^^ the trait `Tuple` is not implemented for `A`
[INFO] [stdout]     |
[INFO] [stdout] note: required by a bound in `FnMut`
[INFO] [stdout]    --> /rustc/268dbbbc4b3fd71c5f360a4d0728295252430b5b/library/core/src/ops/function.rs:163:1
[INFO] [stdout] help: consider further restricting type parameter `A`
[INFO] [stdout]     |
[INFO] [stdout] 144 |     F: FnMut<A> + ?Sized, A: std::marker::Tuple
[INFO] [stdout]     |                         ~~~~~~~~~~~~~~~~~~~~~~~
[INFO] [stdout] 
[INFO] [stdout] 
[INFO] [stdout] error[E0059]: type parameter to bare `Fn` trait must be a tuple
[INFO] [stdout]    --> src/impls.rs:153:8
[INFO] [stdout]     |
[INFO] [stdout] 153 |     F: Fn<A> + ?Sized,
[INFO] [stdout]     |        ^^^^^ the trait `Tuple` is not implemented for `A`
[INFO] [stdout]     |
[INFO] [stdout] note: required by a bound in `Fn`
[INFO] [stdout]    --> /rustc/268dbbbc4b3fd71c5f360a4d0728295252430b5b/library/core/src/ops/function.rs:76:1
[INFO] [stdout] help: consider further restricting type parameter `A`
[INFO] [stdout]     |
[INFO] [stdout] 153 |     F: Fn<A> + ?Sized, A: std::marker::Tuple
[INFO] [stdout]     |                      ~~~~~~~~~~~~~~~~~~~~~~~
[INFO] [stdout] 
[INFO] [stdout] 
[INFO] [stdout] error[E0059]: type parameter to bare `Fn` trait must be a tuple
[INFO] [stdout]    --> src/impls.rs:153:8
[INFO] [stdout]     |
[INFO] [stdout] 153 |     F: Fn<A> + ?Sized,
[INFO] [stdout]     |        ^^^^^ the trait `Tuple` is not implemented for `A`
[INFO] [stdout]     |
[INFO] [stdout] note: required by a bound in `Fn`
[INFO] [stdout]    --> /rustc/268dbbbc4b3fd71c5f360a4d0728295252430b5b/library/core/src/ops/function.rs:76:1
[INFO] [stdout] help: consider further restricting type parameter `A`
[INFO] [stdout]     |
[INFO] [stdout] 153 |     F: Fn<A> + ?Sized, A: std::marker::Tuple
[INFO] [stdout]     |                      ~~~~~~~~~~~~~~~~~~~~~~~
[INFO] [stdout] 
[INFO] [stdout] 
[INFO] [stdout] error: aborting due to 10 previous errors; 2 warnings emitted
[INFO] [stdout] 
[INFO] [stdout] 
[INFO] [stdout] Some errors have detailed explanations: E0059, E0407, E0412, E0635.
[INFO] [stdout] 
[INFO] [stdout] For more information about an error, try `rustc --explain E0059`.
[INFO] [stdout] 
[INFO] [stdout] error: aborting due to 10 previous errors; 2 warnings emitted
[INFO] [stdout] 
[INFO] [stdout] 
[INFO] [stdout] Some errors have detailed explanations: E0059, E0407, E0412, E0635.
[INFO] [stdout] 
[INFO] [stdout] For more information about an error, try `rustc --explain E0059`.
[INFO] [stdout] 
[INFO] [stderr] error: could not compile `refmove` (lib) due to 11 previous errors; 2 warnings emitted
[INFO] [stderr] warning: build failed, waiting for other jobs to finish...
[INFO] [stderr] error: could not compile `refmove` (lib test) due to 11 previous errors; 2 warnings emitted
[INFO] running `Command { std: "docker" "inspect" "0835e654fb86d7dc0c5afad34ff83d11648b8e38e8c11f854a335effdf00f875", kill_on_drop: false }`
[INFO] running `Command { std: "docker" "rm" "-f" "0835e654fb86d7dc0c5afad34ff83d11648b8e38e8c11f854a335effdf00f875", kill_on_drop: false }`
[INFO] [stdout] 0835e654fb86d7dc0c5afad34ff83d11648b8e38e8c11f854a335effdf00f875
