[INFO] fetching crate redpen-linter 0.3.0...
[INFO] checking redpen-linter-0.3.0 against nightly-2024-02-05 for check-cfg
[INFO] extracting crate redpen-linter 0.3.0 into /workspace/builds/worker-0-tc1/source
[INFO] validating manifest of crates.io crate redpen-linter 0.3.0 on toolchain nightly-2024-02-05
[INFO] running `Command { std: CARGO_HOME="/workspace/cargo-home" RUSTUP_HOME="/workspace/rustup-home" "/workspace/cargo-home/bin/cargo" "+nightly-2024-02-05" "metadata" "--manifest-path" "Cargo.toml" "--no-deps", kill_on_drop: false }`
[INFO] removed /workspace/builds/worker-0-tc1/source/.cargo/config
[INFO] removed /workspace/builds/worker-0-tc1/source/rust-toolchain
[INFO] started tweaking crates.io crate redpen-linter 0.3.0
[INFO] finished tweaking crates.io crate redpen-linter 0.3.0
[INFO] tweaked toml for crates.io crate redpen-linter 0.3.0 written to /workspace/builds/worker-0-tc1/source/Cargo.toml
[INFO] crate crates.io crate redpen-linter 0.3.0 already has a lockfile, it will not be regenerated
[INFO] running `Command { std: CARGO_HOME="/workspace/cargo-home" RUSTUP_HOME="/workspace/rustup-home" "/workspace/cargo-home/bin/cargo" "+nightly-2024-02-05" "fetch" "--manifest-path" "Cargo.toml", kill_on_drop: false }`
[INFO] running `Command { std: "docker" "create" "-v" "/var/lib/crater-agent-workspace/builds/worker-0-tc1/target:/opt/rustwide/target:rw,Z" "-v" "/var/lib/crater-agent-workspace/builds/worker-0-tc1/source:/opt/rustwide/workdir:ro,Z" "-v" "/var/lib/crater-agent-workspace/cargo-home:/opt/rustwide/cargo-home:ro,Z" "-v" "/var/lib/crater-agent-workspace/rustup-home:/opt/rustwide/rustup-home:ro,Z" "-e" "SOURCE_DIR=/opt/rustwide/workdir" "-e" "CARGO_TARGET_DIR=/opt/rustwide/target" "-e" "CARGO_HOME=/opt/rustwide/cargo-home" "-e" "RUSTUP_HOME=/opt/rustwide/rustup-home" "-w" "/opt/rustwide/workdir" "-m" "1610612736" "--user" "0:0" "--network" "none" "ghcr.io/rust-lang/crates-build-env/linux@sha256:2788e3201cd34a07e3172128adcd8b3090168a8e3bcc40d7c032b9dda1df7d1c" "/opt/rustwide/cargo-home/bin/cargo" "+nightly-2024-02-05" "metadata" "--no-deps" "--format-version=1", kill_on_drop: false }`
[INFO] [stdout] ffbbf0316e20773841e454081cca2e28929b329228d548e322acb4e72e57abb8
[INFO] running `Command { std: "docker" "start" "-a" "ffbbf0316e20773841e454081cca2e28929b329228d548e322acb4e72e57abb8", kill_on_drop: false }`
[INFO] running `Command { std: "docker" "inspect" "ffbbf0316e20773841e454081cca2e28929b329228d548e322acb4e72e57abb8", kill_on_drop: false }`
[INFO] running `Command { std: "docker" "rm" "-f" "ffbbf0316e20773841e454081cca2e28929b329228d548e322acb4e72e57abb8", kill_on_drop: false }`
[INFO] [stdout] ffbbf0316e20773841e454081cca2e28929b329228d548e322acb4e72e57abb8
[INFO] running `Command { std: "docker" "create" "-v" "/var/lib/crater-agent-workspace/builds/worker-0-tc1/target:/opt/rustwide/target:rw,Z" "-v" "/var/lib/crater-agent-workspace/builds/worker-0-tc1/source:/opt/rustwide/workdir:ro,Z" "-v" "/var/lib/crater-agent-workspace/cargo-home:/opt/rustwide/cargo-home:ro,Z" "-v" "/var/lib/crater-agent-workspace/rustup-home:/opt/rustwide/rustup-home:ro,Z" "-e" "SOURCE_DIR=/opt/rustwide/workdir" "-e" "CARGO_TARGET_DIR=/opt/rustwide/target" "-e" "CARGO_INCREMENTAL=0" "-e" "RUST_BACKTRACE=full" "-e" "RUSTFLAGS=--cap-lints=forbid" "-e" "RUSTDOCFLAGS=--cap-lints=forbid" "-e" "CARGO_HOME=/opt/rustwide/cargo-home" "-e" "RUSTUP_HOME=/opt/rustwide/rustup-home" "-w" "/opt/rustwide/workdir" "-m" "1610612736" "--user" "0:0" "--network" "none" "ghcr.io/rust-lang/crates-build-env/linux@sha256:2788e3201cd34a07e3172128adcd8b3090168a8e3bcc40d7c032b9dda1df7d1c" "/opt/rustwide/cargo-home/bin/cargo" "+nightly-2024-02-05" "check" "--frozen" "--all" "--all-targets" "--message-format=json", kill_on_drop: false }`
[INFO] [stdout] 001151bc85ee1e1be74a0c5513851579c3d093db4d01d8bd47f0cd4f024d35b4
[INFO] running `Command { std: "docker" "start" "-a" "001151bc85ee1e1be74a0c5513851579c3d093db4d01d8bd47f0cd4f024d35b4", kill_on_drop: false }`
[INFO] [stderr]    Compiling serde_json v1.0.105
[INFO] [stderr]    Compiling rustix v0.38.11
[INFO] [stderr]    Compiling anyhow v1.0.75
[INFO] [stderr]     Checking regex-syntax v0.7.5
[INFO] [stderr]     Checking unicode-width v0.1.10
[INFO] [stderr]    Compiling compiletest_rs v0.10.2
[INFO] [stderr]     Checking diff v0.1.13
[INFO] [stderr]     Checking redpen-linter v0.3.0 (/opt/rustwide/workdir)
[INFO] [stderr]     Checking dirs-sys-next v0.1.2
[INFO] [stderr]     Checking filetime v0.2.22
[INFO] [stderr]    Compiling syn v2.0.29
[INFO] [stdout] error[E0463]: can't find crate for `rustc_ast`
[INFO] [stdout]   --> src/main.rs:11:1
[INFO] [stdout]    |
[INFO] [stdout] 11 | extern crate rustc_ast;
[INFO] [stdout]    | ^^^^^^^^^^^^^^^^^^^^^^^ can't find crate
[INFO] [stdout]    |
[INFO] [stdout]    = help: maybe you need to install the missing components with: `rustup component add rust-src rustc-dev llvm-tools-preview`
[INFO] [stdout] 
[INFO] [stdout] 
[INFO] [stdout] error[E0463]: can't find crate for `rustc_data_structures`
[INFO] [stdout]   --> src/main.rs:12:1
[INFO] [stdout]    |
[INFO] [stdout] 12 | extern crate rustc_data_structures;
[INFO] [stdout]    | ^^^^^^^^^^^^^^^^^^^^^^^^^^^^^^^^^^^ can't find crate
[INFO] [stdout]    |
[INFO] [stdout]    = help: maybe you need to install the missing components with: `rustup component add rust-src rustc-dev llvm-tools-preview`
[INFO] [stdout] 
[INFO] [stdout] 
[INFO] [stdout] error[E0463]: can't find crate for `rustc_driver`
[INFO] [stdout]   --> src/main.rs:13:1
[INFO] [stdout]    |
[INFO] [stdout] 13 | extern crate rustc_driver;
[INFO] [stdout]    | ^^^^^^^^^^^^^^^^^^^^^^^^^^ can't find crate
[INFO] [stdout]    |
[INFO] [stdout]    = help: maybe you need to install the missing components with: `rustup component add rust-src rustc-dev llvm-tools-preview`
[INFO] [stdout] 
[INFO] [stdout] 
[INFO] [stdout] error[E0463]: can't find crate for `rustc_errors`
[INFO] [stdout]   --> src/main.rs:14:1
[INFO] [stdout]    |
[INFO] [stdout] 14 | extern crate rustc_errors;
[INFO] [stdout]    | ^^^^^^^^^^^^^^^^^^^^^^^^^^ can't find crate
[INFO] [stdout]    |
[INFO] [stdout]    = help: maybe you need to install the missing components with: `rustup component add rust-src rustc-dev llvm-tools-preview`
[INFO] [stdout] 
[INFO] [stdout] 
[INFO] [stdout] error[E0463]: can't find crate for `rustc_hir`
[INFO] [stdout]   --> src/main.rs:15:1
[INFO] [stdout]    |
[INFO] [stdout] 15 | extern crate rustc_hir;
[INFO] [stdout]    | ^^^^^^^^^^^^^^^^^^^^^^^ can't find crate
[INFO] [stdout]    |
[INFO] [stdout]    = help: maybe you need to install the missing components with: `rustup component add rust-src rustc-dev llvm-tools-preview`
[INFO] [stdout] 
[INFO] [stdout] 
[INFO] [stdout] error[E0463]: can't find crate for `rustc_hir_typeck`
[INFO] [stdout]   --> src/main.rs:16:1
[INFO] [stdout]    |
[INFO] [stdout] 16 | extern crate rustc_hir_typeck;
[INFO] [stdout]    | ^^^^^^^^^^^^^^^^^^^^^^^^^^^^^^ can't find crate
[INFO] [stdout]    |
[INFO] [stdout]    = help: maybe you need to install the missing components with: `rustup component add rust-src rustc-dev llvm-tools-preview`
[INFO] [stdout] 
[INFO] [stdout] 
[INFO] [stdout] error[E0463]: can't find crate for `rustc_index`
[INFO] [stdout]   --> src/main.rs:17:1
[INFO] [stdout]    |
[INFO] [stdout] 17 | extern crate rustc_index;
[INFO] [stdout]    | ^^^^^^^^^^^^^^^^^^^^^^^^^ can't find crate
[INFO] [stdout]    |
[INFO] [stdout]    = help: maybe you need to install the missing components with: `rustup component add rust-src rustc-dev llvm-tools-preview`
[INFO] [stdout] 
[INFO] [stdout] 
[INFO] [stdout] error[E0463]: can't find crate for `rustc_infer`
[INFO] [stdout]   --> src/main.rs:18:1
[INFO] [stdout]    |
[INFO] [stdout] 18 | extern crate rustc_infer;
[INFO] [stdout]    | ^^^^^^^^^^^^^^^^^^^^^^^^^ can't find crate
[INFO] [stdout]    |
[INFO] [stdout]    = help: maybe you need to install the missing components with: `rustup component add rust-src rustc-dev llvm-tools-preview`
[INFO] [stdout] 
[INFO] [stdout] 
[INFO] [stdout] error[E0463]: can't find crate for `rustc_interface`
[INFO] [stdout]   --> src/main.rs:19:1
[INFO] [stdout]    |
[INFO] [stdout] 19 | extern crate rustc_interface;
[INFO] [stdout]    | ^^^^^^^^^^^^^^^^^^^^^^^^^^^^^ can't find crate
[INFO] [stdout]    |
[INFO] [stdout]    = help: maybe you need to install the missing components with: `rustup component add rust-src rustc-dev llvm-tools-preview`
[INFO] [stdout] 
[INFO] [stdout] 
[INFO] [stdout] error[E0463]: can't find crate for `rustc_lint`
[INFO] [stdout]   --> src/main.rs:20:1
[INFO] [stdout]    |
[INFO] [stdout] 20 | extern crate rustc_lint;
[INFO] [stdout]    | ^^^^^^^^^^^^^^^^^^^^^^^^ can't find crate
[INFO] [stdout]    |
[INFO] [stdout]    = help: maybe you need to install the missing components with: `rustup component add rust-src rustc-dev llvm-tools-preview`
[INFO] [stdout] 
[INFO] [stdout] 
[INFO] [stdout] error[E0463]: can't find crate for `rustc_macros`
[INFO] [stdout]   --> src/main.rs:21:1
[INFO] [stdout]    |
[INFO] [stdout] 21 | extern crate rustc_macros;
[INFO] [stdout]    | ^^^^^^^^^^^^^^^^^^^^^^^^^^ can't find crate
[INFO] [stdout]    |
[INFO] [stdout]    = help: maybe you need to install the missing components with: `rustup component add rust-src rustc-dev llvm-tools-preview`
[INFO] [stdout] 
[INFO] [stdout] 
[INFO] [stdout] error[E0463]: can't find crate for `rustc_middle`
[INFO] [stdout]   --> src/main.rs:22:1
[INFO] [stdout]    |
[INFO] [stdout] 22 | extern crate rustc_middle;
[INFO] [stdout]    | ^^^^^^^^^^^^^^^^^^^^^^^^^^ can't find crate
[INFO] [stdout]    |
[INFO] [stdout]    = help: maybe you need to install the missing components with: `rustup component add rust-src rustc-dev llvm-tools-preview`
[INFO] [stdout] 
[INFO] [stdout] 
[INFO] [stdout] error[E0463]: can't find crate for `rustc_mir_dataflow`
[INFO] [stdout]   --> src/main.rs:23:1
[INFO] [stdout]    |
[INFO] [stdout] 23 | extern crate rustc_mir_dataflow;
[INFO] [stdout]    | ^^^^^^^^^^^^^^^^^^^^^^^^^^^^^^^^ can't find crate
[INFO] [stdout]    |
[INFO] [stdout]    = help: maybe you need to install the missing components with: `rustup component add rust-src rustc-dev llvm-tools-preview`
[INFO] [stdout] 
[INFO] [stdout] 
[INFO] [stdout] error[E0463]: can't find crate for `rustc_monomorphize`
[INFO] [stdout]   --> src/main.rs:24:1
[INFO] [stdout]    |
[INFO] [stdout] 24 | extern crate rustc_monomorphize;
[INFO] [stdout]    | ^^^^^^^^^^^^^^^^^^^^^^^^^^^^^^^^ can't find crate
[INFO] [stdout]    |
[INFO] [stdout]    = help: maybe you need to install the missing components with: `rustup component add rust-src rustc-dev llvm-tools-preview`
[INFO] [stdout] 
[INFO] [stdout] 
[INFO] [stdout] error[E0463]: can't find crate for `rustc_serialize`
[INFO] [stdout]   --> src/main.rs:25:1
[INFO] [stdout]    |
[INFO] [stdout] 25 | extern crate rustc_serialize;
[INFO] [stdout]    | ^^^^^^^^^^^^^^^^^^^^^^^^^^^^^ can't find crate
[INFO] [stdout]    |
[INFO] [stdout]    = help: maybe you need to install the missing components with: `rustup component add rust-src rustc-dev llvm-tools-preview`
[INFO] [stdout] 
[INFO] [stdout] 
[INFO] [stdout] error[E0463]: can't find crate for `rustc_session`
[INFO] [stdout]   --> src/main.rs:26:1
[INFO] [stdout]    |
[INFO] [stdout] 26 | extern crate rustc_session;
[INFO] [stdout]    | ^^^^^^^^^^^^^^^^^^^^^^^^^^^ can't find crate
[INFO] [stdout]    |
[INFO] [stdout]    = help: maybe you need to install the missing components with: `rustup component add rust-src rustc-dev llvm-tools-preview`
[INFO] [stdout] 
[INFO] [stdout] 
[INFO] [stdout] error[E0463]: can't find crate for `rustc_smir`
[INFO] [stdout]   --> src/main.rs:27:1
[INFO] [stdout]    |
[INFO] [stdout] 27 | extern crate rustc_smir;
[INFO] [stdout]    | ^^^^^^^^^^^^^^^^^^^^^^^^ can't find crate
[INFO] [stdout]    |
[INFO] [stdout]    = help: maybe you need to install the missing components with: `rustup component add rust-src rustc-dev llvm-tools-preview`
[INFO] [stdout] 
[INFO] [stdout] 
[INFO] [stdout] error[E0463]: can't find crate for `rustc_span`
[INFO] [stdout]   --> src/main.rs:28:1
[INFO] [stdout]    |
[INFO] [stdout] 28 | extern crate rustc_span;
[INFO] [stdout]    | ^^^^^^^^^^^^^^^^^^^^^^^^ can't find crate
[INFO] [stdout]    |
[INFO] [stdout]    = help: maybe you need to install the missing components with: `rustup component add rust-src rustc-dev llvm-tools-preview`
[INFO] [stdout] 
[INFO] [stdout] 
[INFO] [stdout] error[E0463]: can't find crate for `rustc_symbol_mangling`
[INFO] [stdout]   --> src/main.rs:29:1
[INFO] [stdout]    |
[INFO] [stdout] 29 | extern crate rustc_symbol_mangling;
[INFO] [stdout]    | ^^^^^^^^^^^^^^^^^^^^^^^^^^^^^^^^^^^ can't find crate
[INFO] [stdout]    |
[INFO] [stdout]    = help: maybe you need to install the missing components with: `rustup component add rust-src rustc-dev llvm-tools-preview`
[INFO] [stdout] 
[INFO] [stdout] 
[INFO] [stdout] error[E0463]: can't find crate for `rustc_target`
[INFO] [stdout]   --> src/main.rs:30:1
[INFO] [stdout]    |
[INFO] [stdout] 30 | extern crate rustc_target;
[INFO] [stdout]    | ^^^^^^^^^^^^^^^^^^^^^^^^^^ can't find crate
[INFO] [stdout]    |
[INFO] [stdout]    = help: maybe you need to install the missing components with: `rustup component add rust-src rustc-dev llvm-tools-preview`
[INFO] [stdout] 
[INFO] [stdout] 
[INFO] [stdout] error[E0463]: can't find crate for `rustc_trait_selection`
[INFO] [stdout]   --> src/main.rs:31:1
[INFO] [stdout]    |
[INFO] [stdout] 31 | extern crate rustc_trait_selection;
[INFO] [stdout]    | ^^^^^^^^^^^^^^^^^^^^^^^^^^^^^^^^^^^ can't find crate
[INFO] [stdout]    |
[INFO] [stdout]    = help: maybe you need to install the missing components with: `rustup component add rust-src rustc-dev llvm-tools-preview`
[INFO] [stdout] 
[INFO] [stdout] 
[INFO] [stdout] error[E0463]: can't find crate for `tracing`
[INFO] [stdout]   --> src/main.rs:34:1
[INFO] [stdout]    |
[INFO] [stdout] 34 | extern crate tracing;
[INFO] [stdout]    | ^^^^^^^^^^^^^^^^^^^^^ can't find crate
[INFO] [stdout] 
[INFO] [stdout] 
[INFO] [stderr]     Checking getopts v0.2.21
[INFO] [stdout] error: cannot find macro `debug` in this scope
[INFO] [stdout]    --> src/monomorphize_collector.rs:120:5
[INFO] [stdout]     |
[INFO] [stdout] 120 |     debug!("building mono item graph, beginning at roots");
[INFO] [stdout]     |     ^^^^^
[INFO] [stdout] 
[INFO] [stdout] 
[INFO] [stdout] error: cannot find macro `debug` in this scope
[INFO] [stdout]    --> src/monomorphize_collector.rs:134:17
[INFO] [stdout]     |
[INFO] [stdout] 134 |                 debug!("root {root:?}");
[INFO] [stdout]     |                 ^^^^^
[INFO] [stdout] 
[INFO] [stdout] 
[INFO] [stdout] error: cannot find macro `debug` in this scope
[INFO] [stdout]    --> src/monomorphize_collector.rs:169:5
[INFO] [stdout]     |
[INFO] [stdout] 169 |     debug!("collecting roots");
[INFO] [stdout]     |     ^^^^^
[INFO] [stdout] 
[INFO] [stdout] 
[INFO] [stdout] error: cannot find macro `debug` in this scope
[INFO] [stdout]    --> src/monomorphize_collector.rs:175:9
[INFO] [stdout]     |
[INFO] [stdout] 175 |         debug!("collect_roots: entry_fn = {:?}", entry_fn);
[INFO] [stdout]     |         ^^^^^
[INFO] [stdout] 
[INFO] [stdout] 
[INFO] [stdout] error: cannot find macro `debug` in this scope
[INFO] [stdout]    --> src/monomorphize_collector.rs:187:9
[INFO] [stdout]     |
[INFO] [stdout] 187 |         debug!("crate_items {crate_items:#?}");
[INFO] [stdout]     |         ^^^^^
[INFO] [stdout] 
[INFO] [stdout] 
[INFO] [stdout] error: cannot find macro `debug` in this scope
[INFO] [stdout]    --> src/monomorphize_collector.rs:194:13
[INFO] [stdout]     |
[INFO] [stdout] 194 |             debug!("impl_items {id:#?}");
[INFO] [stdout]     |             ^^^^^
[INFO] [stdout] 
[INFO] [stdout] 
[INFO] [stdout] error: cannot find macro `trace` in this scope
[INFO] [stdout]    --> src/monomorphize_collector.rs:336:29
[INFO] [stdout]     |
[INFO] [stdout] 336 | ...                   trace!("collecting static {:?}", def_id);
[INFO] [stdout]     |                       ^^^^^
[INFO] [stdout] 
[INFO] [stdout] 
[INFO] [stderr]     Checking dirs-next v2.0.0
[INFO] [stdout] error: cannot find macro `debug` in this scope
[INFO] [stdout]    --> src/monomorphize_collector.rs:375:5
[INFO] [stdout]     |
[INFO] [stdout] 375 |     debug!("starting_item {starting_item:#?}");
[INFO] [stdout]     |     ^^^^^
[INFO] [stdout] 
[INFO] [stdout] 
[INFO] [stdout] error: cannot find macro `debug` in this scope
[INFO] [stdout]    --> src/monomorphize_collector.rs:448:5
[INFO] [stdout]     |
[INFO] [stdout] 448 |     debug!(" => recursion depth={}", recursion_depth);
[INFO] [stdout]     |     ^^^^^
[INFO] [stdout] 
[INFO] [stdout] 
[INFO] [stdout] error: cannot find macro `debug` in this scope
[INFO] [stdout]    --> src/monomorphize_collector.rs:495:5
[INFO] [stdout]     |
[INFO] [stdout] 495 |     debug!(" => type length={}", type_length);
[INFO] [stdout]     |     ^^^^^
[INFO] [stdout] 
[INFO] [stdout] 
[INFO] [stdout] error: cannot find macro `debug` in this scope
[INFO] [stdout]    --> src/monomorphize_collector.rs:539:9
[INFO] [stdout]     |
[INFO] [stdout] 539 |         debug!("monomorphize: self.instance={:?}", self.instance);
[INFO] [stdout]     |         ^^^^^
[INFO] [stdout] 
[INFO] [stdout] 
[INFO] [stdout] error: cannot find macro `debug` in this scope
[INFO] [stdout]    --> src/monomorphize_collector.rs:550:9
[INFO] [stdout]     |
[INFO] [stdout] 550 |         debug!("visiting rvalue {:?}", *rvalue);
[INFO] [stdout]     |         ^^^^^
[INFO] [stdout] 
[INFO] [stdout] 
[INFO] [stdout] error: cannot find macro `trace` in this scope
[INFO] [stdout]    --> src/monomorphize_collector.rs:629:17
[INFO] [stdout]     |
[INFO] [stdout] 629 |                 trace!("collecting thread-local static {:?}", def_id);
[INFO] [stdout]     |                 ^^^^^
[INFO] [stdout] 
[INFO] [stdout] 
[INFO] [stdout] error: cannot find macro `debug` in this scope
[INFO] [stdout]    --> src/monomorphize_collector.rs:688:9
[INFO] [stdout]     |
[INFO] [stdout] 688 |         debug!("visiting terminator {:?} @ {:?}", terminator, location);
[INFO] [stdout]     |         ^^^^^
[INFO] [stdout] 
[INFO] [stdout] 
[INFO] [stdout] error: cannot find macro `debug` in this scope
[INFO] [stdout]    --> src/monomorphize_collector.rs:690:9
[INFO] [stdout]     |
[INFO] [stdout] 690 |         debug!("{source:?}");
[INFO] [stdout]     |         ^^^^^
[INFO] [stdout] 
[INFO] [stdout] 
[INFO] [stdout] error: cannot find macro `trace` in this scope
[INFO] [stdout]    --> src/monomorphize_collector.rs:726:29
[INFO] [stdout]     |
[INFO] [stdout] 726 | ...                   trace!("collecting asm sym static {:?}", def_id);
[INFO] [stdout]     |                       ^^^^^
[INFO] [stdout] 
[INFO] [stdout] 
[INFO] [stdout] error: cannot find macro `debug` in this scope
[INFO] [stdout]    --> src/monomorphize_collector.rs:795:5
[INFO] [stdout]     |
[INFO] [stdout] 795 |     debug!("{source:?}");
[INFO] [stdout]     |     ^^^^^
[INFO] [stdout] 
[INFO] [stdout] 
[INFO] [stdout] error: cannot find macro `debug` in this scope
[INFO] [stdout]    --> src/monomorphize_collector.rs:818:5
[INFO] [stdout]     |
[INFO] [stdout] 818 |     debug!(
[INFO] [stdout]     |     ^^^^^
[INFO] [stdout] 
[INFO] [stdout] 
[INFO] [stdout] error: cannot find macro `debug` in this scope
[INFO] [stdout]     --> src/monomorphize_collector.rs:1070:21
[INFO] [stdout]      |
[INFO] [stdout] 1070 |                     debug!("RootCollector: ADT drop-glue for {id:?}",);
[INFO] [stdout]      |                     ^^^^^
[INFO] [stdout] 
[INFO] [stdout] 
[INFO] [stdout] error: cannot find macro `debug` in this scope
[INFO] [stdout]     --> src/monomorphize_collector.rs:1086:17
[INFO] [stdout]      |
[INFO] [stdout] 1086 |                 debug!(
[INFO] [stdout]      |                 ^^^^^
[INFO] [stdout] 
[INFO] [stdout] 
[INFO] [stdout] error: cannot find macro `debug` in this scope
[INFO] [stdout]     --> src/monomorphize_collector.rs:1093:17
[INFO] [stdout]      |
[INFO] [stdout] 1093 |                 debug!(
[INFO] [stdout]      |                 ^^^^^
[INFO] [stdout] 
[INFO] [stdout] 
[INFO] [stdout] error: cannot find macro `debug` in this scope
[INFO] [stdout]     --> src/monomorphize_collector.rs:1147:13
[INFO] [stdout]      |
[INFO] [stdout] 1147 |             debug!("found root");
[INFO] [stdout]      |             ^^^^^
[INFO] [stdout] 
[INFO] [stdout] 
[INFO] [stdout] error: cannot find macro `trace` in this scope
[INFO] [stdout]     --> src/monomorphize_collector.rs:1265:13
[INFO] [stdout]      |
[INFO] [stdout] 1265 |             trace!("collecting static {:?}", def_id);
[INFO] [stdout]      |             ^^^^^
[INFO] [stdout] 
[INFO] [stdout] 
[INFO] [stdout] error: cannot find macro `trace` in this scope
[INFO] [stdout]     --> src/monomorphize_collector.rs:1269:13
[INFO] [stdout]      |
[INFO] [stdout] 1269 |             trace!("collecting {:?} with {:#?}", alloc_id, alloc);
[INFO] [stdout]      |             ^^^^^
[INFO] [stdout] 
[INFO] [stdout] 
[INFO] [stdout] error: cannot find macro `trace` in this scope
[INFO] [stdout]     --> src/monomorphize_collector.rs:1277:13
[INFO] [stdout]      |
[INFO] [stdout] 1277 |             trace!("collecting {:?} with {:#?}", alloc_id, fn_instance);
[INFO] [stdout]      |             ^^^^^
[INFO] [stdout] 
[INFO] [stdout] 
[INFO] [stdout] error[E0425]: cannot find value `INCORRECT_ATTRIBUTE` in the crate root
[INFO] [stdout]   --> src/attribute.rs:62:20
[INFO] [stdout]    |
[INFO] [stdout] 62 |             crate::INCORRECT_ATTRIBUTE,
[INFO] [stdout]    |                    ^^^^^^^^^^^^^^^^^^^ not found in the crate root
[INFO] [stdout] 
[INFO] [stdout] 
[INFO] [stdout] error[E0425]: cannot find value `INCORRECT_ATTRIBUTE` in the crate root
[INFO] [stdout]    --> src/attribute.rs:266:24
[INFO] [stdout]     |
[INFO] [stdout] 266 |                 crate::INCORRECT_ATTRIBUTE,
[INFO] [stdout]     |                        ^^^^^^^^^^^^^^^^^^^ not found in the crate root
[INFO] [stdout] 
[INFO] [stdout] 
[INFO] [stdout] error[E0425]: cannot find value `INCORRECT_ATTRIBUTE` in the crate root
[INFO] [stdout]    --> src/attribute.rs:282:28
[INFO] [stdout]     |
[INFO] [stdout] 282 |                     crate::INCORRECT_ATTRIBUTE,
[INFO] [stdout]     |                            ^^^^^^^^^^^^^^^^^^^ not found in the crate root
[INFO] [stdout] 
[INFO] [stdout] 
[INFO] [stdout] error[E0425]: cannot find value `DISALLOW` in this scope
[INFO] [stdout]   --> src/disallow.rs:92:33
[INFO] [stdout]    |
[INFO] [stdout] 92 | ...                   DISALLOW,
[INFO] [stdout]    |                       ^^^^^^^^ not found in this scope
[INFO] [stdout] 
[INFO] [stdout] 
[INFO] [stdout] error[E0425]: cannot find value `DISALLOW` in this scope
[INFO] [stdout]    --> src/disallow.rs:153:29
[INFO] [stdout]     |
[INFO] [stdout] 153 | ...                   DISALLOW,
[INFO] [stdout]     |                       ^^^^^^^^ not found in this scope
[INFO] [stdout] 
[INFO] [stdout] 
[INFO] [stdout] error[E0412]: cannot find type `InfallibleAllocation` in this scope
[INFO] [stdout]   --> src/infallible_allocation.rs:21:35
[INFO] [stdout]    |
[INFO] [stdout] 21 | impl<'tcx> LateLintPass<'tcx> for InfallibleAllocation {
[INFO] [stdout]    |                                   ^^^^^^^^^^^^^^^^^^^^ not found in this scope
[INFO] [stdout] 
[INFO] [stdout] 
[INFO] [stdout] error[E0425]: cannot find value `INFALLIBLE_ALLOCATION` in this scope
[INFO] [stdout]    --> src/infallible_allocation.rs:176:26
[INFO] [stdout]     |
[INFO] [stdout] 176 |                         &INFALLIBLE_ALLOCATION,
[INFO] [stdout]     |                          ^^^^^^^^^^^^^^^^^^^^^ not found in this scope
[INFO] [stdout] 
[INFO] [stdout] 
[INFO] [stdout] error[E0425]: cannot find value `PANICS` in this scope
[INFO] [stdout]   --> src/panic_freedom.rs:14:9
[INFO] [stdout]    |
[INFO] [stdout] 14 |         PANICS
[INFO] [stdout]    |         ^^^^^^ not found in this scope
[INFO] [stdout] 
[INFO] [stdout] 
[INFO] [stdout] error[E0425]: cannot find value `DISALLOW` in module `disallow`
[INFO] [stdout]   --> src/main.rs:94:28
[INFO] [stdout]    |
[INFO] [stdout] 94 |                 &disallow::DISALLOW,
[INFO] [stdout]    |                            ^^^^^^^^ not found in `disallow`
[INFO] [stdout] 
[INFO] [stdout] 
[INFO] [stdout] error[E0425]: cannot find value `PANICS` in module `panic_freedom`
[INFO] [stdout]   --> src/main.rs:95:33
[INFO] [stdout]    |
[INFO] [stdout] 95 |                 &panic_freedom::PANICS,
[INFO] [stdout]    |                                 ^^^^^^ not found in `panic_freedom`
[INFO] [stdout] 
[INFO] [stdout] 
[INFO] [stdout] error[E0425]: cannot find value `INFALLIBLE_ALLOCATION` in module `infallible_allocation`
[INFO] [stdout]   --> src/main.rs:96:41
[INFO] [stdout]    |
[INFO] [stdout] 96 |                 &infallible_allocation::INFALLIBLE_ALLOCATION,
[INFO] [stdout]    |                                         ^^^^^^^^^^^^^^^^^^^^^ not found in `infallible_allocation`
[INFO] [stdout] 
[INFO] [stdout] 
[INFO] [stdout] error[E0425]: cannot find value `InfallibleAllocation` in module `infallible_allocation`
[INFO] [stdout]    --> src/main.rs:101:73
[INFO] [stdout]     |
[INFO] [stdout] 101 |                 .register_late_pass(|_| Box::new(infallible_allocation::InfallibleAllocation));
[INFO] [stdout]     |                                                                         ^^^^^^^^^^^^^^^^^^^^ not found in `infallible_allocation`
[INFO] [stdout] 
[INFO] [stdout] 
[INFO] [stdout] error: aborting due to 59 previous errors
[INFO] [stdout] 
[INFO] [stdout] 
[INFO] [stdout] Some errors have detailed explanations: E0412, E0425, E0463.
[INFO] [stdout] 
[INFO] [stdout] For more information about an error, try `rustc --explain E0412`.
[INFO] [stdout] 
[INFO] [stderr]     Checking term v0.7.0
[INFO] [stderr] error: could not compile `redpen-linter` (bin "rustc_redpen") due to 60 previous errors
[INFO] [stderr] warning: build failed, waiting for other jobs to finish...
[INFO] running `Command { std: "docker" "inspect" "001151bc85ee1e1be74a0c5513851579c3d093db4d01d8bd47f0cd4f024d35b4", kill_on_drop: false }`
[INFO] running `Command { std: "docker" "rm" "-f" "001151bc85ee1e1be74a0c5513851579c3d093db4d01d8bd47f0cd4f024d35b4", kill_on_drop: false }`
[INFO] [stdout] 001151bc85ee1e1be74a0c5513851579c3d093db4d01d8bd47f0cd4f024d35b4
[INFO] checking redpen-linter-0.3.0 against nightly-2024-02-05+rustflags=-Dunexpected_cfgs+cargoflags=-Zcheck-cfg for check-cfg
[INFO] extracting crate redpen-linter 0.3.0 into /workspace/builds/worker-0-tc2/source
[INFO] validating manifest of crates.io crate redpen-linter 0.3.0 on toolchain nightly-2024-02-05
[INFO] running `Command { std: CARGO_HOME="/workspace/cargo-home" RUSTUP_HOME="/workspace/rustup-home" "/workspace/cargo-home/bin/cargo" "+nightly-2024-02-05" "metadata" "--manifest-path" "Cargo.toml" "--no-deps", kill_on_drop: false }`
[INFO] removed /workspace/builds/worker-0-tc2/source/.cargo/config
[INFO] removed /workspace/builds/worker-0-tc2/source/rust-toolchain
[INFO] started tweaking crates.io crate redpen-linter 0.3.0
[INFO] finished tweaking crates.io crate redpen-linter 0.3.0
[INFO] tweaked toml for crates.io crate redpen-linter 0.3.0 written to /workspace/builds/worker-0-tc2/source/Cargo.toml
[INFO] crate crates.io crate redpen-linter 0.3.0 already has a lockfile, it will not be regenerated
[INFO] running `Command { std: CARGO_HOME="/workspace/cargo-home" RUSTUP_HOME="/workspace/rustup-home" "/workspace/cargo-home/bin/cargo" "+nightly-2024-02-05" "fetch" "--manifest-path" "Cargo.toml", kill_on_drop: false }`
[INFO] running `Command { std: "docker" "create" "-v" "/var/lib/crater-agent-workspace/builds/worker-0-tc2/target:/opt/rustwide/target:rw,Z" "-v" "/var/lib/crater-agent-workspace/builds/worker-0-tc2/source:/opt/rustwide/workdir:ro,Z" "-v" "/var/lib/crater-agent-workspace/cargo-home:/opt/rustwide/cargo-home:ro,Z" "-v" "/var/lib/crater-agent-workspace/rustup-home:/opt/rustwide/rustup-home:ro,Z" "-e" "SOURCE_DIR=/opt/rustwide/workdir" "-e" "CARGO_TARGET_DIR=/opt/rustwide/target" "-e" "CARGO_HOME=/opt/rustwide/cargo-home" "-e" "RUSTUP_HOME=/opt/rustwide/rustup-home" "-w" "/opt/rustwide/workdir" "-m" "1610612736" "--user" "0:0" "--network" "none" "ghcr.io/rust-lang/crates-build-env/linux@sha256:2788e3201cd34a07e3172128adcd8b3090168a8e3bcc40d7c032b9dda1df7d1c" "/opt/rustwide/cargo-home/bin/cargo" "+nightly-2024-02-05" "metadata" "--no-deps" "--format-version=1", kill_on_drop: false }`
[INFO] [stdout] 78620e23811b3d524395091f2b5a8981a8e86f2dcaf369cdb8ecdcd73ce96f39
[INFO] running `Command { std: "docker" "start" "-a" "78620e23811b3d524395091f2b5a8981a8e86f2dcaf369cdb8ecdcd73ce96f39", kill_on_drop: false }`
[INFO] running `Command { std: "docker" "inspect" "78620e23811b3d524395091f2b5a8981a8e86f2dcaf369cdb8ecdcd73ce96f39", kill_on_drop: false }`
[INFO] running `Command { std: "docker" "rm" "-f" "78620e23811b3d524395091f2b5a8981a8e86f2dcaf369cdb8ecdcd73ce96f39", kill_on_drop: false }`
[INFO] [stdout] 78620e23811b3d524395091f2b5a8981a8e86f2dcaf369cdb8ecdcd73ce96f39
[INFO] running `Command { std: "docker" "create" "-v" "/var/lib/crater-agent-workspace/builds/worker-0-tc2/target:/opt/rustwide/target:rw,Z" "-v" "/var/lib/crater-agent-workspace/builds/worker-0-tc2/source:/opt/rustwide/workdir:ro,Z" "-v" "/var/lib/crater-agent-workspace/cargo-home:/opt/rustwide/cargo-home:ro,Z" "-v" "/var/lib/crater-agent-workspace/rustup-home:/opt/rustwide/rustup-home:ro,Z" "-e" "SOURCE_DIR=/opt/rustwide/workdir" "-e" "CARGO_TARGET_DIR=/opt/rustwide/target" "-e" "CARGO_INCREMENTAL=0" "-e" "RUST_BACKTRACE=full" "-e" "RUSTFLAGS=--cap-lints=forbid -Dunexpected_cfgs" "-e" "RUSTDOCFLAGS=--cap-lints=forbid" "-e" "CARGO_HOME=/opt/rustwide/cargo-home" "-e" "RUSTUP_HOME=/opt/rustwide/rustup-home" "-w" "/opt/rustwide/workdir" "-m" "1610612736" "--user" "0:0" "--network" "none" "ghcr.io/rust-lang/crates-build-env/linux@sha256:2788e3201cd34a07e3172128adcd8b3090168a8e3bcc40d7c032b9dda1df7d1c" "/opt/rustwide/cargo-home/bin/cargo" "+nightly-2024-02-05" "check" "--frozen" "--all" "--all-targets" "--message-format=json" "-Zcheck-cfg", kill_on_drop: false }`
[INFO] [stdout] 276f2a62ee2585c5397febeee53647a2a890d9f171e81739c254b2feac623161
[INFO] running `Command { std: "docker" "start" "-a" "276f2a62ee2585c5397febeee53647a2a890d9f171e81739c254b2feac623161", kill_on_drop: false }`
[INFO] [stderr]    Compiling serde_json v1.0.105
[INFO] [stderr]    Compiling rustix v0.38.11
[INFO] [stderr]    Compiling anyhow v1.0.75
[INFO] [stderr]     Checking unicode-width v0.1.10
[INFO] [stderr]     Checking regex-syntax v0.7.5
[INFO] [stderr]    Compiling compiletest_rs v0.10.2
[INFO] [stderr]     Checking diff v0.1.13
[INFO] [stderr]     Checking redpen-linter v0.3.0 (/opt/rustwide/workdir)
[INFO] [stderr]    Compiling syn v2.0.29
[INFO] [stderr]     Checking dirs-sys-next v0.1.2
[INFO] [stderr]     Checking filetime v0.2.22
[INFO] [stdout] error[E0463]: can't find crate for `rustc_ast`
[INFO] [stdout]   --> src/main.rs:11:1
[INFO] [stdout]    |
[INFO] [stdout] 11 | extern crate rustc_ast;
[INFO] [stdout]    | ^^^^^^^^^^^^^^^^^^^^^^^ can't find crate
[INFO] [stdout]    |
[INFO] [stdout]    = help: maybe you need to install the missing components with: `rustup component add rust-src rustc-dev llvm-tools-preview`
[INFO] [stdout] 
[INFO] [stdout] 
[INFO] [stdout] error[E0463]: can't find crate for `rustc_data_structures`
[INFO] [stdout]   --> src/main.rs:12:1
[INFO] [stdout]    |
[INFO] [stdout] 12 | extern crate rustc_data_structures;
[INFO] [stdout]    | ^^^^^^^^^^^^^^^^^^^^^^^^^^^^^^^^^^^ can't find crate
[INFO] [stdout]    |
[INFO] [stdout]    = help: maybe you need to install the missing components with: `rustup component add rust-src rustc-dev llvm-tools-preview`
[INFO] [stdout] 
[INFO] [stdout] 
[INFO] [stdout] error[E0463]: can't find crate for `rustc_driver`
[INFO] [stdout]   --> src/main.rs:13:1
[INFO] [stdout]    |
[INFO] [stdout] 13 | extern crate rustc_driver;
[INFO] [stdout]    | ^^^^^^^^^^^^^^^^^^^^^^^^^^ can't find crate
[INFO] [stdout]    |
[INFO] [stdout]    = help: maybe you need to install the missing components with: `rustup component add rust-src rustc-dev llvm-tools-preview`
[INFO] [stdout] 
[INFO] [stdout] 
[INFO] [stdout] error[E0463]: can't find crate for `rustc_errors`
[INFO] [stdout]   --> src/main.rs:14:1
[INFO] [stdout]    |
[INFO] [stdout] 14 | extern crate rustc_errors;
[INFO] [stdout]    | ^^^^^^^^^^^^^^^^^^^^^^^^^^ can't find crate
[INFO] [stdout]    |
[INFO] [stdout]    = help: maybe you need to install the missing components with: `rustup component add rust-src rustc-dev llvm-tools-preview`
[INFO] [stdout] 
[INFO] [stdout] 
[INFO] [stdout] error[E0463]: can't find crate for `rustc_hir`
[INFO] [stdout]   --> src/main.rs:15:1
[INFO] [stdout]    |
[INFO] [stdout] 15 | extern crate rustc_hir;
[INFO] [stdout]    | ^^^^^^^^^^^^^^^^^^^^^^^ can't find crate
[INFO] [stdout]    |
[INFO] [stdout]    = help: maybe you need to install the missing components with: `rustup component add rust-src rustc-dev llvm-tools-preview`
[INFO] [stdout] 
[INFO] [stdout] 
[INFO] [stdout] error[E0463]: can't find crate for `rustc_hir_typeck`
[INFO] [stdout]   --> src/main.rs:16:1
[INFO] [stdout]    |
[INFO] [stdout] 16 | extern crate rustc_hir_typeck;
[INFO] [stdout]    | ^^^^^^^^^^^^^^^^^^^^^^^^^^^^^^ can't find crate
[INFO] [stdout]    |
[INFO] [stdout]    = help: maybe you need to install the missing components with: `rustup component add rust-src rustc-dev llvm-tools-preview`
[INFO] [stdout] 
[INFO] [stdout] 
[INFO] [stdout] error[E0463]: can't find crate for `rustc_index`
[INFO] [stdout]   --> src/main.rs:17:1
[INFO] [stdout]    |
[INFO] [stdout] 17 | extern crate rustc_index;
[INFO] [stdout]    | ^^^^^^^^^^^^^^^^^^^^^^^^^ can't find crate
[INFO] [stdout]    |
[INFO] [stdout]    = help: maybe you need to install the missing components with: `rustup component add rust-src rustc-dev llvm-tools-preview`
[INFO] [stdout] 
[INFO] [stdout] 
[INFO] [stdout] error[E0463]: can't find crate for `rustc_infer`
[INFO] [stdout]   --> src/main.rs:18:1
[INFO] [stdout]    |
[INFO] [stdout] 18 | extern crate rustc_infer;
[INFO] [stdout]    | ^^^^^^^^^^^^^^^^^^^^^^^^^ can't find crate
[INFO] [stdout]    |
[INFO] [stdout]    = help: maybe you need to install the missing components with: `rustup component add rust-src rustc-dev llvm-tools-preview`
[INFO] [stdout] 
[INFO] [stdout] 
[INFO] [stdout] error[E0463]: can't find crate for `rustc_interface`
[INFO] [stdout]   --> src/main.rs:19:1
[INFO] [stdout]    |
[INFO] [stdout] 19 | extern crate rustc_interface;
[INFO] [stdout]    | ^^^^^^^^^^^^^^^^^^^^^^^^^^^^^ can't find crate
[INFO] [stdout]    |
[INFO] [stdout]    = help: maybe you need to install the missing components with: `rustup component add rust-src rustc-dev llvm-tools-preview`
[INFO] [stdout] 
[INFO] [stdout] 
[INFO] [stdout] error[E0463]: can't find crate for `rustc_lint`
[INFO] [stdout]   --> src/main.rs:20:1
[INFO] [stdout]    |
[INFO] [stdout] 20 | extern crate rustc_lint;
[INFO] [stdout]    | ^^^^^^^^^^^^^^^^^^^^^^^^ can't find crate
[INFO] [stdout]    |
[INFO] [stdout]    = help: maybe you need to install the missing components with: `rustup component add rust-src rustc-dev llvm-tools-preview`
[INFO] [stdout] 
[INFO] [stdout] 
[INFO] [stdout] error[E0463]: can't find crate for `rustc_macros`
[INFO] [stdout]   --> src/main.rs:21:1
[INFO] [stdout]    |
[INFO] [stdout] 21 | extern crate rustc_macros;
[INFO] [stdout]    | ^^^^^^^^^^^^^^^^^^^^^^^^^^ can't find crate
[INFO] [stdout]    |
[INFO] [stdout]    = help: maybe you need to install the missing components with: `rustup component add rust-src rustc-dev llvm-tools-preview`
[INFO] [stdout] 
[INFO] [stdout] 
[INFO] [stdout] error[E0463]: can't find crate for `rustc_middle`
[INFO] [stdout]   --> src/main.rs:22:1
[INFO] [stdout]    |
[INFO] [stdout] 22 | extern crate rustc_middle;
[INFO] [stdout]    | ^^^^^^^^^^^^^^^^^^^^^^^^^^ can't find crate
[INFO] [stdout]    |
[INFO] [stdout]    = help: maybe you need to install the missing components with: `rustup component add rust-src rustc-dev llvm-tools-preview`
[INFO] [stdout] 
[INFO] [stdout] 
[INFO] [stdout] error[E0463]: can't find crate for `rustc_mir_dataflow`
[INFO] [stdout]   --> src/main.rs:23:1
[INFO] [stdout]    |
[INFO] [stdout] 23 | extern crate rustc_mir_dataflow;
[INFO] [stdout]    | ^^^^^^^^^^^^^^^^^^^^^^^^^^^^^^^^ can't find crate
[INFO] [stdout]    |
[INFO] [stdout]    = help: maybe you need to install the missing components with: `rustup component add rust-src rustc-dev llvm-tools-preview`
[INFO] [stdout] 
[INFO] [stdout] 
[INFO] [stdout] error[E0463]: can't find crate for `rustc_monomorphize`
[INFO] [stdout]   --> src/main.rs:24:1
[INFO] [stdout]    |
[INFO] [stdout] 24 | extern crate rustc_monomorphize;
[INFO] [stdout]    | ^^^^^^^^^^^^^^^^^^^^^^^^^^^^^^^^ can't find crate
[INFO] [stdout]    |
[INFO] [stdout]    = help: maybe you need to install the missing components with: `rustup component add rust-src rustc-dev llvm-tools-preview`
[INFO] [stdout] 
[INFO] [stdout] 
[INFO] [stdout] error[E0463]: can't find crate for `rustc_serialize`
[INFO] [stdout]   --> src/main.rs:25:1
[INFO] [stdout]    |
[INFO] [stdout] 25 | extern crate rustc_serialize;
[INFO] [stdout]    | ^^^^^^^^^^^^^^^^^^^^^^^^^^^^^ can't find crate
[INFO] [stdout]    |
[INFO] [stdout]    = help: maybe you need to install the missing components with: `rustup component add rust-src rustc-dev llvm-tools-preview`
[INFO] [stdout] 
[INFO] [stdout] 
[INFO] [stdout] error[E0463]: can't find crate for `rustc_session`
[INFO] [stdout]   --> src/main.rs:26:1
[INFO] [stdout]    |
[INFO] [stdout] 26 | extern crate rustc_session;
[INFO] [stdout]    | ^^^^^^^^^^^^^^^^^^^^^^^^^^^ can't find crate
[INFO] [stdout]    |
[INFO] [stdout]    = help: maybe you need to install the missing components with: `rustup component add rust-src rustc-dev llvm-tools-preview`
[INFO] [stdout] 
[INFO] [stdout] 
[INFO] [stdout] error[E0463]: can't find crate for `rustc_smir`
[INFO] [stdout]   --> src/main.rs:27:1
[INFO] [stdout]    |
[INFO] [stdout] 27 | extern crate rustc_smir;
[INFO] [stdout]    | ^^^^^^^^^^^^^^^^^^^^^^^^ can't find crate
[INFO] [stdout]    |
[INFO] [stdout]    = help: maybe you need to install the missing components with: `rustup component add rust-src rustc-dev llvm-tools-preview`
[INFO] [stdout] 
[INFO] [stdout] 
[INFO] [stdout] error[E0463]: can't find crate for `rustc_span`
[INFO] [stdout]   --> src/main.rs:28:1
[INFO] [stdout]    |
[INFO] [stdout] 28 | extern crate rustc_span;
[INFO] [stdout]    | ^^^^^^^^^^^^^^^^^^^^^^^^ can't find crate
[INFO] [stdout]    |
[INFO] [stdout]    = help: maybe you need to install the missing components with: `rustup component add rust-src rustc-dev llvm-tools-preview`
[INFO] [stdout] 
[INFO] [stdout] 
[INFO] [stdout] error[E0463]: can't find crate for `rustc_symbol_mangling`
[INFO] [stdout]   --> src/main.rs:29:1
[INFO] [stdout]    |
[INFO] [stdout] 29 | extern crate rustc_symbol_mangling;
[INFO] [stdout]    | ^^^^^^^^^^^^^^^^^^^^^^^^^^^^^^^^^^^ can't find crate
[INFO] [stdout]    |
[INFO] [stdout]    = help: maybe you need to install the missing components with: `rustup component add rust-src rustc-dev llvm-tools-preview`
[INFO] [stdout] 
[INFO] [stdout] 
[INFO] [stdout] error[E0463]: can't find crate for `rustc_target`
[INFO] [stdout]   --> src/main.rs:30:1
[INFO] [stdout]    |
[INFO] [stdout] 30 | extern crate rustc_target;
[INFO] [stdout]    | ^^^^^^^^^^^^^^^^^^^^^^^^^^ can't find crate
[INFO] [stdout]    |
[INFO] [stdout]    = help: maybe you need to install the missing components with: `rustup component add rust-src rustc-dev llvm-tools-preview`
[INFO] [stdout] 
[INFO] [stdout] 
[INFO] [stdout] error[E0463]: can't find crate for `rustc_trait_selection`
[INFO] [stdout]   --> src/main.rs:31:1
[INFO] [stdout]    |
[INFO] [stdout] 31 | extern crate rustc_trait_selection;
[INFO] [stdout]    | ^^^^^^^^^^^^^^^^^^^^^^^^^^^^^^^^^^^ can't find crate
[INFO] [stdout]    |
[INFO] [stdout]    = help: maybe you need to install the missing components with: `rustup component add rust-src rustc-dev llvm-tools-preview`
[INFO] [stdout] 
[INFO] [stdout] 
[INFO] [stdout] error[E0463]: can't find crate for `tracing`
[INFO] [stdout]   --> src/main.rs:34:1
[INFO] [stdout]    |
[INFO] [stdout] 34 | extern crate tracing;
[INFO] [stdout]    | ^^^^^^^^^^^^^^^^^^^^^ can't find crate
[INFO] [stdout] 
[INFO] [stdout] 
[INFO] [stderr]     Checking getopts v0.2.21
[INFO] [stdout] error: cannot find macro `debug` in this scope
[INFO] [stdout]    --> src/monomorphize_collector.rs:120:5
[INFO] [stdout]     |
[INFO] [stdout] 120 |     debug!("building mono item graph, beginning at roots");
[INFO] [stdout]     |     ^^^^^
[INFO] [stdout] 
[INFO] [stdout] 
[INFO] [stdout] error: cannot find macro `debug` in this scope
[INFO] [stdout]    --> src/monomorphize_collector.rs:134:17
[INFO] [stdout]     |
[INFO] [stdout] 134 |                 debug!("root {root:?}");
[INFO] [stdout]     |                 ^^^^^
[INFO] [stdout] 
[INFO] [stdout] 
[INFO] [stdout] error: cannot find macro `debug` in this scope
[INFO] [stdout]    --> src/monomorphize_collector.rs:169:5
[INFO] [stdout]     |
[INFO] [stdout] 169 |     debug!("collecting roots");
[INFO] [stdout]     |     ^^^^^
[INFO] [stdout] 
[INFO] [stdout] 
[INFO] [stdout] error: cannot find macro `debug` in this scope
[INFO] [stdout]    --> src/monomorphize_collector.rs:175:9
[INFO] [stdout]     |
[INFO] [stdout] 175 |         debug!("collect_roots: entry_fn = {:?}", entry_fn);
[INFO] [stdout]     |         ^^^^^
[INFO] [stdout] 
[INFO] [stdout] 
[INFO] [stdout] error: cannot find macro `debug` in this scope
[INFO] [stdout]    --> src/monomorphize_collector.rs:187:9
[INFO] [stdout]     |
[INFO] [stdout] 187 |         debug!("crate_items {crate_items:#?}");
[INFO] [stdout]     |         ^^^^^
[INFO] [stdout] 
[INFO] [stdout] 
[INFO] [stdout] error: cannot find macro `debug` in this scope
[INFO] [stdout]    --> src/monomorphize_collector.rs:194:13
[INFO] [stdout]     |
[INFO] [stdout] 194 |             debug!("impl_items {id:#?}");
[INFO] [stdout]     |             ^^^^^
[INFO] [stdout] 
[INFO] [stdout] 
[INFO] [stdout] error: cannot find macro `trace` in this scope
[INFO] [stdout]    --> src/monomorphize_collector.rs:336:29
[INFO] [stdout]     |
[INFO] [stdout] 336 | ...                   trace!("collecting static {:?}", def_id);
[INFO] [stdout]     |                       ^^^^^
[INFO] [stdout] 
[INFO] [stdout] 
[INFO] [stdout] error: cannot find macro `debug` in this scope
[INFO] [stdout]    --> src/monomorphize_collector.rs:375:5
[INFO] [stdout]     |
[INFO] [stdout] 375 |     debug!("starting_item {starting_item:#?}");
[INFO] [stdout]     |     ^^^^^
[INFO] [stdout] 
[INFO] [stdout] 
[INFO] [stdout] error: cannot find macro `debug` in this scope
[INFO] [stdout]    --> src/monomorphize_collector.rs:448:5
[INFO] [stdout]     |
[INFO] [stdout] 448 |     debug!(" => recursion depth={}", recursion_depth);
[INFO] [stdout]     |     ^^^^^
[INFO] [stdout] 
[INFO] [stdout] 
[INFO] [stdout] error: cannot find macro `debug` in this scope
[INFO] [stdout]    --> src/monomorphize_collector.rs:495:5
[INFO] [stdout]     |
[INFO] [stdout] 495 |     debug!(" => type length={}", type_length);
[INFO] [stdout]     |     ^^^^^
[INFO] [stdout] 
[INFO] [stdout] 
[INFO] [stdout] error: cannot find macro `debug` in this scope
[INFO] [stdout]    --> src/monomorphize_collector.rs:539:9
[INFO] [stdout]     |
[INFO] [stdout] 539 |         debug!("monomorphize: self.instance={:?}", self.instance);
[INFO] [stdout]     |         ^^^^^
[INFO] [stdout] 
[INFO] [stdout] 
[INFO] [stdout] error: cannot find macro `debug` in this scope
[INFO] [stdout]    --> src/monomorphize_collector.rs:550:9
[INFO] [stdout]     |
[INFO] [stdout] 550 |         debug!("visiting rvalue {:?}", *rvalue);
[INFO] [stdout]     |         ^^^^^
[INFO] [stdout] 
[INFO] [stdout] 
[INFO] [stdout] error: cannot find macro `trace` in this scope
[INFO] [stdout]    --> src/monomorphize_collector.rs:629:17
[INFO] [stdout]     |
[INFO] [stdout] 629 |                 trace!("collecting thread-local static {:?}", def_id);
[INFO] [stdout]     |                 ^^^^^
[INFO] [stdout] 
[INFO] [stdout] 
[INFO] [stdout] error: cannot find macro `debug` in this scope
[INFO] [stdout]    --> src/monomorphize_collector.rs:688:9
[INFO] [stdout]     |
[INFO] [stdout] 688 |         debug!("visiting terminator {:?} @ {:?}", terminator, location);
[INFO] [stdout]     |         ^^^^^
[INFO] [stdout] 
[INFO] [stdout] 
[INFO] [stdout] error: cannot find macro `debug` in this scope
[INFO] [stdout]    --> src/monomorphize_collector.rs:690:9
[INFO] [stdout]     |
[INFO] [stdout] 690 |         debug!("{source:?}");
[INFO] [stdout]     |         ^^^^^
[INFO] [stdout] 
[INFO] [stdout] 
[INFO] [stdout] error: cannot find macro `trace` in this scope
[INFO] [stdout]    --> src/monomorphize_collector.rs:726:29
[INFO] [stdout]     |
[INFO] [stdout] 726 | ...                   trace!("collecting asm sym static {:?}", def_id);
[INFO] [stdout]     |                       ^^^^^
[INFO] [stdout] 
[INFO] [stdout] 
[INFO] [stdout] error: cannot find macro `debug` in this scope
[INFO] [stdout]    --> src/monomorphize_collector.rs:795:5
[INFO] [stdout]     |
[INFO] [stdout] 795 |     debug!("{source:?}");
[INFO] [stdout]     |     ^^^^^
[INFO] [stdout] 
[INFO] [stdout] 
[INFO] [stdout] error: cannot find macro `debug` in this scope
[INFO] [stdout]    --> src/monomorphize_collector.rs:818:5
[INFO] [stdout]     |
[INFO] [stdout] 818 |     debug!(
[INFO] [stdout]     |     ^^^^^
[INFO] [stdout] 
[INFO] [stdout] 
[INFO] [stdout] error: cannot find macro `debug` in this scope
[INFO] [stdout]     --> src/monomorphize_collector.rs:1070:21
[INFO] [stdout]      |
[INFO] [stdout] 1070 |                     debug!("RootCollector: ADT drop-glue for {id:?}",);
[INFO] [stdout]      |                     ^^^^^
[INFO] [stdout] 
[INFO] [stdout] 
[INFO] [stdout] error: cannot find macro `debug` in this scope
[INFO] [stdout]     --> src/monomorphize_collector.rs:1086:17
[INFO] [stdout]      |
[INFO] [stdout] 1086 |                 debug!(
[INFO] [stdout]      |                 ^^^^^
[INFO] [stdout] 
[INFO] [stdout] 
[INFO] [stdout] error: cannot find macro `debug` in this scope
[INFO] [stdout]     --> src/monomorphize_collector.rs:1093:17
[INFO] [stdout]      |
[INFO] [stdout] 1093 |                 debug!(
[INFO] [stdout]      |                 ^^^^^
[INFO] [stdout] 
[INFO] [stdout] 
[INFO] [stdout] error: cannot find macro `debug` in this scope
[INFO] [stdout]     --> src/monomorphize_collector.rs:1147:13
[INFO] [stdout]      |
[INFO] [stdout] 1147 |             debug!("found root");
[INFO] [stdout]      |             ^^^^^
[INFO] [stdout] 
[INFO] [stdout] 
[INFO] [stdout] error: cannot find macro `trace` in this scope
[INFO] [stdout]     --> src/monomorphize_collector.rs:1265:13
[INFO] [stdout]      |
[INFO] [stdout] 1265 |             trace!("collecting static {:?}", def_id);
[INFO] [stdout]      |             ^^^^^
[INFO] [stdout] 
[INFO] [stdout] 
[INFO] [stdout] error: cannot find macro `trace` in this scope
[INFO] [stdout]     --> src/monomorphize_collector.rs:1269:13
[INFO] [stdout]      |
[INFO] [stdout] 1269 |             trace!("collecting {:?} with {:#?}", alloc_id, alloc);
[INFO] [stdout]      |             ^^^^^
[INFO] [stdout] 
[INFO] [stdout] 
[INFO] [stdout] error: cannot find macro `trace` in this scope
[INFO] [stdout]     --> src/monomorphize_collector.rs:1277:13
[INFO] [stdout]      |
[INFO] [stdout] 1277 |             trace!("collecting {:?} with {:#?}", alloc_id, fn_instance);
[INFO] [stdout]      |             ^^^^^
[INFO] [stdout] 
[INFO] [stdout] 
[INFO] [stderr]     Checking dirs-next v2.0.0
[INFO] [stdout] error[E0425]: cannot find value `INCORRECT_ATTRIBUTE` in the crate root
[INFO] [stdout]   --> src/attribute.rs:62:20
[INFO] [stdout]    |
[INFO] [stdout] 62 |             crate::INCORRECT_ATTRIBUTE,
[INFO] [stdout]    |                    ^^^^^^^^^^^^^^^^^^^ not found in the crate root
[INFO] [stdout] 
[INFO] [stdout] 
[INFO] [stdout] error[E0425]: cannot find value `INCORRECT_ATTRIBUTE` in the crate root
[INFO] [stdout]    --> src/attribute.rs:266:24
[INFO] [stdout]     |
[INFO] [stdout] 266 |                 crate::INCORRECT_ATTRIBUTE,
[INFO] [stdout]     |                        ^^^^^^^^^^^^^^^^^^^ not found in the crate root
[INFO] [stdout] 
[INFO] [stdout] 
[INFO] [stdout] error[E0425]: cannot find value `INCORRECT_ATTRIBUTE` in the crate root
[INFO] [stdout]    --> src/attribute.rs:282:28
[INFO] [stdout]     |
[INFO] [stdout] 282 |                     crate::INCORRECT_ATTRIBUTE,
[INFO] [stdout]     |                            ^^^^^^^^^^^^^^^^^^^ not found in the crate root
[INFO] [stdout] 
[INFO] [stdout] 
[INFO] [stdout] error[E0425]: cannot find value `DISALLOW` in this scope
[INFO] [stdout]   --> src/disallow.rs:92:33
[INFO] [stdout]    |
[INFO] [stdout] 92 | ...                   DISALLOW,
[INFO] [stdout]    |                       ^^^^^^^^ not found in this scope
[INFO] [stdout] 
[INFO] [stdout] 
[INFO] [stdout] error[E0425]: cannot find value `DISALLOW` in this scope
[INFO] [stdout]    --> src/disallow.rs:153:29
[INFO] [stdout]     |
[INFO] [stdout] 153 | ...                   DISALLOW,
[INFO] [stdout]     |                       ^^^^^^^^ not found in this scope
[INFO] [stdout] 
[INFO] [stdout] 
[INFO] [stdout] error[E0412]: cannot find type `InfallibleAllocation` in this scope
[INFO] [stdout]   --> src/infallible_allocation.rs:21:35
[INFO] [stdout]    |
[INFO] [stdout] 21 | impl<'tcx> LateLintPass<'tcx> for InfallibleAllocation {
[INFO] [stdout]    |                                   ^^^^^^^^^^^^^^^^^^^^ not found in this scope
[INFO] [stdout] 
[INFO] [stdout] 
[INFO] [stdout] error[E0425]: cannot find value `INFALLIBLE_ALLOCATION` in this scope
[INFO] [stdout]    --> src/infallible_allocation.rs:176:26
[INFO] [stdout]     |
[INFO] [stdout] 176 |                         &INFALLIBLE_ALLOCATION,
[INFO] [stdout]     |                          ^^^^^^^^^^^^^^^^^^^^^ not found in this scope
[INFO] [stdout] 
[INFO] [stdout] 
[INFO] [stdout] error[E0425]: cannot find value `PANICS` in this scope
[INFO] [stdout]   --> src/panic_freedom.rs:14:9
[INFO] [stdout]    |
[INFO] [stdout] 14 |         PANICS
[INFO] [stdout]    |         ^^^^^^ not found in this scope
[INFO] [stdout] 
[INFO] [stdout] 
[INFO] [stdout] error[E0425]: cannot find value `DISALLOW` in module `disallow`
[INFO] [stdout]   --> src/main.rs:94:28
[INFO] [stdout]    |
[INFO] [stdout] 94 |                 &disallow::DISALLOW,
[INFO] [stdout]    |                            ^^^^^^^^ not found in `disallow`
[INFO] [stdout] 
[INFO] [stdout] 
[INFO] [stdout] error[E0425]: cannot find value `PANICS` in module `panic_freedom`
[INFO] [stdout]   --> src/main.rs:95:33
[INFO] [stdout]    |
[INFO] [stdout] 95 |                 &panic_freedom::PANICS,
[INFO] [stdout]    |                                 ^^^^^^ not found in `panic_freedom`
[INFO] [stdout] 
[INFO] [stdout] 
[INFO] [stdout] error[E0425]: cannot find value `INFALLIBLE_ALLOCATION` in module `infallible_allocation`
[INFO] [stdout]   --> src/main.rs:96:41
[INFO] [stdout]    |
[INFO] [stdout] 96 |                 &infallible_allocation::INFALLIBLE_ALLOCATION,
[INFO] [stdout]    |                                         ^^^^^^^^^^^^^^^^^^^^^ not found in `infallible_allocation`
[INFO] [stdout] 
[INFO] [stdout] 
[INFO] [stdout] error[E0425]: cannot find value `InfallibleAllocation` in module `infallible_allocation`
[INFO] [stdout]    --> src/main.rs:101:73
[INFO] [stdout]     |
[INFO] [stdout] 101 |                 .register_late_pass(|_| Box::new(infallible_allocation::InfallibleAllocation));
[INFO] [stdout]     |                                                                         ^^^^^^^^^^^^^^^^^^^^ not found in `infallible_allocation`
[INFO] [stdout] 
[INFO] [stdout] 
[INFO] [stdout] error: aborting due to 59 previous errors
[INFO] [stdout] 
[INFO] [stdout] 
[INFO] [stdout] Some errors have detailed explanations: E0412, E0425, E0463.
[INFO] [stdout] 
[INFO] [stdout] For more information about an error, try `rustc --explain E0412`.
[INFO] [stdout] 
[INFO] [stderr]     Checking term v0.7.0
[INFO] [stderr] error: could not compile `redpen-linter` (bin "rustc_redpen") due to 60 previous errors
[INFO] [stderr] warning: build failed, waiting for other jobs to finish...
[INFO] running `Command { std: "docker" "inspect" "276f2a62ee2585c5397febeee53647a2a890d9f171e81739c254b2feac623161", kill_on_drop: false }`
[INFO] running `Command { std: "docker" "rm" "-f" "276f2a62ee2585c5397febeee53647a2a890d9f171e81739c254b2feac623161", kill_on_drop: false }`
[INFO] [stdout] 276f2a62ee2585c5397febeee53647a2a890d9f171e81739c254b2feac623161
