[INFO] fetching crate redis_connector 0.1.1...
[INFO] checking redis_connector-0.1.1 against nightly-2024-02-05 for check-cfg
[INFO] extracting crate redis_connector 0.1.1 into /workspace/builds/worker-5-tc1/source
[INFO] validating manifest of crates.io crate redis_connector 0.1.1 on toolchain nightly-2024-02-05
[INFO] running `Command { std: CARGO_HOME="/workspace/cargo-home" RUSTUP_HOME="/workspace/rustup-home" "/workspace/cargo-home/bin/cargo" "+nightly-2024-02-05" "metadata" "--manifest-path" "Cargo.toml" "--no-deps", kill_on_drop: false }`
[INFO] started tweaking crates.io crate redis_connector 0.1.1
[INFO] finished tweaking crates.io crate redis_connector 0.1.1
[INFO] tweaked toml for crates.io crate redis_connector 0.1.1 written to /workspace/builds/worker-5-tc1/source/Cargo.toml
[INFO] running `Command { std: CARGO_HOME="/workspace/cargo-home" RUSTUP_HOME="/workspace/rustup-home" "/workspace/cargo-home/bin/cargo" "+nightly-2024-02-05" "generate-lockfile" "--manifest-path" "Cargo.toml", kill_on_drop: false }`
[INFO] [stderr]     Updating crates.io index
[INFO] running `Command { std: CARGO_HOME="/workspace/cargo-home" RUSTUP_HOME="/workspace/rustup-home" "/workspace/cargo-home/bin/cargo" "+nightly-2024-02-05" "fetch" "--manifest-path" "Cargo.toml", kill_on_drop: false }`
[INFO] [stderr]  Downloading crates ...
[INFO] [stderr]   Downloaded mocktopus_macros v0.7.11
[INFO] [stderr]   Downloaded bb8 v0.7.1
[INFO] [stderr]   Downloaded mocktopus v0.7.11
[INFO] [stderr]   Downloaded bb8-redis v0.10.1
[INFO] running `Command { std: "docker" "create" "-v" "/var/lib/crater-agent-workspace/builds/worker-5-tc1/target:/opt/rustwide/target:rw,Z" "-v" "/var/lib/crater-agent-workspace/builds/worker-5-tc1/source:/opt/rustwide/workdir:ro,Z" "-v" "/var/lib/crater-agent-workspace/cargo-home:/opt/rustwide/cargo-home:ro,Z" "-v" "/var/lib/crater-agent-workspace/rustup-home:/opt/rustwide/rustup-home:ro,Z" "-e" "SOURCE_DIR=/opt/rustwide/workdir" "-e" "CARGO_TARGET_DIR=/opt/rustwide/target" "-e" "CARGO_HOME=/opt/rustwide/cargo-home" "-e" "RUSTUP_HOME=/opt/rustwide/rustup-home" "-w" "/opt/rustwide/workdir" "-m" "1610612736" "--user" "0:0" "--network" "none" "ghcr.io/rust-lang/crates-build-env/linux@sha256:2788e3201cd34a07e3172128adcd8b3090168a8e3bcc40d7c032b9dda1df7d1c" "/opt/rustwide/cargo-home/bin/cargo" "+nightly-2024-02-05" "metadata" "--no-deps" "--format-version=1", kill_on_drop: false }`
[INFO] [stdout] ea9b067179334f06e60836c12ae75001c4a84e0c2d1c1c2a627fa0666b692e0b
[INFO] running `Command { std: "docker" "start" "-a" "ea9b067179334f06e60836c12ae75001c4a84e0c2d1c1c2a627fa0666b692e0b", kill_on_drop: false }`
[INFO] running `Command { std: "docker" "inspect" "ea9b067179334f06e60836c12ae75001c4a84e0c2d1c1c2a627fa0666b692e0b", kill_on_drop: false }`
[INFO] running `Command { std: "docker" "rm" "-f" "ea9b067179334f06e60836c12ae75001c4a84e0c2d1c1c2a627fa0666b692e0b", kill_on_drop: false }`
[INFO] [stdout] ea9b067179334f06e60836c12ae75001c4a84e0c2d1c1c2a627fa0666b692e0b
[INFO] running `Command { std: "docker" "create" "-v" "/var/lib/crater-agent-workspace/builds/worker-5-tc1/target:/opt/rustwide/target:rw,Z" "-v" "/var/lib/crater-agent-workspace/builds/worker-5-tc1/source:/opt/rustwide/workdir:ro,Z" "-v" "/var/lib/crater-agent-workspace/cargo-home:/opt/rustwide/cargo-home:ro,Z" "-v" "/var/lib/crater-agent-workspace/rustup-home:/opt/rustwide/rustup-home:ro,Z" "-e" "SOURCE_DIR=/opt/rustwide/workdir" "-e" "CARGO_TARGET_DIR=/opt/rustwide/target" "-e" "CARGO_INCREMENTAL=0" "-e" "RUST_BACKTRACE=full" "-e" "RUSTFLAGS=--cap-lints=forbid" "-e" "RUSTDOCFLAGS=--cap-lints=forbid" "-e" "CARGO_HOME=/opt/rustwide/cargo-home" "-e" "RUSTUP_HOME=/opt/rustwide/rustup-home" "-w" "/opt/rustwide/workdir" "-m" "1610612736" "--user" "0:0" "--network" "none" "ghcr.io/rust-lang/crates-build-env/linux@sha256:2788e3201cd34a07e3172128adcd8b3090168a8e3bcc40d7c032b9dda1df7d1c" "/opt/rustwide/cargo-home/bin/cargo" "+nightly-2024-02-05" "check" "--frozen" "--all" "--all-targets" "--message-format=json", kill_on_drop: false }`
[INFO] [stdout] 397939f224457eb82eff216cd146e6364e48675b8e75c44b75607fffc2b7fe2c
[INFO] running `Command { std: "docker" "start" "-a" "397939f224457eb82eff216cd146e6364e48675b8e75c44b75607fffc2b7fe2c", kill_on_drop: false }`
[INFO] [stderr]     Checking smallvec v1.13.1
[INFO] [stderr]    Compiling parking_lot_core v0.9.9
[INFO] [stderr]     Checking pin-project-lite v0.2.13
[INFO] [stderr]     Checking futures-core v0.3.30
[INFO] [stderr]    Compiling slab v0.4.9
[INFO] [stderr]     Checking once_cell v1.19.0
[INFO] [stderr]     Checking futures-sink v0.3.30
[INFO] [stderr]     Checking bytes v1.5.0
[INFO] [stderr]    Compiling parking_lot_core v0.8.6
[INFO] [stderr]    Compiling async-trait v0.1.77
[INFO] [stderr]     Checking instant v0.1.12
[INFO] [stderr]     Checking futures-task v0.3.30
[INFO] [stderr]    Compiling syn v2.0.48
[INFO] [stderr]     Checking mio v0.8.10
[INFO] [stderr]     Checking socket2 v0.5.5
[INFO] [stderr]     Checking percent-encoding v2.3.1
[INFO] [stderr]    Compiling crc16 v0.4.0
[INFO] [stderr]     Checking unicode-bidi v0.3.15
[INFO] [stderr]    Compiling syn v1.0.109
[INFO] [stderr]     Checking futures-channel v0.3.30
[INFO] [stderr]     Checking form_urlencoded v1.2.1
[INFO] [stderr]     Checking rand v0.8.5
[INFO] [stderr]     Checking tracing-core v0.1.32
[INFO] [stderr]     Checking chrono v0.4.33
[INFO] [stderr]     Checking parking_lot v0.12.1
[INFO] [stderr]     Checking idna v0.5.0
[INFO] [stderr]     Checking parking_lot v0.11.2
[INFO] [stderr]     Checking futures-util v0.3.30
[INFO] [stderr]     Checking tokio v1.36.0
[INFO] [stderr]     Checking url v2.5.0
[INFO] [stderr]    Compiling mocktopus_macros v0.7.11
[INFO] [stderr]    Compiling tracing-attributes v0.1.27
[INFO] [stderr]    Compiling serde_derive v1.0.196
[INFO] [stderr]     Checking mocktopus v0.7.11
[INFO] [stdout] error[E0059]: type parameter to bare `FnOnce` trait must be a tuple
[INFO] [stdout]    --> /opt/rustwide/cargo-home/registry/src/index.crates.io-6f17d22bba15001f/mocktopus-0.7.11/src/mocking.rs:100:25
[INFO] [stdout]     |
[INFO] [stdout] 100 | impl<T, O, F: FnOnce<T, Output = O>> Mockable<T, O> for F {
[INFO] [stdout]     |                         ^^^^^^^^^^ the trait `Tuple` is not implemented for `T`
[INFO] [stdout]     |
[INFO] [stdout] note: required by a bound in `FnOnce`
[INFO] [stdout]    --> /rustc/268dbbbc4b3fd71c5f360a4d0728295252430b5b/library/core/src/ops/function.rs:242:1
[INFO] [stdout] help: consider restricting type parameter `T`
[INFO] [stdout]     |
[INFO] [stdout] 100 | impl<T: std::marker::Tuple, O, F: FnOnce<T, Output = O>> Mockable<T, O> for F {
[INFO] [stdout]     |       ++++++++++++++++++++
[INFO] [stdout] 
[INFO] [stdout] 
[INFO] [stdout] error[E0059]: type parameter to bare `FnMut` trait must be a tuple
[INFO] [stdout]    --> /opt/rustwide/cargo-home/registry/src/index.crates.io-6f17d22bba15001f/mocktopus-0.7.11/src/mocking.rs:192:12
[INFO] [stdout]     |
[INFO] [stdout] 192 |         M: FnMut<I, Output = MockResult<I, O>> + 'a,
[INFO] [stdout]     |            ^^^^^^^^^^^^^^^^^^^^^^^^^^^^^^^^^^^ the trait `Tuple` is not implemented for `I`
[INFO] [stdout]     |
[INFO] [stdout] note: required by a bound in `FnMut`
[INFO] [stdout]    --> /rustc/268dbbbc4b3fd71c5f360a4d0728295252430b5b/library/core/src/ops/function.rs:163:1
[INFO] [stdout] help: consider further restricting type parameter `I`
[INFO] [stdout]     |
[INFO] [stdout] 192 |         M: FnMut<I, Output = MockResult<I, O>> + 'a, I: std::marker::Tuple
[INFO] [stdout]     |                                                    ~~~~~~~~~~~~~~~~~~~~~~~
[INFO] [stdout] 
[INFO] [stdout] 
[INFO] [stdout] error[E0059]: type parameter to bare `FnMut` trait must be a tuple
[INFO] [stdout]    --> /opt/rustwide/cargo-home/registry/src/index.crates.io-6f17d22bba15001f/mocktopus-0.7.11/src/mocking.rs:204:12
[INFO] [stdout]     |
[INFO] [stdout] 204 |         M: FnMut<I, Output = MockResult<I, O>>,
[INFO] [stdout]     |            ^^^^^^^^^^^^^^^^^^^^^^^^^^^^^^^^^^^ the trait `Tuple` is not implemented for `I`
[INFO] [stdout]     |
[INFO] [stdout] note: required by a bound in `FnMut`
[INFO] [stdout]    --> /rustc/268dbbbc4b3fd71c5f360a4d0728295252430b5b/library/core/src/ops/function.rs:163:1
[INFO] [stdout] help: consider further restricting type parameter `I`
[INFO] [stdout]     |
[INFO] [stdout] 204 |         M: FnMut<I, Output = MockResult<I, O>>, I: std::marker::Tuple
[INFO] [stdout]     |                                               ~~~~~~~~~~~~~~~~~~~~~~~
[INFO] [stdout] 
[INFO] [stdout] 
[INFO] [stdout] error[E0059]: type parameter to bare `FnMut` trait must be a tuple
[INFO] [stdout]   --> /opt/rustwide/cargo-home/registry/src/index.crates.io-6f17d22bba15001f/mocktopus-0.7.11/src/mocking.rs:45:27
[INFO] [stdout]    |
[INFO] [stdout] 45 |     unsafe fn mock_raw<M: FnMut<T, Output = MockResult<T, O>>>(&self, mock: M);
[INFO] [stdout]    |                           ^^^^^^^^^^^^^^^^^^^^^^^^^^^^^^^^^^^ the trait `Tuple` is not implemented for `T`
[INFO] [stdout]    |
[INFO] [stdout] note: required by a bound in `FnMut`
[INFO] [stdout]   --> /rustc/268dbbbc4b3fd71c5f360a4d0728295252430b5b/library/core/src/ops/function.rs:163:1
[INFO] [stdout] help: consider restricting type parameter `T`
[INFO] [stdout]    |
[INFO] [stdout] 11 | pub trait Mockable<T: std::marker::Tuple, O> {
[INFO] [stdout]    |                     ++++++++++++++++++++
[INFO] [stdout] 
[INFO] [stdout] 
[INFO] [stdout] error[E0059]: type parameter to bare `FnMut` trait must be a tuple
[INFO] [stdout]   --> /opt/rustwide/cargo-home/registry/src/index.crates.io-6f17d22bba15001f/mocktopus-0.7.11/src/mocking.rs:65:21
[INFO] [stdout]    |
[INFO] [stdout] 65 |     fn mock_safe<M: FnMut<T, Output = MockResult<T, O>> + 'static>(&self, mock: M);
[INFO] [stdout]    |                     ^^^^^^^^^^^^^^^^^^^^^^^^^^^^^^^^^^^ the trait `Tuple` is not implemented for `T`
[INFO] [stdout]    |
[INFO] [stdout] note: required by a bound in `FnMut`
[INFO] [stdout]   --> /rustc/268dbbbc4b3fd71c5f360a4d0728295252430b5b/library/core/src/ops/function.rs:163:1
[INFO] [stdout] help: consider restricting type parameter `T`
[INFO] [stdout]    |
[INFO] [stdout] 11 | pub trait Mockable<T: std::marker::Tuple, O> {
[INFO] [stdout]    |                     ++++++++++++++++++++
[INFO] [stdout] 
[INFO] [stdout] 
[INFO] [stdout] error: aborting due to 5 previous errors
[INFO] [stdout] 
[INFO] [stdout] 
[INFO] [stdout] For more information about this error, try `rustc --explain E0059`.
[INFO] [stdout] 
[INFO] [stderr] error: could not compile `mocktopus` (lib) due to 6 previous errors
[INFO] [stderr] warning: build failed, waiting for other jobs to finish...
[INFO] running `Command { std: "docker" "inspect" "397939f224457eb82eff216cd146e6364e48675b8e75c44b75607fffc2b7fe2c", kill_on_drop: false }`
[INFO] running `Command { std: "docker" "rm" "-f" "397939f224457eb82eff216cd146e6364e48675b8e75c44b75607fffc2b7fe2c", kill_on_drop: false }`
[INFO] [stdout] 397939f224457eb82eff216cd146e6364e48675b8e75c44b75607fffc2b7fe2c
