[INFO] fetching crate redis-module 2.0.7...
[INFO] checking redis-module-2.0.7 against nightly-2024-02-05 for check-cfg
[INFO] extracting crate redis-module 2.0.7 into /workspace/builds/worker-2-tc1/source
[INFO] validating manifest of crates.io crate redis-module 2.0.7 on toolchain nightly-2024-02-05
[INFO] running `Command { std: CARGO_HOME="/workspace/cargo-home" RUSTUP_HOME="/workspace/rustup-home" "/workspace/cargo-home/bin/cargo" "+nightly-2024-02-05" "metadata" "--manifest-path" "Cargo.toml" "--no-deps", kill_on_drop: false }`
[INFO] started tweaking crates.io crate redis-module 2.0.7
[INFO] removed 0 missing examples
[INFO] finished tweaking crates.io crate redis-module 2.0.7
[INFO] tweaked toml for crates.io crate redis-module 2.0.7 written to /workspace/builds/worker-2-tc1/source/Cargo.toml
[INFO] crate crates.io crate redis-module 2.0.7 already has a lockfile, it will not be regenerated
[INFO] running `Command { std: CARGO_HOME="/workspace/cargo-home" RUSTUP_HOME="/workspace/rustup-home" "/workspace/cargo-home/bin/cargo" "+nightly-2024-02-05" "fetch" "--manifest-path" "Cargo.toml", kill_on_drop: false }`
[INFO] [stderr]     Blocking waiting for file lock on package cache
[INFO] [stderr]     Updating crates.io index
[INFO] [stderr]  Downloading crates ...
[INFO] [stderr]   Downloaded linkme v0.3.17
[INFO] [stderr]   Downloaded linkme-impl v0.3.17
[INFO] [stderr]   Downloaded redis-module-macros-internals v2.0.7
[INFO] [stderr]   Downloaded redis v0.23.3
[INFO] running `Command { std: "docker" "create" "-v" "/var/lib/crater-agent-workspace/builds/worker-2-tc1/target:/opt/rustwide/target:rw,Z" "-v" "/var/lib/crater-agent-workspace/builds/worker-2-tc1/source:/opt/rustwide/workdir:ro,Z" "-v" "/var/lib/crater-agent-workspace/cargo-home:/opt/rustwide/cargo-home:ro,Z" "-v" "/var/lib/crater-agent-workspace/rustup-home:/opt/rustwide/rustup-home:ro,Z" "-e" "SOURCE_DIR=/opt/rustwide/workdir" "-e" "CARGO_TARGET_DIR=/opt/rustwide/target" "-e" "CARGO_HOME=/opt/rustwide/cargo-home" "-e" "RUSTUP_HOME=/opt/rustwide/rustup-home" "-w" "/opt/rustwide/workdir" "-m" "1610612736" "--user" "0:0" "--network" "none" "ghcr.io/rust-lang/crates-build-env/linux@sha256:2788e3201cd34a07e3172128adcd8b3090168a8e3bcc40d7c032b9dda1df7d1c" "/opt/rustwide/cargo-home/bin/cargo" "+nightly-2024-02-05" "metadata" "--no-deps" "--format-version=1", kill_on_drop: false }`
[INFO] [stdout] 4ba28b18c6f14d88effb789ecb344a36702a7822b532748f48193788faf38654
[INFO] running `Command { std: "docker" "start" "-a" "4ba28b18c6f14d88effb789ecb344a36702a7822b532748f48193788faf38654", kill_on_drop: false }`
[INFO] running `Command { std: "docker" "inspect" "4ba28b18c6f14d88effb789ecb344a36702a7822b532748f48193788faf38654", kill_on_drop: false }`
[INFO] running `Command { std: "docker" "rm" "-f" "4ba28b18c6f14d88effb789ecb344a36702a7822b532748f48193788faf38654", kill_on_drop: false }`
[INFO] [stdout] 4ba28b18c6f14d88effb789ecb344a36702a7822b532748f48193788faf38654
[INFO] running `Command { std: "docker" "create" "-v" "/var/lib/crater-agent-workspace/builds/worker-2-tc1/target:/opt/rustwide/target:rw,Z" "-v" "/var/lib/crater-agent-workspace/builds/worker-2-tc1/source:/opt/rustwide/workdir:ro,Z" "-v" "/var/lib/crater-agent-workspace/cargo-home:/opt/rustwide/cargo-home:ro,Z" "-v" "/var/lib/crater-agent-workspace/rustup-home:/opt/rustwide/rustup-home:ro,Z" "-e" "SOURCE_DIR=/opt/rustwide/workdir" "-e" "CARGO_TARGET_DIR=/opt/rustwide/target" "-e" "CARGO_INCREMENTAL=0" "-e" "RUST_BACKTRACE=full" "-e" "RUSTFLAGS=--cap-lints=forbid" "-e" "RUSTDOCFLAGS=--cap-lints=forbid" "-e" "CARGO_HOME=/opt/rustwide/cargo-home" "-e" "RUSTUP_HOME=/opt/rustwide/rustup-home" "-w" "/opt/rustwide/workdir" "-m" "1610612736" "--user" "0:0" "--network" "none" "ghcr.io/rust-lang/crates-build-env/linux@sha256:2788e3201cd34a07e3172128adcd8b3090168a8e3bcc40d7c032b9dda1df7d1c" "/opt/rustwide/cargo-home/bin/cargo" "+nightly-2024-02-05" "check" "--frozen" "--all" "--all-targets" "--message-format=json", kill_on_drop: false }`
[INFO] [stdout] 84ec375c72040b33f1b03c09ee8d2b62d05e491032f39cfafb1a03686c4a0700
[INFO] running `Command { std: "docker" "start" "-a" "84ec375c72040b33f1b03c09ee8d2b62d05e491032f39cfafb1a03686c4a0700", kill_on_drop: false }`
[INFO] [stderr]    Compiling libc v0.2.149
[INFO] [stderr]    Compiling rustix v0.38.20
[INFO] [stderr]    Compiling clang-sys v1.6.1
[INFO] [stderr]    Compiling prettyplease v0.2.15
[INFO] [stderr]    Compiling num-traits v0.2.17
[INFO] [stderr]    Compiling syn v2.0.38
[INFO] [stderr]    Compiling memchr v2.6.4
[INFO] [stderr]    Compiling linux-raw-sys v0.4.10
[INFO] [stderr]    Compiling bitflags v2.4.1
[INFO] [stderr]    Compiling regex-automata v0.4.3
[INFO] [stderr]    Compiling libloading v0.7.4
[INFO] [stderr]    Compiling bindgen v0.66.1
[INFO] [stderr]    Compiling nom v7.1.3
[INFO] [stderr]    Compiling syn v1.0.109
[INFO] [stderr]    Compiling cc v1.0.83
[INFO] [stderr]    Compiling either v1.9.0
[INFO] [stderr]    Compiling home v0.5.5
[INFO] [stderr]    Compiling memoffset v0.7.1
[INFO] [stderr]    Compiling shlex v1.2.0
[INFO] [stderr]    Compiling unicode-xid v0.0.4
[INFO] [stderr]    Compiling synom v0.11.3
[INFO] [stderr]    Compiling cexpr v0.6.0
[INFO] [stderr]    Compiling which v4.4.2
[INFO] [stderr]    Compiling regex v1.10.2
[INFO] [stderr]    Compiling backtrace v0.3.69
[INFO] [stderr]     Checking unicode-bidi v0.3.13
[INFO] [stderr]     Checking gimli v0.28.0
[INFO] [stderr]    Compiling quote v0.3.15
[INFO] [stderr]    Compiling serde v1.0.189
[INFO] [stderr]     Checking percent-encoding v2.3.0
[INFO] [stderr]     Checking idna v0.4.0
[INFO] [stderr]     Checking miniz_oxide v0.7.1
[INFO] [stderr]     Checking form_urlencoded v1.2.0
[INFO] [stderr]    Compiling syn v0.11.11
[INFO] [stderr]    Compiling num-traits v0.1.43
[INFO] [stderr]     Checking object v0.32.1
[INFO] [stderr]     Checking addr2line v0.21.0
[INFO] [stderr]     Checking combine v4.6.6
[INFO] [stderr]     Checking nix v0.26.4
[INFO] [stderr]    Compiling enum-primitive-derive v0.1.2
[INFO] [stderr]     Checking url v2.4.1
[INFO] [stderr]    Compiling linkme-impl v0.3.17
[INFO] [stderr]    Compiling serde_derive v1.0.189
[INFO] [stderr]     Checking socket2 v0.4.10
[INFO] [stderr]     Checking sha1_smol v1.0.0
[INFO] [stderr]     Checking linkme v0.3.17
[INFO] [stderr]    Compiling strum_macros v0.24.3
[INFO] [stderr]    Compiling redis-module-macros-internals v2.0.7
[INFO] [stderr]     Checking redis v0.23.3
[INFO] [stderr]    Compiling redis-module v2.0.7 (/opt/rustwide/workdir)
[INFO] [stdout] warning: shared reference of mutable static is discouraged
[INFO] [stdout]    --> src/logging.rs:160:29
[INFO] [stdout]     |
[INFO] [stdout] 160 |             log::set_logger(&LOGGER).map(|()| log::set_max_level(log::LevelFilter::Trace))
[INFO] [stdout]     |                             ^^^^^^^ shared reference of mutable static
[INFO] [stdout]     |
[INFO] [stdout]     = note: for more information, see issue #114447 <https://github.com/rust-lang/rust/issues/114447>
[INFO] [stdout]     = note: reference of mutable static is a hard error from 2024 edition
[INFO] [stdout]     = note: mutable statics can be written to by multiple threads: aliasing violations or data races will cause undefined behavior
[INFO] [stdout]     = note: `#[warn(static_mut_ref)]` on by default
[INFO] [stdout] help: shared references are dangerous since if there's any kind of mutation of that static while the reference lives, that's UB; use `addr_of!` instead to create a raw pointer
[INFO] [stdout]     |
[INFO] [stdout] 160 |             log::set_logger(addr_of!(LOGGER)).map(|()| log::set_max_level(log::LevelFilter::Trace))
[INFO] [stdout]     |                             ~~~~~~~~~~~~~~~~
[INFO] [stdout] 
[INFO] [stdout] 
[INFO] [stdout] warning: shared reference of mutable static is discouraged
[INFO] [stdout]    --> src/logging.rs:160:29
[INFO] [stdout]     |
[INFO] [stdout] 160 |             log::set_logger(&LOGGER).map(|()| log::set_max_level(log::LevelFilter::Trace))
[INFO] [stdout]     |                             ^^^^^^^ shared reference of mutable static
[INFO] [stdout]     |
[INFO] [stdout]     = note: for more information, see issue #114447 <https://github.com/rust-lang/rust/issues/114447>
[INFO] [stdout]     = note: reference of mutable static is a hard error from 2024 edition
[INFO] [stdout]     = note: mutable statics can be written to by multiple threads: aliasing violations or data races will cause undefined behavior
[INFO] [stdout]     = note: `#[warn(static_mut_ref)]` on by default
[INFO] [stdout] help: shared references are dangerous since if there's any kind of mutation of that static while the reference lives, that's UB; use `addr_of!` instead to create a raw pointer
[INFO] [stdout]     |
[INFO] [stdout] 160 |             log::set_logger(addr_of!(LOGGER)).map(|()| log::set_max_level(log::LevelFilter::Trace))
[INFO] [stdout]     |                             ~~~~~~~~~~~~~~~~
[INFO] [stdout] 
[INFO] [stdout] 
[INFO] [stdout] warning: unused return value of `Box::<T>::from_raw` that must be used
[INFO] [stdout]    --> src/context/mod.rs:856:14
[INFO] [stdout]     |
[INFO] [stdout] 856 |     unsafe { Box::from_raw(pd as *mut Option<F>) };
[INFO] [stdout]     |              ^^^^^^^^^^^^^^^^^^^^^^^^^^^^^^^^^^^
[INFO] [stdout]     |
[INFO] [stdout]     = note: call `drop(Box::from_raw(ptr))` if you intend to drop the `Box`
[INFO] [stdout]     = note: `#[warn(unused_must_use)]` on by default
[INFO] [stdout] help: use `let _ = ...` to ignore the resulting value
[INFO] [stdout]     |
[INFO] [stdout] 856 |     unsafe { let _ = Box::from_raw(pd as *mut Option<F>); };
[INFO] [stdout]     |              +++++++                                    +
[INFO] [stdout] 
[INFO] [stdout] 
[INFO] [stdout] warning: unused return value of `CString::from_raw` that must be used
[INFO] [stdout]    --> src/context/commands.rs:455:28
[INFO] [stdout]     |
[INFO] [stdout] 455 |                     unsafe{CString::from_raw(v.notes as *mut c_char)};
[INFO] [stdout]     |                            ^^^^^^^^^^^^^^^^^^^^^^^^^^^^^^^^^^^^^^^^^
[INFO] [stdout]     |
[INFO] [stdout]     = note: call `drop(from_raw(ptr))` if you intend to drop the `CString`
[INFO] [stdout] help: use `let _ = ...` to ignore the resulting value
[INFO] [stdout]     |
[INFO] [stdout] 455 |                     unsafe{let _ = CString::from_raw(v.notes as *mut c_char);};
[INFO] [stdout]     |                            +++++++                                          +
[INFO] [stdout] 
[INFO] [stdout] 
[INFO] [stdout] warning: unused return value of `CString::from_raw` that must be used
[INFO] [stdout]    --> src/context/commands.rs:460:32
[INFO] [stdout]     |
[INFO] [stdout] 460 |                         unsafe{CString::from_raw(v.bs.keyword.keyword as *mut c_char)};
[INFO] [stdout]     |                                ^^^^^^^^^^^^^^^^^^^^^^^^^^^^^^^^^^^^^^^^^^^^^^^^^^^^^^
[INFO] [stdout]     |
[INFO] [stdout]     = note: call `drop(from_raw(ptr))` if you intend to drop the `CString`
[INFO] [stdout] help: use `let _ = ...` to ignore the resulting value
[INFO] [stdout]     |
[INFO] [stdout] 460 |                         unsafe{let _ = CString::from_raw(v.bs.keyword.keyword as *mut c_char);};
[INFO] [stdout]     |                                +++++++                                                       +
[INFO] [stdout] 
[INFO] [stdout] 
[INFO] [stdout] warning: 4 warnings emitted
[INFO] [stdout] 
[INFO] [stdout] 
[INFO] [stdout] warning: unused return value of `Box::<T>::from_raw` that must be used
[INFO] [stdout]    --> src/context/mod.rs:856:14
[INFO] [stdout]     |
[INFO] [stdout] 856 |     unsafe { Box::from_raw(pd as *mut Option<F>) };
[INFO] [stdout]     |              ^^^^^^^^^^^^^^^^^^^^^^^^^^^^^^^^^^^
[INFO] [stdout]     |
[INFO] [stdout]     = note: call `drop(Box::from_raw(ptr))` if you intend to drop the `Box`
[INFO] [stdout]     = note: `#[warn(unused_must_use)]` on by default
[INFO] [stdout] help: use `let _ = ...` to ignore the resulting value
[INFO] [stdout]     |
[INFO] [stdout] 856 |     unsafe { let _ = Box::from_raw(pd as *mut Option<F>); };
[INFO] [stdout]     |              +++++++                                    +
[INFO] [stdout] 
[INFO] [stdout] 
[INFO] [stdout] warning: unused return value of `CString::from_raw` that must be used
[INFO] [stdout]    --> src/context/commands.rs:455:28
[INFO] [stdout]     |
[INFO] [stdout] 455 |                     unsafe{CString::from_raw(v.notes as *mut c_char)};
[INFO] [stdout]     |                            ^^^^^^^^^^^^^^^^^^^^^^^^^^^^^^^^^^^^^^^^^
[INFO] [stdout]     |
[INFO] [stdout]     = note: call `drop(from_raw(ptr))` if you intend to drop the `CString`
[INFO] [stdout] help: use `let _ = ...` to ignore the resulting value
[INFO] [stdout]     |
[INFO] [stdout] 455 |                     unsafe{let _ = CString::from_raw(v.notes as *mut c_char);};
[INFO] [stdout]     |                            +++++++                                          +
[INFO] [stdout] 
[INFO] [stdout] 
[INFO] [stdout] warning: unused return value of `CString::from_raw` that must be used
[INFO] [stdout]    --> src/context/commands.rs:460:32
[INFO] [stdout]     |
[INFO] [stdout] 460 |                         unsafe{CString::from_raw(v.bs.keyword.keyword as *mut c_char)};
[INFO] [stdout]     |                                ^^^^^^^^^^^^^^^^^^^^^^^^^^^^^^^^^^^^^^^^^^^^^^^^^^^^^^
[INFO] [stdout]     |
[INFO] [stdout]     = note: call `drop(from_raw(ptr))` if you intend to drop the `CString`
[INFO] [stdout] help: use `let _ = ...` to ignore the resulting value
[INFO] [stdout]     |
[INFO] [stdout] 460 |                         unsafe{let _ = CString::from_raw(v.bs.keyword.keyword as *mut c_char);};
[INFO] [stdout]     |                                +++++++                                                       +
[INFO] [stdout] 
[INFO] [stdout] 
[INFO] [stdout] warning: 4 warnings emitted
[INFO] [stdout] 
[INFO] [stdout] 
[INFO] [stdout] error[E0433]: failed to resolve: use of undeclared crate or module `redis_module_macros`
[INFO] [stdout]   --> examples/test_helper.rs:41:1
[INFO] [stdout]    |
[INFO] [stdout] 41 | / redis_module! {
[INFO] [stdout] 42 | |     name: "test_helper",
[INFO] [stdout] 43 | |     version: 1,
[INFO] [stdout] 44 | |     allocator: (redis_module::alloc::RedisAlloc, redis_module::alloc::RedisAlloc),
[INFO] [stdout] ...  |
[INFO] [stdout] 52 | |     ],
[INFO] [stdout] 53 | | }
[INFO] [stdout]    | |_^ use of undeclared crate or module `redis_module_macros`
[INFO] [stdout]    |
[INFO] [stdout]    = note: this error originates in the macro `redis_module` (in Nightly builds, run with -Z macro-backtrace for more info)
[INFO] [stdout] 
[INFO] [stdout] 
[INFO] [stdout] error[E0432]: unresolved import `redis_module_macros`
[INFO] [stdout]  --> examples/info_handler_builder.rs:3:5
[INFO] [stdout]   |
[INFO] [stdout] 3 | use redis_module_macros::info_command_handler;
[INFO] [stdout]   |     ^^^^^^^^^^^^^^^^^^^ use of undeclared crate or module `redis_module_macros`
[INFO] [stdout] 
[INFO] [stdout] 
[INFO] [stdout] error[E0432]: unresolved import `redis_module_macros`
[INFO] [stdout]  --> examples/info_handler_struct.rs:5:5
[INFO] [stdout]   |
[INFO] [stdout] 5 | use redis_module_macros::{info_command_handler, InfoSection};
[INFO] [stdout]   |     ^^^^^^^^^^^^^^^^^^^ use of undeclared crate or module `redis_module_macros`
[INFO] [stdout] 
[INFO] [stdout] 
[INFO] [stdout] error: aborting due to 1 previous error
[INFO] [stdout] 
[INFO] [stdout] 
[INFO] [stdout] For more information about this error, try `rustc --explain E0432`.
[INFO] [stdout] 
[INFO] [stderr] error: could not compile `redis-module` (example "info_handler_builder") due to 2 previous errors
[INFO] [stderr] warning: build failed, waiting for other jobs to finish...
[INFO] [stderr] error: could not compile `redis-module` (example "test_helper") due to 2 previous errors; 2 warnings emitted
[INFO] [stdout] warning: use of deprecated method `redis_module::InfoContext::add_info_section`: Please use [`InfoContext::builder`] instead.
[INFO] [stdout]   --> examples/test_helper.rs:34:12
[INFO] [stdout]    |
[INFO] [stdout] 34 |     if ctx.add_info_section(Some("test_helper")) == Status::Ok {
[INFO] [stdout]    |            ^^^^^^^^^^^^^^^^
[INFO] [stdout]    |
[INFO] [stdout]    = note: `#[warn(deprecated)]` on by default
[INFO] [stdout] 
[INFO] [stdout] 
[INFO] [stdout] warning: use of deprecated method `redis_module::InfoContext::add_info_field_str`: Please use [`InfoContext::builder`] instead.
[INFO] [stdout]   --> examples/test_helper.rs:35:13
[INFO] [stdout]    |
[INFO] [stdout] 35 |         ctx.add_info_field_str("field", "value");
[INFO] [stdout]    |             ^^^^^^^^^^^^^^^^^^
[INFO] [stdout] 
[INFO] [stdout] 
[INFO] [stdout] error: aborting due to 1 previous error; 2 warnings emitted
[INFO] [stdout] 
[INFO] [stdout] 
[INFO] [stdout] For more information about this error, try `rustc --explain E0433`.
[INFO] [stdout] 
[INFO] [stdout] error[E0432]: unresolved import `redis_module_macros`
[INFO] [stdout]  --> examples/proc_macro_commands.rs:5:5
[INFO] [stdout]   |
[INFO] [stdout] 5 | use redis_module_macros::{command, RedisValue};
[INFO] [stdout]   |     ^^^^^^^^^^^^^^^^^^^ use of undeclared crate or module `redis_module_macros`
[INFO] [stdout] 
[INFO] [stdout] 
[INFO] [stdout] error[E0277]: the trait bound `(std::string::String, Vec<(std::string::String, InfoContextBuilderFieldTopLevelValue)>): From<Info>` is not satisfied
[INFO] [stdout]     --> examples/info_handler_struct.rs:21:27
[INFO] [stdout]      |
[INFO] [stdout] 21   |     ctx.build_one_section(data)
[INFO] [stdout]      |         ----------------- ^^^^ the trait `From<Info>` is not implemented for `(std::string::String, Vec<(std::string::String, InfoContextBuilderFieldTopLevelValue)>)`, which is required by `Info: Into<(std::string::String, Vec<(std::string::String, InfoContextBuilderFieldTopLevelValue)>)>`
[INFO] [stdout]      |         |
[INFO] [stdout]      |         required by a bound introduced by this call
[INFO] [stdout]      |
[INFO] [stdout]      = help: the following other types implement trait `From<T>`:
[INFO] [stdout]                <(u32, RedisModuleCommandKeySpec__bindgen_ty_1) as From<&BeginSearch>>
[INFO] [stdout]                <(u32, RedisModuleCommandKeySpec__bindgen_ty_2) as From<&FindKeys>>
[INFO] [stdout]                <(T,) as From<[T; 1]>>
[INFO] [stdout]                <(T, T) as From<[T; 2]>>
[INFO] [stdout]                <(T, T, T) as From<[T; 3]>>
[INFO] [stdout]                <(T, T, T, T) as From<[T; 4]>>
[INFO] [stdout]                <(T, T, T, T, T) as From<[T; 5]>>
[INFO] [stdout]                <(T, T, T, T, T, T) as From<[T; 6]>>
[INFO] [stdout]              and 6 others
[INFO] [stdout]      = note: required for `Info` to implement `Into<(std::string::String, Vec<(std::string::String, InfoContextBuilderFieldTopLevelValue)>)>`
[INFO] [stdout] note: required by a bound in `InfoContext::build_one_section`
[INFO] [stdout]     --> /opt/rustwide/workdir/src/context/mod.rs:1259:33
[INFO] [stdout]      |
[INFO] [stdout] 1259 |     pub fn build_one_section<T: Into<OneInfoSectionData>>(&self, data: T) -> RedisResult<()> {
[INFO] [stdout]      |                                 ^^^^^^^^^^^^^^^^^^^^^^^^ required by this bound in `InfoContext::build_one_section`
[INFO] [stdout] 
[INFO] [stdout] 
[INFO] [stdout] error: aborting due to 2 previous errors
[INFO] [stdout] 
[INFO] [stdout] 
[INFO] [stdout] Some errors have detailed explanations: E0277, E0432.
[INFO] [stdout] 
[INFO] [stdout] For more information about an error, try `rustc --explain E0277`.
[INFO] [stdout] 
[INFO] [stdout] error: cannot find attribute `RedisValueAttr` in this scope
[INFO] [stdout]   --> examples/proc_macro_commands.rs:19:7
[INFO] [stdout]    |
[INFO] [stdout] 19 |     #[RedisValueAttr{flatten: true}]
[INFO] [stdout]    |       ^^^^^^^^^^^^^^
[INFO] [stdout] 
[INFO] [stdout] 
[INFO] [stderr] error: could not compile `redis-module` (example "info_handler_struct") due to 3 previous errors
[INFO] [stdout] error: aborting due to 2 previous errors
[INFO] [stdout] 
[INFO] [stdout] 
[INFO] [stdout] For more information about this error, try `rustc --explain E0432`.
[INFO] [stdout] 
[INFO] [stderr] error: could not compile `redis-module` (example "proc_macro_commands") due to 3 previous errors
[INFO] running `Command { std: "docker" "inspect" "84ec375c72040b33f1b03c09ee8d2b62d05e491032f39cfafb1a03686c4a0700", kill_on_drop: false }`
[INFO] running `Command { std: "docker" "rm" "-f" "84ec375c72040b33f1b03c09ee8d2b62d05e491032f39cfafb1a03686c4a0700", kill_on_drop: false }`
[INFO] [stdout] 84ec375c72040b33f1b03c09ee8d2b62d05e491032f39cfafb1a03686c4a0700
