[INFO] fetching crate recursive_sync 0.0.2...
[INFO] checking recursive_sync-0.0.2 against nightly-2024-02-05 for check-cfg
[INFO] extracting crate recursive_sync 0.0.2 into /workspace/builds/worker-3-tc1/source
[INFO] validating manifest of crates.io crate recursive_sync 0.0.2 on toolchain nightly-2024-02-05
[INFO] running `Command { std: CARGO_HOME="/workspace/cargo-home" RUSTUP_HOME="/workspace/rustup-home" "/workspace/cargo-home/bin/cargo" "+nightly-2024-02-05" "metadata" "--manifest-path" "Cargo.toml" "--no-deps", kill_on_drop: false }`
[INFO] started tweaking crates.io crate recursive_sync 0.0.2
[INFO] finished tweaking crates.io crate recursive_sync 0.0.2
[INFO] tweaked toml for crates.io crate recursive_sync 0.0.2 written to /workspace/builds/worker-3-tc1/source/Cargo.toml
[INFO] running `Command { std: CARGO_HOME="/workspace/cargo-home" RUSTUP_HOME="/workspace/rustup-home" "/workspace/cargo-home/bin/cargo" "+nightly-2024-02-05" "generate-lockfile" "--manifest-path" "Cargo.toml", kill_on_drop: false }`
[INFO] [stderr]     Updating crates.io index
[INFO] running `Command { std: CARGO_HOME="/workspace/cargo-home" RUSTUP_HOME="/workspace/rustup-home" "/workspace/cargo-home/bin/cargo" "+nightly-2024-02-05" "fetch" "--manifest-path" "Cargo.toml", kill_on_drop: false }`
[INFO] running `Command { std: "docker" "create" "-v" "/var/lib/crater-agent-workspace/builds/worker-3-tc1/target:/opt/rustwide/target:rw,Z" "-v" "/var/lib/crater-agent-workspace/builds/worker-3-tc1/source:/opt/rustwide/workdir:ro,Z" "-v" "/var/lib/crater-agent-workspace/cargo-home:/opt/rustwide/cargo-home:ro,Z" "-v" "/var/lib/crater-agent-workspace/rustup-home:/opt/rustwide/rustup-home:ro,Z" "-e" "SOURCE_DIR=/opt/rustwide/workdir" "-e" "CARGO_TARGET_DIR=/opt/rustwide/target" "-e" "CARGO_HOME=/opt/rustwide/cargo-home" "-e" "RUSTUP_HOME=/opt/rustwide/rustup-home" "-w" "/opt/rustwide/workdir" "-m" "1610612736" "--user" "0:0" "--network" "none" "ghcr.io/rust-lang/crates-build-env/linux@sha256:2788e3201cd34a07e3172128adcd8b3090168a8e3bcc40d7c032b9dda1df7d1c" "/opt/rustwide/cargo-home/bin/cargo" "+nightly-2024-02-05" "metadata" "--no-deps" "--format-version=1", kill_on_drop: false }`
[INFO] [stdout] 10f83421c3286fa3bd0415d913478bd8f8a3a88710f737134a93537d784a546c
[INFO] running `Command { std: "docker" "start" "-a" "10f83421c3286fa3bd0415d913478bd8f8a3a88710f737134a93537d784a546c", kill_on_drop: false }`
[INFO] running `Command { std: "docker" "inspect" "10f83421c3286fa3bd0415d913478bd8f8a3a88710f737134a93537d784a546c", kill_on_drop: false }`
[INFO] running `Command { std: "docker" "rm" "-f" "10f83421c3286fa3bd0415d913478bd8f8a3a88710f737134a93537d784a546c", kill_on_drop: false }`
[INFO] [stdout] 10f83421c3286fa3bd0415d913478bd8f8a3a88710f737134a93537d784a546c
[INFO] running `Command { std: "docker" "create" "-v" "/var/lib/crater-agent-workspace/builds/worker-3-tc1/target:/opt/rustwide/target:rw,Z" "-v" "/var/lib/crater-agent-workspace/builds/worker-3-tc1/source:/opt/rustwide/workdir:ro,Z" "-v" "/var/lib/crater-agent-workspace/cargo-home:/opt/rustwide/cargo-home:ro,Z" "-v" "/var/lib/crater-agent-workspace/rustup-home:/opt/rustwide/rustup-home:ro,Z" "-e" "SOURCE_DIR=/opt/rustwide/workdir" "-e" "CARGO_TARGET_DIR=/opt/rustwide/target" "-e" "CARGO_INCREMENTAL=0" "-e" "RUST_BACKTRACE=full" "-e" "RUSTFLAGS=--cap-lints=forbid" "-e" "RUSTDOCFLAGS=--cap-lints=forbid" "-e" "CARGO_HOME=/opt/rustwide/cargo-home" "-e" "RUSTUP_HOME=/opt/rustwide/rustup-home" "-w" "/opt/rustwide/workdir" "-m" "1610612736" "--user" "0:0" "--network" "none" "ghcr.io/rust-lang/crates-build-env/linux@sha256:2788e3201cd34a07e3172128adcd8b3090168a8e3bcc40d7c032b9dda1df7d1c" "/opt/rustwide/cargo-home/bin/cargo" "+nightly-2024-02-05" "check" "--frozen" "--all" "--all-targets" "--message-format=json", kill_on_drop: false }`
[INFO] [stdout] 6b11506930cc405f1882dd58d61308d2d9b9679e64dd0a1824265aad6974f0f9
[INFO] running `Command { std: "docker" "start" "-a" "6b11506930cc405f1882dd58d61308d2d9b9679e64dd0a1824265aad6974f0f9", kill_on_drop: false }`
[INFO] [stderr]    Compiling gcc v0.3.55
[INFO] [stderr]    Compiling recursive_sync v0.0.2 (/opt/rustwide/workdir)
[INFO] [stdout] warning: use of deprecated function `gcc::compile_library`: crate has been renamed to `cc`, the `gcc` name is not maintained
[INFO] [stdout]  --> build.rs:5:10
[INFO] [stdout]   |
[INFO] [stdout] 5 |     gcc::compile_library(
[INFO] [stdout]   |          ^^^^^^^^^^^^^^^
[INFO] [stdout]   |
[INFO] [stdout]   = note: `#[warn(deprecated)]` on by default
[INFO] [stdout] 
[INFO] [stdout] 
[INFO] [stdout] error[E0277]: the trait bound `[&str]: Default` is not satisfied
[INFO] [stdout]  --> build.rs:7:10
[INFO] [stdout]   |
[INFO] [stdout] 7 |         &Default::default(),
[INFO] [stdout]   |          ^^^^^^^^^^^^^^^^^^ the trait `Default` is not implemented for `[&str]`
[INFO] [stdout]   |
[INFO] [stdout] help: consider borrowing here
[INFO] [stdout]   |
[INFO] [stdout] 7 |         &&Default::default(),
[INFO] [stdout]   |          +
[INFO] [stdout] 7 |         &&mut Default::default(),
[INFO] [stdout]   |          ++++
[INFO] [stdout] 
[INFO] [stdout] 
[INFO] [stdout] error[E0061]: this function takes 2 arguments but 3 arguments were supplied
[INFO] [stdout]    --> build.rs:5:5
[INFO] [stdout]     |
[INFO] [stdout] 5   |       gcc::compile_library(
[INFO] [stdout]     |       ^^^^^^^^^^^^^^^^^^^^
[INFO] [stdout] 6   |           "libsys_mutex.a",
[INFO] [stdout] 7   |           &Default::default(),
[INFO] [stdout]     |  ____________________________-
[INFO] [stdout] 8   | |         &["src/sys_mutex.c"]
[INFO] [stdout]     | |         --------------------
[INFO] [stdout]     | |_________|__________________|
[INFO] [stdout]     |           |                  help: remove the extra argument
[INFO] [stdout]     |           unexpected argument of type `&[&str; 1]`
[INFO] [stdout]     |
[INFO] [stdout] note: function defined here
[INFO] [stdout]    --> /opt/rustwide/cargo-home/registry/src/index.crates.io-6f17d22bba15001f/gcc-0.3.55/src/lib.rs:238:8
[INFO] [stdout]     |
[INFO] [stdout] 238 | pub fn compile_library(output: &str, files: &[&str]) {
[INFO] [stdout]     |        ^^^^^^^^^^^^^^^
[INFO] [stdout] 
[INFO] [stdout] 
[INFO] [stdout] error: aborting due to 2 previous errors; 1 warning emitted
[INFO] [stdout] 
[INFO] [stdout] 
[INFO] [stdout] Some errors have detailed explanations: E0061, E0277.
[INFO] [stdout] 
[INFO] [stdout] For more information about an error, try `rustc --explain E0061`.
[INFO] [stdout] 
[INFO] [stderr] error: could not compile `recursive_sync` (build script) due to 3 previous errors; 1 warning emitted
[INFO] running `Command { std: "docker" "inspect" "6b11506930cc405f1882dd58d61308d2d9b9679e64dd0a1824265aad6974f0f9", kill_on_drop: false }`
[INFO] running `Command { std: "docker" "rm" "-f" "6b11506930cc405f1882dd58d61308d2d9b9679e64dd0a1824265aad6974f0f9", kill_on_drop: false }`
[INFO] [stdout] 6b11506930cc405f1882dd58d61308d2d9b9679e64dd0a1824265aad6974f0f9
[INFO] checking recursive_sync-0.0.2 against nightly-2024-02-05+rustflags=-Dunexpected_cfgs+cargoflags=-Zcheck-cfg for check-cfg
[INFO] extracting crate recursive_sync 0.0.2 into /workspace/builds/worker-3-tc2/source
[INFO] validating manifest of crates.io crate recursive_sync 0.0.2 on toolchain nightly-2024-02-05
[INFO] running `Command { std: CARGO_HOME="/workspace/cargo-home" RUSTUP_HOME="/workspace/rustup-home" "/workspace/cargo-home/bin/cargo" "+nightly-2024-02-05" "metadata" "--manifest-path" "Cargo.toml" "--no-deps", kill_on_drop: false }`
[INFO] started tweaking crates.io crate recursive_sync 0.0.2
[INFO] finished tweaking crates.io crate recursive_sync 0.0.2
[INFO] tweaked toml for crates.io crate recursive_sync 0.0.2 written to /workspace/builds/worker-3-tc2/source/Cargo.toml
[INFO] running `Command { std: CARGO_HOME="/workspace/cargo-home" RUSTUP_HOME="/workspace/rustup-home" "/workspace/cargo-home/bin/cargo" "+nightly-2024-02-05" "generate-lockfile" "--manifest-path" "Cargo.toml", kill_on_drop: false }`
[INFO] [stderr]     Updating crates.io index
[INFO] running `Command { std: CARGO_HOME="/workspace/cargo-home" RUSTUP_HOME="/workspace/rustup-home" "/workspace/cargo-home/bin/cargo" "+nightly-2024-02-05" "fetch" "--manifest-path" "Cargo.toml", kill_on_drop: false }`
[INFO] running `Command { std: "docker" "create" "-v" "/var/lib/crater-agent-workspace/builds/worker-3-tc2/target:/opt/rustwide/target:rw,Z" "-v" "/var/lib/crater-agent-workspace/builds/worker-3-tc2/source:/opt/rustwide/workdir:ro,Z" "-v" "/var/lib/crater-agent-workspace/cargo-home:/opt/rustwide/cargo-home:ro,Z" "-v" "/var/lib/crater-agent-workspace/rustup-home:/opt/rustwide/rustup-home:ro,Z" "-e" "SOURCE_DIR=/opt/rustwide/workdir" "-e" "CARGO_TARGET_DIR=/opt/rustwide/target" "-e" "CARGO_HOME=/opt/rustwide/cargo-home" "-e" "RUSTUP_HOME=/opt/rustwide/rustup-home" "-w" "/opt/rustwide/workdir" "-m" "1610612736" "--user" "0:0" "--network" "none" "ghcr.io/rust-lang/crates-build-env/linux@sha256:2788e3201cd34a07e3172128adcd8b3090168a8e3bcc40d7c032b9dda1df7d1c" "/opt/rustwide/cargo-home/bin/cargo" "+nightly-2024-02-05" "metadata" "--no-deps" "--format-version=1", kill_on_drop: false }`
[INFO] [stdout] 2ada11f6a32990a619af50df0d9aba7954200c969423415e3f132b5409583168
[INFO] running `Command { std: "docker" "start" "-a" "2ada11f6a32990a619af50df0d9aba7954200c969423415e3f132b5409583168", kill_on_drop: false }`
[INFO] running `Command { std: "docker" "inspect" "2ada11f6a32990a619af50df0d9aba7954200c969423415e3f132b5409583168", kill_on_drop: false }`
[INFO] running `Command { std: "docker" "rm" "-f" "2ada11f6a32990a619af50df0d9aba7954200c969423415e3f132b5409583168", kill_on_drop: false }`
[INFO] [stdout] 2ada11f6a32990a619af50df0d9aba7954200c969423415e3f132b5409583168
[INFO] running `Command { std: "docker" "create" "-v" "/var/lib/crater-agent-workspace/builds/worker-3-tc2/target:/opt/rustwide/target:rw,Z" "-v" "/var/lib/crater-agent-workspace/builds/worker-3-tc2/source:/opt/rustwide/workdir:ro,Z" "-v" "/var/lib/crater-agent-workspace/cargo-home:/opt/rustwide/cargo-home:ro,Z" "-v" "/var/lib/crater-agent-workspace/rustup-home:/opt/rustwide/rustup-home:ro,Z" "-e" "SOURCE_DIR=/opt/rustwide/workdir" "-e" "CARGO_TARGET_DIR=/opt/rustwide/target" "-e" "CARGO_INCREMENTAL=0" "-e" "RUST_BACKTRACE=full" "-e" "RUSTFLAGS=--cap-lints=forbid -Dunexpected_cfgs" "-e" "RUSTDOCFLAGS=--cap-lints=forbid" "-e" "CARGO_HOME=/opt/rustwide/cargo-home" "-e" "RUSTUP_HOME=/opt/rustwide/rustup-home" "-w" "/opt/rustwide/workdir" "-m" "1610612736" "--user" "0:0" "--network" "none" "ghcr.io/rust-lang/crates-build-env/linux@sha256:2788e3201cd34a07e3172128adcd8b3090168a8e3bcc40d7c032b9dda1df7d1c" "/opt/rustwide/cargo-home/bin/cargo" "+nightly-2024-02-05" "check" "--frozen" "--all" "--all-targets" "--message-format=json" "-Zcheck-cfg", kill_on_drop: false }`
[INFO] [stdout] bc1b003312ad9c09a2fe658ea0847373b717f30621978a70bb642de2688fb21c
[INFO] running `Command { std: "docker" "start" "-a" "bc1b003312ad9c09a2fe658ea0847373b717f30621978a70bb642de2688fb21c", kill_on_drop: false }`
[INFO] [stderr]    Compiling gcc v0.3.55
[INFO] [stderr]    Compiling recursive_sync v0.0.2 (/opt/rustwide/workdir)
[INFO] [stdout] warning: use of deprecated function `gcc::compile_library`: crate has been renamed to `cc`, the `gcc` name is not maintained
[INFO] [stdout]  --> build.rs:5:10
[INFO] [stdout]   |
[INFO] [stdout] 5 |     gcc::compile_library(
[INFO] [stdout]   |          ^^^^^^^^^^^^^^^
[INFO] [stdout]   |
[INFO] [stdout]   = note: `#[warn(deprecated)]` on by default
[INFO] [stdout] 
[INFO] [stdout] 
[INFO] [stdout] error[E0277]: the trait bound `[&str]: Default` is not satisfied
[INFO] [stdout]  --> build.rs:7:10
[INFO] [stdout]   |
[INFO] [stdout] 7 |         &Default::default(),
[INFO] [stdout]   |          ^^^^^^^^^^^^^^^^^^ the trait `Default` is not implemented for `[&str]`
[INFO] [stdout]   |
[INFO] [stdout] help: consider borrowing here
[INFO] [stdout]   |
[INFO] [stdout] 7 |         &&Default::default(),
[INFO] [stdout]   |          +
[INFO] [stdout] 7 |         &&mut Default::default(),
[INFO] [stdout]   |          ++++
[INFO] [stdout] 
[INFO] [stdout] 
[INFO] [stdout] error[E0061]: this function takes 2 arguments but 3 arguments were supplied
[INFO] [stdout]    --> build.rs:5:5
[INFO] [stdout]     |
[INFO] [stdout] 5   |       gcc::compile_library(
[INFO] [stdout]     |       ^^^^^^^^^^^^^^^^^^^^
[INFO] [stdout] 6   |           "libsys_mutex.a",
[INFO] [stdout] 7   |           &Default::default(),
[INFO] [stdout]     |  ____________________________-
[INFO] [stdout] 8   | |         &["src/sys_mutex.c"]
[INFO] [stdout]     | |         --------------------
[INFO] [stdout]     | |_________|__________________|
[INFO] [stdout]     |           |                  help: remove the extra argument
[INFO] [stdout]     |           unexpected argument of type `&[&str; 1]`
[INFO] [stdout]     |
[INFO] [stdout] note: function defined here
[INFO] [stdout]    --> /opt/rustwide/cargo-home/registry/src/index.crates.io-6f17d22bba15001f/gcc-0.3.55/src/lib.rs:238:8
[INFO] [stdout]     |
[INFO] [stdout] 238 | pub fn compile_library(output: &str, files: &[&str]) {
[INFO] [stdout]     |        ^^^^^^^^^^^^^^^
[INFO] [stdout] 
[INFO] [stdout] 
[INFO] [stdout] error: aborting due to 2 previous errors; 1 warning emitted
[INFO] [stdout] 
[INFO] [stdout] 
[INFO] [stdout] Some errors have detailed explanations: E0061, E0277.
[INFO] [stdout] 
[INFO] [stdout] For more information about an error, try `rustc --explain E0061`.
[INFO] [stdout] 
[INFO] [stderr] error: could not compile `recursive_sync` (build script) due to 3 previous errors; 1 warning emitted
[INFO] running `Command { std: "docker" "inspect" "bc1b003312ad9c09a2fe658ea0847373b717f30621978a70bb642de2688fb21c", kill_on_drop: false }`
[INFO] running `Command { std: "docker" "rm" "-f" "bc1b003312ad9c09a2fe658ea0847373b717f30621978a70bb642de2688fb21c", kill_on_drop: false }`
[INFO] [stdout] bc1b003312ad9c09a2fe658ea0847373b717f30621978a70bb642de2688fb21c
