[INFO] fetching crate recipemd 0.1.0...
[INFO] checking recipemd-0.1.0 against nightly-2024-02-05 for check-cfg
[INFO] extracting crate recipemd 0.1.0 into /workspace/builds/worker-6-tc1/source
[INFO] validating manifest of crates.io crate recipemd 0.1.0 on toolchain nightly-2024-02-05
[INFO] running `Command { std: CARGO_HOME="/workspace/cargo-home" RUSTUP_HOME="/workspace/rustup-home" "/workspace/cargo-home/bin/cargo" "+nightly-2024-02-05" "metadata" "--manifest-path" "Cargo.toml" "--no-deps", kill_on_drop: false }`
[INFO] started tweaking crates.io crate recipemd 0.1.0
[INFO] finished tweaking crates.io crate recipemd 0.1.0
[INFO] tweaked toml for crates.io crate recipemd 0.1.0 written to /workspace/builds/worker-6-tc1/source/Cargo.toml
[INFO] crate crates.io crate recipemd 0.1.0 already has a lockfile, it will not be regenerated
[INFO] running `Command { std: CARGO_HOME="/workspace/cargo-home" RUSTUP_HOME="/workspace/rustup-home" "/workspace/cargo-home/bin/cargo" "+nightly-2024-02-05" "fetch" "--manifest-path" "Cargo.toml", kill_on_drop: false }`
[INFO] [stderr]  Downloading crates ...
[INFO] [stderr]   Downloaded lazy-regex-proc_macros v3.0.0
[INFO] [stderr]   Downloaded lazy-regex v3.0.0
[INFO] [stderr]   Downloaded serde_json v1.0.102
[INFO] [stderr]   Downloaded unicode-linebreak v0.1.4
[INFO] [stderr]   Downloaded miette-derive v5.9.0
[INFO] [stderr]   Downloaded miette v5.9.0
[INFO] [stderr]   Downloaded supports-color v2.0.0
[INFO] running `Command { std: "docker" "create" "-v" "/var/lib/crater-agent-workspace/builds/worker-6-tc1/target:/opt/rustwide/target:rw,Z" "-v" "/var/lib/crater-agent-workspace/builds/worker-6-tc1/source:/opt/rustwide/workdir:ro,Z" "-v" "/var/lib/crater-agent-workspace/cargo-home:/opt/rustwide/cargo-home:ro,Z" "-v" "/var/lib/crater-agent-workspace/rustup-home:/opt/rustwide/rustup-home:ro,Z" "-e" "SOURCE_DIR=/opt/rustwide/workdir" "-e" "CARGO_TARGET_DIR=/opt/rustwide/target" "-e" "CARGO_HOME=/opt/rustwide/cargo-home" "-e" "RUSTUP_HOME=/opt/rustwide/rustup-home" "-w" "/opt/rustwide/workdir" "-m" "1610612736" "--user" "0:0" "--network" "none" "ghcr.io/rust-lang/crates-build-env/linux@sha256:2788e3201cd34a07e3172128adcd8b3090168a8e3bcc40d7c032b9dda1df7d1c" "/opt/rustwide/cargo-home/bin/cargo" "+nightly-2024-02-05" "metadata" "--no-deps" "--format-version=1", kill_on_drop: false }`
[INFO] [stdout] 1bf003107a44ad8ea53f9b1288be4e19b7016b5faeb1abfc67a83d3ef7661c14
[INFO] running `Command { std: "docker" "start" "-a" "1bf003107a44ad8ea53f9b1288be4e19b7016b5faeb1abfc67a83d3ef7661c14", kill_on_drop: false }`
[INFO] running `Command { std: "docker" "inspect" "1bf003107a44ad8ea53f9b1288be4e19b7016b5faeb1abfc67a83d3ef7661c14", kill_on_drop: false }`
[INFO] running `Command { std: "docker" "rm" "-f" "1bf003107a44ad8ea53f9b1288be4e19b7016b5faeb1abfc67a83d3ef7661c14", kill_on_drop: false }`
[INFO] [stdout] 1bf003107a44ad8ea53f9b1288be4e19b7016b5faeb1abfc67a83d3ef7661c14
[INFO] running `Command { std: "docker" "create" "-v" "/var/lib/crater-agent-workspace/builds/worker-6-tc1/target:/opt/rustwide/target:rw,Z" "-v" "/var/lib/crater-agent-workspace/builds/worker-6-tc1/source:/opt/rustwide/workdir:ro,Z" "-v" "/var/lib/crater-agent-workspace/cargo-home:/opt/rustwide/cargo-home:ro,Z" "-v" "/var/lib/crater-agent-workspace/rustup-home:/opt/rustwide/rustup-home:ro,Z" "-e" "SOURCE_DIR=/opt/rustwide/workdir" "-e" "CARGO_TARGET_DIR=/opt/rustwide/target" "-e" "CARGO_INCREMENTAL=0" "-e" "RUST_BACKTRACE=full" "-e" "RUSTFLAGS=--cap-lints=forbid" "-e" "RUSTDOCFLAGS=--cap-lints=forbid" "-e" "CARGO_HOME=/opt/rustwide/cargo-home" "-e" "RUSTUP_HOME=/opt/rustwide/rustup-home" "-w" "/opt/rustwide/workdir" "-m" "1610612736" "--user" "0:0" "--network" "none" "ghcr.io/rust-lang/crates-build-env/linux@sha256:2788e3201cd34a07e3172128adcd8b3090168a8e3bcc40d7c032b9dda1df7d1c" "/opt/rustwide/cargo-home/bin/cargo" "+nightly-2024-02-05" "check" "--frozen" "--all" "--all-targets" "--message-format=json", kill_on_drop: false }`
[INFO] [stdout] 1e5dce13accaf2e1bd818a549a773f02b6a96f85af91e0e2ff9829285400dec6
[INFO] running `Command { std: "docker" "start" "-a" "1e5dce13accaf2e1bd818a549a773f02b6a96f85af91e0e2ff9829285400dec6", kill_on_drop: false }`
[INFO] [stderr]    Compiling memchr v2.5.0
[INFO] [stderr]    Compiling proc-macro2 v1.0.63
[INFO] [stderr]    Compiling unicode-ident v1.0.10
[INFO] [stderr]    Compiling quote v1.0.29
[INFO] [stderr]    Compiling syn v1.0.109
[INFO] [stderr]    Compiling regex-syntax v0.7.3
[INFO] [stderr]    Compiling thiserror v1.0.43
[INFO] [stderr]     Checking unicode-width v0.1.10
[INFO] [stderr]     Checking once_cell v1.18.0
[INFO] [stderr]    Compiling serde v1.0.171
[INFO] [stderr]    Compiling pulldown-cmark v0.9.3
[INFO] [stderr]    Compiling serde_json v1.0.102
[INFO] [stderr]     Checking yansi v0.5.1
[INFO] [stderr]    Compiling unicase v2.6.0
[INFO] [stderr]     Checking itoa v1.0.8
[INFO] [stderr]     Checking ryu v1.0.14
[INFO] [stderr]     Checking getopts v0.2.21
[INFO] [stderr]     Checking diff v0.1.13
[INFO] [stderr]     Checking pretty_assertions v1.4.0
[INFO] [stderr]     Checking aho-corasick v1.0.2
[INFO] [stderr]    Compiling syn v2.0.26
[INFO] [stderr]    Compiling regex-automata v0.3.2
[INFO] [stderr]    Compiling thiserror-impl v1.0.43
[INFO] [stderr]    Compiling miette-derive v5.9.0
[INFO] [stderr]     Checking regex v1.9.1
[INFO] [stderr]     Checking miette v5.9.0
[INFO] [stderr]    Compiling lazy-regex-proc_macros v3.0.0
[INFO] [stderr]     Checking lazy-regex v3.0.0
[INFO] [stderr]     Checking recipemd v0.1.0 (/opt/rustwide/workdir)
[INFO] [stdout] error[E0277]: the trait bound `recipemd::Recipe: serde::de::Deserialize<'_>` is not satisfied
[INFO] [stdout]     --> tests/reference-tests.rs:40:33
[INFO] [stdout]      |
[INFO] [stdout] 40   |         let reference: Recipe = serde_json::from_str(&json).into_diagnostic()?;
[INFO] [stdout]      |                                 ^^^^^^^^^^^^^^^^^^^^^^^^^^^ the trait `serde::de::Deserialize<'_>` is not implemented for `recipemd::Recipe`
[INFO] [stdout]      |
[INFO] [stdout]      = help: the following other types implement trait `serde::de::Deserialize<'de>`:
[INFO] [stdout]                bool
[INFO] [stdout]                char
[INFO] [stdout]                isize
[INFO] [stdout]                i8
[INFO] [stdout]                i16
[INFO] [stdout]                i32
[INFO] [stdout]                i64
[INFO] [stdout]                i128
[INFO] [stdout]              and 129 others
[INFO] [stdout] note: required by a bound in `serde_json::from_str`
[INFO] [stdout]     --> /opt/rustwide/cargo-home/registry/src/index.crates.io-6f17d22bba15001f/serde_json-1.0.102/src/de.rs:2640:8
[INFO] [stdout]      |
[INFO] [stdout] 2638 | pub fn from_str<'a, T>(s: &'a str) -> Result<T>
[INFO] [stdout]      |        -------- required by a bound in this function
[INFO] [stdout] 2639 | where
[INFO] [stdout] 2640 |     T: de::Deserialize<'a>,
[INFO] [stdout]      |        ^^^^^^^^^^^^^^^^^^^ required by this bound in `from_str`
[INFO] [stdout] 
[INFO] [stdout] 
[INFO] [stdout] error[E0369]: binary operation `==` cannot be applied to type `recipemd::Recipe`
[INFO] [stdout]   --> tests/reference-tests.rs:42:9
[INFO] [stdout]    |
[INFO] [stdout] 42 |         assert_eq!(ours, reference, "recipes don't match (ours vs. reference)");
[INFO] [stdout]    |         ^^^^^^^^^^^^^^^^^^^^^^^^^^^^^^^^^^^^^^^^^^^^^^^^^^^^^^^^^^^^^^^^^^^^^^^
[INFO] [stdout]    |         |
[INFO] [stdout]    |         recipemd::Recipe
[INFO] [stdout]    |         recipemd::Recipe
[INFO] [stdout]    |
[INFO] [stdout]    = note: this error originates in the macro `$crate::assert_eq` which comes from the expansion of the macro `assert_eq` (in Nightly builds, run with -Z macro-backtrace for more info)
[INFO] [stdout] 
[INFO] [stdout] 
[INFO] [stdout] error: aborting due to 2 previous errors
[INFO] [stdout] 
[INFO] [stdout] 
[INFO] [stdout] Some errors have detailed explanations: E0277, E0369.
[INFO] [stdout] 
[INFO] [stdout] For more information about an error, try `rustc --explain E0277`.
[INFO] [stdout] 
[INFO] [stderr] error: could not compile `recipemd` (test "reference-tests") due to 3 previous errors
[INFO] running `Command { std: "docker" "inspect" "1e5dce13accaf2e1bd818a549a773f02b6a96f85af91e0e2ff9829285400dec6", kill_on_drop: false }`
[INFO] running `Command { std: "docker" "rm" "-f" "1e5dce13accaf2e1bd818a549a773f02b6a96f85af91e0e2ff9829285400dec6", kill_on_drop: false }`
[INFO] [stdout] 1e5dce13accaf2e1bd818a549a773f02b6a96f85af91e0e2ff9829285400dec6
[INFO] checking recipemd-0.1.0 against nightly-2024-02-05+rustflags=-Dunexpected_cfgs+cargoflags=-Zcheck-cfg for check-cfg
[INFO] extracting crate recipemd 0.1.0 into /workspace/builds/worker-6-tc2/source
[INFO] validating manifest of crates.io crate recipemd 0.1.0 on toolchain nightly-2024-02-05
[INFO] running `Command { std: CARGO_HOME="/workspace/cargo-home" RUSTUP_HOME="/workspace/rustup-home" "/workspace/cargo-home/bin/cargo" "+nightly-2024-02-05" "metadata" "--manifest-path" "Cargo.toml" "--no-deps", kill_on_drop: false }`
[INFO] started tweaking crates.io crate recipemd 0.1.0
[INFO] finished tweaking crates.io crate recipemd 0.1.0
[INFO] tweaked toml for crates.io crate recipemd 0.1.0 written to /workspace/builds/worker-6-tc2/source/Cargo.toml
[INFO] crate crates.io crate recipemd 0.1.0 already has a lockfile, it will not be regenerated
[INFO] running `Command { std: CARGO_HOME="/workspace/cargo-home" RUSTUP_HOME="/workspace/rustup-home" "/workspace/cargo-home/bin/cargo" "+nightly-2024-02-05" "fetch" "--manifest-path" "Cargo.toml", kill_on_drop: false }`
[INFO] running `Command { std: "docker" "create" "-v" "/var/lib/crater-agent-workspace/builds/worker-6-tc2/target:/opt/rustwide/target:rw,Z" "-v" "/var/lib/crater-agent-workspace/builds/worker-6-tc2/source:/opt/rustwide/workdir:ro,Z" "-v" "/var/lib/crater-agent-workspace/cargo-home:/opt/rustwide/cargo-home:ro,Z" "-v" "/var/lib/crater-agent-workspace/rustup-home:/opt/rustwide/rustup-home:ro,Z" "-e" "SOURCE_DIR=/opt/rustwide/workdir" "-e" "CARGO_TARGET_DIR=/opt/rustwide/target" "-e" "CARGO_HOME=/opt/rustwide/cargo-home" "-e" "RUSTUP_HOME=/opt/rustwide/rustup-home" "-w" "/opt/rustwide/workdir" "-m" "1610612736" "--user" "0:0" "--network" "none" "ghcr.io/rust-lang/crates-build-env/linux@sha256:2788e3201cd34a07e3172128adcd8b3090168a8e3bcc40d7c032b9dda1df7d1c" "/opt/rustwide/cargo-home/bin/cargo" "+nightly-2024-02-05" "metadata" "--no-deps" "--format-version=1", kill_on_drop: false }`
[INFO] [stdout] 9fee309cf96752371060792c9ebf229d3b89748341c08b99ef71b812fe85913a
[INFO] running `Command { std: "docker" "start" "-a" "9fee309cf96752371060792c9ebf229d3b89748341c08b99ef71b812fe85913a", kill_on_drop: false }`
[INFO] running `Command { std: "docker" "inspect" "9fee309cf96752371060792c9ebf229d3b89748341c08b99ef71b812fe85913a", kill_on_drop: false }`
[INFO] running `Command { std: "docker" "rm" "-f" "9fee309cf96752371060792c9ebf229d3b89748341c08b99ef71b812fe85913a", kill_on_drop: false }`
[INFO] [stdout] 9fee309cf96752371060792c9ebf229d3b89748341c08b99ef71b812fe85913a
[INFO] running `Command { std: "docker" "create" "-v" "/var/lib/crater-agent-workspace/builds/worker-6-tc2/target:/opt/rustwide/target:rw,Z" "-v" "/var/lib/crater-agent-workspace/builds/worker-6-tc2/source:/opt/rustwide/workdir:ro,Z" "-v" "/var/lib/crater-agent-workspace/cargo-home:/opt/rustwide/cargo-home:ro,Z" "-v" "/var/lib/crater-agent-workspace/rustup-home:/opt/rustwide/rustup-home:ro,Z" "-e" "SOURCE_DIR=/opt/rustwide/workdir" "-e" "CARGO_TARGET_DIR=/opt/rustwide/target" "-e" "CARGO_INCREMENTAL=0" "-e" "RUST_BACKTRACE=full" "-e" "RUSTFLAGS=--cap-lints=forbid -Dunexpected_cfgs" "-e" "RUSTDOCFLAGS=--cap-lints=forbid" "-e" "CARGO_HOME=/opt/rustwide/cargo-home" "-e" "RUSTUP_HOME=/opt/rustwide/rustup-home" "-w" "/opt/rustwide/workdir" "-m" "1610612736" "--user" "0:0" "--network" "none" "ghcr.io/rust-lang/crates-build-env/linux@sha256:2788e3201cd34a07e3172128adcd8b3090168a8e3bcc40d7c032b9dda1df7d1c" "/opt/rustwide/cargo-home/bin/cargo" "+nightly-2024-02-05" "check" "--frozen" "--all" "--all-targets" "--message-format=json" "-Zcheck-cfg", kill_on_drop: false }`
[INFO] [stdout] d4b287a6f2226f18f05ffe8608bc4e453796a3e69db151558aa083bbd32ff2ba
[INFO] running `Command { std: "docker" "start" "-a" "d4b287a6f2226f18f05ffe8608bc4e453796a3e69db151558aa083bbd32ff2ba", kill_on_drop: false }`
[INFO] [stderr]    Compiling memchr v2.5.0
[INFO] [stderr]    Compiling proc-macro2 v1.0.63
[INFO] [stderr]    Compiling quote v1.0.29
[INFO] [stderr]    Compiling unicode-ident v1.0.10
[INFO] [stderr]    Compiling regex-syntax v0.7.3
[INFO] [stderr]    Compiling syn v1.0.109
[INFO] [stderr]    Compiling thiserror v1.0.43
[INFO] [stderr]     Checking unicode-width v0.1.10
[INFO] [stderr]    Compiling pulldown-cmark v0.9.3
[INFO] [stderr]     Checking once_cell v1.18.0
[INFO] [stderr]    Compiling serde v1.0.171
[INFO] [stderr]    Compiling serde_json v1.0.102
[INFO] [stderr]     Checking itoa v1.0.8
[INFO] [stderr]    Compiling unicase v2.6.0
[INFO] [stderr]     Checking yansi v0.5.1
[INFO] [stderr]     Checking getopts v0.2.21
[INFO] [stderr]     Checking diff v0.1.13
[INFO] [stderr]     Checking ryu v1.0.14
[INFO] [stderr]     Checking pretty_assertions v1.4.0
[INFO] [stderr]     Checking aho-corasick v1.0.2
[INFO] [stderr]    Compiling syn v2.0.26
[INFO] [stderr]     Checking regex-automata v0.3.2
[INFO] [stderr]    Compiling thiserror-impl v1.0.43
[INFO] [stderr]    Compiling miette-derive v5.9.0
[INFO] [stderr]     Checking regex v1.9.1
[INFO] [stderr]     Checking miette v5.9.0
[INFO] [stderr]    Compiling lazy-regex-proc_macros v3.0.0
[INFO] [stderr]     Checking lazy-regex v3.0.0
[INFO] [stderr]     Checking recipemd v0.1.0 (/opt/rustwide/workdir)
[INFO] [stdout] error[E0277]: the trait bound `recipemd::Recipe: serde::de::Deserialize<'_>` is not satisfied
[INFO] [stdout]     --> tests/reference-tests.rs:40:33
[INFO] [stdout]      |
[INFO] [stdout] 40   |         let reference: Recipe = serde_json::from_str(&json).into_diagnostic()?;
[INFO] [stdout]      |                                 ^^^^^^^^^^^^^^^^^^^^^^^^^^^ the trait `serde::de::Deserialize<'_>` is not implemented for `recipemd::Recipe`
[INFO] [stdout]      |
[INFO] [stdout]      = help: the following other types implement trait `serde::de::Deserialize<'de>`:
[INFO] [stdout]                bool
[INFO] [stdout]                char
[INFO] [stdout]                isize
[INFO] [stdout]                i8
[INFO] [stdout]                i16
[INFO] [stdout]                i32
[INFO] [stdout]                i64
[INFO] [stdout]                i128
[INFO] [stdout]              and 129 others
[INFO] [stdout] note: required by a bound in `serde_json::from_str`
[INFO] [stdout]     --> /opt/rustwide/cargo-home/registry/src/index.crates.io-6f17d22bba15001f/serde_json-1.0.102/src/de.rs:2640:8
[INFO] [stdout]      |
[INFO] [stdout] 2638 | pub fn from_str<'a, T>(s: &'a str) -> Result<T>
[INFO] [stdout]      |        -------- required by a bound in this function
[INFO] [stdout] 2639 | where
[INFO] [stdout] 2640 |     T: de::Deserialize<'a>,
[INFO] [stdout]      |        ^^^^^^^^^^^^^^^^^^^ required by this bound in `from_str`
[INFO] [stdout] 
[INFO] [stdout] 
[INFO] [stdout] error[E0369]: binary operation `==` cannot be applied to type `recipemd::Recipe`
[INFO] [stdout]   --> tests/reference-tests.rs:42:9
[INFO] [stdout]    |
[INFO] [stdout] 42 |         assert_eq!(ours, reference, "recipes don't match (ours vs. reference)");
[INFO] [stdout]    |         ^^^^^^^^^^^^^^^^^^^^^^^^^^^^^^^^^^^^^^^^^^^^^^^^^^^^^^^^^^^^^^^^^^^^^^^
[INFO] [stdout]    |         |
[INFO] [stdout]    |         recipemd::Recipe
[INFO] [stdout]    |         recipemd::Recipe
[INFO] [stdout]    |
[INFO] [stdout]    = note: this error originates in the macro `$crate::assert_eq` which comes from the expansion of the macro `assert_eq` (in Nightly builds, run with -Z macro-backtrace for more info)
[INFO] [stdout] 
[INFO] [stdout] 
[INFO] [stdout] error: aborting due to 2 previous errors
[INFO] [stdout] 
[INFO] [stdout] 
[INFO] [stdout] Some errors have detailed explanations: E0277, E0369.
[INFO] [stdout] 
[INFO] [stdout] For more information about an error, try `rustc --explain E0277`.
[INFO] [stdout] 
[INFO] [stderr] error: could not compile `recipemd` (test "reference-tests") due to 3 previous errors
[INFO] running `Command { std: "docker" "inspect" "d4b287a6f2226f18f05ffe8608bc4e453796a3e69db151558aa083bbd32ff2ba", kill_on_drop: false }`
[INFO] running `Command { std: "docker" "rm" "-f" "d4b287a6f2226f18f05ffe8608bc4e453796a3e69db151558aa083bbd32ff2ba", kill_on_drop: false }`
[INFO] [stdout] d4b287a6f2226f18f05ffe8608bc4e453796a3e69db151558aa083bbd32ff2ba
