[INFO] fetching crate recfiles 0.1.0...
[INFO] checking recfiles-0.1.0 against nightly-2024-02-05 for check-cfg
[INFO] extracting crate recfiles 0.1.0 into /workspace/builds/worker-6-tc1/source
[INFO] validating manifest of crates.io crate recfiles 0.1.0 on toolchain nightly-2024-02-05
[INFO] running `Command { std: CARGO_HOME="/workspace/cargo-home" RUSTUP_HOME="/workspace/rustup-home" "/workspace/cargo-home/bin/cargo" "+nightly-2024-02-05" "metadata" "--manifest-path" "Cargo.toml" "--no-deps", kill_on_drop: false }`
[INFO] started tweaking crates.io crate recfiles 0.1.0
[INFO] finished tweaking crates.io crate recfiles 0.1.0
[INFO] tweaked toml for crates.io crate recfiles 0.1.0 written to /workspace/builds/worker-6-tc1/source/Cargo.toml
[INFO] running `Command { std: CARGO_HOME="/workspace/cargo-home" RUSTUP_HOME="/workspace/rustup-home" "/workspace/cargo-home/bin/cargo" "+nightly-2024-02-05" "generate-lockfile" "--manifest-path" "Cargo.toml", kill_on_drop: false }`
[INFO] [stderr]     Updating crates.io index
[INFO] running `Command { std: CARGO_HOME="/workspace/cargo-home" RUSTUP_HOME="/workspace/rustup-home" "/workspace/cargo-home/bin/cargo" "+nightly-2024-02-05" "fetch" "--manifest-path" "Cargo.toml", kill_on_drop: false }`
[INFO] running `Command { std: "docker" "create" "-v" "/var/lib/crater-agent-workspace/builds/worker-6-tc1/target:/opt/rustwide/target:rw,Z" "-v" "/var/lib/crater-agent-workspace/builds/worker-6-tc1/source:/opt/rustwide/workdir:ro,Z" "-v" "/var/lib/crater-agent-workspace/cargo-home:/opt/rustwide/cargo-home:ro,Z" "-v" "/var/lib/crater-agent-workspace/rustup-home:/opt/rustwide/rustup-home:ro,Z" "-e" "SOURCE_DIR=/opt/rustwide/workdir" "-e" "CARGO_TARGET_DIR=/opt/rustwide/target" "-e" "CARGO_HOME=/opt/rustwide/cargo-home" "-e" "RUSTUP_HOME=/opt/rustwide/rustup-home" "-w" "/opt/rustwide/workdir" "-m" "1610612736" "--user" "0:0" "--network" "none" "ghcr.io/rust-lang/crates-build-env/linux@sha256:2788e3201cd34a07e3172128adcd8b3090168a8e3bcc40d7c032b9dda1df7d1c" "/opt/rustwide/cargo-home/bin/cargo" "+nightly-2024-02-05" "metadata" "--no-deps" "--format-version=1", kill_on_drop: false }`
[INFO] [stdout] 0c413f7d5efa6895bba4d986f2ea0134d077ba57bfe699f23bde759793769a86
[INFO] running `Command { std: "docker" "start" "-a" "0c413f7d5efa6895bba4d986f2ea0134d077ba57bfe699f23bde759793769a86", kill_on_drop: false }`
[INFO] running `Command { std: "docker" "inspect" "0c413f7d5efa6895bba4d986f2ea0134d077ba57bfe699f23bde759793769a86", kill_on_drop: false }`
[INFO] running `Command { std: "docker" "rm" "-f" "0c413f7d5efa6895bba4d986f2ea0134d077ba57bfe699f23bde759793769a86", kill_on_drop: false }`
[INFO] [stdout] 0c413f7d5efa6895bba4d986f2ea0134d077ba57bfe699f23bde759793769a86
[INFO] running `Command { std: "docker" "create" "-v" "/var/lib/crater-agent-workspace/builds/worker-6-tc1/target:/opt/rustwide/target:rw,Z" "-v" "/var/lib/crater-agent-workspace/builds/worker-6-tc1/source:/opt/rustwide/workdir:ro,Z" "-v" "/var/lib/crater-agent-workspace/cargo-home:/opt/rustwide/cargo-home:ro,Z" "-v" "/var/lib/crater-agent-workspace/rustup-home:/opt/rustwide/rustup-home:ro,Z" "-e" "SOURCE_DIR=/opt/rustwide/workdir" "-e" "CARGO_TARGET_DIR=/opt/rustwide/target" "-e" "CARGO_INCREMENTAL=0" "-e" "RUST_BACKTRACE=full" "-e" "RUSTFLAGS=--cap-lints=forbid" "-e" "RUSTDOCFLAGS=--cap-lints=forbid" "-e" "CARGO_HOME=/opt/rustwide/cargo-home" "-e" "RUSTUP_HOME=/opt/rustwide/rustup-home" "-w" "/opt/rustwide/workdir" "-m" "1610612736" "--user" "0:0" "--network" "none" "ghcr.io/rust-lang/crates-build-env/linux@sha256:2788e3201cd34a07e3172128adcd8b3090168a8e3bcc40d7c032b9dda1df7d1c" "/opt/rustwide/cargo-home/bin/cargo" "+nightly-2024-02-05" "check" "--frozen" "--all" "--all-targets" "--message-format=json", kill_on_drop: false }`
[INFO] [stdout] a70f6206734a455df92c085cd8aa62008d2e6e35bc796455079d3995f16d56e3
[INFO] running `Command { std: "docker" "start" "-a" "a70f6206734a455df92c085cd8aa62008d2e6e35bc796455079d3995f16d56e3", kill_on_drop: false }`
[INFO] [stderr]     Checking serde v1.0.196
[INFO] [stderr]     Checking recfiles v0.1.0 (/opt/rustwide/workdir)
[INFO] [stdout] error[E0463]: can't find crate for `serde_rec`
[INFO] [stdout]   --> src/descriptor.rs:25:5
[INFO] [stdout]    |
[INFO] [stdout] 25 |     extern crate serde_rec;
[INFO] [stdout]    |     ^^^^^^^^^^^^^^^^^^^^^^^ can't find crate
[INFO] [stdout] 
[INFO] [stdout] 
[INFO] [stdout] error[E0463]: can't find crate for `serde_rec`
[INFO] [stdout]   --> src/records.rs:35:5
[INFO] [stdout]    |
[INFO] [stdout] 35 |     extern crate serde_rec;
[INFO] [stdout]    |     ^^^^^^^^^^^^^^^^^^^^^^^ can't find crate
[INFO] [stdout] 
[INFO] [stdout] 
[INFO] [stdout] warning: unnecessary trailing semicolon
[INFO] [stdout]   --> src/records.rs:48:32
[INFO] [stdout]    |
[INFO] [stdout] 48 |         impl Record for Book {};
[INFO] [stdout]    |                                ^ help: remove this semicolon
[INFO] [stdout]    |
[INFO] [stdout]    = note: `#[warn(redundant_semicolons)]` on by default
[INFO] [stdout] 
[INFO] [stdout] 
[INFO] [stdout] warning: unnecessary trailing semicolon
[INFO] [stdout]   --> src/records.rs:82:32
[INFO] [stdout]    |
[INFO] [stdout] 82 |         impl Record for Book {};
[INFO] [stdout]    |                                ^ help: remove this semicolon
[INFO] [stdout] 
[INFO] [stdout] 
[INFO] [stdout] error: aborting due to 2 previous errors; 2 warnings emitted
[INFO] [stdout] 
[INFO] [stdout] 
[INFO] [stdout] For more information about this error, try `rustc --explain E0463`.
[INFO] [stdout] 
[INFO] [stderr] error: could not compile `recfiles` (lib test) due to 3 previous errors; 2 warnings emitted
[INFO] running `Command { std: "docker" "inspect" "a70f6206734a455df92c085cd8aa62008d2e6e35bc796455079d3995f16d56e3", kill_on_drop: false }`
[INFO] running `Command { std: "docker" "rm" "-f" "a70f6206734a455df92c085cd8aa62008d2e6e35bc796455079d3995f16d56e3", kill_on_drop: false }`
[INFO] [stdout] a70f6206734a455df92c085cd8aa62008d2e6e35bc796455079d3995f16d56e3
[INFO] checking recfiles-0.1.0 against nightly-2024-02-05+rustflags=-Dunexpected_cfgs+cargoflags=-Zcheck-cfg for check-cfg
[INFO] extracting crate recfiles 0.1.0 into /workspace/builds/worker-6-tc2/source
[INFO] validating manifest of crates.io crate recfiles 0.1.0 on toolchain nightly-2024-02-05
[INFO] running `Command { std: CARGO_HOME="/workspace/cargo-home" RUSTUP_HOME="/workspace/rustup-home" "/workspace/cargo-home/bin/cargo" "+nightly-2024-02-05" "metadata" "--manifest-path" "Cargo.toml" "--no-deps", kill_on_drop: false }`
[INFO] started tweaking crates.io crate recfiles 0.1.0
[INFO] finished tweaking crates.io crate recfiles 0.1.0
[INFO] tweaked toml for crates.io crate recfiles 0.1.0 written to /workspace/builds/worker-6-tc2/source/Cargo.toml
[INFO] running `Command { std: CARGO_HOME="/workspace/cargo-home" RUSTUP_HOME="/workspace/rustup-home" "/workspace/cargo-home/bin/cargo" "+nightly-2024-02-05" "generate-lockfile" "--manifest-path" "Cargo.toml", kill_on_drop: false }`
[INFO] [stderr]     Updating crates.io index
[INFO] running `Command { std: CARGO_HOME="/workspace/cargo-home" RUSTUP_HOME="/workspace/rustup-home" "/workspace/cargo-home/bin/cargo" "+nightly-2024-02-05" "fetch" "--manifest-path" "Cargo.toml", kill_on_drop: false }`
[INFO] running `Command { std: "docker" "create" "-v" "/var/lib/crater-agent-workspace/builds/worker-6-tc2/target:/opt/rustwide/target:rw,Z" "-v" "/var/lib/crater-agent-workspace/builds/worker-6-tc2/source:/opt/rustwide/workdir:ro,Z" "-v" "/var/lib/crater-agent-workspace/cargo-home:/opt/rustwide/cargo-home:ro,Z" "-v" "/var/lib/crater-agent-workspace/rustup-home:/opt/rustwide/rustup-home:ro,Z" "-e" "SOURCE_DIR=/opt/rustwide/workdir" "-e" "CARGO_TARGET_DIR=/opt/rustwide/target" "-e" "CARGO_HOME=/opt/rustwide/cargo-home" "-e" "RUSTUP_HOME=/opt/rustwide/rustup-home" "-w" "/opt/rustwide/workdir" "-m" "1610612736" "--user" "0:0" "--network" "none" "ghcr.io/rust-lang/crates-build-env/linux@sha256:2788e3201cd34a07e3172128adcd8b3090168a8e3bcc40d7c032b9dda1df7d1c" "/opt/rustwide/cargo-home/bin/cargo" "+nightly-2024-02-05" "metadata" "--no-deps" "--format-version=1", kill_on_drop: false }`
[INFO] [stdout] b4325cce0d4893b1bf2524b45a58873272f6282fbe1ecb43e19a0deae1a28557
[INFO] running `Command { std: "docker" "start" "-a" "b4325cce0d4893b1bf2524b45a58873272f6282fbe1ecb43e19a0deae1a28557", kill_on_drop: false }`
[INFO] running `Command { std: "docker" "inspect" "b4325cce0d4893b1bf2524b45a58873272f6282fbe1ecb43e19a0deae1a28557", kill_on_drop: false }`
[INFO] running `Command { std: "docker" "rm" "-f" "b4325cce0d4893b1bf2524b45a58873272f6282fbe1ecb43e19a0deae1a28557", kill_on_drop: false }`
[INFO] [stdout] b4325cce0d4893b1bf2524b45a58873272f6282fbe1ecb43e19a0deae1a28557
[INFO] running `Command { std: "docker" "create" "-v" "/var/lib/crater-agent-workspace/builds/worker-6-tc2/target:/opt/rustwide/target:rw,Z" "-v" "/var/lib/crater-agent-workspace/builds/worker-6-tc2/source:/opt/rustwide/workdir:ro,Z" "-v" "/var/lib/crater-agent-workspace/cargo-home:/opt/rustwide/cargo-home:ro,Z" "-v" "/var/lib/crater-agent-workspace/rustup-home:/opt/rustwide/rustup-home:ro,Z" "-e" "SOURCE_DIR=/opt/rustwide/workdir" "-e" "CARGO_TARGET_DIR=/opt/rustwide/target" "-e" "CARGO_INCREMENTAL=0" "-e" "RUST_BACKTRACE=full" "-e" "RUSTFLAGS=--cap-lints=forbid -Dunexpected_cfgs" "-e" "RUSTDOCFLAGS=--cap-lints=forbid" "-e" "CARGO_HOME=/opt/rustwide/cargo-home" "-e" "RUSTUP_HOME=/opt/rustwide/rustup-home" "-w" "/opt/rustwide/workdir" "-m" "1610612736" "--user" "0:0" "--network" "none" "ghcr.io/rust-lang/crates-build-env/linux@sha256:2788e3201cd34a07e3172128adcd8b3090168a8e3bcc40d7c032b9dda1df7d1c" "/opt/rustwide/cargo-home/bin/cargo" "+nightly-2024-02-05" "check" "--frozen" "--all" "--all-targets" "--message-format=json" "-Zcheck-cfg", kill_on_drop: false }`
[INFO] [stdout] e83d1d0cc000da87834c6c8d0b942b1db67446c753464be36883b51a3683b7f5
[INFO] running `Command { std: "docker" "start" "-a" "e83d1d0cc000da87834c6c8d0b942b1db67446c753464be36883b51a3683b7f5", kill_on_drop: false }`
[INFO] [stderr]     Checking serde v1.0.196
[INFO] [stderr]     Checking recfiles v0.1.0 (/opt/rustwide/workdir)
[INFO] [stdout] error[E0463]: can't find crate for `serde_rec`
[INFO] [stdout]   --> src/descriptor.rs:25:5
[INFO] [stdout]    |
[INFO] [stdout] 25 |     extern crate serde_rec;
[INFO] [stdout]    |     ^^^^^^^^^^^^^^^^^^^^^^^ can't find crate
[INFO] [stdout] 
[INFO] [stdout] 
[INFO] [stdout] error[E0463]: can't find crate for `serde_rec`
[INFO] [stdout]   --> src/records.rs:35:5
[INFO] [stdout]    |
[INFO] [stdout] 35 |     extern crate serde_rec;
[INFO] [stdout]    |     ^^^^^^^^^^^^^^^^^^^^^^^ can't find crate
[INFO] [stdout] 
[INFO] [stdout] 
[INFO] [stdout] warning: unnecessary trailing semicolon
[INFO] [stdout]   --> src/records.rs:48:32
[INFO] [stdout]    |
[INFO] [stdout] 48 |         impl Record for Book {};
[INFO] [stdout]    |                                ^ help: remove this semicolon
[INFO] [stdout]    |
[INFO] [stdout]    = note: `#[warn(redundant_semicolons)]` on by default
[INFO] [stdout] 
[INFO] [stdout] 
[INFO] [stdout] warning: unnecessary trailing semicolon
[INFO] [stdout]   --> src/records.rs:82:32
[INFO] [stdout]    |
[INFO] [stdout] 82 |         impl Record for Book {};
[INFO] [stdout]    |                                ^ help: remove this semicolon
[INFO] [stdout] 
[INFO] [stdout] 
[INFO] [stdout] error: aborting due to 2 previous errors; 2 warnings emitted
[INFO] [stdout] 
[INFO] [stdout] 
[INFO] [stdout] For more information about this error, try `rustc --explain E0463`.
[INFO] [stdout] 
[INFO] [stderr] error: could not compile `recfiles` (lib test) due to 3 previous errors; 2 warnings emitted
[INFO] running `Command { std: "docker" "inspect" "e83d1d0cc000da87834c6c8d0b942b1db67446c753464be36883b51a3683b7f5", kill_on_drop: false }`
[INFO] running `Command { std: "docker" "rm" "-f" "e83d1d0cc000da87834c6c8d0b942b1db67446c753464be36883b51a3683b7f5", kill_on_drop: false }`
[INFO] [stdout] e83d1d0cc000da87834c6c8d0b942b1db67446c753464be36883b51a3683b7f5
