[INFO] fetching crate rec 0.11.0...
[INFO] checking rec-0.11.0 against nightly-2024-02-05 for check-cfg
[INFO] extracting crate rec 0.11.0 into /workspace/builds/worker-7-tc1/source
[INFO] validating manifest of crates.io crate rec 0.11.0 on toolchain nightly-2024-02-05
[INFO] running `Command { std: CARGO_HOME="/workspace/cargo-home" RUSTUP_HOME="/workspace/rustup-home" "/workspace/cargo-home/bin/cargo" "+nightly-2024-02-05" "metadata" "--manifest-path" "Cargo.toml" "--no-deps", kill_on_drop: false }`
[INFO] started tweaking crates.io crate rec 0.11.0
[INFO] finished tweaking crates.io crate rec 0.11.0
[INFO] tweaked toml for crates.io crate rec 0.11.0 written to /workspace/builds/worker-7-tc1/source/Cargo.toml
[INFO] running `Command { std: CARGO_HOME="/workspace/cargo-home" RUSTUP_HOME="/workspace/rustup-home" "/workspace/cargo-home/bin/cargo" "+nightly-2024-02-05" "generate-lockfile" "--manifest-path" "Cargo.toml", kill_on_drop: false }`
[INFO] [stderr]     Updating crates.io index
[INFO] running `Command { std: CARGO_HOME="/workspace/cargo-home" RUSTUP_HOME="/workspace/rustup-home" "/workspace/cargo-home/bin/cargo" "+nightly-2024-02-05" "fetch" "--manifest-path" "Cargo.toml", kill_on_drop: false }`
[INFO] [stderr]  Downloading crates ...
[INFO] [stderr]   Downloaded semver-parser v0.9.0
[INFO] [stderr]   Downloaded version-sync v0.8.1
[INFO] running `Command { std: "docker" "create" "-v" "/var/lib/crater-agent-workspace/builds/worker-7-tc1/target:/opt/rustwide/target:rw,Z" "-v" "/var/lib/crater-agent-workspace/builds/worker-7-tc1/source:/opt/rustwide/workdir:ro,Z" "-v" "/var/lib/crater-agent-workspace/cargo-home:/opt/rustwide/cargo-home:ro,Z" "-v" "/var/lib/crater-agent-workspace/rustup-home:/opt/rustwide/rustup-home:ro,Z" "-e" "SOURCE_DIR=/opt/rustwide/workdir" "-e" "CARGO_TARGET_DIR=/opt/rustwide/target" "-e" "CARGO_HOME=/opt/rustwide/cargo-home" "-e" "RUSTUP_HOME=/opt/rustwide/rustup-home" "-w" "/opt/rustwide/workdir" "-m" "1610612736" "--user" "0:0" "--network" "none" "ghcr.io/rust-lang/crates-build-env/linux@sha256:2788e3201cd34a07e3172128adcd8b3090168a8e3bcc40d7c032b9dda1df7d1c" "/opt/rustwide/cargo-home/bin/cargo" "+nightly-2024-02-05" "metadata" "--no-deps" "--format-version=1", kill_on_drop: false }`
[INFO] [stdout] a05d627a10b68f9ab6a9e918a1fdbc880084b421e70b20ee13f6c86a212f4d35
[INFO] running `Command { std: "docker" "start" "-a" "a05d627a10b68f9ab6a9e918a1fdbc880084b421e70b20ee13f6c86a212f4d35", kill_on_drop: false }`
[INFO] running `Command { std: "docker" "inspect" "a05d627a10b68f9ab6a9e918a1fdbc880084b421e70b20ee13f6c86a212f4d35", kill_on_drop: false }`
[INFO] running `Command { std: "docker" "rm" "-f" "a05d627a10b68f9ab6a9e918a1fdbc880084b421e70b20ee13f6c86a212f4d35", kill_on_drop: false }`
[INFO] [stdout] a05d627a10b68f9ab6a9e918a1fdbc880084b421e70b20ee13f6c86a212f4d35
[INFO] running `Command { std: "docker" "create" "-v" "/var/lib/crater-agent-workspace/builds/worker-7-tc1/target:/opt/rustwide/target:rw,Z" "-v" "/var/lib/crater-agent-workspace/builds/worker-7-tc1/source:/opt/rustwide/workdir:ro,Z" "-v" "/var/lib/crater-agent-workspace/cargo-home:/opt/rustwide/cargo-home:ro,Z" "-v" "/var/lib/crater-agent-workspace/rustup-home:/opt/rustwide/rustup-home:ro,Z" "-e" "SOURCE_DIR=/opt/rustwide/workdir" "-e" "CARGO_TARGET_DIR=/opt/rustwide/target" "-e" "CARGO_INCREMENTAL=0" "-e" "RUST_BACKTRACE=full" "-e" "RUSTFLAGS=--cap-lints=forbid" "-e" "RUSTDOCFLAGS=--cap-lints=forbid" "-e" "CARGO_HOME=/opt/rustwide/cargo-home" "-e" "RUSTUP_HOME=/opt/rustwide/rustup-home" "-w" "/opt/rustwide/workdir" "-m" "1610612736" "--user" "0:0" "--network" "none" "ghcr.io/rust-lang/crates-build-env/linux@sha256:2788e3201cd34a07e3172128adcd8b3090168a8e3bcc40d7c032b9dda1df7d1c" "/opt/rustwide/cargo-home/bin/cargo" "+nightly-2024-02-05" "check" "--frozen" "--all" "--all-targets" "--message-format=json", kill_on_drop: false }`
[INFO] [stdout] 4ff7ccbeeffde8491b6ef6360059f9f53c9b8ac07ad274c137fd1ebd9578f1c2
[INFO] running `Command { std: "docker" "start" "-a" "4ff7ccbeeffde8491b6ef6360059f9f53c9b8ac07ad274c137fd1ebd9578f1c2", kill_on_drop: false }`
[INFO] [stderr]    Compiling proc-macro2 v0.4.30
[INFO] [stderr]    Compiling syn v0.15.44
[INFO] [stderr]     Checking matches v0.1.10
[INFO] [stderr]     Checking unicode-bidi v0.3.15
[INFO] [stderr]    Compiling pulldown-cmark v0.4.1
[INFO] [stderr]     Checking percent-encoding v1.0.1
[INFO] [stderr]     Checking either v1.9.0
[INFO] [stderr]     Checking semver-parser v0.9.0
[INFO] [stderr]     Checking unicode-normalization v0.1.22
[INFO] [stderr]    Compiling regex-syntax v0.6.29
[INFO] [stderr]     Checking toml v0.5.11
[INFO] [stderr]     Checking itertools v0.8.2
[INFO] [stdout] error[E0422]: cannot find struct, variant or union type `LineColumn` in crate `proc_macro`
[INFO] [stdout]    --> /opt/rustwide/cargo-home/registry/src/index.crates.io-6f17d22bba15001f/proc-macro2-0.4.30/src/wrapper.rs:484:33
[INFO] [stdout]     |
[INFO] [stdout] 484 |                 let proc_macro::LineColumn { line, column } = s.start();
[INFO] [stdout]     |                                 ^^^^^^^^^^ not found in `proc_macro`
[INFO] [stdout]     |
[INFO] [stdout] help: consider importing one of these items
[INFO] [stdout]     |
[INFO] [stdout] 1   + use LineColumn;
[INFO] [stdout]     |
[INFO] [stdout] 1   + use fallback::LineColumn;
[INFO] [stdout]     |
[INFO] [stdout] help: if you import `LineColumn`, refer to it directly
[INFO] [stdout]     |
[INFO] [stdout] 484 -                 let proc_macro::LineColumn { line, column } = s.start();
[INFO] [stdout] 484 +                 let LineColumn { line, column } = s.start();
[INFO] [stdout]     |
[INFO] [stdout] 
[INFO] [stdout] 
[INFO] [stdout] error[E0422]: cannot find struct, variant or union type `LineColumn` in crate `proc_macro`
[INFO] [stdout]    --> /opt/rustwide/cargo-home/registry/src/index.crates.io-6f17d22bba15001f/proc-macro2-0.4.30/src/wrapper.rs:484:33
[INFO] [stdout]     |
[INFO] [stdout] 484 |                 let proc_macro::LineColumn { line, column } = s.start();
[INFO] [stdout]     |                                 ^^^^^^^^^^ not found in `proc_macro`
[INFO] [stdout]     |
[INFO] [stdout] help: consider importing one of these items
[INFO] [stdout]     |
[INFO] [stdout] 1   + use LineColumn;
[INFO] [stdout]     |
[INFO] [stdout] 1   + use fallback::LineColumn;
[INFO] [stdout]     |
[INFO] [stdout] help: if you import `LineColumn`, refer to it directly
[INFO] [stdout]     |
[INFO] [stdout] 484 -                 let proc_macro::LineColumn { line, column } = s.start();
[INFO] [stdout] 484 +                 let LineColumn { line, column } = s.start();
[INFO] [stdout]     |
[INFO] [stdout] 
[INFO] [stdout] 
[INFO] [stdout] error[E0422]: cannot find struct, variant or union type `LineColumn` in crate `proc_macro`
[INFO] [stdout]    --> /opt/rustwide/cargo-home/registry/src/index.crates.io-6f17d22bba15001f/proc-macro2-0.4.30/src/wrapper.rs:501:33
[INFO] [stdout]     |
[INFO] [stdout] 501 |                 let proc_macro::LineColumn { line, column } = s.end();
[INFO] [stdout]     |                                 ^^^^^^^^^^ not found in `proc_macro`
[INFO] [stdout]     |
[INFO] [stdout] help: consider importing one of these items
[INFO] [stdout]     |
[INFO] [stdout] 1   + use LineColumn;
[INFO] [stdout]     |
[INFO] [stdout] 1   + use fallback::LineColumn;
[INFO] [stdout]     |
[INFO] [stdout] help: if you import `LineColumn`, refer to it directly
[INFO] [stdout]     |
[INFO] [stdout] 501 -                 let proc_macro::LineColumn { line, column } = s.end();
[INFO] [stdout] 501 +                 let LineColumn { line, column } = s.end();
[INFO] [stdout]     |
[INFO] [stdout] 
[INFO] [stdout] 
[INFO] [stdout] error[E0422]: cannot find struct, variant or union type `LineColumn` in crate `proc_macro`
[INFO] [stdout]    --> /opt/rustwide/cargo-home/registry/src/index.crates.io-6f17d22bba15001f/proc-macro2-0.4.30/src/wrapper.rs:501:33
[INFO] [stdout]     |
[INFO] [stdout] 501 |                 let proc_macro::LineColumn { line, column } = s.end();
[INFO] [stdout]     |                                 ^^^^^^^^^^ not found in `proc_macro`
[INFO] [stdout]     |
[INFO] [stdout] help: consider importing one of these items
[INFO] [stdout]     |
[INFO] [stdout] 1   + use LineColumn;
[INFO] [stdout]     |
[INFO] [stdout] 1   + use fallback::LineColumn;
[INFO] [stdout]     |
[INFO] [stdout] help: if you import `LineColumn`, refer to it directly
[INFO] [stdout]     |
[INFO] [stdout] 501 -                 let proc_macro::LineColumn { line, column } = s.end();
[INFO] [stdout] 501 +                 let LineColumn { line, column } = s.end();
[INFO] [stdout]     |
[INFO] [stdout] 
[INFO] [stdout] 
[INFO] [stderr]     Checking idna v0.1.5
[INFO] [stdout] error: aborting due to 2 previous errors
[INFO] [stdout] 
[INFO] [stdout] 
[INFO] [stdout] For more information about this error, try `rustc --explain E0422`.
[INFO] [stdout] 
[INFO] [stdout] error: aborting due to 2 previous errors
[INFO] [stdout] 
[INFO] [stdout] 
[INFO] [stdout] For more information about this error, try `rustc --explain E0422`.
[INFO] [stdout] 
[INFO] [stderr] error: could not compile `proc-macro2` (lib) due to 3 previous errors
[INFO] [stderr] warning: build failed, waiting for other jobs to finish...
[INFO] [stderr] error: could not compile `proc-macro2` (lib) due to 3 previous errors
[INFO] running `Command { std: "docker" "inspect" "4ff7ccbeeffde8491b6ef6360059f9f53c9b8ac07ad274c137fd1ebd9578f1c2", kill_on_drop: false }`
[INFO] running `Command { std: "docker" "rm" "-f" "4ff7ccbeeffde8491b6ef6360059f9f53c9b8ac07ad274c137fd1ebd9578f1c2", kill_on_drop: false }`
[INFO] [stdout] 4ff7ccbeeffde8491b6ef6360059f9f53c9b8ac07ad274c137fd1ebd9578f1c2
[INFO] checking rec-0.11.0 against nightly-2024-02-05+rustflags=-Dunexpected_cfgs+cargoflags=-Zcheck-cfg for check-cfg
[INFO] extracting crate rec 0.11.0 into /workspace/builds/worker-7-tc2/source
[INFO] validating manifest of crates.io crate rec 0.11.0 on toolchain nightly-2024-02-05
[INFO] running `Command { std: CARGO_HOME="/workspace/cargo-home" RUSTUP_HOME="/workspace/rustup-home" "/workspace/cargo-home/bin/cargo" "+nightly-2024-02-05" "metadata" "--manifest-path" "Cargo.toml" "--no-deps", kill_on_drop: false }`
[INFO] started tweaking crates.io crate rec 0.11.0
[INFO] finished tweaking crates.io crate rec 0.11.0
[INFO] tweaked toml for crates.io crate rec 0.11.0 written to /workspace/builds/worker-7-tc2/source/Cargo.toml
[INFO] running `Command { std: CARGO_HOME="/workspace/cargo-home" RUSTUP_HOME="/workspace/rustup-home" "/workspace/cargo-home/bin/cargo" "+nightly-2024-02-05" "generate-lockfile" "--manifest-path" "Cargo.toml", kill_on_drop: false }`
[INFO] [stderr]     Updating crates.io index
[INFO] running `Command { std: CARGO_HOME="/workspace/cargo-home" RUSTUP_HOME="/workspace/rustup-home" "/workspace/cargo-home/bin/cargo" "+nightly-2024-02-05" "fetch" "--manifest-path" "Cargo.toml", kill_on_drop: false }`
[INFO] [stderr]     Blocking waiting for file lock on package cache
[INFO] running `Command { std: "docker" "create" "-v" "/var/lib/crater-agent-workspace/builds/worker-7-tc2/target:/opt/rustwide/target:rw,Z" "-v" "/var/lib/crater-agent-workspace/builds/worker-7-tc2/source:/opt/rustwide/workdir:ro,Z" "-v" "/var/lib/crater-agent-workspace/cargo-home:/opt/rustwide/cargo-home:ro,Z" "-v" "/var/lib/crater-agent-workspace/rustup-home:/opt/rustwide/rustup-home:ro,Z" "-e" "SOURCE_DIR=/opt/rustwide/workdir" "-e" "CARGO_TARGET_DIR=/opt/rustwide/target" "-e" "CARGO_HOME=/opt/rustwide/cargo-home" "-e" "RUSTUP_HOME=/opt/rustwide/rustup-home" "-w" "/opt/rustwide/workdir" "-m" "1610612736" "--user" "0:0" "--network" "none" "ghcr.io/rust-lang/crates-build-env/linux@sha256:2788e3201cd34a07e3172128adcd8b3090168a8e3bcc40d7c032b9dda1df7d1c" "/opt/rustwide/cargo-home/bin/cargo" "+nightly-2024-02-05" "metadata" "--no-deps" "--format-version=1", kill_on_drop: false }`
[INFO] [stdout] 0f307fa3ecaabebce4899b714f4e5b7b15d79ab9aa55d952c0e1467fe1b1a19e
[INFO] running `Command { std: "docker" "start" "-a" "0f307fa3ecaabebce4899b714f4e5b7b15d79ab9aa55d952c0e1467fe1b1a19e", kill_on_drop: false }`
[INFO] running `Command { std: "docker" "inspect" "0f307fa3ecaabebce4899b714f4e5b7b15d79ab9aa55d952c0e1467fe1b1a19e", kill_on_drop: false }`
[INFO] running `Command { std: "docker" "rm" "-f" "0f307fa3ecaabebce4899b714f4e5b7b15d79ab9aa55d952c0e1467fe1b1a19e", kill_on_drop: false }`
[INFO] [stdout] 0f307fa3ecaabebce4899b714f4e5b7b15d79ab9aa55d952c0e1467fe1b1a19e
[INFO] running `Command { std: "docker" "create" "-v" "/var/lib/crater-agent-workspace/builds/worker-7-tc2/target:/opt/rustwide/target:rw,Z" "-v" "/var/lib/crater-agent-workspace/builds/worker-7-tc2/source:/opt/rustwide/workdir:ro,Z" "-v" "/var/lib/crater-agent-workspace/cargo-home:/opt/rustwide/cargo-home:ro,Z" "-v" "/var/lib/crater-agent-workspace/rustup-home:/opt/rustwide/rustup-home:ro,Z" "-e" "SOURCE_DIR=/opt/rustwide/workdir" "-e" "CARGO_TARGET_DIR=/opt/rustwide/target" "-e" "CARGO_INCREMENTAL=0" "-e" "RUST_BACKTRACE=full" "-e" "RUSTFLAGS=--cap-lints=forbid -Dunexpected_cfgs" "-e" "RUSTDOCFLAGS=--cap-lints=forbid" "-e" "CARGO_HOME=/opt/rustwide/cargo-home" "-e" "RUSTUP_HOME=/opt/rustwide/rustup-home" "-w" "/opt/rustwide/workdir" "-m" "1610612736" "--user" "0:0" "--network" "none" "ghcr.io/rust-lang/crates-build-env/linux@sha256:2788e3201cd34a07e3172128adcd8b3090168a8e3bcc40d7c032b9dda1df7d1c" "/opt/rustwide/cargo-home/bin/cargo" "+nightly-2024-02-05" "check" "--frozen" "--all" "--all-targets" "--message-format=json" "-Zcheck-cfg", kill_on_drop: false }`
[INFO] [stdout] c4ced9623b1f82036f73bb1fb12c1e53408c1a47edf58db374e78fa5ef41e0c0
[INFO] running `Command { std: "docker" "start" "-a" "c4ced9623b1f82036f73bb1fb12c1e53408c1a47edf58db374e78fa5ef41e0c0", kill_on_drop: false }`
[INFO] [stderr]    Compiling proc-macro2 v0.4.30
[INFO] [stderr]    Compiling syn v0.15.44
[INFO] [stderr]     Checking unicode-bidi v0.3.15
[INFO] [stderr]    Compiling pulldown-cmark v0.4.1
[INFO] [stderr]     Checking matches v0.1.10
[INFO] [stderr]     Checking either v1.9.0
[INFO] [stderr]     Checking percent-encoding v1.0.1
[INFO] [stderr]     Checking semver-parser v0.9.0
[INFO] [stderr]    Compiling regex-syntax v0.6.29
[INFO] [stderr]     Checking unicode-normalization v0.1.22
[INFO] [stderr]     Checking toml v0.5.11
[INFO] [stderr]     Checking itertools v0.8.2
[INFO] [stdout] error[E0422]: cannot find struct, variant or union type `LineColumn` in crate `proc_macro`
[INFO] [stdout]    --> /opt/rustwide/cargo-home/registry/src/index.crates.io-6f17d22bba15001f/proc-macro2-0.4.30/src/wrapper.rs:484:33
[INFO] [stdout]     |
[INFO] [stdout] 484 |                 let proc_macro::LineColumn { line, column } = s.start();
[INFO] [stdout]     |                                 ^^^^^^^^^^ not found in `proc_macro`
[INFO] [stdout]     |
[INFO] [stdout] help: consider importing one of these items
[INFO] [stdout]     |
[INFO] [stdout] 1   + use LineColumn;
[INFO] [stdout]     |
[INFO] [stdout] 1   + use fallback::LineColumn;
[INFO] [stdout]     |
[INFO] [stdout] help: if you import `LineColumn`, refer to it directly
[INFO] [stdout]     |
[INFO] [stdout] 484 -                 let proc_macro::LineColumn { line, column } = s.start();
[INFO] [stdout] 484 +                 let LineColumn { line, column } = s.start();
[INFO] [stdout]     |
[INFO] [stdout] 
[INFO] [stdout] 
[INFO] [stdout] error[E0422]: cannot find struct, variant or union type `LineColumn` in crate `proc_macro`
[INFO] [stdout]    --> /opt/rustwide/cargo-home/registry/src/index.crates.io-6f17d22bba15001f/proc-macro2-0.4.30/src/wrapper.rs:501:33
[INFO] [stdout]     |
[INFO] [stdout] 501 |                 let proc_macro::LineColumn { line, column } = s.end();
[INFO] [stdout]     |                                 ^^^^^^^^^^ not found in `proc_macro`
[INFO] [stdout]     |
[INFO] [stdout] help: consider importing one of these items
[INFO] [stdout]     |
[INFO] [stdout] 1   + use LineColumn;
[INFO] [stdout]     |
[INFO] [stdout] 1   + use fallback::LineColumn;
[INFO] [stdout]     |
[INFO] [stdout] help: if you import `LineColumn`, refer to it directly
[INFO] [stdout]     |
[INFO] [stdout] 501 -                 let proc_macro::LineColumn { line, column } = s.end();
[INFO] [stdout] 501 +                 let LineColumn { line, column } = s.end();
[INFO] [stdout]     |
[INFO] [stdout] 
[INFO] [stdout] 
[INFO] [stdout] error[E0422]: cannot find struct, variant or union type `LineColumn` in crate `proc_macro`
[INFO] [stdout]    --> /opt/rustwide/cargo-home/registry/src/index.crates.io-6f17d22bba15001f/proc-macro2-0.4.30/src/wrapper.rs:484:33
[INFO] [stdout]     |
[INFO] [stdout] 484 |                 let proc_macro::LineColumn { line, column } = s.start();
[INFO] [stdout]     |                                 ^^^^^^^^^^ not found in `proc_macro`
[INFO] [stdout]     |
[INFO] [stdout] help: consider importing one of these items
[INFO] [stdout]     |
[INFO] [stdout] 1   + use LineColumn;
[INFO] [stdout]     |
[INFO] [stdout] 1   + use fallback::LineColumn;
[INFO] [stdout]     |
[INFO] [stdout] help: if you import `LineColumn`, refer to it directly
[INFO] [stdout]     |
[INFO] [stdout] 484 -                 let proc_macro::LineColumn { line, column } = s.start();
[INFO] [stdout] 484 +                 let LineColumn { line, column } = s.start();
[INFO] [stdout]     |
[INFO] [stdout] 
[INFO] [stdout] 
[INFO] [stdout] error[E0422]: cannot find struct, variant or union type `LineColumn` in crate `proc_macro`
[INFO] [stdout]    --> /opt/rustwide/cargo-home/registry/src/index.crates.io-6f17d22bba15001f/proc-macro2-0.4.30/src/wrapper.rs:501:33
[INFO] [stdout]     |
[INFO] [stdout] 501 |                 let proc_macro::LineColumn { line, column } = s.end();
[INFO] [stdout]     |                                 ^^^^^^^^^^ not found in `proc_macro`
[INFO] [stdout]     |
[INFO] [stdout] help: consider importing one of these items
[INFO] [stdout]     |
[INFO] [stdout] 1   + use LineColumn;
[INFO] [stdout]     |
[INFO] [stdout] 1   + use fallback::LineColumn;
[INFO] [stdout]     |
[INFO] [stdout] help: if you import `LineColumn`, refer to it directly
[INFO] [stdout]     |
[INFO] [stdout] 501 -                 let proc_macro::LineColumn { line, column } = s.end();
[INFO] [stdout] 501 +                 let LineColumn { line, column } = s.end();
[INFO] [stdout]     |
[INFO] [stdout] 
[INFO] [stdout] 
[INFO] [stderr]     Checking idna v0.1.5
[INFO] [stdout] error: aborting due to 2 previous errors
[INFO] [stdout] 
[INFO] [stdout] 
[INFO] [stdout] For more information about this error, try `rustc --explain E0422`.
[INFO] [stdout] 
[INFO] [stderr] error: could not compile `proc-macro2` (lib) due to 3 previous errors
[INFO] [stderr] warning: build failed, waiting for other jobs to finish...
[INFO] [stdout] error: aborting due to 2 previous errors
[INFO] [stdout] 
[INFO] [stdout] 
[INFO] [stdout] For more information about this error, try `rustc --explain E0422`.
[INFO] [stdout] 
[INFO] [stderr] error: could not compile `proc-macro2` (lib) due to 3 previous errors
[INFO] running `Command { std: "docker" "inspect" "c4ced9623b1f82036f73bb1fb12c1e53408c1a47edf58db374e78fa5ef41e0c0", kill_on_drop: false }`
[INFO] running `Command { std: "docker" "rm" "-f" "c4ced9623b1f82036f73bb1fb12c1e53408c1a47edf58db374e78fa5ef41e0c0", kill_on_drop: false }`
[INFO] [stdout] c4ced9623b1f82036f73bb1fb12c1e53408c1a47edf58db374e78fa5ef41e0c0
