[INFO] fetching crate readkey 0.2.1...
[INFO] checking readkey-0.2.1 against nightly-2024-02-05 for check-cfg
[INFO] extracting crate readkey 0.2.1 into /workspace/builds/worker-2-tc1/source
[INFO] validating manifest of crates.io crate readkey 0.2.1 on toolchain nightly-2024-02-05
[INFO] running `Command { std: CARGO_HOME="/workspace/cargo-home" RUSTUP_HOME="/workspace/rustup-home" "/workspace/cargo-home/bin/cargo" "+nightly-2024-02-05" "metadata" "--manifest-path" "Cargo.toml" "--no-deps", kill_on_drop: false }`
[INFO] started tweaking crates.io crate readkey 0.2.1
[INFO] finished tweaking crates.io crate readkey 0.2.1
[INFO] tweaked toml for crates.io crate readkey 0.2.1 written to /workspace/builds/worker-2-tc1/source/Cargo.toml
[INFO] crate crates.io crate readkey 0.2.1 already has a lockfile, it will not be regenerated
[INFO] running `Command { std: CARGO_HOME="/workspace/cargo-home" RUSTUP_HOME="/workspace/rustup-home" "/workspace/cargo-home/bin/cargo" "+nightly-2024-02-05" "fetch" "--manifest-path" "Cargo.toml", kill_on_drop: false }`
[INFO] running `Command { std: "docker" "create" "-v" "/var/lib/crater-agent-workspace/builds/worker-2-tc1/target:/opt/rustwide/target:rw,Z" "-v" "/var/lib/crater-agent-workspace/builds/worker-2-tc1/source:/opt/rustwide/workdir:ro,Z" "-v" "/var/lib/crater-agent-workspace/cargo-home:/opt/rustwide/cargo-home:ro,Z" "-v" "/var/lib/crater-agent-workspace/rustup-home:/opt/rustwide/rustup-home:ro,Z" "-e" "SOURCE_DIR=/opt/rustwide/workdir" "-e" "CARGO_TARGET_DIR=/opt/rustwide/target" "-e" "CARGO_HOME=/opt/rustwide/cargo-home" "-e" "RUSTUP_HOME=/opt/rustwide/rustup-home" "-w" "/opt/rustwide/workdir" "-m" "1610612736" "--user" "0:0" "--network" "none" "ghcr.io/rust-lang/crates-build-env/linux@sha256:2788e3201cd34a07e3172128adcd8b3090168a8e3bcc40d7c032b9dda1df7d1c" "/opt/rustwide/cargo-home/bin/cargo" "+nightly-2024-02-05" "metadata" "--no-deps" "--format-version=1", kill_on_drop: false }`
[INFO] [stdout] 7d67e4cf1be7c67632b09b2b7cdefbf9ca094be031d2a91b755b654056f741ea
[INFO] running `Command { std: "docker" "start" "-a" "7d67e4cf1be7c67632b09b2b7cdefbf9ca094be031d2a91b755b654056f741ea", kill_on_drop: false }`
[INFO] running `Command { std: "docker" "inspect" "7d67e4cf1be7c67632b09b2b7cdefbf9ca094be031d2a91b755b654056f741ea", kill_on_drop: false }`
[INFO] running `Command { std: "docker" "rm" "-f" "7d67e4cf1be7c67632b09b2b7cdefbf9ca094be031d2a91b755b654056f741ea", kill_on_drop: false }`
[INFO] [stdout] 7d67e4cf1be7c67632b09b2b7cdefbf9ca094be031d2a91b755b654056f741ea
[INFO] running `Command { std: "docker" "create" "-v" "/var/lib/crater-agent-workspace/builds/worker-2-tc1/target:/opt/rustwide/target:rw,Z" "-v" "/var/lib/crater-agent-workspace/builds/worker-2-tc1/source:/opt/rustwide/workdir:ro,Z" "-v" "/var/lib/crater-agent-workspace/cargo-home:/opt/rustwide/cargo-home:ro,Z" "-v" "/var/lib/crater-agent-workspace/rustup-home:/opt/rustwide/rustup-home:ro,Z" "-e" "SOURCE_DIR=/opt/rustwide/workdir" "-e" "CARGO_TARGET_DIR=/opt/rustwide/target" "-e" "CARGO_INCREMENTAL=0" "-e" "RUST_BACKTRACE=full" "-e" "RUSTFLAGS=--cap-lints=forbid" "-e" "RUSTDOCFLAGS=--cap-lints=forbid" "-e" "CARGO_HOME=/opt/rustwide/cargo-home" "-e" "RUSTUP_HOME=/opt/rustwide/rustup-home" "-w" "/opt/rustwide/workdir" "-m" "1610612736" "--user" "0:0" "--network" "none" "ghcr.io/rust-lang/crates-build-env/linux@sha256:2788e3201cd34a07e3172128adcd8b3090168a8e3bcc40d7c032b9dda1df7d1c" "/opt/rustwide/cargo-home/bin/cargo" "+nightly-2024-02-05" "check" "--frozen" "--all" "--all-targets" "--message-format=json", kill_on_drop: false }`
[INFO] [stdout] 65a6733cd2d0e2c483a122470ab52ec260870ec0b184147ab1f4b38fd44d8f74
[INFO] running `Command { std: "docker" "start" "-a" "65a6733cd2d0e2c483a122470ab52ec260870ec0b184147ab1f4b38fd44d8f74", kill_on_drop: false }`
[INFO] [stderr]     Checking readkey v0.2.1 (/opt/rustwide/workdir)
[INFO] [stdout] error[E0455]: link kind `framework` is only supported on Apple targets
[INFO] [stdout]    --> src/lib.rs:138:32
[INFO] [stdout]     |
[INFO] [stdout] 138 | #[link(name = "AppKit", kind = "framework")]
[INFO] [stdout]     |                                ^^^^^^^^^^^
[INFO] [stdout] 
[INFO] [stdout] 
[INFO] [stdout] error[E0455]: link kind `framework` is only supported on Apple targets
[INFO] [stdout]    --> src/lib.rs:138:32
[INFO] [stdout]     |
[INFO] [stdout] 138 | #[link(name = "AppKit", kind = "framework")]
[INFO] [stdout]     |                                ^^^^^^^^^^^
[INFO] [stdout] 
[INFO] [stdout] 
[INFO] [stdout] error: aborting due to 1 previous error
[INFO] [stdout] 
[INFO] [stdout] 
[INFO] [stdout] For more information about this error, try `rustc --explain E0455`.
[INFO] [stdout] 
[INFO] [stdout] error: aborting due to 1 previous error
[INFO] [stdout] 
[INFO] [stdout] 
[INFO] [stdout] For more information about this error, try `rustc --explain E0455`.
[INFO] [stdout] 
[INFO] [stderr] error: could not compile `readkey` (lib) due to 2 previous errors
[INFO] [stderr] warning: build failed, waiting for other jobs to finish...
[INFO] [stderr] error: could not compile `readkey` (lib test) due to 2 previous errors
[INFO] running `Command { std: "docker" "inspect" "65a6733cd2d0e2c483a122470ab52ec260870ec0b184147ab1f4b38fd44d8f74", kill_on_drop: false }`
[INFO] running `Command { std: "docker" "rm" "-f" "65a6733cd2d0e2c483a122470ab52ec260870ec0b184147ab1f4b38fd44d8f74", kill_on_drop: false }`
[INFO] [stdout] 65a6733cd2d0e2c483a122470ab52ec260870ec0b184147ab1f4b38fd44d8f74
[INFO] checking readkey-0.2.1 against nightly-2024-02-05+rustflags=-Dunexpected_cfgs+cargoflags=-Zcheck-cfg for check-cfg
[INFO] extracting crate readkey 0.2.1 into /workspace/builds/worker-2-tc2/source
[INFO] validating manifest of crates.io crate readkey 0.2.1 on toolchain nightly-2024-02-05
[INFO] running `Command { std: CARGO_HOME="/workspace/cargo-home" RUSTUP_HOME="/workspace/rustup-home" "/workspace/cargo-home/bin/cargo" "+nightly-2024-02-05" "metadata" "--manifest-path" "Cargo.toml" "--no-deps", kill_on_drop: false }`
[INFO] started tweaking crates.io crate readkey 0.2.1
[INFO] finished tweaking crates.io crate readkey 0.2.1
[INFO] tweaked toml for crates.io crate readkey 0.2.1 written to /workspace/builds/worker-2-tc2/source/Cargo.toml
[INFO] crate crates.io crate readkey 0.2.1 already has a lockfile, it will not be regenerated
[INFO] running `Command { std: CARGO_HOME="/workspace/cargo-home" RUSTUP_HOME="/workspace/rustup-home" "/workspace/cargo-home/bin/cargo" "+nightly-2024-02-05" "fetch" "--manifest-path" "Cargo.toml", kill_on_drop: false }`
[INFO] running `Command { std: "docker" "create" "-v" "/var/lib/crater-agent-workspace/builds/worker-2-tc2/target:/opt/rustwide/target:rw,Z" "-v" "/var/lib/crater-agent-workspace/builds/worker-2-tc2/source:/opt/rustwide/workdir:ro,Z" "-v" "/var/lib/crater-agent-workspace/cargo-home:/opt/rustwide/cargo-home:ro,Z" "-v" "/var/lib/crater-agent-workspace/rustup-home:/opt/rustwide/rustup-home:ro,Z" "-e" "SOURCE_DIR=/opt/rustwide/workdir" "-e" "CARGO_TARGET_DIR=/opt/rustwide/target" "-e" "CARGO_HOME=/opt/rustwide/cargo-home" "-e" "RUSTUP_HOME=/opt/rustwide/rustup-home" "-w" "/opt/rustwide/workdir" "-m" "1610612736" "--user" "0:0" "--network" "none" "ghcr.io/rust-lang/crates-build-env/linux@sha256:2788e3201cd34a07e3172128adcd8b3090168a8e3bcc40d7c032b9dda1df7d1c" "/opt/rustwide/cargo-home/bin/cargo" "+nightly-2024-02-05" "metadata" "--no-deps" "--format-version=1", kill_on_drop: false }`
[INFO] [stdout] 7ae2e1f5e181fd40261ee28307c533ac77ca4e1ba61ac1e7eeb235ebd205db4e
[INFO] running `Command { std: "docker" "start" "-a" "7ae2e1f5e181fd40261ee28307c533ac77ca4e1ba61ac1e7eeb235ebd205db4e", kill_on_drop: false }`
[INFO] running `Command { std: "docker" "inspect" "7ae2e1f5e181fd40261ee28307c533ac77ca4e1ba61ac1e7eeb235ebd205db4e", kill_on_drop: false }`
[INFO] running `Command { std: "docker" "rm" "-f" "7ae2e1f5e181fd40261ee28307c533ac77ca4e1ba61ac1e7eeb235ebd205db4e", kill_on_drop: false }`
[INFO] [stdout] 7ae2e1f5e181fd40261ee28307c533ac77ca4e1ba61ac1e7eeb235ebd205db4e
[INFO] running `Command { std: "docker" "create" "-v" "/var/lib/crater-agent-workspace/builds/worker-2-tc2/target:/opt/rustwide/target:rw,Z" "-v" "/var/lib/crater-agent-workspace/builds/worker-2-tc2/source:/opt/rustwide/workdir:ro,Z" "-v" "/var/lib/crater-agent-workspace/cargo-home:/opt/rustwide/cargo-home:ro,Z" "-v" "/var/lib/crater-agent-workspace/rustup-home:/opt/rustwide/rustup-home:ro,Z" "-e" "SOURCE_DIR=/opt/rustwide/workdir" "-e" "CARGO_TARGET_DIR=/opt/rustwide/target" "-e" "CARGO_INCREMENTAL=0" "-e" "RUST_BACKTRACE=full" "-e" "RUSTFLAGS=--cap-lints=forbid -Dunexpected_cfgs" "-e" "RUSTDOCFLAGS=--cap-lints=forbid" "-e" "CARGO_HOME=/opt/rustwide/cargo-home" "-e" "RUSTUP_HOME=/opt/rustwide/rustup-home" "-w" "/opt/rustwide/workdir" "-m" "1610612736" "--user" "0:0" "--network" "none" "ghcr.io/rust-lang/crates-build-env/linux@sha256:2788e3201cd34a07e3172128adcd8b3090168a8e3bcc40d7c032b9dda1df7d1c" "/opt/rustwide/cargo-home/bin/cargo" "+nightly-2024-02-05" "check" "--frozen" "--all" "--all-targets" "--message-format=json" "-Zcheck-cfg", kill_on_drop: false }`
[INFO] [stdout] 130b47e4a4f254bdc22c5dc0f22c6c0cbcc5d5b78c6acab76279f2eeb85a1f6d
[INFO] running `Command { std: "docker" "start" "-a" "130b47e4a4f254bdc22c5dc0f22c6c0cbcc5d5b78c6acab76279f2eeb85a1f6d", kill_on_drop: false }`
[INFO] [stderr]     Checking readkey v0.2.1 (/opt/rustwide/workdir)
[INFO] [stdout] error[E0455]: link kind `framework` is only supported on Apple targets
[INFO] [stdout]    --> src/lib.rs:138:32
[INFO] [stdout]     |
[INFO] [stdout] 138 | #[link(name = "AppKit", kind = "framework")]
[INFO] [stdout]     |                                ^^^^^^^^^^^
[INFO] [stdout] 
[INFO] [stdout] 
[INFO] [stdout] error[E0455]: link kind `framework` is only supported on Apple targets
[INFO] [stdout]    --> src/lib.rs:138:32
[INFO] [stdout]     |
[INFO] [stdout] 138 | #[link(name = "AppKit", kind = "framework")]
[INFO] [stdout]     |                                ^^^^^^^^^^^
[INFO] [stdout] 
[INFO] [stdout] 
[INFO] [stdout] error: aborting due to 1 previous error
[INFO] [stdout] 
[INFO] [stdout] 
[INFO] [stdout] For more information about this error, try `rustc --explain E0455`.
[INFO] [stdout] 
[INFO] [stdout] error: aborting due to 1 previous error
[INFO] [stdout] 
[INFO] [stdout] 
[INFO] [stdout] For more information about this error, try `rustc --explain E0455`.
[INFO] [stdout] 
[INFO] [stderr] error: could not compile `readkey` (lib test) due to 2 previous errors
[INFO] [stderr] warning: build failed, waiting for other jobs to finish...
[INFO] [stderr] error: could not compile `readkey` (lib) due to 2 previous errors
[INFO] running `Command { std: "docker" "inspect" "130b47e4a4f254bdc22c5dc0f22c6c0cbcc5d5b78c6acab76279f2eeb85a1f6d", kill_on_drop: false }`
[INFO] running `Command { std: "docker" "rm" "-f" "130b47e4a4f254bdc22c5dc0f22c6c0cbcc5d5b78c6acab76279f2eeb85a1f6d", kill_on_drop: false }`
[INFO] [stdout] 130b47e4a4f254bdc22c5dc0f22c6c0cbcc5d5b78c6acab76279f2eeb85a1f6d
