[INFO] fetching crate readb 0.4.1...
[INFO] checking readb-0.4.1 against nightly-2024-02-05 for check-cfg
[INFO] extracting crate readb 0.4.1 into /workspace/builds/worker-6-tc1/source
[INFO] validating manifest of crates.io crate readb 0.4.1 on toolchain nightly-2024-02-05
[INFO] running `Command { std: CARGO_HOME="/workspace/cargo-home" RUSTUP_HOME="/workspace/rustup-home" "/workspace/cargo-home/bin/cargo" "+nightly-2024-02-05" "metadata" "--manifest-path" "Cargo.toml" "--no-deps", kill_on_drop: false }`
[INFO] started tweaking crates.io crate readb 0.4.1
[INFO] finished tweaking crates.io crate readb 0.4.1
[INFO] tweaked toml for crates.io crate readb 0.4.1 written to /workspace/builds/worker-6-tc1/source/Cargo.toml
[INFO] running `Command { std: CARGO_HOME="/workspace/cargo-home" RUSTUP_HOME="/workspace/rustup-home" "/workspace/cargo-home/bin/cargo" "+nightly-2024-02-05" "generate-lockfile" "--manifest-path" "Cargo.toml", kill_on_drop: false }`
[INFO] [stderr]     Blocking waiting for file lock on package cache
[INFO] [stderr]     Updating crates.io index
[INFO] running `Command { std: CARGO_HOME="/workspace/cargo-home" RUSTUP_HOME="/workspace/rustup-home" "/workspace/cargo-home/bin/cargo" "+nightly-2024-02-05" "fetch" "--manifest-path" "Cargo.toml", kill_on_drop: false }`
[INFO] [stderr]     Blocking waiting for file lock on package cache
[INFO] running `Command { std: "docker" "create" "-v" "/var/lib/crater-agent-workspace/builds/worker-6-tc1/target:/opt/rustwide/target:rw,Z" "-v" "/var/lib/crater-agent-workspace/builds/worker-6-tc1/source:/opt/rustwide/workdir:ro,Z" "-v" "/var/lib/crater-agent-workspace/cargo-home:/opt/rustwide/cargo-home:ro,Z" "-v" "/var/lib/crater-agent-workspace/rustup-home:/opt/rustwide/rustup-home:ro,Z" "-e" "SOURCE_DIR=/opt/rustwide/workdir" "-e" "CARGO_TARGET_DIR=/opt/rustwide/target" "-e" "CARGO_HOME=/opt/rustwide/cargo-home" "-e" "RUSTUP_HOME=/opt/rustwide/rustup-home" "-w" "/opt/rustwide/workdir" "-m" "1610612736" "--user" "0:0" "--network" "none" "ghcr.io/rust-lang/crates-build-env/linux@sha256:2788e3201cd34a07e3172128adcd8b3090168a8e3bcc40d7c032b9dda1df7d1c" "/opt/rustwide/cargo-home/bin/cargo" "+nightly-2024-02-05" "metadata" "--no-deps" "--format-version=1", kill_on_drop: false }`
[INFO] [stdout] ab17b016fb0926af171c333cce86e93e74c345d7a7b9d54b261926dc67ac8f05
[INFO] running `Command { std: "docker" "start" "-a" "ab17b016fb0926af171c333cce86e93e74c345d7a7b9d54b261926dc67ac8f05", kill_on_drop: false }`
[INFO] running `Command { std: "docker" "inspect" "ab17b016fb0926af171c333cce86e93e74c345d7a7b9d54b261926dc67ac8f05", kill_on_drop: false }`
[INFO] running `Command { std: "docker" "rm" "-f" "ab17b016fb0926af171c333cce86e93e74c345d7a7b9d54b261926dc67ac8f05", kill_on_drop: false }`
[INFO] [stdout] ab17b016fb0926af171c333cce86e93e74c345d7a7b9d54b261926dc67ac8f05
[INFO] running `Command { std: "docker" "create" "-v" "/var/lib/crater-agent-workspace/builds/worker-6-tc1/target:/opt/rustwide/target:rw,Z" "-v" "/var/lib/crater-agent-workspace/builds/worker-6-tc1/source:/opt/rustwide/workdir:ro,Z" "-v" "/var/lib/crater-agent-workspace/cargo-home:/opt/rustwide/cargo-home:ro,Z" "-v" "/var/lib/crater-agent-workspace/rustup-home:/opt/rustwide/rustup-home:ro,Z" "-e" "SOURCE_DIR=/opt/rustwide/workdir" "-e" "CARGO_TARGET_DIR=/opt/rustwide/target" "-e" "CARGO_INCREMENTAL=0" "-e" "RUST_BACKTRACE=full" "-e" "RUSTFLAGS=--cap-lints=forbid" "-e" "RUSTDOCFLAGS=--cap-lints=forbid" "-e" "CARGO_HOME=/opt/rustwide/cargo-home" "-e" "RUSTUP_HOME=/opt/rustwide/rustup-home" "-w" "/opt/rustwide/workdir" "-m" "1610612736" "--user" "0:0" "--network" "none" "ghcr.io/rust-lang/crates-build-env/linux@sha256:2788e3201cd34a07e3172128adcd8b3090168a8e3bcc40d7c032b9dda1df7d1c" "/opt/rustwide/cargo-home/bin/cargo" "+nightly-2024-02-05" "check" "--frozen" "--all" "--all-targets" "--message-format=json", kill_on_drop: false }`
[INFO] [stdout] 3c09700d8dd629a841557778d408aed40037534516bfa337380996279041cbe6
[INFO] running `Command { std: "docker" "start" "-a" "3c09700d8dd629a841557778d408aed40037534516bfa337380996279041cbe6", kill_on_drop: false }`
[INFO] [stderr]     Checking bytes v1.5.0
[INFO] [stderr]     Checking pin-project-lite v0.2.13
[INFO] [stderr]    Compiling typenum v1.17.0
[INFO] [stderr]    Compiling serde v1.0.196
[INFO] [stderr]    Compiling parking_lot_core v0.9.9
[INFO] [stderr]     Checking fnv v1.0.7
[INFO] [stderr]     Checking futures-core v0.3.30
[INFO] [stderr]     Checking log v0.4.20
[INFO] [stderr]    Compiling lock_api v0.4.11
[INFO] [stderr]    Compiling generic-array v0.14.7
[INFO] [stderr]    Compiling slab v0.4.9
[INFO] [stderr]     Checking futures-sink v0.3.30
[INFO] [stderr]    Compiling crossbeam-utils v0.8.19
[INFO] [stderr]    Compiling unicase v2.7.0
[INFO] [stderr]     Checking socket2 v0.5.5
[INFO] [stderr]    Compiling syn v2.0.48
[INFO] [stderr]     Checking signal-hook-registry v1.4.1
[INFO] [stderr]     Checking num_cpus v1.16.0
[INFO] [stderr]     Checking mio v0.8.10
[INFO] [stderr]     Checking tinyvec_macros v0.1.1
[INFO] [stderr]     Checking once_cell v1.19.0
[INFO] [stderr]    Compiling httparse v1.8.0
[INFO] [stderr]     Checking tinyvec v1.6.0
[INFO] [stderr]     Checking getrandom v0.2.12
[INFO] [stderr]     Checking futures-task v0.3.30
[INFO] [stderr]     Checking pin-utils v0.1.0
[INFO] [stderr]     Checking percent-encoding v2.3.1
[INFO] [stderr]    Compiling rustix v0.38.31
[INFO] [stderr]    Compiling serde_json v1.0.113
[INFO] [stderr]     Checking rand_core v0.6.4
[INFO] [stderr]     Checking http v0.2.11
[INFO] [stderr]     Checking tracing-core v0.1.32
[INFO] [stderr]    Compiling thiserror v1.0.56
[INFO] [stderr]     Checking cpufeatures v0.2.12
[INFO] [stderr]     Checking form_urlencoded v1.2.1
[INFO] [stderr]     Checking unicode-bidi v0.3.15
[INFO] [stderr]     Checking byteorder v1.5.0
[INFO] [stderr]     Checking parking_lot v0.12.1
[INFO] [stderr]     Checking futures-util v0.3.30
[INFO] [stderr]    Compiling num-traits v0.2.17
[INFO] [stderr]     Checking rand_chacha v0.3.1
[INFO] [stderr]     Checking tracing v0.1.40
[INFO] [stderr]     Checking either v1.9.0
[INFO] [stderr]    Compiling parking_lot_core v0.8.6
[INFO] [stderr]     Checking bitflags v2.4.2
[INFO] [stderr]    Compiling rayon-core v1.12.1
[INFO] [stderr]     Checking crossbeam-epoch v0.9.18
[INFO] [stderr]     Checking linux-raw-sys v0.4.13
[INFO] [stderr]     Checking mime v0.3.17
[INFO] [stderr]     Checking rand v0.8.5
[INFO] [stderr]    Compiling mime_guess v2.0.4
[INFO] [stderr]    Compiling multer v2.1.0
[INFO] [stderr]     Checking instant v0.1.12
[INFO] [stderr]     Checking unicode-normalization v0.1.22
[INFO] [stderr]     Checking half v2.3.1
[INFO] [stderr]     Checking anstyle v1.0.6
[INFO] [stderr]     Checking try-lock v0.2.5
[INFO] [stderr]     Checking crossbeam-deque v0.8.5
[INFO] [stderr]     Checking utf-8 v0.7.6
[INFO] [stderr]     Checking regex-syntax v0.8.2
[INFO] [stderr]    Compiling anyhow v1.0.79
[INFO] [stderr]    Compiling crc32fast v1.3.2
[INFO] [stderr]     Checking plotters-backend v0.3.5
[INFO] [stderr]     Checking ciborium-io v0.2.2
[INFO] [stderr]     Checking httpdate v1.0.3
[INFO] [stderr]     Checking base64 v0.21.7
[INFO] [stderr]     Checking clap_lex v0.6.0
[INFO] [stderr]     Checking ciborium-ll v0.2.2
[INFO] [stderr]     Checking clap_builder v4.4.18
[INFO] [stderr]     Checking idna v0.5.0
[INFO] [stderr]     Checking want v0.3.1
[INFO] [stderr]     Checking http-body v0.4.6
[INFO] [stderr]     Checking headers-core v0.2.0
[INFO] [stderr]     Checking plotters-svg v0.3.5
[INFO] [stderr]     Checking itertools v0.10.5
[INFO] [stderr]     Checking futures-channel v0.3.30
[INFO] [stderr]     Checking fs2 v0.4.3
[INFO] [stderr]     Checking encoding_rs v0.8.33
[INFO] [stderr]     Checking spin v0.9.8
[INFO] [stderr]     Checking cast v0.3.0
[INFO] [stderr]     Checking same-file v1.0.6
[INFO] [stderr]     Checking tower-service v0.3.2
[INFO] [stderr]    Compiling redb v1.5.0
[INFO] [stderr]     Checking memchr v2.7.1
[INFO] [stderr]     Checking url v2.5.0
[INFO] [stderr]     Checking walkdir v2.4.0
[INFO] [stderr]     Checking parking_lot v0.11.2
[INFO] [stderr]     Checking rayon v1.8.1
[INFO] [stderr]     Checking rustls-pemfile v1.0.4
[INFO] [stderr]     Checking plotters v0.3.5
[INFO] [stderr]     Checking regex-automata v0.4.5
[INFO] [stderr]     Checking fxhash v0.2.1
[INFO] [stderr]     Checking crypto-common v0.1.6
[INFO] [stderr]     Checking block-buffer v0.10.4
[INFO] [stderr]     Checking scoped-tls v1.0.1
[INFO] [stderr]     Checking anes v0.1.6
[INFO] [stderr]     Checking digest v0.10.7
[INFO] [stderr]     Checking oorandom v11.1.3
[INFO] [stderr]     Checking fastrand v2.0.1
[INFO] [stderr]     Checking sled v0.34.7
[INFO] [stderr]     Checking sha1 v0.10.6
[INFO] [stderr]     Checking headers v0.3.9
[INFO] [stderr]     Checking criterion-plot v0.5.0
[INFO] [stderr]     Checking clap v4.4.18
[INFO] [stderr]     Checking regex v1.10.3
[INFO] [stderr]     Checking is-terminal v0.4.10
[INFO] [stderr]     Checking tempfile v3.10.0
[INFO] [stderr]    Compiling serde_derive v1.0.196
[INFO] [stderr]    Compiling tokio-macros v2.2.0
[INFO] [stderr]    Compiling thiserror-impl v1.0.56
[INFO] [stderr]    Compiling pin-project-internal v1.1.4
[INFO] [stderr]     Checking tokio v1.36.0
[INFO] [stderr]     Checking pin-project v1.1.4
[INFO] [stderr]     Checking tungstenite v0.20.1
[INFO] [stderr]     Checking ciborium v0.2.2
[INFO] [stderr]     Checking bincode v1.3.3
[INFO] [stderr]     Checking serde_urlencoded v0.7.1
[INFO] [stderr]     Checking tokio-util v0.7.10
[INFO] [stderr]     Checking tokio-stream v0.1.14
[INFO] [stderr]     Checking tokio-tungstenite v0.20.1
[INFO] [stderr]     Checking readb v0.4.1 (/opt/rustwide/workdir)
[INFO] [stderr]     Checking h2 v0.3.24
[INFO] [stderr]     Checking tinytemplate v1.2.1
[INFO] [stderr]     Checking criterion v0.5.1
[INFO] [stderr]     Checking hyper v0.14.28
[INFO] [stderr]     Checking warp v0.3.6
[INFO] [stdout] error[E0599]: no method named `put` found for struct `readb::databases::lazy_loader_db::LLDatabase` in the current scope
[INFO] [stdout]   --> benches/write_benchmark.rs:64:24
[INFO] [stdout]    |
[INFO] [stdout] 64 |         readb_instance.put(key.as_str(), value.as_bytes()).unwrap();
[INFO] [stdout]    |                        ^^^ method not found in `LLDatabase<LfuCache>`
[INFO] [stdout] 
[INFO] [stdout] 
[INFO] [stdout] error[E0599]: no method named `put` found for struct `readb::databases::lazy_loader_db::LLDatabase` in the current scope
[INFO] [stdout]    --> benches/write_benchmark.rs:111:34
[INFO] [stdout]     |
[INFO] [stdout] 110 |   ...                   let _ = readb_instance
[INFO] [stdout]     |  _______________________________-
[INFO] [stdout] 111 | | ...                       .put(black_box(key), black_box(value.as_bytes()))
[INFO] [stdout]     | |                           -^^^ method not found in `LLDatabase<LfuCache>`
[INFO] [stdout]     | |___________________________|
[INFO] [stdout]     | 
[INFO] [stdout] 
[INFO] [stdout] 
[INFO] [stdout] error[E0599]: no method named `tx` found for struct `readb::databases::lazy_loader_db::LLDatabase` in the current scope
[INFO] [stdout]    --> benches/write_benchmark.rs:121:48
[INFO] [stdout]     |
[INFO] [stdout] 121 |                 let mut tx = readb_tx_instance.tx().unwrap();
[INFO] [stdout]     |                                                ^^ method not found in `LLDatabase<LfuCache>`
[INFO] [stdout] 
[INFO] [stdout] 
[INFO] [stdout] error[E0599]: no method named `tx` found for struct `readb::databases::lazy_loader_db::LLDatabase` in the current scope
[INFO] [stdout]    --> benches/write_benchmark.rs:127:52
[INFO] [stdout]     |
[INFO] [stdout] 127 | ...                   tx = readb_tx_instance.tx().unwrap();
[INFO] [stdout]     |                                              ^^ method not found in `LLDatabase<LfuCache>`
[INFO] [stdout] 
[INFO] [stdout] 
[INFO] [stdout] error: aborting due to 4 previous errors
[INFO] [stdout] 
[INFO] [stdout] 
[INFO] [stdout] For more information about this error, try `rustc --explain E0599`.
[INFO] [stdout] 
[INFO] [stderr] error: could not compile `readb` (bench "write_benchmark") due to 5 previous errors
[INFO] [stderr] warning: build failed, waiting for other jobs to finish...
[INFO] running `Command { std: "docker" "inspect" "3c09700d8dd629a841557778d408aed40037534516bfa337380996279041cbe6", kill_on_drop: false }`
[INFO] running `Command { std: "docker" "rm" "-f" "3c09700d8dd629a841557778d408aed40037534516bfa337380996279041cbe6", kill_on_drop: false }`
[INFO] [stdout] 3c09700d8dd629a841557778d408aed40037534516bfa337380996279041cbe6
[INFO] checking readb-0.4.1 against nightly-2024-02-05+rustflags=-Dunexpected_cfgs+cargoflags=-Zcheck-cfg for check-cfg
[INFO] extracting crate readb 0.4.1 into /workspace/builds/worker-6-tc2/source
[INFO] validating manifest of crates.io crate readb 0.4.1 on toolchain nightly-2024-02-05
[INFO] running `Command { std: CARGO_HOME="/workspace/cargo-home" RUSTUP_HOME="/workspace/rustup-home" "/workspace/cargo-home/bin/cargo" "+nightly-2024-02-05" "metadata" "--manifest-path" "Cargo.toml" "--no-deps", kill_on_drop: false }`
[INFO] started tweaking crates.io crate readb 0.4.1
[INFO] finished tweaking crates.io crate readb 0.4.1
[INFO] tweaked toml for crates.io crate readb 0.4.1 written to /workspace/builds/worker-6-tc2/source/Cargo.toml
[INFO] running `Command { std: CARGO_HOME="/workspace/cargo-home" RUSTUP_HOME="/workspace/rustup-home" "/workspace/cargo-home/bin/cargo" "+nightly-2024-02-05" "generate-lockfile" "--manifest-path" "Cargo.toml", kill_on_drop: false }`
[INFO] [stderr]     Blocking waiting for file lock on package cache
[INFO] [stderr]     Updating crates.io index
[INFO] running `Command { std: CARGO_HOME="/workspace/cargo-home" RUSTUP_HOME="/workspace/rustup-home" "/workspace/cargo-home/bin/cargo" "+nightly-2024-02-05" "fetch" "--manifest-path" "Cargo.toml", kill_on_drop: false }`
[INFO] [stderr]     Blocking waiting for file lock on package cache
[INFO] running `Command { std: "docker" "create" "-v" "/var/lib/crater-agent-workspace/builds/worker-6-tc2/target:/opt/rustwide/target:rw,Z" "-v" "/var/lib/crater-agent-workspace/builds/worker-6-tc2/source:/opt/rustwide/workdir:ro,Z" "-v" "/var/lib/crater-agent-workspace/cargo-home:/opt/rustwide/cargo-home:ro,Z" "-v" "/var/lib/crater-agent-workspace/rustup-home:/opt/rustwide/rustup-home:ro,Z" "-e" "SOURCE_DIR=/opt/rustwide/workdir" "-e" "CARGO_TARGET_DIR=/opt/rustwide/target" "-e" "CARGO_HOME=/opt/rustwide/cargo-home" "-e" "RUSTUP_HOME=/opt/rustwide/rustup-home" "-w" "/opt/rustwide/workdir" "-m" "1610612736" "--user" "0:0" "--network" "none" "ghcr.io/rust-lang/crates-build-env/linux@sha256:2788e3201cd34a07e3172128adcd8b3090168a8e3bcc40d7c032b9dda1df7d1c" "/opt/rustwide/cargo-home/bin/cargo" "+nightly-2024-02-05" "metadata" "--no-deps" "--format-version=1", kill_on_drop: false }`
[INFO] [stdout] 5d3495184addd1b09d3be1917e569b07fa2b3280ebff6dcc264faab4946dac2a
[INFO] running `Command { std: "docker" "start" "-a" "5d3495184addd1b09d3be1917e569b07fa2b3280ebff6dcc264faab4946dac2a", kill_on_drop: false }`
[INFO] running `Command { std: "docker" "inspect" "5d3495184addd1b09d3be1917e569b07fa2b3280ebff6dcc264faab4946dac2a", kill_on_drop: false }`
[INFO] running `Command { std: "docker" "rm" "-f" "5d3495184addd1b09d3be1917e569b07fa2b3280ebff6dcc264faab4946dac2a", kill_on_drop: false }`
[INFO] [stdout] 5d3495184addd1b09d3be1917e569b07fa2b3280ebff6dcc264faab4946dac2a
[INFO] running `Command { std: "docker" "create" "-v" "/var/lib/crater-agent-workspace/builds/worker-6-tc2/target:/opt/rustwide/target:rw,Z" "-v" "/var/lib/crater-agent-workspace/builds/worker-6-tc2/source:/opt/rustwide/workdir:ro,Z" "-v" "/var/lib/crater-agent-workspace/cargo-home:/opt/rustwide/cargo-home:ro,Z" "-v" "/var/lib/crater-agent-workspace/rustup-home:/opt/rustwide/rustup-home:ro,Z" "-e" "SOURCE_DIR=/opt/rustwide/workdir" "-e" "CARGO_TARGET_DIR=/opt/rustwide/target" "-e" "CARGO_INCREMENTAL=0" "-e" "RUST_BACKTRACE=full" "-e" "RUSTFLAGS=--cap-lints=forbid -Dunexpected_cfgs" "-e" "RUSTDOCFLAGS=--cap-lints=forbid" "-e" "CARGO_HOME=/opt/rustwide/cargo-home" "-e" "RUSTUP_HOME=/opt/rustwide/rustup-home" "-w" "/opt/rustwide/workdir" "-m" "1610612736" "--user" "0:0" "--network" "none" "ghcr.io/rust-lang/crates-build-env/linux@sha256:2788e3201cd34a07e3172128adcd8b3090168a8e3bcc40d7c032b9dda1df7d1c" "/opt/rustwide/cargo-home/bin/cargo" "+nightly-2024-02-05" "check" "--frozen" "--all" "--all-targets" "--message-format=json" "-Zcheck-cfg", kill_on_drop: false }`
[INFO] [stdout] e47cfc3c95653c14103e069d10a5bf5cadf4e9fc87cc52cc0d983ebc2cf65dcf
[INFO] running `Command { std: "docker" "start" "-a" "e47cfc3c95653c14103e069d10a5bf5cadf4e9fc87cc52cc0d983ebc2cf65dcf", kill_on_drop: false }`
[INFO] [stderr]     Checking bytes v1.5.0
[INFO] [stderr]     Checking pin-project-lite v0.2.13
[INFO] [stderr]    Compiling typenum v1.17.0
[INFO] [stderr]    Compiling parking_lot_core v0.9.9
[INFO] [stderr]     Checking fnv v1.0.7
[INFO] [stderr]    Compiling serde v1.0.196
[INFO] [stderr]     Checking log v0.4.20
[INFO] [stderr]     Checking futures-core v0.3.30
[INFO] [stderr]    Compiling lock_api v0.4.11
[INFO] [stderr]    Compiling generic-array v0.14.7
[INFO] [stderr]    Compiling slab v0.4.9
[INFO] [stderr]     Checking futures-sink v0.3.30
[INFO] [stderr]    Compiling crossbeam-utils v0.8.19
[INFO] [stderr]    Compiling unicase v2.7.0
[INFO] [stderr]     Checking mio v0.8.10
[INFO] [stderr]    Compiling syn v2.0.48
[INFO] [stderr]     Checking socket2 v0.5.5
[INFO] [stderr]     Checking num_cpus v1.16.0
[INFO] [stderr]     Checking signal-hook-registry v1.4.1
[INFO] [stderr]     Checking tinyvec_macros v0.1.1
[INFO] [stderr]    Compiling httparse v1.8.0
[INFO] [stderr]     Checking once_cell v1.19.0
[INFO] [stderr]     Checking tinyvec v1.6.0
[INFO] [stderr]     Checking getrandom v0.2.12
[INFO] [stderr]     Checking percent-encoding v2.3.1
[INFO] [stderr]     Checking pin-utils v0.1.0
[INFO] [stderr]     Checking futures-task v0.3.30
[INFO] [stderr]     Checking rand_core v0.6.4
[INFO] [stderr]     Checking http v0.2.11
[INFO] [stderr]    Compiling serde_json v1.0.113
[INFO] [stderr]     Checking tracing-core v0.1.32
[INFO] [stderr]     Checking form_urlencoded v1.2.1
[INFO] [stderr]    Compiling rustix v0.38.31
[INFO] [stderr]     Checking unicode-bidi v0.3.15
[INFO] [stderr]     Checking futures-util v0.3.30
[INFO] [stderr]    Compiling thiserror v1.0.56
[INFO] [stderr]     Checking byteorder v1.5.0
[INFO] [stderr]     Checking cpufeatures v0.2.12
[INFO] [stderr]     Checking rand_chacha v0.3.1
[INFO] [stderr]    Compiling num-traits v0.2.17
[INFO] [stderr]    Compiling rayon-core v1.12.1
[INFO] [stderr]     Checking bitflags v2.4.2
[INFO] [stderr]     Checking mime v0.3.17
[INFO] [stderr]     Checking parking_lot v0.12.1
[INFO] [stderr]     Checking linux-raw-sys v0.4.13
[INFO] [stderr]    Compiling parking_lot_core v0.8.6
[INFO] [stderr]     Checking either v1.9.0
[INFO] [stderr]    Compiling mime_guess v2.0.4
[INFO] [stderr]     Checking tracing v0.1.40
[INFO] [stderr]     Checking rand v0.8.5
[INFO] [stderr]    Compiling multer v2.1.0
[INFO] [stderr]     Checking instant v0.1.12
[INFO] [stderr]     Checking crossbeam-epoch v0.9.18
[INFO] [stderr]     Checking half v2.3.1
[INFO] [stderr]     Checking regex-syntax v0.8.2
[INFO] [stderr]     Checking utf-8 v0.7.6
[INFO] [stderr]     Checking plotters-backend v0.3.5
[INFO] [stderr]     Checking clap_lex v0.6.0
[INFO] [stderr]     Checking try-lock v0.2.5
[INFO] [stderr]     Checking crossbeam-deque v0.8.5
[INFO] [stderr]    Compiling crc32fast v1.3.2
[INFO] [stderr]     Checking anstyle v1.0.6
[INFO] [stderr]     Checking unicode-normalization v0.1.22
[INFO] [stderr]     Checking httpdate v1.0.3
[INFO] [stderr]     Checking ciborium-io v0.2.2
[INFO] [stderr]    Compiling anyhow v1.0.79
[INFO] [stderr]     Checking base64 v0.21.7
[INFO] [stderr]     Checking ciborium-ll v0.2.2
[INFO] [stderr]     Checking headers-core v0.2.0
[INFO] [stderr]     Checking http-body v0.4.6
[INFO] [stderr]     Checking clap_builder v4.4.18
[INFO] [stderr]     Checking want v0.3.1
[INFO] [stderr]     Checking plotters-svg v0.3.5
[INFO] [stderr]     Checking itertools v0.10.5
[INFO] [stderr]     Checking futures-channel v0.3.30
[INFO] [stderr]     Checking fs2 v0.4.3
[INFO] [stderr]     Checking encoding_rs v0.8.33
[INFO] [stderr]    Compiling redb v1.5.0
[INFO] [stderr]     Checking idna v0.5.0
[INFO] [stderr]     Checking tower-service v0.3.2
[INFO] [stderr]     Checking spin v0.9.8
[INFO] [stderr]     Checking memchr v2.7.1
[INFO] [stderr]     Checking cast v0.3.0
[INFO] [stderr]     Checking same-file v1.0.6
[INFO] [stderr]     Checking rayon v1.8.1
[INFO] [stderr]     Checking parking_lot v0.11.2
[INFO] [stderr]     Checking walkdir v2.4.0
[INFO] [stderr]     Checking plotters v0.3.5
[INFO] [stderr]     Checking rustls-pemfile v1.0.4
[INFO] [stderr]     Checking fxhash v0.2.1
[INFO] [stderr]     Checking oorandom v11.1.3
[INFO] [stderr]     Checking fastrand v2.0.1
[INFO] [stderr]     Checking anes v0.1.6
[INFO] [stderr]     Checking scoped-tls v1.0.1
[INFO] [stderr]     Checking sled v0.34.7
[INFO] [stderr]     Checking block-buffer v0.10.4
[INFO] [stderr]     Checking crypto-common v0.1.6
[INFO] [stderr]     Checking url v2.5.0
[INFO] [stderr]     Checking digest v0.10.7
[INFO] [stderr]     Checking regex-automata v0.4.5
[INFO] [stderr]     Checking sha1 v0.10.6
[INFO] [stderr]     Checking headers v0.3.9
[INFO] [stderr]     Checking clap v4.4.18
[INFO] [stderr]     Checking criterion-plot v0.5.0
[INFO] [stderr]     Checking is-terminal v0.4.10
[INFO] [stderr]     Checking tempfile v3.10.0
[INFO] [stderr]    Compiling serde_derive v1.0.196
[INFO] [stderr]    Compiling tokio-macros v2.2.0
[INFO] [stderr]    Compiling thiserror-impl v1.0.56
[INFO] [stderr]    Compiling pin-project-internal v1.1.4
[INFO] [stderr]     Checking regex v1.10.3
[INFO] [stderr]     Checking tokio v1.36.0
[INFO] [stderr]     Checking pin-project v1.1.4
[INFO] [stderr]     Checking tungstenite v0.20.1
[INFO] [stderr]     Checking tokio-util v0.7.10
[INFO] [stderr]     Checking tokio-tungstenite v0.20.1
[INFO] [stderr]     Checking tokio-stream v0.1.14
[INFO] [stderr]     Checking h2 v0.3.24
[INFO] [stderr]     Checking serde_urlencoded v0.7.1
[INFO] [stderr]     Checking bincode v1.3.3
[INFO] [stderr]     Checking ciborium v0.2.2
[INFO] [stderr]     Checking readb v0.4.1 (/opt/rustwide/workdir)
[INFO] [stderr]     Checking tinytemplate v1.2.1
[INFO] [stderr]     Checking criterion v0.5.1
[INFO] [stderr]     Checking hyper v0.14.28
[INFO] [stderr]     Checking warp v0.3.6
[INFO] [stdout] error[E0599]: no method named `put` found for struct `readb::databases::lazy_loader_db::LLDatabase` in the current scope
[INFO] [stdout]   --> benches/write_benchmark.rs:64:24
[INFO] [stdout]    |
[INFO] [stdout] 64 |         readb_instance.put(key.as_str(), value.as_bytes()).unwrap();
[INFO] [stdout]    |                        ^^^ method not found in `LLDatabase<LfuCache>`
[INFO] [stdout] 
[INFO] [stdout] 
[INFO] [stdout] error[E0599]: no method named `put` found for struct `readb::databases::lazy_loader_db::LLDatabase` in the current scope
[INFO] [stdout]    --> benches/write_benchmark.rs:111:34
[INFO] [stdout]     |
[INFO] [stdout] 110 |   ...                   let _ = readb_instance
[INFO] [stdout]     |  _______________________________-
[INFO] [stdout] 111 | | ...                       .put(black_box(key), black_box(value.as_bytes()))
[INFO] [stdout]     | |                           -^^^ method not found in `LLDatabase<LfuCache>`
[INFO] [stdout]     | |___________________________|
[INFO] [stdout]     | 
[INFO] [stdout] 
[INFO] [stdout] 
[INFO] [stdout] error[E0599]: no method named `tx` found for struct `readb::databases::lazy_loader_db::LLDatabase` in the current scope
[INFO] [stdout]    --> benches/write_benchmark.rs:121:48
[INFO] [stdout]     |
[INFO] [stdout] 121 |                 let mut tx = readb_tx_instance.tx().unwrap();
[INFO] [stdout]     |                                                ^^ method not found in `LLDatabase<LfuCache>`
[INFO] [stdout] 
[INFO] [stdout] 
[INFO] [stdout] error[E0599]: no method named `tx` found for struct `readb::databases::lazy_loader_db::LLDatabase` in the current scope
[INFO] [stdout]    --> benches/write_benchmark.rs:127:52
[INFO] [stdout]     |
[INFO] [stdout] 127 | ...                   tx = readb_tx_instance.tx().unwrap();
[INFO] [stdout]     |                                              ^^ method not found in `LLDatabase<LfuCache>`
[INFO] [stdout] 
[INFO] [stdout] 
[INFO] [stdout] error: aborting due to 4 previous errors
[INFO] [stdout] 
[INFO] [stdout] 
[INFO] [stdout] For more information about this error, try `rustc --explain E0599`.
[INFO] [stdout] 
[INFO] [stderr] error: could not compile `readb` (bench "write_benchmark") due to 5 previous errors
[INFO] running `Command { std: "docker" "inspect" "e47cfc3c95653c14103e069d10a5bf5cadf4e9fc87cc52cc0d983ebc2cf65dcf", kill_on_drop: false }`
[INFO] running `Command { std: "docker" "rm" "-f" "e47cfc3c95653c14103e069d10a5bf5cadf4e9fc87cc52cc0d983ebc2cf65dcf", kill_on_drop: false }`
[INFO] [stdout] e47cfc3c95653c14103e069d10a5bf5cadf4e9fc87cc52cc0d983ebc2cf65dcf
