[INFO] fetching crate react-rs 1.0.0-alpha.8...
[INFO] checking react-rs-1.0.0-alpha.8 against nightly-2024-02-05 for check-cfg
[INFO] extracting crate react-rs 1.0.0-alpha.8 into /workspace/builds/worker-6-tc1/source
[INFO] validating manifest of crates.io crate react-rs 1.0.0-alpha.8 on toolchain nightly-2024-02-05
[INFO] running `Command { std: CARGO_HOME="/workspace/cargo-home" RUSTUP_HOME="/workspace/rustup-home" "/workspace/cargo-home/bin/cargo" "+nightly-2024-02-05" "metadata" "--manifest-path" "Cargo.toml" "--no-deps", kill_on_drop: false }`
[INFO] started tweaking crates.io crate react-rs 1.0.0-alpha.8
[INFO] finished tweaking crates.io crate react-rs 1.0.0-alpha.8
[INFO] tweaked toml for crates.io crate react-rs 1.0.0-alpha.8 written to /workspace/builds/worker-6-tc1/source/Cargo.toml
[INFO] running `Command { std: CARGO_HOME="/workspace/cargo-home" RUSTUP_HOME="/workspace/rustup-home" "/workspace/cargo-home/bin/cargo" "+nightly-2024-02-05" "generate-lockfile" "--manifest-path" "Cargo.toml", kill_on_drop: false }`
[INFO] [stderr]     Updating crates.io index
[INFO] running `Command { std: CARGO_HOME="/workspace/cargo-home" RUSTUP_HOME="/workspace/rustup-home" "/workspace/cargo-home/bin/cargo" "+nightly-2024-02-05" "fetch" "--manifest-path" "Cargo.toml", kill_on_drop: false }`
[INFO] [stderr]  Downloading crates ...
[INFO] [stderr]   Downloaded react-sys v1.0.0-alpha.23
[INFO] [stderr]   Downloaded frender-macros v1.0.0-alpha.8
[INFO] [stderr]   Downloaded forgotten v1.2.0
[INFO] [stderr]   Downloaded convert-js-macros v1.0.0-alpha.15
[INFO] [stderr]   Downloaded convert-js v1.0.0-alpha.15
[INFO] running `Command { std: "docker" "create" "-v" "/var/lib/crater-agent-workspace/builds/worker-6-tc1/target:/opt/rustwide/target:rw,Z" "-v" "/var/lib/crater-agent-workspace/builds/worker-6-tc1/source:/opt/rustwide/workdir:ro,Z" "-v" "/var/lib/crater-agent-workspace/cargo-home:/opt/rustwide/cargo-home:ro,Z" "-v" "/var/lib/crater-agent-workspace/rustup-home:/opt/rustwide/rustup-home:ro,Z" "-e" "SOURCE_DIR=/opt/rustwide/workdir" "-e" "CARGO_TARGET_DIR=/opt/rustwide/target" "-e" "CARGO_HOME=/opt/rustwide/cargo-home" "-e" "RUSTUP_HOME=/opt/rustwide/rustup-home" "-w" "/opt/rustwide/workdir" "-m" "1610612736" "--user" "0:0" "--network" "none" "ghcr.io/rust-lang/crates-build-env/linux@sha256:2788e3201cd34a07e3172128adcd8b3090168a8e3bcc40d7c032b9dda1df7d1c" "/opt/rustwide/cargo-home/bin/cargo" "+nightly-2024-02-05" "metadata" "--no-deps" "--format-version=1", kill_on_drop: false }`
[INFO] [stdout] f4e8ed8514502e81b66a93163f7910d420e8106a88f97b0db46c4cedef230cb1
[INFO] running `Command { std: "docker" "start" "-a" "f4e8ed8514502e81b66a93163f7910d420e8106a88f97b0db46c4cedef230cb1", kill_on_drop: false }`
[INFO] running `Command { std: "docker" "inspect" "f4e8ed8514502e81b66a93163f7910d420e8106a88f97b0db46c4cedef230cb1", kill_on_drop: false }`
[INFO] running `Command { std: "docker" "rm" "-f" "f4e8ed8514502e81b66a93163f7910d420e8106a88f97b0db46c4cedef230cb1", kill_on_drop: false }`
[INFO] [stdout] f4e8ed8514502e81b66a93163f7910d420e8106a88f97b0db46c4cedef230cb1
[INFO] running `Command { std: "docker" "create" "-v" "/var/lib/crater-agent-workspace/builds/worker-6-tc1/target:/opt/rustwide/target:rw,Z" "-v" "/var/lib/crater-agent-workspace/builds/worker-6-tc1/source:/opt/rustwide/workdir:ro,Z" "-v" "/var/lib/crater-agent-workspace/cargo-home:/opt/rustwide/cargo-home:ro,Z" "-v" "/var/lib/crater-agent-workspace/rustup-home:/opt/rustwide/rustup-home:ro,Z" "-e" "SOURCE_DIR=/opt/rustwide/workdir" "-e" "CARGO_TARGET_DIR=/opt/rustwide/target" "-e" "CARGO_INCREMENTAL=0" "-e" "RUST_BACKTRACE=full" "-e" "RUSTFLAGS=--cap-lints=forbid" "-e" "RUSTDOCFLAGS=--cap-lints=forbid" "-e" "CARGO_HOME=/opt/rustwide/cargo-home" "-e" "RUSTUP_HOME=/opt/rustwide/rustup-home" "-w" "/opt/rustwide/workdir" "-m" "1610612736" "--user" "0:0" "--network" "none" "ghcr.io/rust-lang/crates-build-env/linux@sha256:2788e3201cd34a07e3172128adcd8b3090168a8e3bcc40d7c032b9dda1df7d1c" "/opt/rustwide/cargo-home/bin/cargo" "+nightly-2024-02-05" "check" "--frozen" "--all" "--all-targets" "--message-format=json", kill_on_drop: false }`
[INFO] [stdout] 36bc8fbd003ff0c7d3af5144b0063b18f5eca36c9ee289afd607016c4175accb
[INFO] running `Command { std: "docker" "start" "-a" "36bc8fbd003ff0c7d3af5144b0063b18f5eca36c9ee289afd607016c4175accb", kill_on_drop: false }`
[INFO] [stderr]    Compiling wasm-bindgen-shared v0.2.90
[INFO] [stderr]    Compiling log v0.4.20
[INFO] [stderr]    Compiling bumpalo v3.14.0
[INFO] [stderr]    Compiling wasm-bindgen v0.2.90
[INFO] [stderr]    Compiling syn v1.0.109
[INFO] [stderr]    Compiling either v1.9.0
[INFO] [stderr]    Compiling bitflags v1.3.2
[INFO] [stderr]     Checking forgotten v1.2.0
[INFO] [stderr]     Checking scoped-tls v1.0.1
[INFO] [stderr]    Compiling syn v2.0.48
[INFO] [stderr]    Compiling itertools v0.8.2
[INFO] [stderr]    Compiling wasm-bindgen-backend v0.2.90
[INFO] [stderr]    Compiling darling_core v0.13.4
[INFO] [stderr]    Compiling wasm-bindgen-test-macro v0.3.40
[INFO] [stderr]    Compiling wasm-bindgen-macro-support v0.2.90
[INFO] [stderr]    Compiling shrinkwraprs v0.3.0
[INFO] [stderr]    Compiling wasm-bindgen-macro v0.2.90
[INFO] [stderr]    Compiling darling_macro v0.13.4
[INFO] [stderr]    Compiling darling v0.13.4
[INFO] [stderr]    Compiling convert-js-macros v1.0.0-alpha.15
[INFO] [stderr]    Compiling frender-macros v1.0.0-alpha.8
[INFO] [stderr]     Checking js-sys v0.3.67
[INFO] [stderr]     Checking console_error_panic_hook v0.1.7
[INFO] [stderr]     Checking web-sys v0.3.67
[INFO] [stderr]     Checking convert-js v1.0.0-alpha.15
[INFO] [stderr]     Checking wasm-bindgen-futures v0.4.40
[INFO] [stderr]     Checking wasm-bindgen-test v0.3.40
[INFO] [stderr]     Checking react-sys v1.0.0-alpha.23
[INFO] [stderr]     Checking react-rs v1.0.0-alpha.8 (/opt/rustwide/workdir)
[INFO] [stdout] warning: function cannot return without recursing
[INFO] [stdout]   --> src/element/js_bridge.rs:77:5
[INFO] [stdout]    |
[INFO] [stdout] 77 |     fn to_node(&self) -> crate::AnyNode {
[INFO] [stdout]    |     ^^^^^^^^^^^^^^^^^^^^^^^^^^^^^^^^^^^ cannot return without recursing
[INFO] [stdout] 78 |         self.clone().to_node()
[INFO] [stdout]    |         ---------------------- recursive call site
[INFO] [stdout]    |
[INFO] [stdout]    = help: a `loop` may express intention better if this is on purpose
[INFO] [stdout]    = note: `#[warn(unconditional_recursion)]` on by default
[INFO] [stdout] 
[INFO] [stdout] 
[INFO] [stdout] warning: function cannot return without recursing
[INFO] [stdout]   --> src/element/js_bridge.rs:77:5
[INFO] [stdout]    |
[INFO] [stdout] 77 |     fn to_node(&self) -> crate::AnyNode {
[INFO] [stdout]    |     ^^^^^^^^^^^^^^^^^^^^^^^^^^^^^^^^^^^ cannot return without recursing
[INFO] [stdout] 78 |         self.clone().to_node()
[INFO] [stdout]    |         ---------------------- recursive call site
[INFO] [stdout]    |
[INFO] [stdout]    = help: a `loop` may express intention better if this is on purpose
[INFO] [stdout]    = note: `#[warn(unconditional_recursion)]` on by default
[INFO] [stdout] 
[INFO] [stdout] 
[INFO] [stdout] error[E0133]: call to unsafe function `react_sys::use_effect_on_each_render` is unsafe and requires unsafe function or block
[INFO] [stdout]   --> src/use_effect.rs:58:5
[INFO] [stdout]    |
[INFO] [stdout] 58 |     react_sys::use_effect_on_each_render(effect);
[INFO] [stdout]    |     ^^^^^^^^^^^^^^^^^^^^^^^^^^^^^^^^^^^^^^^^^^^^ call to unsafe function
[INFO] [stdout]    |
[INFO] [stdout]    = note: consult the function's documentation for information on how to avoid undefined behavior
[INFO] [stdout] 
[INFO] [stdout] 
[INFO] [stdout] error[E0133]: call to unsafe function `use_effect` is unsafe and requires unsafe function or block
[INFO] [stdout]   --> src/use_effect.rs:75:5
[INFO] [stdout]    |
[INFO] [stdout] 75 |     react_sys::use_effect(effect_js, js_sys::Array::new());
[INFO] [stdout]    |     ^^^^^^^^^^^^^^^^^^^^^^^^^^^^^^^^^^^^^^^^^^^^^^^^^^^^^^ call to unsafe function
[INFO] [stdout]    |
[INFO] [stdout]    = note: consult the function's documentation for information on how to avoid undefined behavior
[INFO] [stdout] 
[INFO] [stdout] 
[INFO] [stdout] error[E0133]: call to unsafe function `use_effect` is unsafe and requires unsafe function or block
[INFO] [stdout]    --> src/use_effect.rs:119:5
[INFO] [stdout]     |
[INFO] [stdout] 119 |     react_sys::use_effect(effect, dep_arr);
[INFO] [stdout]     |     ^^^^^^^^^^^^^^^^^^^^^^^^^^^^^^^^^^^^^^ call to unsafe function
[INFO] [stdout]     |
[INFO] [stdout]     = note: consult the function's documentation for information on how to avoid undefined behavior
[INFO] [stdout] 
[INFO] [stdout] 
[INFO] [stdout] error[E0133]: call to unsafe function `react_sys::use_effect_on_each_render` is unsafe and requires unsafe function or block
[INFO] [stdout]   --> src/use_effect.rs:58:5
[INFO] [stdout]    |
[INFO] [stdout] 58 |     react_sys::use_effect_on_each_render(effect);
[INFO] [stdout]    |     ^^^^^^^^^^^^^^^^^^^^^^^^^^^^^^^^^^^^^^^^^^^^ call to unsafe function
[INFO] [stdout]    |
[INFO] [stdout]    = note: consult the function's documentation for information on how to avoid undefined behavior
[INFO] [stdout] 
[INFO] [stdout] 
[INFO] [stdout] error[E0133]: call to unsafe function `use_effect` is unsafe and requires unsafe function or block
[INFO] [stdout]   --> src/use_effect.rs:75:5
[INFO] [stdout]    |
[INFO] [stdout] 75 |     react_sys::use_effect(effect_js, js_sys::Array::new());
[INFO] [stdout]    |     ^^^^^^^^^^^^^^^^^^^^^^^^^^^^^^^^^^^^^^^^^^^^^^^^^^^^^^ call to unsafe function
[INFO] [stdout]    |
[INFO] [stdout]    = note: consult the function's documentation for information on how to avoid undefined behavior
[INFO] [stdout] 
[INFO] [stdout] 
[INFO] [stdout] error[E0133]: call to unsafe function `use_effect` is unsafe and requires unsafe function or block
[INFO] [stdout]    --> src/use_effect.rs:119:5
[INFO] [stdout]     |
[INFO] [stdout] 119 |     react_sys::use_effect(effect, dep_arr);
[INFO] [stdout]     |     ^^^^^^^^^^^^^^^^^^^^^^^^^^^^^^^^^^^^^^ call to unsafe function
[INFO] [stdout]     |
[INFO] [stdout]     = note: consult the function's documentation for information on how to avoid undefined behavior
[INFO] [stdout] 
[INFO] [stdout] 
[INFO] [stdout] error: aborting due to 3 previous errors; 1 warning emitted
[INFO] [stdout] 
[INFO] [stdout] 
[INFO] [stdout] For more information about this error, try `rustc --explain E0133`.
[INFO] [stdout] 
[INFO] [stdout] error: aborting due to 3 previous errors; 1 warning emitted
[INFO] [stdout] 
[INFO] [stdout] 
[INFO] [stdout] For more information about this error, try `rustc --explain E0133`.
[INFO] [stdout] 
[INFO] [stderr] error: could not compile `react-rs` (lib) due to 4 previous errors; 1 warning emitted
[INFO] [stderr] warning: build failed, waiting for other jobs to finish...
[INFO] [stderr] error: could not compile `react-rs` (lib test) due to 4 previous errors; 1 warning emitted
[INFO] running `Command { std: "docker" "inspect" "36bc8fbd003ff0c7d3af5144b0063b18f5eca36c9ee289afd607016c4175accb", kill_on_drop: false }`
[INFO] running `Command { std: "docker" "rm" "-f" "36bc8fbd003ff0c7d3af5144b0063b18f5eca36c9ee289afd607016c4175accb", kill_on_drop: false }`
[INFO] [stdout] 36bc8fbd003ff0c7d3af5144b0063b18f5eca36c9ee289afd607016c4175accb
[INFO] checking react-rs-1.0.0-alpha.8 against nightly-2024-02-05+rustflags=-Dunexpected_cfgs+cargoflags=-Zcheck-cfg for check-cfg
[INFO] extracting crate react-rs 1.0.0-alpha.8 into /workspace/builds/worker-6-tc2/source
[INFO] validating manifest of crates.io crate react-rs 1.0.0-alpha.8 on toolchain nightly-2024-02-05
[INFO] running `Command { std: CARGO_HOME="/workspace/cargo-home" RUSTUP_HOME="/workspace/rustup-home" "/workspace/cargo-home/bin/cargo" "+nightly-2024-02-05" "metadata" "--manifest-path" "Cargo.toml" "--no-deps", kill_on_drop: false }`
[INFO] started tweaking crates.io crate react-rs 1.0.0-alpha.8
[INFO] finished tweaking crates.io crate react-rs 1.0.0-alpha.8
[INFO] tweaked toml for crates.io crate react-rs 1.0.0-alpha.8 written to /workspace/builds/worker-6-tc2/source/Cargo.toml
[INFO] running `Command { std: CARGO_HOME="/workspace/cargo-home" RUSTUP_HOME="/workspace/rustup-home" "/workspace/cargo-home/bin/cargo" "+nightly-2024-02-05" "generate-lockfile" "--manifest-path" "Cargo.toml", kill_on_drop: false }`
[INFO] [stderr]     Updating crates.io index
[INFO] running `Command { std: CARGO_HOME="/workspace/cargo-home" RUSTUP_HOME="/workspace/rustup-home" "/workspace/cargo-home/bin/cargo" "+nightly-2024-02-05" "fetch" "--manifest-path" "Cargo.toml", kill_on_drop: false }`
[INFO] running `Command { std: "docker" "create" "-v" "/var/lib/crater-agent-workspace/builds/worker-6-tc2/target:/opt/rustwide/target:rw,Z" "-v" "/var/lib/crater-agent-workspace/builds/worker-6-tc2/source:/opt/rustwide/workdir:ro,Z" "-v" "/var/lib/crater-agent-workspace/cargo-home:/opt/rustwide/cargo-home:ro,Z" "-v" "/var/lib/crater-agent-workspace/rustup-home:/opt/rustwide/rustup-home:ro,Z" "-e" "SOURCE_DIR=/opt/rustwide/workdir" "-e" "CARGO_TARGET_DIR=/opt/rustwide/target" "-e" "CARGO_HOME=/opt/rustwide/cargo-home" "-e" "RUSTUP_HOME=/opt/rustwide/rustup-home" "-w" "/opt/rustwide/workdir" "-m" "1610612736" "--user" "0:0" "--network" "none" "ghcr.io/rust-lang/crates-build-env/linux@sha256:2788e3201cd34a07e3172128adcd8b3090168a8e3bcc40d7c032b9dda1df7d1c" "/opt/rustwide/cargo-home/bin/cargo" "+nightly-2024-02-05" "metadata" "--no-deps" "--format-version=1", kill_on_drop: false }`
[INFO] [stdout] 6e46690264c01dd29fe16fb750aa8750f3f342e8399fc42be57fdd67214af5a1
[INFO] running `Command { std: "docker" "start" "-a" "6e46690264c01dd29fe16fb750aa8750f3f342e8399fc42be57fdd67214af5a1", kill_on_drop: false }`
[INFO] running `Command { std: "docker" "inspect" "6e46690264c01dd29fe16fb750aa8750f3f342e8399fc42be57fdd67214af5a1", kill_on_drop: false }`
[INFO] running `Command { std: "docker" "rm" "-f" "6e46690264c01dd29fe16fb750aa8750f3f342e8399fc42be57fdd67214af5a1", kill_on_drop: false }`
[INFO] [stdout] 6e46690264c01dd29fe16fb750aa8750f3f342e8399fc42be57fdd67214af5a1
[INFO] running `Command { std: "docker" "create" "-v" "/var/lib/crater-agent-workspace/builds/worker-6-tc2/target:/opt/rustwide/target:rw,Z" "-v" "/var/lib/crater-agent-workspace/builds/worker-6-tc2/source:/opt/rustwide/workdir:ro,Z" "-v" "/var/lib/crater-agent-workspace/cargo-home:/opt/rustwide/cargo-home:ro,Z" "-v" "/var/lib/crater-agent-workspace/rustup-home:/opt/rustwide/rustup-home:ro,Z" "-e" "SOURCE_DIR=/opt/rustwide/workdir" "-e" "CARGO_TARGET_DIR=/opt/rustwide/target" "-e" "CARGO_INCREMENTAL=0" "-e" "RUST_BACKTRACE=full" "-e" "RUSTFLAGS=--cap-lints=forbid -Dunexpected_cfgs" "-e" "RUSTDOCFLAGS=--cap-lints=forbid" "-e" "CARGO_HOME=/opt/rustwide/cargo-home" "-e" "RUSTUP_HOME=/opt/rustwide/rustup-home" "-w" "/opt/rustwide/workdir" "-m" "1610612736" "--user" "0:0" "--network" "none" "ghcr.io/rust-lang/crates-build-env/linux@sha256:2788e3201cd34a07e3172128adcd8b3090168a8e3bcc40d7c032b9dda1df7d1c" "/opt/rustwide/cargo-home/bin/cargo" "+nightly-2024-02-05" "check" "--frozen" "--all" "--all-targets" "--message-format=json" "-Zcheck-cfg", kill_on_drop: false }`
[INFO] [stdout] 02ebaeb66e501e190ca0345a975001bea9d29901eff08c90218f6bcd28623bd3
[INFO] running `Command { std: "docker" "start" "-a" "02ebaeb66e501e190ca0345a975001bea9d29901eff08c90218f6bcd28623bd3", kill_on_drop: false }`
[INFO] [stderr]    Compiling wasm-bindgen-shared v0.2.90
[INFO] [stderr]    Compiling log v0.4.20
[INFO] [stderr]    Compiling bumpalo v3.14.0
[INFO] [stderr]    Compiling syn v1.0.109
[INFO] [stderr]    Compiling wasm-bindgen v0.2.90
[INFO] [stderr]    Compiling either v1.9.0
[INFO] [stderr]    Compiling bitflags v1.3.2
[INFO] [stderr]     Checking forgotten v1.2.0
[INFO] [stderr]     Checking scoped-tls v1.0.1
[INFO] [stderr]    Compiling syn v2.0.48
[INFO] [stderr]    Compiling itertools v0.8.2
[INFO] [stderr]    Compiling wasm-bindgen-backend v0.2.90
[INFO] [stderr]    Compiling darling_core v0.13.4
[INFO] [stderr]    Compiling wasm-bindgen-test-macro v0.3.40
[INFO] [stderr]    Compiling wasm-bindgen-macro-support v0.2.90
[INFO] [stderr]    Compiling shrinkwraprs v0.3.0
[INFO] [stderr]    Compiling wasm-bindgen-macro v0.2.90
[INFO] [stderr]    Compiling darling_macro v0.13.4
[INFO] [stderr]     Checking js-sys v0.3.67
[INFO] [stderr]     Checking console_error_panic_hook v0.1.7
[INFO] [stderr]    Compiling darling v0.13.4
[INFO] [stderr]    Compiling convert-js-macros v1.0.0-alpha.15
[INFO] [stderr]    Compiling frender-macros v1.0.0-alpha.8
[INFO] [stderr]     Checking web-sys v0.3.67
[INFO] [stderr]     Checking convert-js v1.0.0-alpha.15
[INFO] [stderr]     Checking wasm-bindgen-futures v0.4.40
[INFO] [stderr]     Checking wasm-bindgen-test v0.3.40
[INFO] [stderr]     Checking react-sys v1.0.0-alpha.23
[INFO] [stderr]     Checking react-rs v1.0.0-alpha.8 (/opt/rustwide/workdir)
[INFO] [stdout] error: unexpected `cfg` condition name: `web_sys_unstable_apis`
[INFO] [stdout]   --> src/event/js/mod.rs:14:11
[INFO] [stdout]    |
[INFO] [stdout] 14 |     #[cfg(web_sys_unstable_apis)]
[INFO] [stdout]    |           ^^^^^^^^^^^^^^^^^^^^^
[INFO] [stdout]    |
[INFO] [stdout]    = help: expected names are: `debug_assertions`, `doc`, `doctest`, `feature`, `miri`, `overflow_checks`, `panic`, `proc_macro`, `relocation_model`, `sanitize`, `sanitizer_cfi_generalize_pointers`, `sanitizer_cfi_normalize_integers`, `target_abi`, `target_arch`, `target_endian`, `target_env`, `target_family`, `target_feature`, `target_has_atomic`, `target_has_atomic_equal_alignment`, `target_has_atomic_load_store`, `target_os`, `target_pointer_width`, `target_thread_local`, `target_vendor`, `test`, `unix`, `windows`
[INFO] [stdout]    = help: consider using a Cargo feature instead or adding `println!("cargo:rustc-check-cfg=cfg(web_sys_unstable_apis)");` to the top of a `build.rs`
[INFO] [stdout]    = note: see <https://doc.rust-lang.org/nightly/cargo/reference/unstable.html#check-cfg> for more information about checking conditional configuration
[INFO] [stdout]    = note: requested on the command line with `-D unexpected-cfgs`
[INFO] [stdout] 
[INFO] [stdout] 
[INFO] [stdout] error: unexpected `cfg` condition name: `web_sys_unstable_apis`
[INFO] [stdout]   --> src/event/js/mod.rs:14:11
[INFO] [stdout]    |
[INFO] [stdout] 14 |     #[cfg(web_sys_unstable_apis)]
[INFO] [stdout]    |           ^^^^^^^^^^^^^^^^^^^^^
[INFO] [stdout]    |
[INFO] [stdout]    = help: expected names are: `debug_assertions`, `doc`, `doctest`, `feature`, `miri`, `overflow_checks`, `panic`, `proc_macro`, `relocation_model`, `sanitize`, `sanitizer_cfi_generalize_pointers`, `sanitizer_cfi_normalize_integers`, `target_abi`, `target_arch`, `target_endian`, `target_env`, `target_family`, `target_feature`, `target_has_atomic`, `target_has_atomic_equal_alignment`, `target_has_atomic_load_store`, `target_os`, `target_pointer_width`, `target_thread_local`, `target_vendor`, `test`, `unix`, `windows`
[INFO] [stdout]    = help: consider using a Cargo feature instead or adding `println!("cargo:rustc-check-cfg=cfg(web_sys_unstable_apis)");` to the top of a `build.rs`
[INFO] [stdout]    = note: see <https://doc.rust-lang.org/nightly/cargo/reference/unstable.html#check-cfg> for more information about checking conditional configuration
[INFO] [stdout]    = note: requested on the command line with `-D unexpected-cfgs`
[INFO] [stdout] 
[INFO] [stdout] 
[INFO] [stdout] error: unexpected `cfg` condition name: `web_sys_unstable_apis`
[INFO] [stdout]   --> src/event/js/mod.rs:16:15
[INFO] [stdout]    |
[INFO] [stdout] 16 |     #[cfg(not(web_sys_unstable_apis))]
[INFO] [stdout]    |               ^^^^^^^^^^^^^^^^^^^^^
[INFO] [stdout]    |
[INFO] [stdout]    = help: consider using a Cargo feature instead or adding `println!("cargo:rustc-check-cfg=cfg(web_sys_unstable_apis)");` to the top of a `build.rs`
[INFO] [stdout]    = note: see <https://doc.rust-lang.org/nightly/cargo/reference/unstable.html#check-cfg> for more information about checking conditional configuration
[INFO] [stdout] 
[INFO] [stdout] 
[INFO] [stdout] error: unexpected `cfg` condition name: `web_sys_unstable_apis`
[INFO] [stdout]   --> src/event/js/mod.rs:16:15
[INFO] [stdout]    |
[INFO] [stdout] 16 |     #[cfg(not(web_sys_unstable_apis))]
[INFO] [stdout]    |               ^^^^^^^^^^^^^^^^^^^^^
[INFO] [stdout]    |
[INFO] [stdout]    = help: consider using a Cargo feature instead or adding `println!("cargo:rustc-check-cfg=cfg(web_sys_unstable_apis)");` to the top of a `build.rs`
[INFO] [stdout]    = note: see <https://doc.rust-lang.org/nightly/cargo/reference/unstable.html#check-cfg> for more information about checking conditional configuration
[INFO] [stdout] 
[INFO] [stdout] 
[INFO] [stdout] warning: function cannot return without recursing
[INFO] [stdout]   --> src/element/js_bridge.rs:77:5
[INFO] [stdout]    |
[INFO] [stdout] 77 |     fn to_node(&self) -> crate::AnyNode {
[INFO] [stdout]    |     ^^^^^^^^^^^^^^^^^^^^^^^^^^^^^^^^^^^ cannot return without recursing
[INFO] [stdout] 78 |         self.clone().to_node()
[INFO] [stdout]    |         ---------------------- recursive call site
[INFO] [stdout]    |
[INFO] [stdout]    = help: a `loop` may express intention better if this is on purpose
[INFO] [stdout]    = note: `#[warn(unconditional_recursion)]` on by default
[INFO] [stdout] 
[INFO] [stdout] 
[INFO] [stdout] warning: function cannot return without recursing
[INFO] [stdout]   --> src/element/js_bridge.rs:77:5
[INFO] [stdout]    |
[INFO] [stdout] 77 |     fn to_node(&self) -> crate::AnyNode {
[INFO] [stdout]    |     ^^^^^^^^^^^^^^^^^^^^^^^^^^^^^^^^^^^ cannot return without recursing
[INFO] [stdout] 78 |         self.clone().to_node()
[INFO] [stdout]    |         ---------------------- recursive call site
[INFO] [stdout]    |
[INFO] [stdout]    = help: a `loop` may express intention better if this is on purpose
[INFO] [stdout]    = note: `#[warn(unconditional_recursion)]` on by default
[INFO] [stdout] 
[INFO] [stdout] 
[INFO] [stdout] error[E0133]: call to unsafe function `react_sys::use_effect_on_each_render` is unsafe and requires unsafe function or block
[INFO] [stdout]   --> src/use_effect.rs:58:5
[INFO] [stdout]    |
[INFO] [stdout] 58 |     react_sys::use_effect_on_each_render(effect);
[INFO] [stdout]    |     ^^^^^^^^^^^^^^^^^^^^^^^^^^^^^^^^^^^^^^^^^^^^ call to unsafe function
[INFO] [stdout]    |
[INFO] [stdout]    = note: consult the function's documentation for information on how to avoid undefined behavior
[INFO] [stdout] 
[INFO] [stdout] 
[INFO] [stdout] error[E0133]: call to unsafe function `use_effect` is unsafe and requires unsafe function or block
[INFO] [stdout]   --> src/use_effect.rs:75:5
[INFO] [stdout]    |
[INFO] [stdout] 75 |     react_sys::use_effect(effect_js, js_sys::Array::new());
[INFO] [stdout]    |     ^^^^^^^^^^^^^^^^^^^^^^^^^^^^^^^^^^^^^^^^^^^^^^^^^^^^^^ call to unsafe function
[INFO] [stdout]    |
[INFO] [stdout]    = note: consult the function's documentation for information on how to avoid undefined behavior
[INFO] [stdout] 
[INFO] [stdout] 
[INFO] [stdout] error[E0133]: call to unsafe function `use_effect` is unsafe and requires unsafe function or block
[INFO] [stdout]    --> src/use_effect.rs:119:5
[INFO] [stdout]     |
[INFO] [stdout] 119 |     react_sys::use_effect(effect, dep_arr);
[INFO] [stdout]     |     ^^^^^^^^^^^^^^^^^^^^^^^^^^^^^^^^^^^^^^ call to unsafe function
[INFO] [stdout]     |
[INFO] [stdout]     = note: consult the function's documentation for information on how to avoid undefined behavior
[INFO] [stdout] 
[INFO] [stdout] 
[INFO] [stdout] error[E0133]: call to unsafe function `react_sys::use_effect_on_each_render` is unsafe and requires unsafe function or block
[INFO] [stdout]   --> src/use_effect.rs:58:5
[INFO] [stdout]    |
[INFO] [stdout] 58 |     react_sys::use_effect_on_each_render(effect);
[INFO] [stdout]    |     ^^^^^^^^^^^^^^^^^^^^^^^^^^^^^^^^^^^^^^^^^^^^ call to unsafe function
[INFO] [stdout]    |
[INFO] [stdout]    = note: consult the function's documentation for information on how to avoid undefined behavior
[INFO] [stdout] 
[INFO] [stdout] 
[INFO] [stdout] error[E0133]: call to unsafe function `use_effect` is unsafe and requires unsafe function or block
[INFO] [stdout]   --> src/use_effect.rs:75:5
[INFO] [stdout]    |
[INFO] [stdout] 75 |     react_sys::use_effect(effect_js, js_sys::Array::new());
[INFO] [stdout]    |     ^^^^^^^^^^^^^^^^^^^^^^^^^^^^^^^^^^^^^^^^^^^^^^^^^^^^^^ call to unsafe function
[INFO] [stdout]    |
[INFO] [stdout]    = note: consult the function's documentation for information on how to avoid undefined behavior
[INFO] [stdout] 
[INFO] [stdout] 
[INFO] [stdout] error[E0133]: call to unsafe function `use_effect` is unsafe and requires unsafe function or block
[INFO] [stdout]    --> src/use_effect.rs:119:5
[INFO] [stdout]     |
[INFO] [stdout] 119 |     react_sys::use_effect(effect, dep_arr);
[INFO] [stdout]     |     ^^^^^^^^^^^^^^^^^^^^^^^^^^^^^^^^^^^^^^ call to unsafe function
[INFO] [stdout]     |
[INFO] [stdout]     = note: consult the function's documentation for information on how to avoid undefined behavior
[INFO] [stdout] 
[INFO] [stdout] 
[INFO] [stdout] error: aborting due to 5 previous errors; 1 warning emitted
[INFO] [stdout] 
[INFO] [stdout] 
[INFO] [stdout] For more information about this error, try `rustc --explain E0133`.
[INFO] [stdout] 
[INFO] [stdout] error: aborting due to 5 previous errors; 1 warning emitted
[INFO] [stdout] 
[INFO] [stdout] 
[INFO] [stdout] For more information about this error, try `rustc --explain E0133`.
[INFO] [stdout] 
[INFO] [stderr] error: could not compile `react-rs` (lib test) due to 6 previous errors; 1 warning emitted
[INFO] [stderr] warning: build failed, waiting for other jobs to finish...
[INFO] [stderr] error: could not compile `react-rs` (lib) due to 6 previous errors; 1 warning emitted
[INFO] running `Command { std: "docker" "inspect" "02ebaeb66e501e190ca0345a975001bea9d29901eff08c90218f6bcd28623bd3", kill_on_drop: false }`
[INFO] running `Command { std: "docker" "rm" "-f" "02ebaeb66e501e190ca0345a975001bea9d29901eff08c90218f6bcd28623bd3", kill_on_drop: false }`
[INFO] [stdout] 02ebaeb66e501e190ca0345a975001bea9d29901eff08c90218f6bcd28623bd3
