[INFO] fetching crate reacher-fast-socks5 0.8.1...
[INFO] checking reacher-fast-socks5-0.8.1 against nightly-2024-02-05 for check-cfg
[INFO] extracting crate reacher-fast-socks5 0.8.1 into /workspace/builds/worker-3-tc1/source
[INFO] validating manifest of crates.io crate reacher-fast-socks5 0.8.1 on toolchain nightly-2024-02-05
[INFO] running `Command { std: CARGO_HOME="/workspace/cargo-home" RUSTUP_HOME="/workspace/rustup-home" "/workspace/cargo-home/bin/cargo" "+nightly-2024-02-05" "metadata" "--manifest-path" "Cargo.toml" "--no-deps", kill_on_drop: false }`
[INFO] started tweaking crates.io crate reacher-fast-socks5 0.8.1
[INFO] removed 0 missing examples
[INFO] finished tweaking crates.io crate reacher-fast-socks5 0.8.1
[INFO] tweaked toml for crates.io crate reacher-fast-socks5 0.8.1 written to /workspace/builds/worker-3-tc1/source/Cargo.toml
[INFO] crate crates.io crate reacher-fast-socks5 0.8.1 already has a lockfile, it will not be regenerated
[INFO] running `Command { std: CARGO_HOME="/workspace/cargo-home" RUSTUP_HOME="/workspace/rustup-home" "/workspace/cargo-home/bin/cargo" "+nightly-2024-02-05" "fetch" "--manifest-path" "Cargo.toml", kill_on_drop: false }`
[INFO] [stderr]  Downloading crates ...
[INFO] [stderr]   Downloaded anyhow v1.0.60
[INFO] running `Command { std: "docker" "create" "-v" "/var/lib/crater-agent-workspace/builds/worker-3-tc1/target:/opt/rustwide/target:rw,Z" "-v" "/var/lib/crater-agent-workspace/builds/worker-3-tc1/source:/opt/rustwide/workdir:ro,Z" "-v" "/var/lib/crater-agent-workspace/cargo-home:/opt/rustwide/cargo-home:ro,Z" "-v" "/var/lib/crater-agent-workspace/rustup-home:/opt/rustwide/rustup-home:ro,Z" "-e" "SOURCE_DIR=/opt/rustwide/workdir" "-e" "CARGO_TARGET_DIR=/opt/rustwide/target" "-e" "CARGO_HOME=/opt/rustwide/cargo-home" "-e" "RUSTUP_HOME=/opt/rustwide/rustup-home" "-w" "/opt/rustwide/workdir" "-m" "1610612736" "--user" "0:0" "--network" "none" "ghcr.io/rust-lang/crates-build-env/linux@sha256:2788e3201cd34a07e3172128adcd8b3090168a8e3bcc40d7c032b9dda1df7d1c" "/opt/rustwide/cargo-home/bin/cargo" "+nightly-2024-02-05" "metadata" "--no-deps" "--format-version=1", kill_on_drop: false }`
[INFO] [stdout] 82602613e8a28f9508668eb39674baa9c7051d2b12ad841f22e3d015a701ca00
[INFO] running `Command { std: "docker" "start" "-a" "82602613e8a28f9508668eb39674baa9c7051d2b12ad841f22e3d015a701ca00", kill_on_drop: false }`
[INFO] running `Command { std: "docker" "inspect" "82602613e8a28f9508668eb39674baa9c7051d2b12ad841f22e3d015a701ca00", kill_on_drop: false }`
[INFO] running `Command { std: "docker" "rm" "-f" "82602613e8a28f9508668eb39674baa9c7051d2b12ad841f22e3d015a701ca00", kill_on_drop: false }`
[INFO] [stdout] 82602613e8a28f9508668eb39674baa9c7051d2b12ad841f22e3d015a701ca00
[INFO] running `Command { std: "docker" "create" "-v" "/var/lib/crater-agent-workspace/builds/worker-3-tc1/target:/opt/rustwide/target:rw,Z" "-v" "/var/lib/crater-agent-workspace/builds/worker-3-tc1/source:/opt/rustwide/workdir:ro,Z" "-v" "/var/lib/crater-agent-workspace/cargo-home:/opt/rustwide/cargo-home:ro,Z" "-v" "/var/lib/crater-agent-workspace/rustup-home:/opt/rustwide/rustup-home:ro,Z" "-e" "SOURCE_DIR=/opt/rustwide/workdir" "-e" "CARGO_TARGET_DIR=/opt/rustwide/target" "-e" "CARGO_INCREMENTAL=0" "-e" "RUST_BACKTRACE=full" "-e" "RUSTFLAGS=--cap-lints=forbid" "-e" "RUSTDOCFLAGS=--cap-lints=forbid" "-e" "CARGO_HOME=/opt/rustwide/cargo-home" "-e" "RUSTUP_HOME=/opt/rustwide/rustup-home" "-w" "/opt/rustwide/workdir" "-m" "1610612736" "--user" "0:0" "--network" "none" "ghcr.io/rust-lang/crates-build-env/linux@sha256:2788e3201cd34a07e3172128adcd8b3090168a8e3bcc40d7c032b9dda1df7d1c" "/opt/rustwide/cargo-home/bin/cargo" "+nightly-2024-02-05" "check" "--frozen" "--all" "--all-targets" "--message-format=json", kill_on_drop: false }`
[INFO] [stdout] 947f94123a3243614c4a8a54645b24d7d69fa05d50f78856eefc49c8518e0b03
[INFO] running `Command { std: "docker" "start" "-a" "947f94123a3243614c4a8a54645b24d7d69fa05d50f78856eefc49c8518e0b03", kill_on_drop: false }`
[INFO] [stderr]    Compiling syn v1.0.99
[INFO] [stderr]    Compiling libc v0.2.129
[INFO] [stderr]    Compiling futures-core v0.3.21
[INFO] [stderr]     Checking once_cell v1.13.0
[INFO] [stderr]     Checking bytes v1.2.1
[INFO] [stderr]    Compiling anyhow v1.0.60
[INFO] [stderr]     Checking unicode-width v0.1.9
[INFO] [stderr]    Compiling unicode-segmentation v1.9.0
[INFO] [stderr]    Compiling tokio v1.20.1
[INFO] [stderr]     Checking regex-syntax v0.6.27
[INFO] [stderr]    Compiling proc-macro-error-attr v1.0.4
[INFO] [stderr]     Checking aho-corasick v0.7.18
[INFO] [stderr]     Checking textwrap v0.11.0
[INFO] [stderr]    Compiling heck v0.3.3
[INFO] [stderr]     Checking socket2 v0.4.4
[INFO] [stderr]     Checking num_cpus v1.13.1
[INFO] [stderr]     Checking mio v0.8.4
[INFO] [stderr]     Checking atty v0.2.14
[INFO] [stderr]     Checking clap v2.34.0
[INFO] [stderr]     Checking regex v1.6.0
[INFO] [stderr]     Checking env_logger v0.7.1
[INFO] [stderr]    Compiling proc-macro-error v1.0.4
[INFO] [stderr]    Compiling tokio-macros v1.8.0
[INFO] [stderr]    Compiling thiserror-impl v1.0.32
[INFO] [stderr]    Compiling async-stream-impl v0.3.3
[INFO] [stderr]    Compiling structopt-derive v0.4.18
[INFO] [stderr]     Checking async-stream v0.3.3
[INFO] [stderr]     Checking thiserror v1.0.32
[INFO] [stderr]     Checking structopt v0.3.26
[INFO] [stderr]     Checking tokio-stream v0.1.9
[INFO] [stderr]     Checking tokio-test v0.4.2
[INFO] [stderr]     Checking reacher-fast-socks5 v0.8.1 (/opt/rustwide/workdir)
[INFO] [stdout] error[E0433]: failed to resolve: use of undeclared crate or module `fast_socks5`
[INFO] [stdout]  --> examples/client.rs:6:5
[INFO] [stdout]   |
[INFO] [stdout] 6 | use fast_socks5::client::Config;
[INFO] [stdout]   |     ^^^^^^^^^^^ use of undeclared crate or module `fast_socks5`
[INFO] [stdout] 
[INFO] [stdout] 
[INFO] [stdout] error[E0433]: failed to resolve: use of undeclared crate or module `fast_socks5`
[INFO] [stdout]  --> examples/client.rs:7:5
[INFO] [stdout]   |
[INFO] [stdout] 7 | use fast_socks5::{client::Socks5Stream, Result};
[INFO] [stdout]   |     ^^^^^^^^^^^ use of undeclared crate or module `fast_socks5`
[INFO] [stdout] 
[INFO] [stdout] 
[INFO] [stdout] error[E0433]: failed to resolve: use of undeclared crate or module `fast_socks5`
[INFO] [stdout]  --> examples/simple_tcp_server.rs:5:5
[INFO] [stdout]   |
[INFO] [stdout] 5 | use fast_socks5::{
[INFO] [stdout]   |     ^^^^^^^^^^^ use of undeclared crate or module `fast_socks5`
[INFO] [stdout] 
[INFO] [stdout] 
[INFO] [stdout] error[E0433]: failed to resolve: use of undeclared crate or module `fast_socks5`
[INFO] [stdout]  --> examples/server.rs:5:5
[INFO] [stdout]   |
[INFO] [stdout] 5 | use fast_socks5::{
[INFO] [stdout]   |     ^^^^^^^^^^^ use of undeclared crate or module `fast_socks5`
[INFO] [stdout] 
[INFO] [stdout] 
[INFO] [stdout] error[E0432]: unresolved import `fast_socks5`
[INFO] [stdout]  --> examples/client.rs:7:5
[INFO] [stdout]   |
[INFO] [stdout] 7 | use fast_socks5::{client::Socks5Stream, Result};
[INFO] [stdout]   |     ^^^^^^^^^^^ use of undeclared crate or module `fast_socks5`
[INFO] [stdout] 
[INFO] [stdout] 
[INFO] [stdout] error[E0432]: unresolved import `fast_socks5`
[INFO] [stdout]  --> examples/simple_tcp_server.rs:5:5
[INFO] [stdout]   |
[INFO] [stdout] 5 | use fast_socks5::{
[INFO] [stdout]   |     ^^^^^^^^^^^ use of undeclared crate or module `fast_socks5`
[INFO] [stdout] 
[INFO] [stdout] 
[INFO] [stdout] error[E0432]: unresolved import `fast_socks5`
[INFO] [stdout]  --> examples/server.rs:5:5
[INFO] [stdout]   |
[INFO] [stdout] 5 | use fast_socks5::{
[INFO] [stdout]   |     ^^^^^^^^^^^ use of undeclared crate or module `fast_socks5`
[INFO] [stdout] 
[INFO] [stdout] 
[INFO] [stdout] warning: unused import: `tokio_stream::StreamExt`
[INFO] [stdout]   --> examples/server.rs:13:5
[INFO] [stdout]    |
[INFO] [stdout] 13 | use tokio_stream::StreamExt;
[INFO] [stdout]    |     ^^^^^^^^^^^^^^^^^^^^^^^
[INFO] [stdout]    |
[INFO] [stdout]    = note: `#[warn(unused_imports)]` on by default
[INFO] [stdout] 
[INFO] [stdout] 
[INFO] [stdout] error: aborting due to 3 previous errors
[INFO] [stdout] 
[INFO] [stdout] 
[INFO] [stdout] error: aborting due to 2 previous errors
[INFO] [stdout] 
[INFO] [stdout] 
[INFO] [stdout] Some errors have detailed explanations: E0432, E0433.
[INFO] [stdout] 
[INFO] [stdout] Some errors have detailed explanations: E0432, E0433.
[INFO] [stdout] 
[INFO] [stdout] For more information about an error, try `rustc --explain E0432`.
[INFO] [stdout] 
[INFO] [stdout] For more information about an error, try `rustc --explain E0432`.
[INFO] [stdout] 
[INFO] [stdout] error: aborting due to 2 previous errors; 1 warning emitted
[INFO] [stdout] 
[INFO] [stdout] 
[INFO] [stdout] Some errors have detailed explanations: E0432, E0433.
[INFO] [stdout] 
[INFO] [stdout] For more information about an error, try `rustc --explain E0432`.
[INFO] [stdout] 
[INFO] [stderr] error: could not compile `reacher-fast-socks5` (example "client") due to 4 previous errors
[INFO] [stderr] warning: build failed, waiting for other jobs to finish...
[INFO] [stderr] error: could not compile `reacher-fast-socks5` (example "simple_tcp_server") due to 3 previous errors
[INFO] [stderr] error: could not compile `reacher-fast-socks5` (example "server") due to 3 previous errors; 1 warning emitted
[INFO] running `Command { std: "docker" "inspect" "947f94123a3243614c4a8a54645b24d7d69fa05d50f78856eefc49c8518e0b03", kill_on_drop: false }`
[INFO] running `Command { std: "docker" "rm" "-f" "947f94123a3243614c4a8a54645b24d7d69fa05d50f78856eefc49c8518e0b03", kill_on_drop: false }`
[INFO] [stdout] 947f94123a3243614c4a8a54645b24d7d69fa05d50f78856eefc49c8518e0b03
