[INFO] fetching crate re_log_encoding 0.11.0...
[INFO] checking re_log_encoding-0.11.0 against nightly-2024-02-05 for check-cfg
[INFO] extracting crate re_log_encoding 0.11.0 into /workspace/builds/worker-7-tc1/source
[INFO] validating manifest of crates.io crate re_log_encoding 0.11.0 on toolchain nightly-2024-02-05
[INFO] running `Command { std: CARGO_HOME="/workspace/cargo-home" RUSTUP_HOME="/workspace/rustup-home" "/workspace/cargo-home/bin/cargo" "+nightly-2024-02-05" "metadata" "--manifest-path" "Cargo.toml" "--no-deps", kill_on_drop: false }`
[INFO] started tweaking crates.io crate re_log_encoding 0.11.0
[INFO] finished tweaking crates.io crate re_log_encoding 0.11.0
[INFO] tweaked toml for crates.io crate re_log_encoding 0.11.0 written to /workspace/builds/worker-7-tc1/source/Cargo.toml
[INFO] running `Command { std: CARGO_HOME="/workspace/cargo-home" RUSTUP_HOME="/workspace/rustup-home" "/workspace/cargo-home/bin/cargo" "+nightly-2024-02-05" "generate-lockfile" "--manifest-path" "Cargo.toml", kill_on_drop: false }`
[INFO] [stderr]     Updating crates.io index
[INFO] running `Command { std: CARGO_HOME="/workspace/cargo-home" RUSTUP_HOME="/workspace/rustup-home" "/workspace/cargo-home/bin/cargo" "+nightly-2024-02-05" "fetch" "--manifest-path" "Cargo.toml", kill_on_drop: false }`
[INFO] [stderr]  Downloading crates ...
[INFO] [stderr]   Downloaded puffin v0.16.0
[INFO] [stderr]   Downloaded re_types_core v0.11.0
[INFO] [stderr]   Downloaded re_build_info v0.11.0
[INFO] [stderr]   Downloaded re_string_interner v0.11.0
[INFO] [stderr]   Downloaded re_tracing v0.11.0
[INFO] [stderr]   Downloaded log-once v0.4.1
[INFO] [stderr]   Downloaded re_types_builder v0.11.0
[INFO] [stderr]   Downloaded re_smart_channel v0.11.0
[INFO] [stderr]   Downloaded xshell v0.2.5
[INFO] [stderr]   Downloaded ehttp v0.3.1
[INFO] [stderr]   Downloaded async-net v2.0.0
[INFO] [stderr]   Downloaded zbus_macros v3.15.0
[INFO] [stderr]   Downloaded re_types v0.11.0
[INFO] [stderr]   Downloaded zbus v3.15.0
[INFO] [stderr]   Downloaded libmimalloc-sys v0.1.35
[INFO] [stderr]   Downloaded re_log_types v0.11.0
[INFO] [stderr]   Downloaded ashpd v0.6.8
[INFO] [stderr]   Downloaded rfd v0.12.1
[INFO] [stderr]   Downloaded fixed v1.25.1
[INFO] [stderr]   Downloaded async-fs v2.1.1
[INFO] [stderr]   Downloaded re_build_tools v0.11.0
[INFO] [stderr]   Downloaded flatbuffers v23.5.26
[INFO] [stderr]   Downloaded lz4_flex v0.10.0
[INFO] [stderr]   Downloaded uds_windows v1.1.0
[INFO] [stderr]   Downloaded re_tuid v0.11.0
[INFO] [stderr]   Downloaded re_format v0.11.0
[INFO] [stderr]   Downloaded re_log v0.11.0
[INFO] [stderr]   Downloaded indent v0.1.1
[INFO] [stderr]   Downloaded web-time v0.2.4
[INFO] [stderr]   Downloaded xshell-macros v0.2.5
[INFO] [stderr]   Downloaded puffin_http v0.13.0
[INFO] [stderr]   Downloaded clang-format v0.2.0
[INFO] [stderr]   Downloaded re_error v0.11.0
[INFO] [stderr]   Downloaded mimalloc v0.1.39
[INFO] [stderr]   Downloaded xdg-home v1.1.0
[INFO] running `Command { std: "docker" "create" "-v" "/var/lib/crater-agent-workspace/builds/worker-7-tc1/target:/opt/rustwide/target:rw,Z" "-v" "/var/lib/crater-agent-workspace/builds/worker-7-tc1/source:/opt/rustwide/workdir:ro,Z" "-v" "/var/lib/crater-agent-workspace/cargo-home:/opt/rustwide/cargo-home:ro,Z" "-v" "/var/lib/crater-agent-workspace/rustup-home:/opt/rustwide/rustup-home:ro,Z" "-e" "SOURCE_DIR=/opt/rustwide/workdir" "-e" "CARGO_TARGET_DIR=/opt/rustwide/target" "-e" "CARGO_HOME=/opt/rustwide/cargo-home" "-e" "RUSTUP_HOME=/opt/rustwide/rustup-home" "-w" "/opt/rustwide/workdir" "-m" "1610612736" "--user" "0:0" "--network" "none" "ghcr.io/rust-lang/crates-build-env/linux@sha256:2788e3201cd34a07e3172128adcd8b3090168a8e3bcc40d7c032b9dda1df7d1c" "/opt/rustwide/cargo-home/bin/cargo" "+nightly-2024-02-05" "metadata" "--no-deps" "--format-version=1", kill_on_drop: false }`
[INFO] [stdout] 2e5b6729252e418778441d0470c2c64ade6c07d1ee0fb18961139cc84626ed0c
[INFO] running `Command { std: "docker" "start" "-a" "2e5b6729252e418778441d0470c2c64ade6c07d1ee0fb18961139cc84626ed0c", kill_on_drop: false }`
[INFO] running `Command { std: "docker" "inspect" "2e5b6729252e418778441d0470c2c64ade6c07d1ee0fb18961139cc84626ed0c", kill_on_drop: false }`
[INFO] running `Command { std: "docker" "rm" "-f" "2e5b6729252e418778441d0470c2c64ade6c07d1ee0fb18961139cc84626ed0c", kill_on_drop: false }`
[INFO] [stdout] 2e5b6729252e418778441d0470c2c64ade6c07d1ee0fb18961139cc84626ed0c
[INFO] running `Command { std: "docker" "create" "-v" "/var/lib/crater-agent-workspace/builds/worker-7-tc1/target:/opt/rustwide/target:rw,Z" "-v" "/var/lib/crater-agent-workspace/builds/worker-7-tc1/source:/opt/rustwide/workdir:ro,Z" "-v" "/var/lib/crater-agent-workspace/cargo-home:/opt/rustwide/cargo-home:ro,Z" "-v" "/var/lib/crater-agent-workspace/rustup-home:/opt/rustwide/rustup-home:ro,Z" "-e" "SOURCE_DIR=/opt/rustwide/workdir" "-e" "CARGO_TARGET_DIR=/opt/rustwide/target" "-e" "CARGO_INCREMENTAL=0" "-e" "RUST_BACKTRACE=full" "-e" "RUSTFLAGS=--cap-lints=forbid" "-e" "RUSTDOCFLAGS=--cap-lints=forbid" "-e" "CARGO_HOME=/opt/rustwide/cargo-home" "-e" "RUSTUP_HOME=/opt/rustwide/rustup-home" "-w" "/opt/rustwide/workdir" "-m" "1610612736" "--user" "0:0" "--network" "none" "ghcr.io/rust-lang/crates-build-env/linux@sha256:2788e3201cd34a07e3172128adcd8b3090168a8e3bcc40d7c032b9dda1df7d1c" "/opt/rustwide/cargo-home/bin/cargo" "+nightly-2024-02-05" "check" "--frozen" "--all" "--all-targets" "--message-format=json", kill_on_drop: false }`
[INFO] [stdout] 07df5b07e25a31821fb5d5a20807f1fcc70e267889a5025b6c539ee5d45ca87b
[INFO] running `Command { std: "docker" "start" "-a" "07df5b07e25a31821fb5d5a20807f1fcc70e267889a5025b6c539ee5d45ca87b", kill_on_drop: false }`
[INFO] [stderr]    Compiling serde v1.0.196
[INFO] [stderr]    Compiling wasm-bindgen-shared v0.2.90
[INFO] [stderr]    Compiling crossbeam-utils v0.8.19
[INFO] [stderr]    Compiling log v0.4.20
[INFO] [stderr]    Compiling bumpalo v3.14.0
[INFO] [stderr]    Compiling libc v0.2.153
[INFO] [stderr]    Compiling num-traits v0.2.17
[INFO] [stderr]    Compiling syn v1.0.109
[INFO] [stderr]    Compiling semver v1.0.21
[INFO] [stderr]    Compiling rustversion v1.0.14
[INFO] [stderr]    Compiling syn v2.0.48
[INFO] [stderr]     Checking getrandom v0.2.12
[INFO] [stderr]    Compiling wasm-bindgen v0.2.90
[INFO] [stderr]     Checking smallvec v1.13.1
[INFO] [stderr]     Checking miniz_oxide v0.7.2
[INFO] [stderr]     Checking parking_lot_core v0.9.9
[INFO] [stderr]    Compiling ahash v0.8.7
[INFO] [stderr]     Checking array-init-cursor v0.2.0
[INFO] [stderr]    Compiling heck v0.4.1
[INFO] [stderr]     Checking zerocopy v0.7.32
[INFO] [stderr]    Compiling rustix v0.38.31
[INFO] [stderr]     Checking planus v0.3.1
[INFO] [stderr]     Checking parking_lot v0.12.1
[INFO] [stderr]     Checking puffin v0.16.0
[INFO] [stderr]     Checking linux-raw-sys v0.4.13
[INFO] [stderr]     Checking regex-syntax v0.8.2
[INFO] [stderr]    Compiling litrs v0.4.1
[INFO] [stderr]     Checking unicode-width v0.1.11
[INFO] [stderr]     Checking strum v0.24.1
[INFO] [stderr]    Compiling thiserror v1.0.56
[INFO] [stderr]    Compiling unicase v2.7.0
[INFO] [stderr]     Checking simdutf8 v0.1.4
[INFO] [stderr]     Checking dyn-clone v1.0.16
[INFO] [stderr]     Checking re_tracing v0.11.0
[INFO] [stderr]     Checking ethnum v1.5.0
[INFO] [stderr]     Checking crossbeam-epoch v0.9.18
[INFO] [stderr]     Checking foreign_vec v0.1.0
[INFO] [stderr]     Checking nohash-hasher v0.2.0
[INFO] [stderr]     Checking hash_hasher v2.0.3
[INFO] [stderr]     Checking re_error v0.11.0
[INFO] [stderr]     Checking web-time v0.2.4
[INFO] [stderr]     Checking termcolor v1.4.1
[INFO] [stderr]    Compiling rustls v0.21.10
[INFO] [stderr]     Checking regex-automata v0.1.10
[INFO] [stderr]     Checking humantime v2.1.0
[INFO] [stderr]    Compiling az v1.2.1
[INFO] [stderr]     Checking crossbeam-deque v0.8.5
[INFO] [stderr]     Checking crossbeam-channel v0.5.11
[INFO] [stderr]     Checking crossbeam-queue v0.3.11
[INFO] [stderr]     Checking log-once v0.4.1
[INFO] [stderr]    Compiling matrixmultiply v0.3.8
[INFO] [stderr]     Checking bstr v0.2.17
[INFO] [stderr]    Compiling num-integer v0.1.45
[INFO] [stderr]    Compiling document-features v0.2.8
[INFO] [stderr]    Compiling num-conv v0.1.0
[INFO] [stderr]    Compiling fixed v1.25.1
[INFO] [stderr]     Checking powerfmt v0.2.0
[INFO] [stderr]    Compiling time-core v0.1.2
[INFO] [stderr]    Compiling rayon-core v1.12.1
[INFO] [stderr]    Compiling cc v1.0.83
[INFO] [stderr]     Checking similar v2.4.0
[INFO] [stderr]     Checking crossbeam v0.8.4
[INFO] [stderr]    Compiling time-macros v0.2.17
[INFO] [stderr]     Checking deranged v0.3.11
[INFO] [stderr]    Compiling mime_guess v2.0.4
[INFO] [stderr]     Checking flate2 v1.0.28
[INFO] [stderr]     Checking console v0.15.8
[INFO] [stderr]     Checking chrono v0.4.33
[INFO] [stderr]     Checking rmp v0.8.12
[INFO] [stderr]     Checking is-terminal v0.4.10
[INFO] [stderr]     Checking rand_core v0.6.4
[INFO] [stderr]     Checking regex-automata v0.4.5
[INFO] [stderr]     Checking itertools v0.11.0
[INFO] [stderr]     Checking num_threads v0.1.6
[INFO] [stderr]     Checking plotters-backend v0.3.5
[INFO] [stderr]     Checking ciborium-io v0.2.2
[INFO] [stderr]     Checking anstyle v1.0.6
[INFO] [stderr]     Checking webpki-roots v0.25.4
[INFO] [stderr]     Checking similar-asserts v1.5.0
[INFO] [stderr]     Checking rand_chacha v0.3.1
[INFO] [stderr]     Checking clap_builder v4.4.18
[INFO] [stderr]     Checking plotters-svg v0.3.5
[INFO] [stderr]     Checking num-complex v0.4.4
[INFO] [stderr]     Checking itertools v0.10.5
[INFO] [stderr]     Checking same-file v1.0.6
[INFO] [stderr]     Checking cast v0.3.0
[INFO] [stderr]     Checking plotters v0.3.5
[INFO] [stderr]     Checking rand v0.8.5
[INFO] [stderr]     Checking walkdir v2.4.0
[INFO] [stderr]     Checking re_smart_channel v0.11.0
[INFO] [stderr]     Checking rayon v1.8.1
[INFO] [stderr]     Checking oorandom v11.1.3
[INFO] [stderr]     Checking anes v0.1.6
[INFO] [stderr]     Checking array-init v2.1.0
[INFO] [stderr]     Checking re_build_info v0.11.0
[INFO] [stderr]     Checking ndarray v0.15.6
[INFO] [stderr]    Compiling ring v0.17.7
[INFO] [stderr]    Compiling backtrace v0.3.69
[INFO] [stderr]    Compiling libmimalloc-sys v0.1.35
[INFO] [stderr]     Checking time v0.3.34
[INFO] [stderr]     Checking criterion-plot v0.5.0
[INFO] [stderr]    Compiling wasm-bindgen-backend v0.2.90
[INFO] [stderr]     Checking clap v4.4.18
[INFO] [stderr]     Checking regex v1.10.3
[INFO] [stderr]     Checking env_logger v0.10.2
[INFO] [stderr]     Checking mimalloc v0.1.39
[INFO] [stderr]    Compiling serde_derive v1.0.196
[INFO] [stderr]    Compiling bytemuck_derive v1.5.0
[INFO] [stderr]    Compiling thiserror-impl v1.0.56
[INFO] [stderr]    Compiling tracing-attributes v0.1.27
[INFO] [stderr]    Compiling wasm-bindgen-macro-support v0.2.90
[INFO] [stderr]    Compiling wasm-bindgen-macro v0.2.90
[INFO] [stderr]    Compiling strum_macros v0.24.3
[INFO] [stderr]    Compiling num-derive v0.3.3
[INFO] [stderr]     Checking bytemuck v1.14.1
[INFO] [stderr]     Checking half v2.3.1
[INFO] [stderr]     Checking ciborium-ll v0.2.2
[INFO] [stderr]     Checking tracing v0.1.40
[INFO] [stderr]     Checking re_log v0.11.0
[INFO] [stderr]     Checking js-sys v0.3.67
[INFO] [stderr]     Checking sct v0.7.1
[INFO] [stderr]     Checking rustls-webpki v0.101.7
[INFO] [stderr]     Checking comfy-table v6.2.0
[INFO] [stderr]     Checking ureq v2.9.1
[INFO] [stderr]     Checking web-sys v0.3.67
[INFO] [stderr]     Checking arrow-format v0.8.1
[INFO] [stderr]     Checking re_string_interner v0.11.0
[INFO] [stderr]     Checking uuid v1.7.0
[INFO] [stderr]     Checking serde_bytes v0.11.14
[INFO] [stderr]     Checking serde_json v1.0.113
[INFO] [stderr]     Checking rmp-serde v1.1.2
[INFO] [stderr]     Checking ciborium v0.2.2
[INFO] [stderr]     Checking serde_test v1.0.176
[INFO] [stderr]     Checking cfb v0.7.3
[INFO] [stderr]    Compiling rustc_version v0.4.0
[INFO] [stderr]     Checking ehttp v0.3.1
[INFO] [stderr]    Compiling arrow2 v0.17.4
[INFO] [stderr]     Checking infer v0.15.0
[INFO] [stderr]     Checking tinytemplate v1.2.1
[INFO] [stderr]     Checking criterion v0.5.1
[INFO] [stderr]     Checking re_types_core v0.11.0
[INFO] [stderr]     Checking re_tuid v0.11.0
[INFO] [stderr]     Checking re_types v0.11.0
[INFO] [stderr]     Checking re_format v0.11.0
[INFO] [stderr]     Checking re_log_types v0.11.0
[INFO] [stderr]     Checking re_log_encoding v0.11.0 (/opt/rustwide/workdir)
[INFO] [stdout] error: msg_encode_benchmark requires 'decoder' and 'encoder' features.
[INFO] [stdout]  --> benches/msg_encode_benchmark.rs:2:1
[INFO] [stdout]   |
[INFO] [stdout] 2 | compile_error!("msg_encode_benchmark requires 'decoder' and 'encoder' features.");
[INFO] [stdout]   | ^^^^^^^^^^^^^^^^^^^^^^^^^^^^^^^^^^^^^^^^^^^^^^^^^^^^^^^^^^^^^^^^^^^^^^^^^^^^^^^^^
[INFO] [stdout] 
[INFO] [stdout] 
[INFO] [stdout] error[E0433]: failed to resolve: could not find `encoder` in `re_log_encoding`
[INFO] [stdout]   --> benches/msg_encode_benchmark.rs:33:22
[INFO] [stdout]    |
[INFO] [stdout] 33 |     re_log_encoding::encoder::encode(encoding_options, messages.iter(), &mut bytes).unwrap();
[INFO] [stdout]    |                      ^^^^^^^ could not find `encoder` in `re_log_encoding`
[INFO] [stdout]    |
[INFO] [stdout] note: found an item that was configured out
[INFO] [stdout]   --> /opt/rustwide/workdir/src/lib.rs:7:9
[INFO] [stdout]    |
[INFO] [stdout] 7  | pub mod encoder;
[INFO] [stdout]    |         ^^^^^^^
[INFO] [stdout]    = note: the item is gated behind the `encoder` feature
[INFO] [stdout] 
[INFO] [stdout] 
[INFO] [stdout] error[E0433]: failed to resolve: could not find `decoder` in `re_log_encoding`
[INFO] [stdout]   --> benches/msg_encode_benchmark.rs:39:43
[INFO] [stdout]    |
[INFO] [stdout] 39 |     let version_policy = re_log_encoding::decoder::VersionPolicy::Error;
[INFO] [stdout]    |                                           ^^^^^^^ could not find `decoder` in `re_log_encoding`
[INFO] [stdout]    |
[INFO] [stdout] note: found an item that was configured out
[INFO] [stdout]   --> /opt/rustwide/workdir/src/lib.rs:4:9
[INFO] [stdout]    |
[INFO] [stdout] 4  | pub mod decoder;
[INFO] [stdout]    |         ^^^^^^^
[INFO] [stdout]    = note: the item is gated behind the `decoder` feature
[INFO] [stdout] 
[INFO] [stdout] 
[INFO] [stdout] error[E0433]: failed to resolve: could not find `decoder` in `re_log_encoding`
[INFO] [stdout]   --> benches/msg_encode_benchmark.rs:40:37
[INFO] [stdout]    |
[INFO] [stdout] 40 |     let messages = re_log_encoding::decoder::Decoder::new(version_policy, &mut bytes)
[INFO] [stdout]    |                                     ^^^^^^^ could not find `decoder` in `re_log_encoding`
[INFO] [stdout]    |
[INFO] [stdout] note: found an item that was configured out
[INFO] [stdout]   --> /opt/rustwide/workdir/src/lib.rs:4:9
[INFO] [stdout]    |
[INFO] [stdout] 4  | pub mod decoder;
[INFO] [stdout]    |         ^^^^^^^
[INFO] [stdout]    = note: the item is gated behind the `decoder` feature
[INFO] [stdout] 
[INFO] [stdout] 
[INFO] [stdout] error: aborting due to 4 previous errors
[INFO] [stdout] 
[INFO] [stdout] 
[INFO] [stdout] For more information about this error, try `rustc --explain E0433`.
[INFO] [stdout] 
[INFO] [stderr] error: could not compile `re_log_encoding` (bench "msg_encode_benchmark") due to 5 previous errors
[INFO] running `Command { std: "docker" "inspect" "07df5b07e25a31821fb5d5a20807f1fcc70e267889a5025b6c539ee5d45ca87b", kill_on_drop: false }`
[INFO] running `Command { std: "docker" "rm" "-f" "07df5b07e25a31821fb5d5a20807f1fcc70e267889a5025b6c539ee5d45ca87b", kill_on_drop: false }`
[INFO] [stdout] 07df5b07e25a31821fb5d5a20807f1fcc70e267889a5025b6c539ee5d45ca87b
