[INFO] fetching crate re_components 0.8.2...
[INFO] checking re_components-0.8.2 against nightly-2024-02-05 for check-cfg
[INFO] extracting crate re_components 0.8.2 into /workspace/builds/worker-5-tc1/source
[INFO] validating manifest of crates.io crate re_components 0.8.2 on toolchain nightly-2024-02-05
[INFO] running `Command { std: CARGO_HOME="/workspace/cargo-home" RUSTUP_HOME="/workspace/rustup-home" "/workspace/cargo-home/bin/cargo" "+nightly-2024-02-05" "metadata" "--manifest-path" "Cargo.toml" "--no-deps", kill_on_drop: false }`
[INFO] started tweaking crates.io crate re_components 0.8.2
[INFO] finished tweaking crates.io crate re_components 0.8.2
[INFO] tweaked toml for crates.io crate re_components 0.8.2 written to /workspace/builds/worker-5-tc1/source/Cargo.toml
[INFO] running `Command { std: CARGO_HOME="/workspace/cargo-home" RUSTUP_HOME="/workspace/rustup-home" "/workspace/cargo-home/bin/cargo" "+nightly-2024-02-05" "generate-lockfile" "--manifest-path" "Cargo.toml", kill_on_drop: false }`
[INFO] [stderr]     Updating crates.io index
[INFO] running `Command { std: CARGO_HOME="/workspace/cargo-home" RUSTUP_HOME="/workspace/rustup-home" "/workspace/cargo-home/bin/cargo" "+nightly-2024-02-05" "fetch" "--manifest-path" "Cargo.toml", kill_on_drop: false }`
[INFO] [stderr]  Downloading crates ...
[INFO] [stderr]   Downloaded array-init-cursor v0.2.0
[INFO] [stderr]   Downloaded strum_macros v0.24.3
[INFO] [stderr]   Downloaded dyn-clone v1.0.16
[INFO] [stderr]   Downloaded foreign_vec v0.1.0
[INFO] [stderr]   Downloaded litrs v0.4.1
[INFO] [stderr]   Downloaded zune-jpeg v0.3.17
[INFO] [stderr]   Downloaded re_tracing v0.8.2
[INFO] [stderr]   Downloaded zstd-safe v6.0.6
[INFO] [stderr]   Downloaded clang-format v0.1.3
[INFO] [stderr]   Downloaded color_quant v1.1.0
[INFO] [stderr]   Downloaded convert_case v0.6.0
[INFO] [stderr]   Downloaded raw-window-handle v0.5.2
[INFO] [stderr]   Downloaded hash_hasher v2.0.3
[INFO] [stderr]   Downloaded web-time v0.2.4
[INFO] [stderr]   Downloaded simdutf8 v0.1.4
[INFO] [stderr]   Downloaded ashpd v0.4.0
[INFO] [stderr]   Downloaded arrow2 v0.17.4
[INFO] [stderr]   Downloaded ndarray v0.15.6
[INFO] [stderr]   Downloaded objc-foundation v0.1.1
[INFO] [stderr]   Downloaded fixed v1.25.1
[INFO] [stderr]   Downloaded re_types_builder v0.8.2
[INFO] [stderr]   Downloaded glam v0.22.0
[INFO] [stderr]   Downloaded image v0.24.8
[INFO] [stderr]   Downloaded windows v0.44.0
[INFO] [stderr]   Downloaded re_string_interner v0.8.2
[INFO] [stderr]   Downloaded zerocopy v0.7.32
[INFO] [stderr]   Downloaded half v2.2.1
[INFO] [stderr]   Downloaded ruzstd v0.3.1
[INFO] [stderr]   Downloaded re_types v0.8.2
[INFO] [stderr]   Downloaded zerocopy-derive v0.7.32
[INFO] [stderr]   Downloaded arrow2_convert_derive v0.5.0
[INFO] [stderr]   Downloaded camino v1.1.6
[INFO] [stderr]   Downloaded planus v0.3.1
[INFO] [stderr]   Downloaded rfd v0.11.4
[INFO] [stderr]   Downloaded rmp-serde v1.1.2
[INFO] [stderr]   Downloaded ahash v0.8.7
[INFO] [stderr]   Downloaded crossbeam-queue v0.3.11
[INFO] [stderr]   Downloaded crossbeam v0.8.4
[INFO] [stderr]   Downloaded arrow-format v0.8.1
[INFO] [stderr]   Downloaded flatbuffers v23.5.26
[INFO] [stderr]   Downloaded twox-hash v1.6.3
[INFO] [stderr]   Downloaded cargo-platform v0.1.6
[INFO] [stderr]   Downloaded cargo_metadata v0.15.4
[INFO] [stderr]   Downloaded re_build_tools v0.8.2
[INFO] [stderr]   Downloaded az v1.2.1
[INFO] [stderr]   Downloaded zune-core v0.2.14
[INFO] [stderr]   Downloaded num-derive v0.3.3
[INFO] [stderr]   Downloaded re_log_types v0.8.2
[INFO] [stderr]   Downloaded puffin_http v0.12.0
[INFO] [stderr]   Downloaded document-features v0.2.8
[INFO] [stderr]   Downloaded bytemuck_derive v1.5.0
[INFO] [stderr]   Downloaded rmp v0.8.12
[INFO] [stderr]   Downloaded zstd v0.12.4
[INFO] [stderr]   Downloaded termcolor v1.4.1
[INFO] [stderr]   Downloaded log-once v0.4.1
[INFO] [stderr]   Downloaded pollster v0.3.0
[INFO] [stderr]   Downloaded err-derive v0.3.1
[INFO] [stderr]   Downloaded arrow2_convert v0.5.0
[INFO] [stderr]   Downloaded xshell v0.2.5
[INFO] [stderr]   Downloaded objc_id v0.1.1
[INFO] [stderr]   Downloaded strum v0.24.1
[INFO] [stderr]   Downloaded puffin v0.15.0
[INFO] [stderr]   Downloaded re_tuid v0.8.2
[INFO] [stderr]   Downloaded xshell-macros v0.2.5
[INFO] [stderr]   Downloaded re_log v0.8.2
[INFO] [stderr]   Downloaded ecolor v0.22.0
[INFO] [stderr]   Downloaded indent v0.1.1
[INFO] [stderr]   Downloaded re_format v0.8.2
[INFO] [stderr]   Downloaded unindent v0.1.11
[INFO] [stderr]   Downloaded re_error v0.8.2
[INFO] [stderr]   Downloaded urlencoding v2.1.3
[INFO] [stderr]   Downloaded env_logger v0.10.2
[INFO] [stderr]   Downloaded rust-format v0.3.4
[INFO] [stderr]   Downloaded comfy-table v6.2.0
[INFO] [stderr]   Downloaded ethnum v1.5.0
[INFO] running `Command { std: "docker" "create" "-v" "/var/lib/crater-agent-workspace/builds/worker-5-tc1/target:/opt/rustwide/target:rw,Z" "-v" "/var/lib/crater-agent-workspace/builds/worker-5-tc1/source:/opt/rustwide/workdir:ro,Z" "-v" "/var/lib/crater-agent-workspace/cargo-home:/opt/rustwide/cargo-home:ro,Z" "-v" "/var/lib/crater-agent-workspace/rustup-home:/opt/rustwide/rustup-home:ro,Z" "-e" "SOURCE_DIR=/opt/rustwide/workdir" "-e" "CARGO_TARGET_DIR=/opt/rustwide/target" "-e" "CARGO_HOME=/opt/rustwide/cargo-home" "-e" "RUSTUP_HOME=/opt/rustwide/rustup-home" "-w" "/opt/rustwide/workdir" "-m" "1610612736" "--user" "0:0" "--network" "none" "ghcr.io/rust-lang/crates-build-env/linux@sha256:2788e3201cd34a07e3172128adcd8b3090168a8e3bcc40d7c032b9dda1df7d1c" "/opt/rustwide/cargo-home/bin/cargo" "+nightly-2024-02-05" "metadata" "--no-deps" "--format-version=1", kill_on_drop: false }`
[INFO] [stdout] 561792fc64ad15dfae390fd3fd45cfbbf88a776ad60a56f96d24f1c92d552c2e
[INFO] running `Command { std: "docker" "start" "-a" "561792fc64ad15dfae390fd3fd45cfbbf88a776ad60a56f96d24f1c92d552c2e", kill_on_drop: false }`
[INFO] running `Command { std: "docker" "inspect" "561792fc64ad15dfae390fd3fd45cfbbf88a776ad60a56f96d24f1c92d552c2e", kill_on_drop: false }`
[INFO] running `Command { std: "docker" "rm" "-f" "561792fc64ad15dfae390fd3fd45cfbbf88a776ad60a56f96d24f1c92d552c2e", kill_on_drop: false }`
[INFO] [stdout] 561792fc64ad15dfae390fd3fd45cfbbf88a776ad60a56f96d24f1c92d552c2e
[INFO] running `Command { std: "docker" "create" "-v" "/var/lib/crater-agent-workspace/builds/worker-5-tc1/target:/opt/rustwide/target:rw,Z" "-v" "/var/lib/crater-agent-workspace/builds/worker-5-tc1/source:/opt/rustwide/workdir:ro,Z" "-v" "/var/lib/crater-agent-workspace/cargo-home:/opt/rustwide/cargo-home:ro,Z" "-v" "/var/lib/crater-agent-workspace/rustup-home:/opt/rustwide/rustup-home:ro,Z" "-e" "SOURCE_DIR=/opt/rustwide/workdir" "-e" "CARGO_TARGET_DIR=/opt/rustwide/target" "-e" "CARGO_INCREMENTAL=0" "-e" "RUST_BACKTRACE=full" "-e" "RUSTFLAGS=--cap-lints=forbid" "-e" "RUSTDOCFLAGS=--cap-lints=forbid" "-e" "CARGO_HOME=/opt/rustwide/cargo-home" "-e" "RUSTUP_HOME=/opt/rustwide/rustup-home" "-w" "/opt/rustwide/workdir" "-m" "1610612736" "--user" "0:0" "--network" "none" "ghcr.io/rust-lang/crates-build-env/linux@sha256:2788e3201cd34a07e3172128adcd8b3090168a8e3bcc40d7c032b9dda1df7d1c" "/opt/rustwide/cargo-home/bin/cargo" "+nightly-2024-02-05" "check" "--frozen" "--all" "--all-targets" "--message-format=json", kill_on_drop: false }`
[INFO] [stdout] 7f2354392bc75f55ab946c26a629cca41c4a7727d3d6dafc5693004c496a06ca
[INFO] running `Command { std: "docker" "start" "-a" "7f2354392bc75f55ab946c26a629cca41c4a7727d3d6dafc5693004c496a06ca", kill_on_drop: false }`
[INFO] [stderr]    Compiling serde v1.0.196
[INFO] [stderr]    Compiling libc v0.2.153
[INFO] [stderr]    Compiling value-bag v1.7.0
[INFO] [stderr]    Compiling pin-project-lite v0.2.13
[INFO] [stderr]    Compiling futures-core v0.3.30
[INFO] [stderr]    Compiling crossbeam-utils v0.8.19
[INFO] [stderr]    Compiling semver v1.0.21
[INFO] [stderr]    Compiling parking v2.2.0
[INFO] [stderr]    Compiling futures-io v0.3.30
[INFO] [stderr]    Compiling generic-array v0.14.7
[INFO] [stderr]    Compiling typenum v1.17.0
[INFO] [stderr]    Compiling tracing-core v0.1.32
[INFO] [stderr]    Compiling log v0.4.20
[INFO] [stderr]    Compiling fastrand v2.0.1
[INFO] [stderr]    Compiling rustix v0.38.31
[INFO] [stderr]    Compiling slab v0.4.9
[INFO] [stderr]    Compiling concurrent-queue v2.4.0
[INFO] [stderr]    Compiling tracing v0.1.40
[INFO] [stderr]    Compiling bitflags v2.4.2
[INFO] [stderr]    Compiling event-listener v4.0.3
[INFO] [stderr]    Compiling linux-raw-sys v0.4.13
[INFO] [stderr]    Compiling indexmap v2.2.2
[INFO] [stderr]    Compiling event-listener-strategy v0.4.0
[INFO] [stderr]    Compiling futures-lite v2.2.0
[INFO] [stderr]    Compiling async-lock v3.3.0
[INFO] [stderr]    Compiling event-listener v2.5.3
[INFO] [stderr]    Compiling tinyvec_macros v0.1.1
[INFO] [stderr]    Compiling tinyvec v1.6.0
[INFO] [stderr]    Compiling jobserver v0.1.27
[INFO] [stderr]    Compiling crypto-common v0.1.6
[INFO] [stderr]    Compiling block-buffer v0.10.4
[INFO] [stderr]    Compiling getrandom v0.2.12
[INFO] [stderr]    Compiling cc v1.0.83
[INFO] [stderr]    Compiling digest v0.10.7
[INFO] [stderr]    Compiling toml_edit v0.19.15
[INFO] [stderr]    Compiling bytemuck_derive v1.5.0
[INFO] [stderr]    Compiling ahash v0.8.7
[INFO] [stderr]    Compiling atomic-waker v1.1.2
[INFO] [stderr]    Compiling bitflags v1.3.2
[INFO] [stderr]    Compiling async-task v4.7.0
[INFO] [stderr]    Compiling cpufeatures v0.2.12
[INFO] [stderr]    Compiling unicode-normalization v0.1.22
[INFO] [stderr]    Compiling piper v0.2.1
[INFO] [stderr]    Compiling io-lifetimes v1.0.11
[INFO] [stderr]    Compiling async-channel v2.1.1
[INFO] [stderr]    Compiling byteorder v1.5.0
[INFO] [stderr]    Compiling waker-fn v1.1.1
[INFO] [stderr]    Compiling unicode-bidi v0.3.15
[INFO] [stderr]    Compiling percent-encoding v2.3.1
[INFO] [stderr]     Checking memchr v2.7.1
[INFO] [stderr]    Compiling fastrand v1.9.0
[INFO] [stderr]    Compiling proc-macro-crate v1.3.1
[INFO] [stderr]    Compiling zstd-sys v2.0.9+zstd.1.5.5
[INFO] [stderr]    Compiling futures-lite v1.13.0
[INFO] [stderr]    Compiling idna v0.5.0
[INFO] [stderr]    Compiling form_urlencoded v1.2.1
[INFO] [stderr]    Compiling rustc_version v0.4.0
[INFO] [stderr]    Compiling rustix v0.37.27
[INFO] [stderr]    Compiling polling v2.8.0
[INFO] [stderr]    Compiling blocking v1.5.1
[INFO] [stderr]    Compiling async-lock v2.8.0
[INFO] [stderr]    Compiling linux-raw-sys v0.3.8
[INFO] [stderr]    Compiling memoffset v0.7.1
[INFO] [stderr]    Compiling async-io v1.13.0
[INFO] [stderr]    Compiling enumflags2 v0.7.8
[INFO] [stderr]    Compiling url v2.5.0
[INFO] [stderr]    Compiling async-executor v1.8.0
[INFO] [stderr]    Compiling rand_core v0.6.4
[INFO] [stderr]    Compiling socket2 v0.4.10
[INFO] [stderr]    Compiling pin-utils v0.1.0
[INFO] [stderr]    Compiling camino v1.1.6
[INFO] [stderr]    Compiling static_assertions v1.1.0
[INFO] [stderr]    Compiling time-core v0.1.2
[INFO] [stderr]    Compiling itoa v1.0.10
[INFO] [stderr]    Compiling scopeguard v1.2.0
[INFO] [stderr]    Compiling num-conv v0.1.0
[INFO] [stderr]    Compiling serde_json v1.0.113
[INFO] [stderr]    Compiling zstd-safe v6.0.6
[INFO] [stderr]    Compiling smallvec v1.13.1
[INFO] [stderr]    Compiling lock_api v0.4.11
[INFO] [stderr]    Compiling parking_lot_core v0.9.9
[INFO] [stderr]    Compiling rand_chacha v0.3.1
[INFO] [stderr]    Compiling async-fs v1.6.0
[INFO] [stderr]    Compiling powerfmt v0.2.0
[INFO] [stderr]    Compiling futures-task v0.3.30
[INFO] [stderr]    Compiling zvariant_derive v3.15.0
[INFO] [stderr]    Compiling ryu v1.0.16
[INFO] [stderr]    Compiling futures-sink v0.3.30
[INFO] [stderr]    Compiling deranged v0.3.11
[INFO] [stderr]    Compiling futures-util v0.3.30
[INFO] [stderr]    Compiling zbus_macros v3.15.0
[INFO] [stderr]    Compiling polling v3.4.0
[INFO] [stderr]    Compiling async-io v2.3.1
[INFO] [stderr]    Compiling parking_lot v0.12.1
[INFO] [stderr]    Compiling zvariant v3.15.0
[INFO] [stderr]    Compiling rand v0.8.5
[INFO] [stderr]    Compiling async-global-executor v2.4.1
[INFO] [stderr]    Compiling nix v0.26.4
[INFO] [stderr]    Compiling thiserror v1.0.56
[INFO] [stderr]    Compiling cargo-platform v0.1.6
[INFO] [stderr]    Compiling sha1 v0.10.6
[INFO] [stderr]    Compiling xdg-home v1.1.0
[INFO] [stderr]    Compiling async-broadcast v0.5.1
[INFO] [stderr]    Compiling async-channel v1.9.0
[INFO] [stderr]    Compiling kv-log-macro v1.0.7
[INFO] [stderr]    Compiling ordered-stream v0.2.0
[INFO] [stderr]    Compiling num-traits v0.2.17
[INFO] [stderr]    Compiling hex v0.4.3
[INFO] [stderr]    Compiling same-file v1.0.6
[INFO] [stderr]    Compiling zbus_names v2.6.0
[INFO] [stderr]    Compiling walkdir v2.4.0
[INFO] [stderr]    Compiling async-std v1.12.0
[INFO] [stderr]    Compiling cargo_metadata v0.15.4
[INFO] [stderr]    Compiling time v0.3.34
[INFO] [stderr]    Compiling is-terminal v0.4.10
[INFO] [stderr]     Checking bytemuck v1.14.1
[INFO] [stderr]    Compiling bincode v1.3.3
[INFO] [stderr]    Compiling sha2 v0.10.8
[INFO] [stderr]    Compiling crossbeam-epoch v0.9.18
[INFO] [stderr]    Compiling futures-channel v0.3.30
[INFO] [stderr]    Compiling instant v0.1.12
[INFO] [stderr]    Compiling humantime v2.1.0
[INFO] [stderr]    Compiling rfd v0.11.4
[INFO] [stderr]     Checking array-init-cursor v0.2.0
[INFO] [stderr]    Compiling xshell-macros v0.2.5
[INFO] [stderr]     Checking zerocopy v0.7.32
[INFO] [stderr]    Compiling wasm-bindgen-shared v0.2.90
[INFO] [stderr]    Compiling termcolor v1.4.1
[INFO] [stderr]    Compiling unindent v0.1.11
[INFO] [stderr]    Compiling either v1.9.0
[INFO] [stderr]    Compiling xshell v0.2.5
[INFO] [stderr]    Compiling env_logger v0.10.2
[INFO] [stderr]    Compiling re_build_tools v0.8.2
[INFO] [stderr]    Compiling strum_macros v0.24.3
[INFO] [stderr]    Compiling rayon-core v1.12.1
[INFO] [stderr]     Checking planus v0.3.1
[INFO] [stderr]    Compiling crossbeam-deque v0.8.5
[INFO] [stderr]    Compiling arrow2 v0.17.4
[INFO] [stderr]    Compiling flatbuffers v23.5.26
[INFO] [stderr]     Checking aho-corasick v1.1.2
[INFO] [stderr]    Compiling crossbeam-channel v0.5.11
[INFO] [stderr]    Compiling log-once v0.4.1
[INFO] [stderr]    Compiling urlencoding v2.1.3
[INFO] [stderr]     Checking unicode-width v0.1.11
[INFO] [stderr]    Compiling zbus v3.15.0
[INFO] [stderr]    Compiling raw-window-handle v0.5.2
[INFO] [stderr]     Checking strum v0.24.1
[INFO] [stderr]    Compiling pollster v0.3.0
[INFO] [stderr]     Checking regex-syntax v0.8.2
[INFO] [stderr]    Compiling chrono v0.4.33
[INFO] [stderr]    Compiling re_log v0.8.2
[INFO] [stderr]     Checking arrow-format v0.8.1
[INFO] [stderr]    Compiling re_types_builder v0.8.2
[INFO] [stderr]     Checking comfy-table v6.2.0
[INFO] [stderr]     Checking regex-automata v0.4.5
[INFO] [stderr]    Compiling err-derive v0.3.1
[INFO] [stderr]    Compiling dyn-clone v1.0.16
[INFO] [stderr]    Compiling ethnum v1.5.0
[INFO] [stderr]    Compiling hash_hasher v2.0.3
[INFO] [stderr]    Compiling foreign_vec v0.1.0
[INFO] [stderr]    Compiling simdutf8 v0.1.4
[INFO] [stderr]    Compiling unicode-xid v0.2.4
[INFO] [stderr]    Compiling unicode-segmentation v1.10.1
[INFO] [stderr]    Compiling bumpalo v3.14.0
[INFO] [stderr]    Compiling synstructure v0.12.6
[INFO] [stderr]    Compiling wasm-bindgen-backend v0.2.90
[INFO] [stderr]    Compiling convert_case v0.6.0
[INFO] [stderr]    Compiling rayon v1.8.1
[INFO] [stderr]     Checking regex v1.10.3
[INFO] [stderr]    Compiling itertools v0.11.0
[INFO] [stderr]    Compiling clang-format v0.1.3
[INFO] [stderr]    Compiling indent v0.1.1
[INFO] [stderr]    Compiling litrs v0.4.1
[INFO] [stderr]    Compiling rust-format v0.3.4
[INFO] [stderr]    Compiling document-features v0.2.8
[INFO] [stderr]    Compiling wasm-bindgen-macro-support v0.2.90
[INFO] [stderr]    Compiling arrow2_convert_derive v0.5.0
[INFO] [stderr]    Compiling backtrace v0.3.69
[INFO] [stderr]     Checking regex-automata v0.1.10
[INFO] [stderr]    Compiling az v1.2.1
[INFO] [stderr]    Compiling ashpd v0.4.0
[INFO] [stderr]    Compiling wasm-bindgen v0.2.90
[INFO] [stderr]     Checking gimli v0.28.1
[INFO] [stderr]    Compiling wasm-bindgen-macro v0.2.90
[INFO] [stderr]     Checking miniz_oxide v0.7.2
[INFO] [stderr]     Checking bstr v0.2.17
[INFO] [stderr]     Checking object v0.32.2
[INFO] [stderr]    Compiling num-integer v0.1.45
[INFO] [stderr]    Compiling matrixmultiply v0.3.8
[INFO] [stderr]     Checking arrow2_convert v0.5.0
[INFO] [stderr]     Checking web-time v0.2.4
[INFO] [stderr]    Compiling paste v1.0.14
[INFO] [stderr]    Compiling fixed v1.25.1
[INFO] [stderr]     Checking rustc-demangle v0.1.23
[INFO] [stderr]     Checking re_string_interner v0.8.2
[INFO] [stderr]     Checking similar v2.4.0
[INFO] [stderr]     Checking re_tuid v0.8.2
[INFO] [stderr]     Checking addr2line v0.21.0
[INFO] [stderr]     Checking puffin v0.15.0
[INFO] [stderr]     Checking re_error v0.8.2
[INFO] [stderr]     Checking console v0.15.8
[INFO] [stderr]     Checking crossbeam-queue v0.3.11
[INFO] [stderr]     Checking half v2.2.1
[INFO] [stderr]    Compiling time-macros v0.2.17
[INFO] [stderr]     Checking rawpointer v0.2.1
[INFO] [stderr]     Checking uuid v1.7.0
[INFO] [stderr]     Checking crossbeam v0.8.4
[INFO] [stderr]     Checking similar-asserts v1.5.0
[INFO] [stderr]     Checking re_tracing v0.8.2
[INFO] [stderr]     Checking re_format v0.8.2
[INFO] [stderr]     Checking num-complex v0.4.4
[INFO] [stderr]    Compiling num-derive v0.3.3
[INFO] [stderr]     Checking array-init v2.1.0
[INFO] [stderr]     Checking ndarray v0.15.6
[INFO] [stderr]     Checking rmp v0.8.12
[INFO] [stderr]     Checking rmp-serde v1.1.2
[INFO] [stderr]    Compiling zstd v0.12.4
[INFO] [stderr]    Compiling puffin_http v0.12.0
[INFO] [stderr]    Compiling re_types v0.8.2
[INFO] [stderr]     Checking re_log_types v0.8.2
[INFO] [stderr]     Checking re_components v0.8.2 (/opt/rustwide/workdir)
[INFO] [stdout] error[E0432]: unresolved import `re_components::datagen`
[INFO] [stdout]  --> tests/arrow_msg.rs:1:20
[INFO] [stdout]   |
[INFO] [stdout] 1 | use re_components::datagen::{build_frame_nr, build_some_point2d, build_some_rects};
[INFO] [stdout]   |                    ^^^^^^^ could not find `datagen` in `re_components`
[INFO] [stdout] 
[INFO] [stdout] 
[INFO] [stdout] error[E0277]: the trait bound `re_log_types::ArrowMsg: serde::ser::Serialize` is not satisfied
[INFO] [stdout]     --> tests/arrow_msg.rs:20:33
[INFO] [stdout]      |
[INFO] [stdout] 20   |     let buf = rmp_serde::to_vec(&msg_in).unwrap();
[INFO] [stdout]      |               ----------------- ^^^^^^^ the trait `serde::ser::Serialize` is not implemented for `re_log_types::ArrowMsg`
[INFO] [stdout]      |               |
[INFO] [stdout]      |               required by a bound introduced by this call
[INFO] [stdout]      |
[INFO] [stdout]      = help: the following other types implement trait `serde::ser::Serialize`:
[INFO] [stdout]                bool
[INFO] [stdout]                char
[INFO] [stdout]                isize
[INFO] [stdout]                i8
[INFO] [stdout]                i16
[INFO] [stdout]                i32
[INFO] [stdout]                i64
[INFO] [stdout]                i128
[INFO] [stdout]              and 218 others
[INFO] [stdout] note: required by a bound in `to_vec`
[INFO] [stdout]     --> /opt/rustwide/cargo-home/registry/src/index.crates.io-6f17d22bba15001f/rmp-serde-1.1.2/src/encode.rs:1078:8
[INFO] [stdout]      |
[INFO] [stdout] 1076 | pub fn to_vec<T>(val: &T) -> Result<Vec<u8>, Error>
[INFO] [stdout]      |        ------ required by a bound in this function
[INFO] [stdout] 1077 | where
[INFO] [stdout] 1078 |     T: Serialize + ?Sized
[INFO] [stdout]      |        ^^^^^^^^^ required by this bound in `to_vec`
[INFO] [stdout] 
[INFO] [stdout] 
[INFO] [stdout] error[E0277]: the trait bound `re_log_types::ArrowMsg: serde::de::Deserialize<'_>` is not satisfied
[INFO] [stdout]     --> tests/arrow_msg.rs:21:29
[INFO] [stdout]      |
[INFO] [stdout] 21   |     let msg_out: ArrowMsg = rmp_serde::from_slice(&buf).unwrap();
[INFO] [stdout]      |                             ^^^^^^^^^^^^^^^^^^^^^^^^^^^ the trait `serde::de::Deserialize<'_>` is not implemented for `re_log_types::ArrowMsg`
[INFO] [stdout]      |
[INFO] [stdout]      = help: the following other types implement trait `serde::de::Deserialize<'de>`:
[INFO] [stdout]                bool
[INFO] [stdout]                char
[INFO] [stdout]                isize
[INFO] [stdout]                i8
[INFO] [stdout]                i16
[INFO] [stdout]                i32
[INFO] [stdout]                i64
[INFO] [stdout]                i128
[INFO] [stdout]              and 214 others
[INFO] [stdout] note: required by a bound in `from_slice`
[INFO] [stdout]     --> /opt/rustwide/cargo-home/registry/src/index.crates.io-6f17d22bba15001f/rmp-serde-1.1.2/src/decode.rs:1055:8
[INFO] [stdout]      |
[INFO] [stdout] 1053 | pub fn from_slice<'a, T>(input: &'a [u8]) -> Result<T, Error>
[INFO] [stdout]      |        ---------- required by a bound in this function
[INFO] [stdout] 1054 | where
[INFO] [stdout] 1055 |     T: Deserialize<'a>
[INFO] [stdout]      |        ^^^^^^^^^^^^^^^ required by this bound in `from_slice`
[INFO] [stdout] 
[INFO] [stdout] 
[INFO] [stdout] error: aborting due to 3 previous errors
[INFO] [stdout] 
[INFO] [stdout] 
[INFO] [stdout] Some errors have detailed explanations: E0277, E0432.
[INFO] [stdout] 
[INFO] [stdout] For more information about an error, try `rustc --explain E0277`.
[INFO] [stdout] 
[INFO] [stderr] error: could not compile `re_components` (test "arrow_msg") due to 4 previous errors
[INFO] [stderr] warning: build failed, waiting for other jobs to finish...
[INFO] running `Command { std: "docker" "inspect" "7f2354392bc75f55ab946c26a629cca41c4a7727d3d6dafc5693004c496a06ca", kill_on_drop: false }`
[INFO] running `Command { std: "docker" "rm" "-f" "7f2354392bc75f55ab946c26a629cca41c4a7727d3d6dafc5693004c496a06ca", kill_on_drop: false }`
[INFO] [stdout] 7f2354392bc75f55ab946c26a629cca41c4a7727d3d6dafc5693004c496a06ca
[INFO] checking re_components-0.8.2 against nightly-2024-02-05+rustflags=-Dunexpected_cfgs+cargoflags=-Zcheck-cfg for check-cfg
[INFO] extracting crate re_components 0.8.2 into /workspace/builds/worker-5-tc2/source
[INFO] validating manifest of crates.io crate re_components 0.8.2 on toolchain nightly-2024-02-05
[INFO] running `Command { std: CARGO_HOME="/workspace/cargo-home" RUSTUP_HOME="/workspace/rustup-home" "/workspace/cargo-home/bin/cargo" "+nightly-2024-02-05" "metadata" "--manifest-path" "Cargo.toml" "--no-deps", kill_on_drop: false }`
[INFO] started tweaking crates.io crate re_components 0.8.2
[INFO] finished tweaking crates.io crate re_components 0.8.2
[INFO] tweaked toml for crates.io crate re_components 0.8.2 written to /workspace/builds/worker-5-tc2/source/Cargo.toml
[INFO] running `Command { std: CARGO_HOME="/workspace/cargo-home" RUSTUP_HOME="/workspace/rustup-home" "/workspace/cargo-home/bin/cargo" "+nightly-2024-02-05" "generate-lockfile" "--manifest-path" "Cargo.toml", kill_on_drop: false }`
[INFO] [stderr]     Updating crates.io index
[INFO] running `Command { std: CARGO_HOME="/workspace/cargo-home" RUSTUP_HOME="/workspace/rustup-home" "/workspace/cargo-home/bin/cargo" "+nightly-2024-02-05" "fetch" "--manifest-path" "Cargo.toml", kill_on_drop: false }`
[INFO] running `Command { std: "docker" "create" "-v" "/var/lib/crater-agent-workspace/builds/worker-5-tc2/target:/opt/rustwide/target:rw,Z" "-v" "/var/lib/crater-agent-workspace/builds/worker-5-tc2/source:/opt/rustwide/workdir:ro,Z" "-v" "/var/lib/crater-agent-workspace/cargo-home:/opt/rustwide/cargo-home:ro,Z" "-v" "/var/lib/crater-agent-workspace/rustup-home:/opt/rustwide/rustup-home:ro,Z" "-e" "SOURCE_DIR=/opt/rustwide/workdir" "-e" "CARGO_TARGET_DIR=/opt/rustwide/target" "-e" "CARGO_HOME=/opt/rustwide/cargo-home" "-e" "RUSTUP_HOME=/opt/rustwide/rustup-home" "-w" "/opt/rustwide/workdir" "-m" "1610612736" "--user" "0:0" "--network" "none" "ghcr.io/rust-lang/crates-build-env/linux@sha256:2788e3201cd34a07e3172128adcd8b3090168a8e3bcc40d7c032b9dda1df7d1c" "/opt/rustwide/cargo-home/bin/cargo" "+nightly-2024-02-05" "metadata" "--no-deps" "--format-version=1", kill_on_drop: false }`
[INFO] [stdout] c5dfe03b1167fd0357076cc78f2b7150b487c1f3c31b3741cb6e196ca4adb2cc
[INFO] running `Command { std: "docker" "start" "-a" "c5dfe03b1167fd0357076cc78f2b7150b487c1f3c31b3741cb6e196ca4adb2cc", kill_on_drop: false }`
[INFO] running `Command { std: "docker" "inspect" "c5dfe03b1167fd0357076cc78f2b7150b487c1f3c31b3741cb6e196ca4adb2cc", kill_on_drop: false }`
[INFO] running `Command { std: "docker" "rm" "-f" "c5dfe03b1167fd0357076cc78f2b7150b487c1f3c31b3741cb6e196ca4adb2cc", kill_on_drop: false }`
[INFO] [stdout] c5dfe03b1167fd0357076cc78f2b7150b487c1f3c31b3741cb6e196ca4adb2cc
[INFO] running `Command { std: "docker" "create" "-v" "/var/lib/crater-agent-workspace/builds/worker-5-tc2/target:/opt/rustwide/target:rw,Z" "-v" "/var/lib/crater-agent-workspace/builds/worker-5-tc2/source:/opt/rustwide/workdir:ro,Z" "-v" "/var/lib/crater-agent-workspace/cargo-home:/opt/rustwide/cargo-home:ro,Z" "-v" "/var/lib/crater-agent-workspace/rustup-home:/opt/rustwide/rustup-home:ro,Z" "-e" "SOURCE_DIR=/opt/rustwide/workdir" "-e" "CARGO_TARGET_DIR=/opt/rustwide/target" "-e" "CARGO_INCREMENTAL=0" "-e" "RUST_BACKTRACE=full" "-e" "RUSTFLAGS=--cap-lints=forbid -Dunexpected_cfgs" "-e" "RUSTDOCFLAGS=--cap-lints=forbid" "-e" "CARGO_HOME=/opt/rustwide/cargo-home" "-e" "RUSTUP_HOME=/opt/rustwide/rustup-home" "-w" "/opt/rustwide/workdir" "-m" "1610612736" "--user" "0:0" "--network" "none" "ghcr.io/rust-lang/crates-build-env/linux@sha256:2788e3201cd34a07e3172128adcd8b3090168a8e3bcc40d7c032b9dda1df7d1c" "/opt/rustwide/cargo-home/bin/cargo" "+nightly-2024-02-05" "check" "--frozen" "--all" "--all-targets" "--message-format=json" "-Zcheck-cfg", kill_on_drop: false }`
[INFO] [stdout] be47ef9e8c62bec30d591c09063231fbf4e366a9299cb30eab195b17ab4802e1
[INFO] running `Command { std: "docker" "start" "-a" "be47ef9e8c62bec30d591c09063231fbf4e366a9299cb30eab195b17ab4802e1", kill_on_drop: false }`
[INFO] [stderr]    Compiling serde v1.0.196
[INFO] [stderr]    Compiling libc v0.2.153
[INFO] [stderr]    Compiling value-bag v1.7.0
[INFO] [stderr]    Compiling pin-project-lite v0.2.13
[INFO] [stderr]    Compiling futures-core v0.3.30
[INFO] [stderr]    Compiling crossbeam-utils v0.8.19
[INFO] [stderr]    Compiling semver v1.0.21
[INFO] [stderr]    Compiling parking v2.2.0
[INFO] [stderr]    Compiling futures-io v0.3.30
[INFO] [stderr]    Compiling generic-array v0.14.7
[INFO] [stderr]    Compiling typenum v1.17.0
[INFO] [stderr]    Compiling tracing-core v0.1.32
[INFO] [stderr]    Compiling fastrand v2.0.1
[INFO] [stderr]    Compiling log v0.4.20
[INFO] [stderr]    Compiling rustix v0.38.31
[INFO] [stderr]    Compiling slab v0.4.9
[INFO] [stderr]    Compiling bitflags v2.4.2
[INFO] [stderr]    Compiling concurrent-queue v2.4.0
[INFO] [stderr]    Compiling tracing v0.1.40
[INFO] [stderr]    Compiling event-listener v4.0.3
[INFO] [stderr]    Compiling linux-raw-sys v0.4.13
[INFO] [stderr]    Compiling indexmap v2.2.2
[INFO] [stderr]    Compiling event-listener-strategy v0.4.0
[INFO] [stderr]    Compiling futures-lite v2.2.0
[INFO] [stderr]    Compiling async-lock v3.3.0
[INFO] [stderr]    Compiling event-listener v2.5.3
[INFO] [stderr]    Compiling tinyvec_macros v0.1.1
[INFO] [stderr]    Compiling tinyvec v1.6.0
[INFO] [stderr]    Compiling toml_edit v0.19.15
[INFO] [stderr]    Compiling jobserver v0.1.27
[INFO] [stderr]    Compiling crypto-common v0.1.6
[INFO] [stderr]    Compiling block-buffer v0.10.4
[INFO] [stderr]    Compiling getrandom v0.2.12
[INFO] [stderr]    Compiling digest v0.10.7
[INFO] [stderr]    Compiling cc v1.0.83
[INFO] [stderr]    Compiling bytemuck_derive v1.5.0
[INFO] [stderr]    Compiling ahash v0.8.7
[INFO] [stderr]    Compiling bitflags v1.3.2
[INFO] [stderr]    Compiling async-task v4.7.0
[INFO] [stderr]    Compiling cpufeatures v0.2.12
[INFO] [stderr]    Compiling atomic-waker v1.1.2
[INFO] [stderr]    Compiling io-lifetimes v1.0.11
[INFO] [stderr]    Compiling piper v0.2.1
[INFO] [stderr]    Compiling unicode-normalization v0.1.22
[INFO] [stderr]    Compiling async-channel v2.1.1
[INFO] [stderr]    Compiling fastrand v1.9.0
[INFO] [stderr]    Compiling byteorder v1.5.0
[INFO] [stderr]    Compiling percent-encoding v2.3.1
[INFO] [stderr]    Compiling waker-fn v1.1.1
[INFO] [stderr]     Checking memchr v2.7.1
[INFO] [stderr]    Compiling unicode-bidi v0.3.15
[INFO] [stderr]    Compiling rustix v0.37.27
[INFO] [stderr]    Compiling proc-macro-crate v1.3.1
[INFO] [stderr]    Compiling form_urlencoded v1.2.1
[INFO] [stderr]    Compiling idna v0.5.0
[INFO] [stderr]    Compiling futures-lite v1.13.0
[INFO] [stderr]    Compiling blocking v1.5.1
[INFO] [stderr]    Compiling zstd-sys v2.0.9+zstd.1.5.5
[INFO] [stderr]    Compiling polling v2.8.0
[INFO] [stderr]    Compiling rustc_version v0.4.0
[INFO] [stderr]    Compiling async-lock v2.8.0
[INFO] [stderr]    Compiling linux-raw-sys v0.3.8
[INFO] [stderr]    Compiling async-io v1.13.0
[INFO] [stderr]    Compiling memoffset v0.7.1
[INFO] [stderr]    Compiling enumflags2 v0.7.8
[INFO] [stderr]    Compiling url v2.5.0
[INFO] [stderr]    Compiling async-executor v1.8.0
[INFO] [stderr]    Compiling rand_core v0.6.4
[INFO] [stderr]    Compiling socket2 v0.4.10
[INFO] [stderr]    Compiling static_assertions v1.1.0
[INFO] [stderr]    Compiling zstd-safe v6.0.6
[INFO] [stderr]    Compiling scopeguard v1.2.0
[INFO] [stderr]    Compiling pin-utils v0.1.0
[INFO] [stderr]    Compiling num-conv v0.1.0
[INFO] [stderr]    Compiling camino v1.1.6
[INFO] [stderr]    Compiling serde_json v1.0.113
[INFO] [stderr]    Compiling itoa v1.0.10
[INFO] [stderr]    Compiling smallvec v1.13.1
[INFO] [stderr]    Compiling time-core v0.1.2
[INFO] [stderr]    Compiling zvariant_derive v3.15.0
[INFO] [stderr]    Compiling rand_chacha v0.3.1
[INFO] [stderr]    Compiling lock_api v0.4.11
[INFO] [stderr]    Compiling async-fs v1.6.0
[INFO] [stderr]    Compiling parking_lot_core v0.9.9
[INFO] [stderr]    Compiling futures-task v0.3.30
[INFO] [stderr]    Compiling futures-sink v0.3.30
[INFO] [stderr]    Compiling powerfmt v0.2.0
[INFO] [stderr]    Compiling ryu v1.0.16
[INFO] [stderr]    Compiling futures-util v0.3.30
[INFO] [stderr]    Compiling deranged v0.3.11
[INFO] [stderr]    Compiling parking_lot v0.12.1
[INFO] [stderr]    Compiling nix v0.26.4
[INFO] [stderr]    Compiling polling v3.4.0
[INFO] [stderr]    Compiling zvariant v3.15.0
[INFO] [stderr]    Compiling async-io v2.3.1
[INFO] [stderr]    Compiling rand v0.8.5
[INFO] [stderr]    Compiling async-global-executor v2.4.1
[INFO] [stderr]    Compiling zbus_macros v3.15.0
[INFO] [stderr]    Compiling thiserror v1.0.56
[INFO] [stderr]    Compiling cargo-platform v0.1.6
[INFO] [stderr]    Compiling sha1 v0.10.6
[INFO] [stderr]    Compiling xdg-home v1.1.0
[INFO] [stderr]    Compiling async-broadcast v0.5.1
[INFO] [stderr]    Compiling async-channel v1.9.0
[INFO] [stderr]    Compiling kv-log-macro v1.0.7
[INFO] [stderr]    Compiling zbus_names v2.6.0
[INFO] [stderr]    Compiling ordered-stream v0.2.0
[INFO] [stderr]    Compiling num-traits v0.2.17
[INFO] [stderr]    Compiling same-file v1.0.6
[INFO] [stderr]    Compiling hex v0.4.3
[INFO] [stderr]    Compiling walkdir v2.4.0
[INFO] [stderr]    Compiling async-std v1.12.0
[INFO] [stderr]    Compiling cargo_metadata v0.15.4
[INFO] [stderr]    Compiling time v0.3.34
[INFO] [stderr]    Compiling is-terminal v0.4.10
[INFO] [stderr]    Compiling bincode v1.3.3
[INFO] [stderr]     Checking bytemuck v1.14.1
[INFO] [stderr]    Compiling sha2 v0.10.8
[INFO] [stderr]    Compiling crossbeam-epoch v0.9.18
[INFO] [stderr]    Compiling futures-channel v0.3.30
[INFO] [stderr]    Compiling instant v0.1.12
[INFO] [stderr]     Checking zerocopy v0.7.32
[INFO] [stderr]    Compiling xshell-macros v0.2.5
[INFO] [stderr]    Compiling rfd v0.11.4
[INFO] [stderr]    Compiling either v1.9.0
[INFO] [stderr]     Checking array-init-cursor v0.2.0
[INFO] [stderr]    Compiling unindent v0.1.11
[INFO] [stderr]    Compiling wasm-bindgen-shared v0.2.90
[INFO] [stderr]    Compiling termcolor v1.4.1
[INFO] [stderr]    Compiling humantime v2.1.0
[INFO] [stderr]    Compiling env_logger v0.10.2
[INFO] [stderr]    Compiling re_build_tools v0.8.2
[INFO] [stderr]    Compiling xshell v0.2.5
[INFO] [stderr]    Compiling strum_macros v0.24.3
[INFO] [stderr]     Checking planus v0.3.1
[INFO] [stderr]    Compiling rayon-core v1.12.1
[INFO] [stderr]    Compiling crossbeam-deque v0.8.5
[INFO] [stderr]    Compiling arrow2 v0.17.4
[INFO] [stderr]    Compiling flatbuffers v23.5.26
[INFO] [stderr]     Checking aho-corasick v1.1.2
[INFO] [stderr]    Compiling log-once v0.4.1
[INFO] [stderr]    Compiling crossbeam-channel v0.5.11
[INFO] [stderr]    Compiling raw-window-handle v0.5.2
[INFO] [stderr]     Checking strum v0.24.1
[INFO] [stderr]     Checking regex-syntax v0.8.2
[INFO] [stderr]     Checking unicode-width v0.1.11
[INFO] [stderr]    Compiling urlencoding v2.1.3
[INFO] [stderr]    Compiling pollster v0.3.0
[INFO] [stderr]    Compiling chrono v0.4.33
[INFO] [stderr]    Compiling re_log v0.8.2
[INFO] [stderr]    Compiling re_types_builder v0.8.2
[INFO] [stderr]     Checking arrow-format v0.8.1
[INFO] [stderr]     Checking regex-automata v0.4.5
[INFO] [stderr]     Checking comfy-table v6.2.0
[INFO] [stderr]    Compiling err-derive v0.3.1
[INFO] [stderr]     Checking hash_hasher v2.0.3
[INFO] [stderr]    Compiling ethnum v1.5.0
[INFO] [stderr]    Compiling unicode-segmentation v1.10.1
[INFO] [stderr]     Checking dyn-clone v1.0.16
[INFO] [stderr]     Checking simdutf8 v0.1.4
[INFO] [stderr]    Compiling unicode-xid v0.2.4
[INFO] [stderr]    Compiling bumpalo v3.14.0
[INFO] [stderr]    Compiling foreign_vec v0.1.0
[INFO] [stderr]    Compiling wasm-bindgen-backend v0.2.90
[INFO] [stderr]    Compiling synstructure v0.12.6
[INFO] [stderr]    Compiling convert_case v0.6.0
[INFO] [stderr]    Compiling zbus v3.15.0
[INFO] [stderr]    Compiling rayon v1.8.1
[INFO] [stderr]     Checking regex v1.10.3
[INFO] [stderr]    Compiling itertools v0.11.0
[INFO] [stderr]    Compiling clang-format v0.1.3
[INFO] [stderr]    Compiling litrs v0.4.1
[INFO] [stderr]    Compiling rust-format v0.3.4
[INFO] [stderr]    Compiling indent v0.1.1
[INFO] [stderr]    Compiling document-features v0.2.8
[INFO] [stderr]    Compiling wasm-bindgen-macro-support v0.2.90
[INFO] [stderr]    Compiling arrow2_convert_derive v0.5.0
[INFO] [stderr]    Compiling backtrace v0.3.69
[INFO] [stderr]     Checking regex-automata v0.1.10
[INFO] [stderr]    Compiling az v1.2.1
[INFO] [stderr]    Compiling wasm-bindgen v0.2.90
[INFO] [stderr]     Checking gimli v0.28.1
[INFO] [stderr]     Checking miniz_oxide v0.7.2
[INFO] [stderr]    Compiling wasm-bindgen-macro v0.2.90
[INFO] [stderr]     Checking bstr v0.2.17
[INFO] [stderr]     Checking object v0.32.2
[INFO] [stderr]    Compiling matrixmultiply v0.3.8
[INFO] [stderr]    Compiling num-integer v0.1.45
[INFO] [stderr]    Compiling fixed v1.25.1
[INFO] [stderr]     Checking rustc-demangle v0.1.23
[INFO] [stderr]     Checking web-time v0.2.4
[INFO] [stderr]    Compiling paste v1.0.14
[INFO] [stderr]     Checking arrow2_convert v0.5.0
[INFO] [stderr]     Checking re_tuid v0.8.2
[INFO] [stderr]     Checking similar v2.4.0
[INFO] [stderr]     Checking re_string_interner v0.8.2
[INFO] [stderr]     Checking puffin v0.15.0
[INFO] [stderr]     Checking re_error v0.8.2
[INFO] [stderr]     Checking console v0.15.8
[INFO] [stderr]     Checking addr2line v0.21.0
[INFO] [stderr]     Checking crossbeam-queue v0.3.11
[INFO] [stderr]     Checking half v2.2.1
[INFO] [stderr]    Compiling time-macros v0.2.17
[INFO] [stderr]     Checking rawpointer v0.2.1
[INFO] [stderr]     Checking crossbeam v0.8.4
[INFO] [stderr]     Checking similar-asserts v1.5.0
[INFO] [stderr]    Compiling ashpd v0.4.0
[INFO] [stderr]     Checking uuid v1.7.0
[INFO] [stderr]     Checking re_tracing v0.8.2
[INFO] [stderr]     Checking re_format v0.8.2
[INFO] [stderr]     Checking num-complex v0.4.4
[INFO] [stderr]    Compiling num-derive v0.3.3
[INFO] [stderr]     Checking rmp v0.8.12
[INFO] [stderr]     Checking ndarray v0.15.6
[INFO] [stderr]     Checking array-init v2.1.0
[INFO] [stderr]     Checking rmp-serde v1.1.2
[INFO] [stderr]    Compiling zstd v0.12.4
[INFO] [stderr]    Compiling puffin_http v0.12.0
[INFO] [stderr]    Compiling re_types v0.8.2
[INFO] [stderr]     Checking re_log_types v0.8.2
[INFO] [stderr]     Checking re_components v0.8.2 (/opt/rustwide/workdir)
[INFO] [stdout] error: unexpected `cfg` condition value: `disabled`
[INFO] [stdout]     --> src/tensor.rs:1298:7
[INFO] [stdout]      |
[INFO] [stdout] 1298 | #[cfg(feature = "disabled")]
[INFO] [stdout]      |       ^^^^^^^^^^^^^^^^^^^^
[INFO] [stdout]      |
[INFO] [stdout]      = note: expected values for `feature` are: `arrow_datagen`, `default`, `ecolor`, `glam`, `image`, `serde`
[INFO] [stdout]      = help: consider adding `disabled` as a feature in `Cargo.toml`
[INFO] [stdout]      = note: see <https://doc.rust-lang.org/nightly/cargo/reference/unstable.html#check-cfg> for more information about checking conditional configuration
[INFO] [stdout]      = note: requested on the command line with `-D unexpected-cfgs`
[INFO] [stdout] 
[INFO] [stdout] 
[INFO] [stdout] error: unexpected `cfg` condition value: `disabled`
[INFO] [stdout]     --> src/tensor.rs:1298:7
[INFO] [stdout]      |
[INFO] [stdout] 1298 | #[cfg(feature = "disabled")]
[INFO] [stdout]      |       ^^^^^^^^^^^^^^^^^^^^
[INFO] [stdout]      |
[INFO] [stdout]      = note: expected values for `feature` are: `arrow_datagen`, `default`, `ecolor`, `glam`, `image`, `serde`
[INFO] [stdout]      = help: consider adding `disabled` as a feature in `Cargo.toml`
[INFO] [stdout]      = note: see <https://doc.rust-lang.org/nightly/cargo/reference/unstable.html#check-cfg> for more information about checking conditional configuration
[INFO] [stdout]      = note: requested on the command line with `-D unexpected-cfgs`
[INFO] [stdout] 
[INFO] [stdout] 
[INFO] [stdout] error: aborting due to 1 previous error
[INFO] [stdout] 
[INFO] [stdout] 
[INFO] [stdout] error: aborting due to 1 previous error
[INFO] [stdout] 
[INFO] [stdout] 
[INFO] [stderr] error: could not compile `re_components` (lib) due to 2 previous errors
[INFO] [stderr] warning: build failed, waiting for other jobs to finish...
[INFO] [stderr] error: could not compile `re_components` (lib test) due to 2 previous errors
[INFO] running `Command { std: "docker" "inspect" "be47ef9e8c62bec30d591c09063231fbf4e366a9299cb30eab195b17ab4802e1", kill_on_drop: false }`
[INFO] running `Command { std: "docker" "rm" "-f" "be47ef9e8c62bec30d591c09063231fbf4e366a9299cb30eab195b17ab4802e1", kill_on_drop: false }`
[INFO] [stdout] be47ef9e8c62bec30d591c09063231fbf4e366a9299cb30eab195b17ab4802e1
