[INFO] fetching crate rdbc-mysql 0.1.6...
[INFO] checking rdbc-mysql-0.1.6 against nightly-2024-02-05 for check-cfg
[INFO] extracting crate rdbc-mysql 0.1.6 into /workspace/builds/worker-4-tc1/source
[INFO] validating manifest of crates.io crate rdbc-mysql 0.1.6 on toolchain nightly-2024-02-05
[INFO] running `Command { std: CARGO_HOME="/workspace/cargo-home" RUSTUP_HOME="/workspace/rustup-home" "/workspace/cargo-home/bin/cargo" "+nightly-2024-02-05" "metadata" "--manifest-path" "Cargo.toml" "--no-deps", kill_on_drop: false }`
[INFO] started tweaking crates.io crate rdbc-mysql 0.1.6
[INFO] finished tweaking crates.io crate rdbc-mysql 0.1.6
[INFO] tweaked toml for crates.io crate rdbc-mysql 0.1.6 written to /workspace/builds/worker-4-tc1/source/Cargo.toml
[INFO] running `Command { std: CARGO_HOME="/workspace/cargo-home" RUSTUP_HOME="/workspace/rustup-home" "/workspace/cargo-home/bin/cargo" "+nightly-2024-02-05" "generate-lockfile" "--manifest-path" "Cargo.toml", kill_on_drop: false }`
[INFO] [stderr]     Updating crates.io index
[INFO] running `Command { std: CARGO_HOME="/workspace/cargo-home" RUSTUP_HOME="/workspace/rustup-home" "/workspace/cargo-home/bin/cargo" "+nightly-2024-02-05" "fetch" "--manifest-path" "Cargo.toml", kill_on_drop: false }`
[INFO] [stderr]  Downloading crates ...
[INFO] [stderr]   Downloaded bigdecimal v0.1.2
[INFO] [stderr]   Downloaded derive_utils v0.11.2
[INFO] [stderr]   Downloaded io-enum v0.2.6
[INFO] [stderr]   Downloaded lexical-core v0.6.8
[INFO] [stderr]   Downloaded rdbc v0.1.6
[INFO] [stderr]   Downloaded mysql v17.0.0
[INFO] [stderr]   Downloaded mysql_common v0.19.2
[INFO] [stderr]   Downloaded sqlparser v0.5.1
[INFO] [stderr]   Downloaded lexical v4.2.1
[INFO] running `Command { std: "docker" "create" "-v" "/var/lib/crater-agent-workspace/builds/worker-4-tc1/target:/opt/rustwide/target:rw,Z" "-v" "/var/lib/crater-agent-workspace/builds/worker-4-tc1/source:/opt/rustwide/workdir:ro,Z" "-v" "/var/lib/crater-agent-workspace/cargo-home:/opt/rustwide/cargo-home:ro,Z" "-v" "/var/lib/crater-agent-workspace/rustup-home:/opt/rustwide/rustup-home:ro,Z" "-e" "SOURCE_DIR=/opt/rustwide/workdir" "-e" "CARGO_TARGET_DIR=/opt/rustwide/target" "-e" "CARGO_HOME=/opt/rustwide/cargo-home" "-e" "RUSTUP_HOME=/opt/rustwide/rustup-home" "-w" "/opt/rustwide/workdir" "-m" "1610612736" "--user" "0:0" "--network" "none" "ghcr.io/rust-lang/crates-build-env/linux@sha256:2788e3201cd34a07e3172128adcd8b3090168a8e3bcc40d7c032b9dda1df7d1c" "/opt/rustwide/cargo-home/bin/cargo" "+nightly-2024-02-05" "metadata" "--no-deps" "--format-version=1", kill_on_drop: false }`
[INFO] [stdout] 452eeb97fe31df6a8f7c0c6e1ea7161b7adb6c80240948e23315ad4612fe4784
[INFO] running `Command { std: "docker" "start" "-a" "452eeb97fe31df6a8f7c0c6e1ea7161b7adb6c80240948e23315ad4612fe4784", kill_on_drop: false }`
[INFO] running `Command { std: "docker" "inspect" "452eeb97fe31df6a8f7c0c6e1ea7161b7adb6c80240948e23315ad4612fe4784", kill_on_drop: false }`
[INFO] running `Command { std: "docker" "rm" "-f" "452eeb97fe31df6a8f7c0c6e1ea7161b7adb6c80240948e23315ad4612fe4784", kill_on_drop: false }`
[INFO] [stdout] 452eeb97fe31df6a8f7c0c6e1ea7161b7adb6c80240948e23315ad4612fe4784
[INFO] running `Command { std: "docker" "create" "-v" "/var/lib/crater-agent-workspace/builds/worker-4-tc1/target:/opt/rustwide/target:rw,Z" "-v" "/var/lib/crater-agent-workspace/builds/worker-4-tc1/source:/opt/rustwide/workdir:ro,Z" "-v" "/var/lib/crater-agent-workspace/cargo-home:/opt/rustwide/cargo-home:ro,Z" "-v" "/var/lib/crater-agent-workspace/rustup-home:/opt/rustwide/rustup-home:ro,Z" "-e" "SOURCE_DIR=/opt/rustwide/workdir" "-e" "CARGO_TARGET_DIR=/opt/rustwide/target" "-e" "CARGO_INCREMENTAL=0" "-e" "RUST_BACKTRACE=full" "-e" "RUSTFLAGS=--cap-lints=forbid" "-e" "RUSTDOCFLAGS=--cap-lints=forbid" "-e" "CARGO_HOME=/opt/rustwide/cargo-home" "-e" "RUSTUP_HOME=/opt/rustwide/rustup-home" "-w" "/opt/rustwide/workdir" "-m" "1610612736" "--user" "0:0" "--network" "none" "ghcr.io/rust-lang/crates-build-env/linux@sha256:2788e3201cd34a07e3172128adcd8b3090168a8e3bcc40d7c032b9dda1df7d1c" "/opt/rustwide/cargo-home/bin/cargo" "+nightly-2024-02-05" "check" "--frozen" "--all" "--all-targets" "--message-format=json", kill_on_drop: false }`
[INFO] [stdout] 282f5b44b6accfdde14ad861c44c4bc8e8b9cbe65941885cd42b9b4f3810e428
[INFO] running `Command { std: "docker" "start" "-a" "282f5b44b6accfdde14ad861c44c4bc8e8b9cbe65941885cd42b9b4f3810e428", kill_on_drop: false }`
[INFO] [stderr]    Compiling arrayvec v0.4.12
[INFO] [stderr]    Compiling num-bigint v0.2.6
[INFO] [stderr]     Checking getrandom v0.2.12
[INFO] [stderr]     Checking nodrop v0.1.14
[INFO] [stderr]    Compiling lexical-core v0.6.8
[INFO] [stderr]    Compiling libz-sys v1.1.15
[INFO] [stderr]     Checking generic-array v0.12.4
[INFO] [stderr]     Checking byte-tools v0.3.1
[INFO] [stderr]    Compiling lexical v4.2.1
[INFO] [stderr]    Compiling syn v1.0.109
[INFO] [stderr]     Checking object v0.32.2
[INFO] [stderr]    Compiling rust_decimal v1.34.2
[INFO] [stderr]     Checking static_assertions v0.3.4
[INFO] [stderr]    Compiling io-enum v0.2.6
[INFO] [stderr]     Checking static_assertions v1.1.0
[INFO] [stderr]     Checking sha1_smol v1.0.0
[INFO] [stderr]     Checking opaque-debug v0.2.3
[INFO] [stderr]     Checking block-padding v0.1.5
[INFO] [stderr]     Checking arrayvec v0.7.4
[INFO] [stderr]    Compiling nix v0.15.0
[INFO] [stderr]     Checking fake-simd v0.1.2
[INFO] [stderr]     Checking chrono v0.4.33
[INFO] [stderr]     Checking rand_core v0.6.4
[INFO] [stderr]     Checking bytes v0.4.12
[INFO] [stderr]     Checking sha1 v0.6.1
[INFO] [stderr]     Checking uuid v0.8.2
[INFO] [stderr]     Checking block-buffer v0.7.3
[INFO] [stderr]     Checking digest v0.8.1
[INFO] [stderr]     Checking rand_chacha v0.3.1
[INFO] [stderr]     Checking void v1.0.2
[INFO] [stderr]     Checking base64 v0.11.0
[INFO] [stderr]    Compiling mysql v17.0.0
[INFO] [stderr]     Checking bufstream v0.1.4
[INFO] [stderr]     Checking sqlparser v0.5.1
[INFO] [stderr]     Checking sha2 v0.8.2
[INFO] [stderr]     Checking rdbc v0.1.6
[INFO] [stderr]     Checking rand v0.8.5
[INFO] [stderr]     Checking flate2 v1.0.28
[INFO] [stderr]     Checking twox-hash v1.6.3
[INFO] [stderr]     Checking bigdecimal v0.1.2
[INFO] [stderr]     Checking backtrace v0.3.69
[INFO] [stderr]    Compiling synstructure v0.12.6
[INFO] [stderr]    Compiling derive_utils v0.11.2
[INFO] [stderr]    Compiling failure_derive v0.1.8
[INFO] [stderr]     Checking failure v0.1.8
[INFO] [stderr]     Checking mysql_common v0.19.2
[INFO] [stderr]     Checking rdbc-mysql v0.1.6 (/opt/rustwide/workdir)
[INFO] [stdout] error[E0308]: mismatched types
[INFO] [stdout]    --> src/lib.rs:253:38
[INFO] [stdout]     |
[INFO] [stdout] 253 | ...                   keyword: "".to_owned(),
[INFO] [stdout]     |                                ^^^^^^^^^^^^^ expected `Keyword`, found `String`
[INFO] [stdout] 
[INFO] [stdout] 
[INFO] [stdout] error[E0308]: mismatched types
[INFO] [stdout]    --> src/lib.rs:253:38
[INFO] [stdout]     |
[INFO] [stdout] 253 | ...                   keyword: "".to_owned(),
[INFO] [stdout]     |                                ^^^^^^^^^^^^^ expected `Keyword`, found `String`
[INFO] [stdout] 
[INFO] [stdout] 
[INFO] [stdout] error: aborting due to 1 previous error
[INFO] [stdout] 
[INFO] [stdout] 
[INFO] [stdout] For more information about this error, try `rustc --explain E0308`.
[INFO] [stdout] 
[INFO] [stderr] error: could not compile `rdbc-mysql` (lib) due to 2 previous errors
[INFO] [stderr] warning: build failed, waiting for other jobs to finish...
[INFO] [stdout] error: aborting due to 1 previous error
[INFO] [stdout] 
[INFO] [stdout] 
[INFO] [stdout] For more information about this error, try `rustc --explain E0308`.
[INFO] [stdout] 
[INFO] [stderr] error: could not compile `rdbc-mysql` (lib test) due to 2 previous errors
[INFO] running `Command { std: "docker" "inspect" "282f5b44b6accfdde14ad861c44c4bc8e8b9cbe65941885cd42b9b4f3810e428", kill_on_drop: false }`
[INFO] running `Command { std: "docker" "rm" "-f" "282f5b44b6accfdde14ad861c44c4bc8e8b9cbe65941885cd42b9b4f3810e428", kill_on_drop: false }`
[INFO] [stdout] 282f5b44b6accfdde14ad861c44c4bc8e8b9cbe65941885cd42b9b4f3810e428
[INFO] checking rdbc-mysql-0.1.6 against nightly-2024-02-05+rustflags=-Dunexpected_cfgs+cargoflags=-Zcheck-cfg for check-cfg
[INFO] extracting crate rdbc-mysql 0.1.6 into /workspace/builds/worker-4-tc2/source
[INFO] validating manifest of crates.io crate rdbc-mysql 0.1.6 on toolchain nightly-2024-02-05
[INFO] running `Command { std: CARGO_HOME="/workspace/cargo-home" RUSTUP_HOME="/workspace/rustup-home" "/workspace/cargo-home/bin/cargo" "+nightly-2024-02-05" "metadata" "--manifest-path" "Cargo.toml" "--no-deps", kill_on_drop: false }`
[INFO] started tweaking crates.io crate rdbc-mysql 0.1.6
[INFO] finished tweaking crates.io crate rdbc-mysql 0.1.6
[INFO] tweaked toml for crates.io crate rdbc-mysql 0.1.6 written to /workspace/builds/worker-4-tc2/source/Cargo.toml
[INFO] running `Command { std: CARGO_HOME="/workspace/cargo-home" RUSTUP_HOME="/workspace/rustup-home" "/workspace/cargo-home/bin/cargo" "+nightly-2024-02-05" "generate-lockfile" "--manifest-path" "Cargo.toml", kill_on_drop: false }`
[INFO] [stderr]     Updating crates.io index
[INFO] running `Command { std: CARGO_HOME="/workspace/cargo-home" RUSTUP_HOME="/workspace/rustup-home" "/workspace/cargo-home/bin/cargo" "+nightly-2024-02-05" "fetch" "--manifest-path" "Cargo.toml", kill_on_drop: false }`
[INFO] running `Command { std: "docker" "create" "-v" "/var/lib/crater-agent-workspace/builds/worker-4-tc2/target:/opt/rustwide/target:rw,Z" "-v" "/var/lib/crater-agent-workspace/builds/worker-4-tc2/source:/opt/rustwide/workdir:ro,Z" "-v" "/var/lib/crater-agent-workspace/cargo-home:/opt/rustwide/cargo-home:ro,Z" "-v" "/var/lib/crater-agent-workspace/rustup-home:/opt/rustwide/rustup-home:ro,Z" "-e" "SOURCE_DIR=/opt/rustwide/workdir" "-e" "CARGO_TARGET_DIR=/opt/rustwide/target" "-e" "CARGO_HOME=/opt/rustwide/cargo-home" "-e" "RUSTUP_HOME=/opt/rustwide/rustup-home" "-w" "/opt/rustwide/workdir" "-m" "1610612736" "--user" "0:0" "--network" "none" "ghcr.io/rust-lang/crates-build-env/linux@sha256:2788e3201cd34a07e3172128adcd8b3090168a8e3bcc40d7c032b9dda1df7d1c" "/opt/rustwide/cargo-home/bin/cargo" "+nightly-2024-02-05" "metadata" "--no-deps" "--format-version=1", kill_on_drop: false }`
[INFO] [stdout] 69044bf24c59ef021346a5dfae542ec8716418ade58942100c272c16db91de9f
[INFO] running `Command { std: "docker" "start" "-a" "69044bf24c59ef021346a5dfae542ec8716418ade58942100c272c16db91de9f", kill_on_drop: false }`
[INFO] running `Command { std: "docker" "inspect" "69044bf24c59ef021346a5dfae542ec8716418ade58942100c272c16db91de9f", kill_on_drop: false }`
[INFO] running `Command { std: "docker" "rm" "-f" "69044bf24c59ef021346a5dfae542ec8716418ade58942100c272c16db91de9f", kill_on_drop: false }`
[INFO] [stdout] 69044bf24c59ef021346a5dfae542ec8716418ade58942100c272c16db91de9f
[INFO] running `Command { std: "docker" "create" "-v" "/var/lib/crater-agent-workspace/builds/worker-4-tc2/target:/opt/rustwide/target:rw,Z" "-v" "/var/lib/crater-agent-workspace/builds/worker-4-tc2/source:/opt/rustwide/workdir:ro,Z" "-v" "/var/lib/crater-agent-workspace/cargo-home:/opt/rustwide/cargo-home:ro,Z" "-v" "/var/lib/crater-agent-workspace/rustup-home:/opt/rustwide/rustup-home:ro,Z" "-e" "SOURCE_DIR=/opt/rustwide/workdir" "-e" "CARGO_TARGET_DIR=/opt/rustwide/target" "-e" "CARGO_INCREMENTAL=0" "-e" "RUST_BACKTRACE=full" "-e" "RUSTFLAGS=--cap-lints=forbid -Dunexpected_cfgs" "-e" "RUSTDOCFLAGS=--cap-lints=forbid" "-e" "CARGO_HOME=/opt/rustwide/cargo-home" "-e" "RUSTUP_HOME=/opt/rustwide/rustup-home" "-w" "/opt/rustwide/workdir" "-m" "1610612736" "--user" "0:0" "--network" "none" "ghcr.io/rust-lang/crates-build-env/linux@sha256:2788e3201cd34a07e3172128adcd8b3090168a8e3bcc40d7c032b9dda1df7d1c" "/opt/rustwide/cargo-home/bin/cargo" "+nightly-2024-02-05" "check" "--frozen" "--all" "--all-targets" "--message-format=json" "-Zcheck-cfg", kill_on_drop: false }`
[INFO] [stdout] 6f004415a263e70e2b81ad318eb13830949852537263f630f3530a1e9004ba1c
[INFO] running `Command { std: "docker" "start" "-a" "6f004415a263e70e2b81ad318eb13830949852537263f630f3530a1e9004ba1c", kill_on_drop: false }`
[INFO] [stderr]    Compiling arrayvec v0.4.12
[INFO] [stderr]    Compiling num-bigint v0.2.6
[INFO] [stderr]     Checking getrandom v0.2.12
[INFO] [stderr]     Checking byte-tools v0.3.1
[INFO] [stderr]     Checking nodrop v0.1.14
[INFO] [stderr]     Checking generic-array v0.12.4
[INFO] [stderr]    Compiling lexical-core v0.6.8
[INFO] [stderr]    Compiling libz-sys v1.1.15
[INFO] [stderr]    Compiling lexical v4.2.1
[INFO] [stderr]    Compiling synstructure v0.12.6
[INFO] [stderr]     Checking object v0.32.2
[INFO] [stderr]    Compiling rust_decimal v1.34.2
[INFO] [stderr]     Checking static_assertions v0.3.4
[INFO] [stderr]    Compiling io-enum v0.2.6
[INFO] [stderr]     Checking fake-simd v0.1.2
[INFO] [stderr]     Checking sha1_smol v1.0.0
[INFO] [stderr]     Checking block-padding v0.1.5
[INFO] [stderr]     Checking arrayvec v0.7.4
[INFO] [stderr]     Checking opaque-debug v0.2.3
[INFO] [stderr]     Checking static_assertions v1.1.0
[INFO] [stderr]    Compiling nix v0.15.0
[INFO] [stderr]     Checking rand_core v0.6.4
[INFO] [stderr]     Checking chrono v0.4.33
[INFO] [stderr]     Checking bytes v0.4.12
[INFO] [stderr]     Checking sha1 v0.6.1
[INFO] [stderr]    Compiling derive_utils v0.11.2
[INFO] [stderr]    Compiling mysql v17.0.0
[INFO] [stderr]     Checking base64 v0.11.0
[INFO] [stderr]     Checking rand_chacha v0.3.1
[INFO] [stderr]     Checking void v1.0.2
[INFO] [stderr]     Checking digest v0.8.1
[INFO] [stderr]     Checking block-buffer v0.7.3
[INFO] [stderr]     Checking uuid v0.8.2
[INFO] [stderr]     Checking bufstream v0.1.4
[INFO] [stderr]     Checking sha2 v0.8.2
[INFO] [stderr]     Checking sqlparser v0.5.1
[INFO] [stderr]     Checking rdbc v0.1.6
[INFO] [stderr]     Checking rand v0.8.5
[INFO] [stderr]     Checking flate2 v1.0.28
[INFO] [stderr]    Compiling failure_derive v0.1.8
[INFO] [stderr]     Checking bigdecimal v0.1.2
[INFO] [stderr]     Checking twox-hash v1.6.3
[INFO] [stderr]     Checking backtrace v0.3.69
[INFO] [stderr]     Checking failure v0.1.8
[INFO] [stderr]     Checking mysql_common v0.19.2
[INFO] [stderr]     Checking rdbc-mysql v0.1.6 (/opt/rustwide/workdir)
[INFO] [stdout] error[E0308]: mismatched types
[INFO] [stdout]    --> src/lib.rs:253:38
[INFO] [stdout]     |
[INFO] [stdout] 253 | ...                   keyword: "".to_owned(),
[INFO] [stdout]     |                                ^^^^^^^^^^^^^ expected `Keyword`, found `String`
[INFO] [stdout] 
[INFO] [stdout] 
[INFO] [stdout] error[E0308]: mismatched types
[INFO] [stdout]    --> src/lib.rs:253:38
[INFO] [stdout]     |
[INFO] [stdout] 253 | ...                   keyword: "".to_owned(),
[INFO] [stdout]     |                                ^^^^^^^^^^^^^ expected `Keyword`, found `String`
[INFO] [stdout] 
[INFO] [stdout] 
[INFO] [stdout] error: aborting due to 1 previous error
[INFO] [stdout] 
[INFO] [stdout] 
[INFO] [stdout] For more information about this error, try `rustc --explain E0308`.
[INFO] [stdout] 
[INFO] [stderr] error: could not compile `rdbc-mysql` (lib) due to 2 previous errors
[INFO] [stderr] warning: build failed, waiting for other jobs to finish...
[INFO] [stdout] error: aborting due to 1 previous error
[INFO] [stdout] 
[INFO] [stdout] 
[INFO] [stdout] For more information about this error, try `rustc --explain E0308`.
[INFO] [stdout] 
[INFO] [stderr] error: could not compile `rdbc-mysql` (lib test) due to 2 previous errors
[INFO] running `Command { std: "docker" "inspect" "6f004415a263e70e2b81ad318eb13830949852537263f630f3530a1e9004ba1c", kill_on_drop: false }`
[INFO] running `Command { std: "docker" "rm" "-f" "6f004415a263e70e2b81ad318eb13830949852537263f630f3530a1e9004ba1c", kill_on_drop: false }`
[INFO] [stdout] 6f004415a263e70e2b81ad318eb13830949852537263f630f3530a1e9004ba1c
