[INFO] fetching crate rcublas 0.6.0...
[INFO] checking rcublas-0.6.0 against nightly-2024-02-05 for check-cfg
[INFO] extracting crate rcublas 0.6.0 into /workspace/builds/worker-0-tc1/source
[INFO] validating manifest of crates.io crate rcublas 0.6.0 on toolchain nightly-2024-02-05
[INFO] running `Command { std: CARGO_HOME="/workspace/cargo-home" RUSTUP_HOME="/workspace/rustup-home" "/workspace/cargo-home/bin/cargo" "+nightly-2024-02-05" "metadata" "--manifest-path" "Cargo.toml" "--no-deps", kill_on_drop: false }`
[INFO] started tweaking crates.io crate rcublas 0.6.0
[INFO] finished tweaking crates.io crate rcublas 0.6.0
[INFO] tweaked toml for crates.io crate rcublas 0.6.0 written to /workspace/builds/worker-0-tc1/source/Cargo.toml
[INFO] running `Command { std: CARGO_HOME="/workspace/cargo-home" RUSTUP_HOME="/workspace/rustup-home" "/workspace/cargo-home/bin/cargo" "+nightly-2024-02-05" "generate-lockfile" "--manifest-path" "Cargo.toml", kill_on_drop: false }`
[INFO] [stderr]     Updating crates.io index
[INFO] running `Command { std: CARGO_HOME="/workspace/cargo-home" RUSTUP_HOME="/workspace/rustup-home" "/workspace/cargo-home/bin/cargo" "+nightly-2024-02-05" "fetch" "--manifest-path" "Cargo.toml", kill_on_drop: false }`
[INFO] [stderr]  Downloading crates ...
[INFO] [stderr]   Downloaded rcublas-sys v0.5.0
[INFO] running `Command { std: "docker" "create" "-v" "/var/lib/crater-agent-workspace/builds/worker-0-tc1/target:/opt/rustwide/target:rw,Z" "-v" "/var/lib/crater-agent-workspace/builds/worker-0-tc1/source:/opt/rustwide/workdir:ro,Z" "-v" "/var/lib/crater-agent-workspace/cargo-home:/opt/rustwide/cargo-home:ro,Z" "-v" "/var/lib/crater-agent-workspace/rustup-home:/opt/rustwide/rustup-home:ro,Z" "-e" "SOURCE_DIR=/opt/rustwide/workdir" "-e" "CARGO_TARGET_DIR=/opt/rustwide/target" "-e" "CARGO_HOME=/opt/rustwide/cargo-home" "-e" "RUSTUP_HOME=/opt/rustwide/rustup-home" "-w" "/opt/rustwide/workdir" "-m" "1610612736" "--user" "0:0" "--network" "none" "ghcr.io/rust-lang/crates-build-env/linux@sha256:2788e3201cd34a07e3172128adcd8b3090168a8e3bcc40d7c032b9dda1df7d1c" "/opt/rustwide/cargo-home/bin/cargo" "+nightly-2024-02-05" "metadata" "--no-deps" "--format-version=1", kill_on_drop: false }`
[INFO] [stdout] e3f5007221275253643b08cb064957e79079ebc876d26d7adb69a4a1bb47c48d
[INFO] running `Command { std: "docker" "start" "-a" "e3f5007221275253643b08cb064957e79079ebc876d26d7adb69a4a1bb47c48d", kill_on_drop: false }`
[INFO] running `Command { std: "docker" "inspect" "e3f5007221275253643b08cb064957e79079ebc876d26d7adb69a4a1bb47c48d", kill_on_drop: false }`
[INFO] running `Command { std: "docker" "rm" "-f" "e3f5007221275253643b08cb064957e79079ebc876d26d7adb69a4a1bb47c48d", kill_on_drop: false }`
[INFO] [stdout] e3f5007221275253643b08cb064957e79079ebc876d26d7adb69a4a1bb47c48d
[INFO] running `Command { std: "docker" "create" "-v" "/var/lib/crater-agent-workspace/builds/worker-0-tc1/target:/opt/rustwide/target:rw,Z" "-v" "/var/lib/crater-agent-workspace/builds/worker-0-tc1/source:/opt/rustwide/workdir:ro,Z" "-v" "/var/lib/crater-agent-workspace/cargo-home:/opt/rustwide/cargo-home:ro,Z" "-v" "/var/lib/crater-agent-workspace/rustup-home:/opt/rustwide/rustup-home:ro,Z" "-e" "SOURCE_DIR=/opt/rustwide/workdir" "-e" "CARGO_TARGET_DIR=/opt/rustwide/target" "-e" "CARGO_INCREMENTAL=0" "-e" "RUST_BACKTRACE=full" "-e" "RUSTFLAGS=--cap-lints=forbid" "-e" "RUSTDOCFLAGS=--cap-lints=forbid" "-e" "CARGO_HOME=/opt/rustwide/cargo-home" "-e" "RUSTUP_HOME=/opt/rustwide/rustup-home" "-w" "/opt/rustwide/workdir" "-m" "1610612736" "--user" "0:0" "--network" "none" "ghcr.io/rust-lang/crates-build-env/linux@sha256:2788e3201cd34a07e3172128adcd8b3090168a8e3bcc40d7c032b9dda1df7d1c" "/opt/rustwide/cargo-home/bin/cargo" "+nightly-2024-02-05" "check" "--frozen" "--all" "--all-targets" "--message-format=json", kill_on_drop: false }`
[INFO] [stdout] 4238bc79982c5dd9ad5132d51a015689449a7119718bca26f9f08313fe942fab
[INFO] running `Command { std: "docker" "start" "-a" "4238bc79982c5dd9ad5132d51a015689449a7119718bca26f9f08313fe942fab", kill_on_drop: false }`
[INFO] [stderr]    Compiling pkg-config v0.3.29
[INFO] [stderr]    Compiling thiserror v1.0.56
[INFO] [stderr]    Compiling thiserror-impl v1.0.56
[INFO] [stderr]    Compiling rcublas-sys v0.5.0
[INFO] [stderr]     Checking rcublas v0.6.0 (/opt/rustwide/workdir)
[INFO] [stdout] warning: unused import: `self::level1::*`
[INFO] [stdout]  --> src/api/mod.rs:5:9
[INFO] [stdout]   |
[INFO] [stdout] 5 | pub use self::level1::*;
[INFO] [stdout]   |         ^^^^^^^^^^^^^^^
[INFO] [stdout]   |
[INFO] [stdout]   = note: `#[warn(unused_imports)]` on by default
[INFO] [stdout] 
[INFO] [stdout] 
[INFO] [stdout] warning: unused import: `self::level3::*`
[INFO] [stdout]  --> src/api/mod.rs:6:9
[INFO] [stdout]   |
[INFO] [stdout] 6 | pub use self::level3::*;
[INFO] [stdout]   |         ^^^^^^^^^^^^^^^
[INFO] [stdout] 
[INFO] [stdout] 
[INFO] [stdout] error[E0432]: unresolved import `coaster`
[INFO] [stdout]  --> src/lib.rs:6:5
[INFO] [stdout]   |
[INFO] [stdout] 6 | use coaster as co;
[INFO] [stdout]   |     ^^^^^^^^^^^^^ no external crate `coaster`
[INFO] [stdout] 
[INFO] [stdout] 
[INFO] [stdout] error[E0432]: unresolved import `env_logger`
[INFO] [stdout]  --> src/chore.rs:5:5
[INFO] [stdout]   |
[INFO] [stdout] 5 | use env_logger;
[INFO] [stdout]   |     ^^^^^^^^^^ no external crate `env_logger`
[INFO] [stdout] 
[INFO] [stdout] 
[INFO] [stdout] warning: unused import: `self::level1::*`
[INFO] [stdout]  --> src/api/mod.rs:5:9
[INFO] [stdout]   |
[INFO] [stdout] 5 | pub use self::level1::*;
[INFO] [stdout]   |         ^^^^^^^^^^^^^^^
[INFO] [stdout]   |
[INFO] [stdout]   = note: `#[warn(unused_imports)]` on by default
[INFO] [stdout] 
[INFO] [stdout] 
[INFO] [stdout] warning: unused import: `self::level3::*`
[INFO] [stdout]  --> src/api/mod.rs:6:9
[INFO] [stdout]   |
[INFO] [stdout] 6 | pub use self::level3::*;
[INFO] [stdout]   |         ^^^^^^^^^^^^^^^
[INFO] [stdout] 
[INFO] [stdout] 
[INFO] [stdout] error: aborting due to 2 previous errors; 2 warnings emitted
[INFO] [stdout] 
[INFO] [stdout] 
[INFO] [stdout] For more information about this error, try `rustc --explain E0432`.
[INFO] [stdout] 
[INFO] [stderr] error: could not compile `rcublas` (lib test) due to 3 previous errors; 2 warnings emitted
[INFO] [stderr] warning: build failed, waiting for other jobs to finish...
[INFO] [stdout] warning: 2 warnings emitted
[INFO] [stdout] 
[INFO] [stdout] 
[INFO] running `Command { std: "docker" "inspect" "4238bc79982c5dd9ad5132d51a015689449a7119718bca26f9f08313fe942fab", kill_on_drop: false }`
[INFO] running `Command { std: "docker" "rm" "-f" "4238bc79982c5dd9ad5132d51a015689449a7119718bca26f9f08313fe942fab", kill_on_drop: false }`
[INFO] [stdout] 4238bc79982c5dd9ad5132d51a015689449a7119718bca26f9f08313fe942fab
[INFO] checking rcublas-0.6.0 against nightly-2024-02-05+rustflags=-Dunexpected_cfgs+cargoflags=-Zcheck-cfg for check-cfg
[INFO] extracting crate rcublas 0.6.0 into /workspace/builds/worker-0-tc2/source
[INFO] validating manifest of crates.io crate rcublas 0.6.0 on toolchain nightly-2024-02-05
[INFO] running `Command { std: CARGO_HOME="/workspace/cargo-home" RUSTUP_HOME="/workspace/rustup-home" "/workspace/cargo-home/bin/cargo" "+nightly-2024-02-05" "metadata" "--manifest-path" "Cargo.toml" "--no-deps", kill_on_drop: false }`
[INFO] started tweaking crates.io crate rcublas 0.6.0
[INFO] finished tweaking crates.io crate rcublas 0.6.0
[INFO] tweaked toml for crates.io crate rcublas 0.6.0 written to /workspace/builds/worker-0-tc2/source/Cargo.toml
[INFO] running `Command { std: CARGO_HOME="/workspace/cargo-home" RUSTUP_HOME="/workspace/rustup-home" "/workspace/cargo-home/bin/cargo" "+nightly-2024-02-05" "generate-lockfile" "--manifest-path" "Cargo.toml", kill_on_drop: false }`
[INFO] [stderr]     Updating crates.io index
[INFO] running `Command { std: CARGO_HOME="/workspace/cargo-home" RUSTUP_HOME="/workspace/rustup-home" "/workspace/cargo-home/bin/cargo" "+nightly-2024-02-05" "fetch" "--manifest-path" "Cargo.toml", kill_on_drop: false }`
[INFO] running `Command { std: "docker" "create" "-v" "/var/lib/crater-agent-workspace/builds/worker-0-tc2/target:/opt/rustwide/target:rw,Z" "-v" "/var/lib/crater-agent-workspace/builds/worker-0-tc2/source:/opt/rustwide/workdir:ro,Z" "-v" "/var/lib/crater-agent-workspace/cargo-home:/opt/rustwide/cargo-home:ro,Z" "-v" "/var/lib/crater-agent-workspace/rustup-home:/opt/rustwide/rustup-home:ro,Z" "-e" "SOURCE_DIR=/opt/rustwide/workdir" "-e" "CARGO_TARGET_DIR=/opt/rustwide/target" "-e" "CARGO_HOME=/opt/rustwide/cargo-home" "-e" "RUSTUP_HOME=/opt/rustwide/rustup-home" "-w" "/opt/rustwide/workdir" "-m" "1610612736" "--user" "0:0" "--network" "none" "ghcr.io/rust-lang/crates-build-env/linux@sha256:2788e3201cd34a07e3172128adcd8b3090168a8e3bcc40d7c032b9dda1df7d1c" "/opt/rustwide/cargo-home/bin/cargo" "+nightly-2024-02-05" "metadata" "--no-deps" "--format-version=1", kill_on_drop: false }`
[INFO] [stdout] 4532a35a54f2c9ecc6202196ce733959db4b77051d6ee1abe3aabf4ad1b94406
[INFO] running `Command { std: "docker" "start" "-a" "4532a35a54f2c9ecc6202196ce733959db4b77051d6ee1abe3aabf4ad1b94406", kill_on_drop: false }`
[INFO] running `Command { std: "docker" "inspect" "4532a35a54f2c9ecc6202196ce733959db4b77051d6ee1abe3aabf4ad1b94406", kill_on_drop: false }`
[INFO] running `Command { std: "docker" "rm" "-f" "4532a35a54f2c9ecc6202196ce733959db4b77051d6ee1abe3aabf4ad1b94406", kill_on_drop: false }`
[INFO] [stdout] 4532a35a54f2c9ecc6202196ce733959db4b77051d6ee1abe3aabf4ad1b94406
[INFO] running `Command { std: "docker" "create" "-v" "/var/lib/crater-agent-workspace/builds/worker-0-tc2/target:/opt/rustwide/target:rw,Z" "-v" "/var/lib/crater-agent-workspace/builds/worker-0-tc2/source:/opt/rustwide/workdir:ro,Z" "-v" "/var/lib/crater-agent-workspace/cargo-home:/opt/rustwide/cargo-home:ro,Z" "-v" "/var/lib/crater-agent-workspace/rustup-home:/opt/rustwide/rustup-home:ro,Z" "-e" "SOURCE_DIR=/opt/rustwide/workdir" "-e" "CARGO_TARGET_DIR=/opt/rustwide/target" "-e" "CARGO_INCREMENTAL=0" "-e" "RUST_BACKTRACE=full" "-e" "RUSTFLAGS=--cap-lints=forbid -Dunexpected_cfgs" "-e" "RUSTDOCFLAGS=--cap-lints=forbid" "-e" "CARGO_HOME=/opt/rustwide/cargo-home" "-e" "RUSTUP_HOME=/opt/rustwide/rustup-home" "-w" "/opt/rustwide/workdir" "-m" "1610612736" "--user" "0:0" "--network" "none" "ghcr.io/rust-lang/crates-build-env/linux@sha256:2788e3201cd34a07e3172128adcd8b3090168a8e3bcc40d7c032b9dda1df7d1c" "/opt/rustwide/cargo-home/bin/cargo" "+nightly-2024-02-05" "check" "--frozen" "--all" "--all-targets" "--message-format=json" "-Zcheck-cfg", kill_on_drop: false }`
[INFO] [stdout] 29b8fed71155bfb4d5473cd7831e8c2715c389927ad050c448aeb5572f4ab9d7
[INFO] running `Command { std: "docker" "start" "-a" "29b8fed71155bfb4d5473cd7831e8c2715c389927ad050c448aeb5572f4ab9d7", kill_on_drop: false }`
[INFO] [stderr]    Compiling pkg-config v0.3.29
[INFO] [stderr]    Compiling thiserror v1.0.56
[INFO] [stderr]    Compiling thiserror-impl v1.0.56
[INFO] [stderr]    Compiling rcublas-sys v0.5.0
[INFO] [stderr]     Checking rcublas v0.6.0 (/opt/rustwide/workdir)
[INFO] [stdout] warning: unused import: `self::level1::*`
[INFO] [stdout]  --> src/api/mod.rs:5:9
[INFO] [stdout]   |
[INFO] [stdout] 5 | pub use self::level1::*;
[INFO] [stdout]   |         ^^^^^^^^^^^^^^^
[INFO] [stdout]   |
[INFO] [stdout]   = note: `#[warn(unused_imports)]` on by default
[INFO] [stdout] 
[INFO] [stdout] 
[INFO] [stdout] warning: unused import: `self::level3::*`
[INFO] [stdout]  --> src/api/mod.rs:6:9
[INFO] [stdout]   |
[INFO] [stdout] 6 | pub use self::level3::*;
[INFO] [stdout]   |         ^^^^^^^^^^^^^^^
[INFO] [stdout] 
[INFO] [stdout] 
[INFO] [stdout] error[E0432]: unresolved import `coaster`
[INFO] [stdout]  --> src/lib.rs:6:5
[INFO] [stdout]   |
[INFO] [stdout] 6 | use coaster as co;
[INFO] [stdout]   |     ^^^^^^^^^^^^^ no external crate `coaster`
[INFO] [stdout] 
[INFO] [stdout] 
[INFO] [stdout] error[E0432]: unresolved import `env_logger`
[INFO] [stdout]  --> src/chore.rs:5:5
[INFO] [stdout]   |
[INFO] [stdout] 5 | use env_logger;
[INFO] [stdout]   |     ^^^^^^^^^^ no external crate `env_logger`
[INFO] [stdout] 
[INFO] [stdout] 
[INFO] [stdout] warning: unused import: `self::level1::*`
[INFO] [stdout]  --> src/api/mod.rs:5:9
[INFO] [stdout]   |
[INFO] [stdout] 5 | pub use self::level1::*;
[INFO] [stdout]   |         ^^^^^^^^^^^^^^^
[INFO] [stdout]   |
[INFO] [stdout]   = note: `#[warn(unused_imports)]` on by default
[INFO] [stdout] 
[INFO] [stdout] 
[INFO] [stdout] warning: unused import: `self::level3::*`
[INFO] [stdout]  --> src/api/mod.rs:6:9
[INFO] [stdout]   |
[INFO] [stdout] 6 | pub use self::level3::*;
[INFO] [stdout]   |         ^^^^^^^^^^^^^^^
[INFO] [stdout] 
[INFO] [stdout] 
[INFO] [stdout] error: aborting due to 2 previous errors; 2 warnings emitted
[INFO] [stdout] 
[INFO] [stdout] 
[INFO] [stdout] For more information about this error, try `rustc --explain E0432`.
[INFO] [stdout] 
[INFO] [stderr] error: could not compile `rcublas` (lib test) due to 3 previous errors; 2 warnings emitted
[INFO] [stderr] warning: build failed, waiting for other jobs to finish...
[INFO] [stdout] warning: 2 warnings emitted
[INFO] [stdout] 
[INFO] [stdout] 
[INFO] running `Command { std: "docker" "inspect" "29b8fed71155bfb4d5473cd7831e8c2715c389927ad050c448aeb5572f4ab9d7", kill_on_drop: false }`
[INFO] running `Command { std: "docker" "rm" "-f" "29b8fed71155bfb4d5473cd7831e8c2715c389927ad050c448aeb5572f4ab9d7", kill_on_drop: false }`
[INFO] [stdout] 29b8fed71155bfb4d5473cd7831e8c2715c389927ad050c448aeb5572f4ab9d7
