[INFO] fetching crate rcmd-core 0.1.0...
[INFO] checking rcmd-core-0.1.0 against nightly-2024-02-05 for check-cfg
[INFO] extracting crate rcmd-core 0.1.0 into /workspace/builds/worker-7-tc1/source
[INFO] validating manifest of crates.io crate rcmd-core 0.1.0 on toolchain nightly-2024-02-05
[INFO] running `Command { std: CARGO_HOME="/workspace/cargo-home" RUSTUP_HOME="/workspace/rustup-home" "/workspace/cargo-home/bin/cargo" "+nightly-2024-02-05" "metadata" "--manifest-path" "Cargo.toml" "--no-deps", kill_on_drop: false }`
[INFO] started tweaking crates.io crate rcmd-core 0.1.0
[INFO] finished tweaking crates.io crate rcmd-core 0.1.0
[INFO] tweaked toml for crates.io crate rcmd-core 0.1.0 written to /workspace/builds/worker-7-tc1/source/Cargo.toml
[INFO] running `Command { std: CARGO_HOME="/workspace/cargo-home" RUSTUP_HOME="/workspace/rustup-home" "/workspace/cargo-home/bin/cargo" "+nightly-2024-02-05" "generate-lockfile" "--manifest-path" "Cargo.toml", kill_on_drop: false }`
[INFO] [stderr]     Updating crates.io index
[INFO] running `Command { std: CARGO_HOME="/workspace/cargo-home" RUSTUP_HOME="/workspace/rustup-home" "/workspace/cargo-home/bin/cargo" "+nightly-2024-02-05" "fetch" "--manifest-path" "Cargo.toml", kill_on_drop: false }`
[INFO] [stderr]  Downloading crates ...
[INFO] [stderr]   Downloaded zip-extensions v0.6.2
[INFO] running `Command { std: "docker" "create" "-v" "/var/lib/crater-agent-workspace/builds/worker-7-tc1/target:/opt/rustwide/target:rw,Z" "-v" "/var/lib/crater-agent-workspace/builds/worker-7-tc1/source:/opt/rustwide/workdir:ro,Z" "-v" "/var/lib/crater-agent-workspace/cargo-home:/opt/rustwide/cargo-home:ro,Z" "-v" "/var/lib/crater-agent-workspace/rustup-home:/opt/rustwide/rustup-home:ro,Z" "-e" "SOURCE_DIR=/opt/rustwide/workdir" "-e" "CARGO_TARGET_DIR=/opt/rustwide/target" "-e" "CARGO_HOME=/opt/rustwide/cargo-home" "-e" "RUSTUP_HOME=/opt/rustwide/rustup-home" "-w" "/opt/rustwide/workdir" "-m" "1610612736" "--user" "0:0" "--network" "none" "ghcr.io/rust-lang/crates-build-env/linux@sha256:2788e3201cd34a07e3172128adcd8b3090168a8e3bcc40d7c032b9dda1df7d1c" "/opt/rustwide/cargo-home/bin/cargo" "+nightly-2024-02-05" "metadata" "--no-deps" "--format-version=1", kill_on_drop: false }`
[INFO] [stdout] 9ed7ce9275219ea37079ce348a2831c0e68c6e4bc741568be2868906b8715f0d
[INFO] running `Command { std: "docker" "start" "-a" "9ed7ce9275219ea37079ce348a2831c0e68c6e4bc741568be2868906b8715f0d", kill_on_drop: false }`
[INFO] running `Command { std: "docker" "inspect" "9ed7ce9275219ea37079ce348a2831c0e68c6e4bc741568be2868906b8715f0d", kill_on_drop: false }`
[INFO] running `Command { std: "docker" "rm" "-f" "9ed7ce9275219ea37079ce348a2831c0e68c6e4bc741568be2868906b8715f0d", kill_on_drop: false }`
[INFO] [stdout] 9ed7ce9275219ea37079ce348a2831c0e68c6e4bc741568be2868906b8715f0d
[INFO] running `Command { std: "docker" "create" "-v" "/var/lib/crater-agent-workspace/builds/worker-7-tc1/target:/opt/rustwide/target:rw,Z" "-v" "/var/lib/crater-agent-workspace/builds/worker-7-tc1/source:/opt/rustwide/workdir:ro,Z" "-v" "/var/lib/crater-agent-workspace/cargo-home:/opt/rustwide/cargo-home:ro,Z" "-v" "/var/lib/crater-agent-workspace/rustup-home:/opt/rustwide/rustup-home:ro,Z" "-e" "SOURCE_DIR=/opt/rustwide/workdir" "-e" "CARGO_TARGET_DIR=/opt/rustwide/target" "-e" "CARGO_INCREMENTAL=0" "-e" "RUST_BACKTRACE=full" "-e" "RUSTFLAGS=--cap-lints=forbid" "-e" "RUSTDOCFLAGS=--cap-lints=forbid" "-e" "CARGO_HOME=/opt/rustwide/cargo-home" "-e" "RUSTUP_HOME=/opt/rustwide/rustup-home" "-w" "/opt/rustwide/workdir" "-m" "1610612736" "--user" "0:0" "--network" "none" "ghcr.io/rust-lang/crates-build-env/linux@sha256:2788e3201cd34a07e3172128adcd8b3090168a8e3bcc40d7c032b9dda1df7d1c" "/opt/rustwide/cargo-home/bin/cargo" "+nightly-2024-02-05" "check" "--frozen" "--all" "--all-targets" "--message-format=json", kill_on_drop: false }`
[INFO] [stdout] 8b7ac7d3bc606cf60ba65491258258ea5e133581ff1848b635a2921bb8110c26
[INFO] running `Command { std: "docker" "start" "-a" "8b7ac7d3bc606cf60ba65491258258ea5e133581ff1848b635a2921bb8110c26", kill_on_drop: false }`
[INFO] [stderr]    Compiling typenum v1.17.0
[INFO] [stderr]     Checking subtle v2.5.0
[INFO] [stderr]    Compiling libc v0.2.153
[INFO] [stderr]    Compiling generic-array v0.14.7
[INFO] [stderr]     Checking cpufeatures v0.2.12
[INFO] [stderr]    Compiling crc32fast v1.3.2
[INFO] [stderr]     Checking adler v1.0.2
[INFO] [stderr]    Compiling zstd-safe v5.0.2+zstd.1.5.2
[INFO] [stderr]    Compiling num-traits v0.2.17
[INFO] [stderr]     Checking miniz_oxide v0.7.2
[INFO] [stderr]     Checking base64ct v1.6.0
[INFO] [stderr]     Checking powerfmt v0.2.0
[INFO] [stderr]     Checking rand_core v0.6.4
[INFO] [stderr]    Compiling syn v2.0.48
[INFO] [stderr]     Checking deranged v0.3.11
[INFO] [stderr]     Checking password-hash v0.4.2
[INFO] [stderr]    Compiling gcc v0.3.55
[INFO] [stderr]     Checking flate2 v1.0.28
[INFO] [stderr]     Checking byteorder v1.5.0
[INFO] [stderr]     Checking time-core v0.1.2
[INFO] [stderr]    Compiling jobserver v0.1.27
[INFO] [stderr]     Checking num-conv v0.1.0
[INFO] [stderr]     Checking time v0.1.45
[INFO] [stderr]    Compiling cc v1.0.83
[INFO] [stderr]     Checking linked-hash-map v0.5.6
[INFO] [stderr]     Checking constant_time_eq v0.1.5
[INFO] [stderr]     Checking os_str_bytes v6.6.1
[INFO] [stderr]     Checking yaml-rust v0.4.5
[INFO] [stderr]    Compiling rust-crypto v0.2.36
[INFO] [stderr]     Checking time v0.3.34
[INFO] [stderr]     Checking clap_lex v0.2.4
[INFO] [stderr]     Checking rand v0.3.23
[INFO] [stderr]     Checking textwrap v0.16.0
[INFO] [stderr]     Checking rustc-serialize v0.3.25
[INFO] [stderr]     Checking chrono v0.4.33
[INFO] [stderr]     Checking clap v3.2.25
[INFO] [stderr]     Checking walkdir v2.4.0
[INFO] [stderr]     Checking crypto-common v0.1.6
[INFO] [stderr]     Checking block-buffer v0.10.4
[INFO] [stderr]     Checking inout v0.1.3
[INFO] [stderr]     Checking digest v0.10.7
[INFO] [stderr]    Compiling zstd-sys v2.0.9+zstd.1.5.5
[INFO] [stderr]    Compiling bzip2-sys v0.1.11+1.0.8
[INFO] [stderr]     Checking cipher v0.4.4
[INFO] [stderr]     Checking hmac v0.12.1
[INFO] [stderr]     Checking sha2 v0.10.8
[INFO] [stderr]     Checking aes v0.8.3
[INFO] [stderr]     Checking sha1 v0.10.6
[INFO] [stderr]     Checking fern v0.5.9
[INFO] [stderr]     Checking pbkdf2 v0.11.0
[INFO] [stderr]     Checking bzip2 v0.4.4
[INFO] [stderr]    Compiling thiserror-impl v1.0.56
[INFO] [stderr]     Checking thiserror v1.0.56
[INFO] [stderr]     Checking zip v0.5.13
[INFO] [stderr]     Checking zstd v0.11.2+zstd.1.5.2
[INFO] [stderr]     Checking zip v0.6.6
[INFO] [stderr]     Checking zip-extensions v0.6.2
[INFO] [stderr]     Checking rcmd-core v0.1.0 (/opt/rustwide/workdir)
[INFO] [stdout] warning: unused import: `PathBuf`
[INFO] [stdout]  --> src/util/filesys.rs:2:23
[INFO] [stdout]   |
[INFO] [stdout] 2 | use std::path::{Path, PathBuf};
[INFO] [stdout]   |                       ^^^^^^^
[INFO] [stdout]   |
[INFO] [stdout]   = note: `#[warn(unused_imports)]` on by default
[INFO] [stdout] 
[INFO] [stdout] 
[INFO] [stdout] warning: unused import: `walkdir`
[INFO] [stdout]   --> src/lib.rs:47:14
[INFO] [stdout]    |
[INFO] [stdout] 47 |          use walkdir;
[INFO] [stdout]    |              ^^^^^^^
[INFO] [stdout] 
[INFO] [stdout] 
[INFO] [stdout] warning: use of deprecated method `zip::ZipWriter::<W>::start_file_from_path`: by stripping `..`s from the path, the meaning of paths can change. Use `start_file` instead.
[INFO] [stdout]   --> src/util/filesys.rs:78:17
[INFO] [stdout]    |
[INFO] [stdout] 78 |             zip.start_file_from_path(name, options)?;
[INFO] [stdout]    |                 ^^^^^^^^^^^^^^^^^^^^
[INFO] [stdout]    |
[INFO] [stdout]    = note: `#[warn(deprecated)]` on by default
[INFO] [stdout] 
[INFO] [stdout] 
[INFO] [stdout] warning: use of deprecated method `zip::ZipWriter::<W>::add_directory_from_path`: by stripping `..`s from the path, the meaning of paths can change. Use `add_directory` instead.
[INFO] [stdout]   --> src/util/filesys.rs:87:17
[INFO] [stdout]    |
[INFO] [stdout] 87 |             zip.add_directory_from_path(name, options)?;
[INFO] [stdout]    |                 ^^^^^^^^^^^^^^^^^^^^^^^
[INFO] [stdout] 
[INFO] [stdout] 
[INFO] [stdout] warning: unused import: `PathBuf`
[INFO] [stdout]  --> src/util/filesys.rs:2:23
[INFO] [stdout]   |
[INFO] [stdout] 2 | use std::path::{Path, PathBuf};
[INFO] [stdout]   |                       ^^^^^^^
[INFO] [stdout]   |
[INFO] [stdout]   = note: `#[warn(unused_imports)]` on by default
[INFO] [stdout] 
[INFO] [stdout] 
[INFO] [stdout] warning: unused import: `crate::util::filesys::zip_dir`
[INFO] [stdout]   --> src/lib.rs:40:9
[INFO] [stdout]    |
[INFO] [stdout] 40 |     use crate::util::filesys::zip_dir;
[INFO] [stdout]    |         ^^^^^^^^^^^^^^^^^^^^^^^^^^^^^
[INFO] [stdout]    |
[INFO] [stdout] help: consider adding a `#[cfg(test)]` to the containing module
[INFO] [stdout]   --> src/lib.rs:39:1
[INFO] [stdout]    |
[INFO] [stdout] 39 | mod tests {
[INFO] [stdout]    | ^^^^^^^^^
[INFO] [stdout] 
[INFO] [stdout] 
[INFO] [stdout] warning: unused import: `std::path::Path`
[INFO] [stdout]   --> src/lib.rs:41:9
[INFO] [stdout]    |
[INFO] [stdout] 41 |     use std::path::Path;
[INFO] [stdout]    |         ^^^^^^^^^^^^^^^
[INFO] [stdout]    |
[INFO] [stdout] help: consider adding a `#[cfg(test)]` to the containing module
[INFO] [stdout]   --> src/lib.rs:39:1
[INFO] [stdout]    |
[INFO] [stdout] 39 | mod tests {
[INFO] [stdout]    | ^^^^^^^^^
[INFO] [stdout] 
[INFO] [stdout] 
[INFO] [stdout] warning: unused import: `WalkDir`
[INFO] [stdout]   --> src/lib.rs:42:19
[INFO] [stdout]    |
[INFO] [stdout] 42 |     use walkdir::{WalkDir, DirEntry};
[INFO] [stdout]    |                   ^^^^^^^
[INFO] [stdout]    |
[INFO] [stdout] help: consider adding a `#[cfg(test)]` to the containing module
[INFO] [stdout]   --> src/lib.rs:39:1
[INFO] [stdout]    |
[INFO] [stdout] 39 | mod tests {
[INFO] [stdout]    | ^^^^^^^^^
[INFO] [stdout] 
[INFO] [stdout] 
[INFO] [stdout] error[E0308]: mismatched types
[INFO] [stdout]   --> src/util/filesys.rs:97:5
[INFO] [stdout]    |
[INFO] [stdout] 94 | pub fn unzip_to_path(zip_f: &str, tar_p: &str) -> Result<(), ZipError>{
[INFO] [stdout]    |                                                   -------------------- expected `Result<(), ZipError>` because of return type
[INFO] [stdout] ...
[INFO] [stdout] 97 |     zip_extract(&Path::new(zip_f).to_path_buf(), &out.to_path_buf())
[INFO] [stdout]    |     ^^^^^^^^^^^^^^^^^^^^^^^^^^^^^^^^^^^^^^^^^^^^^^^^^^^^^^^^^^^^^^^^ expected `ZipError`, found `zip::result::ZipError`
[INFO] [stdout]    |
[INFO] [stdout]    = note: `zip::result::ZipError` and `ZipError` have similar names, but are actually distinct types
[INFO] [stdout] note: `zip::result::ZipError` is defined in crate `zip`
[INFO] [stdout]   --> /opt/rustwide/cargo-home/registry/src/index.crates.io-6f17d22bba15001f/zip-0.6.6/src/result.rs:24:1
[INFO] [stdout]    |
[INFO] [stdout] 24 | pub enum ZipError {
[INFO] [stdout]    | ^^^^^^^^^^^^^^^^^
[INFO] [stdout] note: `ZipError` is defined in crate `zip`
[INFO] [stdout]   --> /opt/rustwide/cargo-home/registry/src/index.crates.io-6f17d22bba15001f/zip-0.5.13/src/result.rs:17:1
[INFO] [stdout]    |
[INFO] [stdout] 17 | pub enum ZipError {
[INFO] [stdout]    | ^^^^^^^^^^^^^^^^^
[INFO] [stdout]    = note: perhaps two different versions of crate `zip` are being used?
[INFO] [stdout] 
[INFO] [stdout] 
[INFO] [stdout] warning: use of deprecated method `zip::ZipWriter::<W>::start_file_from_path`: by stripping `..`s from the path, the meaning of paths can change. Use `start_file` instead.
[INFO] [stdout]   --> src/util/filesys.rs:78:17
[INFO] [stdout]    |
[INFO] [stdout] 78 |             zip.start_file_from_path(name, options)?;
[INFO] [stdout]    |                 ^^^^^^^^^^^^^^^^^^^^
[INFO] [stdout]    |
[INFO] [stdout]    = note: `#[warn(deprecated)]` on by default
[INFO] [stdout] 
[INFO] [stdout] 
[INFO] [stdout] warning: use of deprecated method `zip::ZipWriter::<W>::add_directory_from_path`: by stripping `..`s from the path, the meaning of paths can change. Use `add_directory` instead.
[INFO] [stdout]   --> src/util/filesys.rs:87:17
[INFO] [stdout]    |
[INFO] [stdout] 87 |             zip.add_directory_from_path(name, options)?;
[INFO] [stdout]    |                 ^^^^^^^^^^^^^^^^^^^^^^^
[INFO] [stdout] 
[INFO] [stdout] 
[INFO] [stdout] error: aborting due to 1 previous error; 4 warnings emitted
[INFO] [stdout] 
[INFO] [stdout] 
[INFO] [stdout] For more information about this error, try `rustc --explain E0308`.
[INFO] [stdout] 
[INFO] [stderr] error: could not compile `rcmd-core` (lib test) due to 2 previous errors; 4 warnings emitted
[INFO] [stderr] warning: build failed, waiting for other jobs to finish...
[INFO] [stdout] error[E0308]: mismatched types
[INFO] [stdout]   --> src/util/filesys.rs:97:5
[INFO] [stdout]    |
[INFO] [stdout] 94 | pub fn unzip_to_path(zip_f: &str, tar_p: &str) -> Result<(), ZipError>{
[INFO] [stdout]    |                                                   -------------------- expected `Result<(), ZipError>` because of return type
[INFO] [stdout] ...
[INFO] [stdout] 97 |     zip_extract(&Path::new(zip_f).to_path_buf(), &out.to_path_buf())
[INFO] [stdout]    |     ^^^^^^^^^^^^^^^^^^^^^^^^^^^^^^^^^^^^^^^^^^^^^^^^^^^^^^^^^^^^^^^^ expected `ZipError`, found `zip::result::ZipError`
[INFO] [stdout]    |
[INFO] [stdout]    = note: `zip::result::ZipError` and `ZipError` have similar names, but are actually distinct types
[INFO] [stdout] note: `zip::result::ZipError` is defined in crate `zip`
[INFO] [stdout]   --> /opt/rustwide/cargo-home/registry/src/index.crates.io-6f17d22bba15001f/zip-0.6.6/src/result.rs:24:1
[INFO] [stdout]    |
[INFO] [stdout] 24 | pub enum ZipError {
[INFO] [stdout]    | ^^^^^^^^^^^^^^^^^
[INFO] [stdout] note: `ZipError` is defined in crate `zip`
[INFO] [stdout]   --> /opt/rustwide/cargo-home/registry/src/index.crates.io-6f17d22bba15001f/zip-0.5.13/src/result.rs:17:1
[INFO] [stdout]    |
[INFO] [stdout] 17 | pub enum ZipError {
[INFO] [stdout]    | ^^^^^^^^^^^^^^^^^
[INFO] [stdout]    = note: perhaps two different versions of crate `zip` are being used?
[INFO] [stdout] 
[INFO] [stdout] 
[INFO] [stdout] error: aborting due to 1 previous error; 6 warnings emitted
[INFO] [stdout] 
[INFO] [stdout] 
[INFO] [stdout] For more information about this error, try `rustc --explain E0308`.
[INFO] [stdout] 
[INFO] [stderr] error: could not compile `rcmd-core` (lib) due to 2 previous errors; 6 warnings emitted
[INFO] running `Command { std: "docker" "inspect" "8b7ac7d3bc606cf60ba65491258258ea5e133581ff1848b635a2921bb8110c26", kill_on_drop: false }`
[INFO] running `Command { std: "docker" "rm" "-f" "8b7ac7d3bc606cf60ba65491258258ea5e133581ff1848b635a2921bb8110c26", kill_on_drop: false }`
[INFO] [stdout] 8b7ac7d3bc606cf60ba65491258258ea5e133581ff1848b635a2921bb8110c26
[INFO] checking rcmd-core-0.1.0 against nightly-2024-02-05+rustflags=-Dunexpected_cfgs+cargoflags=-Zcheck-cfg for check-cfg
[INFO] extracting crate rcmd-core 0.1.0 into /workspace/builds/worker-7-tc2/source
[INFO] validating manifest of crates.io crate rcmd-core 0.1.0 on toolchain nightly-2024-02-05
[INFO] running `Command { std: CARGO_HOME="/workspace/cargo-home" RUSTUP_HOME="/workspace/rustup-home" "/workspace/cargo-home/bin/cargo" "+nightly-2024-02-05" "metadata" "--manifest-path" "Cargo.toml" "--no-deps", kill_on_drop: false }`
[INFO] started tweaking crates.io crate rcmd-core 0.1.0
[INFO] finished tweaking crates.io crate rcmd-core 0.1.0
[INFO] tweaked toml for crates.io crate rcmd-core 0.1.0 written to /workspace/builds/worker-7-tc2/source/Cargo.toml
[INFO] running `Command { std: CARGO_HOME="/workspace/cargo-home" RUSTUP_HOME="/workspace/rustup-home" "/workspace/cargo-home/bin/cargo" "+nightly-2024-02-05" "generate-lockfile" "--manifest-path" "Cargo.toml", kill_on_drop: false }`
[INFO] [stderr]     Updating crates.io index
[INFO] running `Command { std: CARGO_HOME="/workspace/cargo-home" RUSTUP_HOME="/workspace/rustup-home" "/workspace/cargo-home/bin/cargo" "+nightly-2024-02-05" "fetch" "--manifest-path" "Cargo.toml", kill_on_drop: false }`
[INFO] running `Command { std: "docker" "create" "-v" "/var/lib/crater-agent-workspace/builds/worker-7-tc2/target:/opt/rustwide/target:rw,Z" "-v" "/var/lib/crater-agent-workspace/builds/worker-7-tc2/source:/opt/rustwide/workdir:ro,Z" "-v" "/var/lib/crater-agent-workspace/cargo-home:/opt/rustwide/cargo-home:ro,Z" "-v" "/var/lib/crater-agent-workspace/rustup-home:/opt/rustwide/rustup-home:ro,Z" "-e" "SOURCE_DIR=/opt/rustwide/workdir" "-e" "CARGO_TARGET_DIR=/opt/rustwide/target" "-e" "CARGO_HOME=/opt/rustwide/cargo-home" "-e" "RUSTUP_HOME=/opt/rustwide/rustup-home" "-w" "/opt/rustwide/workdir" "-m" "1610612736" "--user" "0:0" "--network" "none" "ghcr.io/rust-lang/crates-build-env/linux@sha256:2788e3201cd34a07e3172128adcd8b3090168a8e3bcc40d7c032b9dda1df7d1c" "/opt/rustwide/cargo-home/bin/cargo" "+nightly-2024-02-05" "metadata" "--no-deps" "--format-version=1", kill_on_drop: false }`
[INFO] [stdout] 563496da2a21dd8ee1e87551aeaa94eeabaf286332c183913fce54f79a8f6589
[INFO] running `Command { std: "docker" "start" "-a" "563496da2a21dd8ee1e87551aeaa94eeabaf286332c183913fce54f79a8f6589", kill_on_drop: false }`
[INFO] running `Command { std: "docker" "inspect" "563496da2a21dd8ee1e87551aeaa94eeabaf286332c183913fce54f79a8f6589", kill_on_drop: false }`
[INFO] running `Command { std: "docker" "rm" "-f" "563496da2a21dd8ee1e87551aeaa94eeabaf286332c183913fce54f79a8f6589", kill_on_drop: false }`
[INFO] [stdout] 563496da2a21dd8ee1e87551aeaa94eeabaf286332c183913fce54f79a8f6589
[INFO] running `Command { std: "docker" "create" "-v" "/var/lib/crater-agent-workspace/builds/worker-7-tc2/target:/opt/rustwide/target:rw,Z" "-v" "/var/lib/crater-agent-workspace/builds/worker-7-tc2/source:/opt/rustwide/workdir:ro,Z" "-v" "/var/lib/crater-agent-workspace/cargo-home:/opt/rustwide/cargo-home:ro,Z" "-v" "/var/lib/crater-agent-workspace/rustup-home:/opt/rustwide/rustup-home:ro,Z" "-e" "SOURCE_DIR=/opt/rustwide/workdir" "-e" "CARGO_TARGET_DIR=/opt/rustwide/target" "-e" "CARGO_INCREMENTAL=0" "-e" "RUST_BACKTRACE=full" "-e" "RUSTFLAGS=--cap-lints=forbid -Dunexpected_cfgs" "-e" "RUSTDOCFLAGS=--cap-lints=forbid" "-e" "CARGO_HOME=/opt/rustwide/cargo-home" "-e" "RUSTUP_HOME=/opt/rustwide/rustup-home" "-w" "/opt/rustwide/workdir" "-m" "1610612736" "--user" "0:0" "--network" "none" "ghcr.io/rust-lang/crates-build-env/linux@sha256:2788e3201cd34a07e3172128adcd8b3090168a8e3bcc40d7c032b9dda1df7d1c" "/opt/rustwide/cargo-home/bin/cargo" "+nightly-2024-02-05" "check" "--frozen" "--all" "--all-targets" "--message-format=json" "-Zcheck-cfg", kill_on_drop: false }`
[INFO] [stdout] e54728b68e22ec1f4d1b1a6eb8e4b99ea6def644cfdd0f297e5515923bde93d0
[INFO] running `Command { std: "docker" "start" "-a" "e54728b68e22ec1f4d1b1a6eb8e4b99ea6def644cfdd0f297e5515923bde93d0", kill_on_drop: false }`
[INFO] [stderr]    Compiling typenum v1.17.0
[INFO] [stderr]     Checking subtle v2.5.0
[INFO] [stderr]    Compiling libc v0.2.153
[INFO] [stderr]    Compiling generic-array v0.14.7
[INFO] [stderr]    Compiling crc32fast v1.3.2
[INFO] [stderr]     Checking cpufeatures v0.2.12
[INFO] [stderr]    Compiling zstd-safe v5.0.2+zstd.1.5.2
[INFO] [stderr]     Checking adler v1.0.2
[INFO] [stderr]    Compiling num-traits v0.2.17
[INFO] [stderr]     Checking miniz_oxide v0.7.2
[INFO] [stderr]     Checking rand_core v0.6.4
[INFO] [stderr]     Checking base64ct v1.6.0
[INFO] [stderr]     Checking powerfmt v0.2.0
[INFO] [stderr]    Compiling syn v2.0.48
[INFO] [stderr]     Checking byteorder v1.5.0
[INFO] [stderr]     Checking password-hash v0.4.2
[INFO] [stderr]     Checking deranged v0.3.11
[INFO] [stderr]     Checking flate2 v1.0.28
[INFO] [stderr]     Checking num-conv v0.1.0
[INFO] [stderr]    Compiling gcc v0.3.55
[INFO] [stderr]     Checking time-core v0.1.2
[INFO] [stderr]    Compiling jobserver v0.1.27
[INFO] [stderr]     Checking time v0.1.45
[INFO] [stderr]     Checking constant_time_eq v0.1.5
[INFO] [stderr]     Checking os_str_bytes v6.6.1
[INFO] [stderr]    Compiling cc v1.0.83
[INFO] [stderr]     Checking linked-hash-map v0.5.6
[INFO] [stderr]     Checking time v0.3.34
[INFO] [stderr]     Checking clap_lex v0.2.4
[INFO] [stderr]     Checking yaml-rust v0.4.5
[INFO] [stderr]     Checking rand v0.3.23
[INFO] [stderr]     Checking rustc-serialize v0.3.25
[INFO] [stderr]    Compiling rust-crypto v0.2.36
[INFO] [stderr]     Checking chrono v0.4.33
[INFO] [stderr]     Checking textwrap v0.16.0
[INFO] [stderr]     Checking walkdir v2.4.0
[INFO] [stderr]     Checking clap v3.2.25
[INFO] [stderr]     Checking crypto-common v0.1.6
[INFO] [stderr]     Checking block-buffer v0.10.4
[INFO] [stderr]     Checking inout v0.1.3
[INFO] [stderr]     Checking digest v0.10.7
[INFO] [stderr]     Checking cipher v0.4.4
[INFO] [stderr]    Compiling zstd-sys v2.0.9+zstd.1.5.5
[INFO] [stderr]    Compiling bzip2-sys v0.1.11+1.0.8
[INFO] [stderr]     Checking sha2 v0.10.8
[INFO] [stderr]     Checking hmac v0.12.1
[INFO] [stderr]     Checking aes v0.8.3
[INFO] [stderr]     Checking sha1 v0.10.6
[INFO] [stderr]     Checking fern v0.5.9
[INFO] [stderr]     Checking pbkdf2 v0.11.0
[INFO] [stderr]     Checking bzip2 v0.4.4
[INFO] [stderr]    Compiling thiserror-impl v1.0.56
[INFO] [stderr]     Checking thiserror v1.0.56
[INFO] [stderr]     Checking zip v0.5.13
[INFO] [stderr]     Checking zstd v0.11.2+zstd.1.5.2
[INFO] [stderr]     Checking zip v0.6.6
[INFO] [stderr]     Checking zip-extensions v0.6.2
[INFO] [stderr]     Checking rcmd-core v0.1.0 (/opt/rustwide/workdir)
[INFO] [stdout] warning: unused import: `PathBuf`
[INFO] [stdout]  --> src/util/filesys.rs:2:23
[INFO] [stdout]   |
[INFO] [stdout] 2 | use std::path::{Path, PathBuf};
[INFO] [stdout]   |                       ^^^^^^^
[INFO] [stdout]   |
[INFO] [stdout]   = note: `#[warn(unused_imports)]` on by default
[INFO] [stdout] 
[INFO] [stdout] 
[INFO] [stdout] warning: unused import: `crate::util::filesys::zip_dir`
[INFO] [stdout]   --> src/lib.rs:40:9
[INFO] [stdout]    |
[INFO] [stdout] 40 |     use crate::util::filesys::zip_dir;
[INFO] [stdout]    |         ^^^^^^^^^^^^^^^^^^^^^^^^^^^^^
[INFO] [stdout]    |
[INFO] [stdout] help: consider adding a `#[cfg(test)]` to the containing module
[INFO] [stdout]   --> src/lib.rs:39:1
[INFO] [stdout]    |
[INFO] [stdout] 39 | mod tests {
[INFO] [stdout]    | ^^^^^^^^^
[INFO] [stdout] 
[INFO] [stdout] 
[INFO] [stdout] warning: unused import: `std::path::Path`
[INFO] [stdout]   --> src/lib.rs:41:9
[INFO] [stdout]    |
[INFO] [stdout] 41 |     use std::path::Path;
[INFO] [stdout]    |         ^^^^^^^^^^^^^^^
[INFO] [stdout]    |
[INFO] [stdout] help: consider adding a `#[cfg(test)]` to the containing module
[INFO] [stdout]   --> src/lib.rs:39:1
[INFO] [stdout]    |
[INFO] [stdout] 39 | mod tests {
[INFO] [stdout]    | ^^^^^^^^^
[INFO] [stdout] 
[INFO] [stdout] 
[INFO] [stdout] warning: unused import: `WalkDir`
[INFO] [stdout]   --> src/lib.rs:42:19
[INFO] [stdout]    |
[INFO] [stdout] 42 |     use walkdir::{WalkDir, DirEntry};
[INFO] [stdout]    |                   ^^^^^^^
[INFO] [stdout]    |
[INFO] [stdout] help: consider adding a `#[cfg(test)]` to the containing module
[INFO] [stdout]   --> src/lib.rs:39:1
[INFO] [stdout]    |
[INFO] [stdout] 39 | mod tests {
[INFO] [stdout]    | ^^^^^^^^^
[INFO] [stdout] 
[INFO] [stdout] 
[INFO] [stdout] warning: unused import: `PathBuf`
[INFO] [stdout]  --> src/util/filesys.rs:2:23
[INFO] [stdout]   |
[INFO] [stdout] 2 | use std::path::{Path, PathBuf};
[INFO] [stdout]   |                       ^^^^^^^
[INFO] [stdout]   |
[INFO] [stdout]   = note: `#[warn(unused_imports)]` on by default
[INFO] [stdout] 
[INFO] [stdout] 
[INFO] [stdout] warning: unused import: `walkdir`
[INFO] [stdout]   --> src/lib.rs:47:14
[INFO] [stdout]    |
[INFO] [stdout] 47 |          use walkdir;
[INFO] [stdout]    |              ^^^^^^^
[INFO] [stdout] 
[INFO] [stdout] 
[INFO] [stdout] warning: use of deprecated method `zip::ZipWriter::<W>::start_file_from_path`: by stripping `..`s from the path, the meaning of paths can change. Use `start_file` instead.
[INFO] [stdout]   --> src/util/filesys.rs:78:17
[INFO] [stdout]    |
[INFO] [stdout] 78 |             zip.start_file_from_path(name, options)?;
[INFO] [stdout]    |                 ^^^^^^^^^^^^^^^^^^^^
[INFO] [stdout]    |
[INFO] [stdout]    = note: `#[warn(deprecated)]` on by default
[INFO] [stdout] 
[INFO] [stdout] 
[INFO] [stdout] warning: use of deprecated method `zip::ZipWriter::<W>::add_directory_from_path`: by stripping `..`s from the path, the meaning of paths can change. Use `add_directory` instead.
[INFO] [stdout]   --> src/util/filesys.rs:87:17
[INFO] [stdout]    |
[INFO] [stdout] 87 |             zip.add_directory_from_path(name, options)?;
[INFO] [stdout]    |                 ^^^^^^^^^^^^^^^^^^^^^^^
[INFO] [stdout] 
[INFO] [stdout] 
[INFO] [stdout] warning: use of deprecated method `zip::ZipWriter::<W>::start_file_from_path`: by stripping `..`s from the path, the meaning of paths can change. Use `start_file` instead.
[INFO] [stdout]   --> src/util/filesys.rs:78:17
[INFO] [stdout]    |
[INFO] [stdout] 78 |             zip.start_file_from_path(name, options)?;
[INFO] [stdout]    |                 ^^^^^^^^^^^^^^^^^^^^
[INFO] [stdout]    |
[INFO] [stdout]    = note: `#[warn(deprecated)]` on by default
[INFO] [stdout] 
[INFO] [stdout] 
[INFO] [stdout] warning: use of deprecated method `zip::ZipWriter::<W>::add_directory_from_path`: by stripping `..`s from the path, the meaning of paths can change. Use `add_directory` instead.
[INFO] [stdout]   --> src/util/filesys.rs:87:17
[INFO] [stdout]    |
[INFO] [stdout] 87 |             zip.add_directory_from_path(name, options)?;
[INFO] [stdout]    |                 ^^^^^^^^^^^^^^^^^^^^^^^
[INFO] [stdout] 
[INFO] [stdout] 
[INFO] [stdout] error[E0308]: mismatched types
[INFO] [stdout]   --> src/util/filesys.rs:97:5
[INFO] [stdout]    |
[INFO] [stdout] 94 | pub fn unzip_to_path(zip_f: &str, tar_p: &str) -> Result<(), ZipError>{
[INFO] [stdout]    |                                                   -------------------- expected `Result<(), ZipError>` because of return type
[INFO] [stdout] ...
[INFO] [stdout] 97 |     zip_extract(&Path::new(zip_f).to_path_buf(), &out.to_path_buf())
[INFO] [stdout]    |     ^^^^^^^^^^^^^^^^^^^^^^^^^^^^^^^^^^^^^^^^^^^^^^^^^^^^^^^^^^^^^^^^ expected `ZipError`, found `zip::result::ZipError`
[INFO] [stdout]    |
[INFO] [stdout]    = note: `zip::result::ZipError` and `ZipError` have similar names, but are actually distinct types
[INFO] [stdout] note: `zip::result::ZipError` is defined in crate `zip`
[INFO] [stdout]   --> /opt/rustwide/cargo-home/registry/src/index.crates.io-6f17d22bba15001f/zip-0.6.6/src/result.rs:24:1
[INFO] [stdout]    |
[INFO] [stdout] 24 | pub enum ZipError {
[INFO] [stdout]    | ^^^^^^^^^^^^^^^^^
[INFO] [stdout] note: `ZipError` is defined in crate `zip`
[INFO] [stdout]   --> /opt/rustwide/cargo-home/registry/src/index.crates.io-6f17d22bba15001f/zip-0.5.13/src/result.rs:17:1
[INFO] [stdout]    |
[INFO] [stdout] 17 | pub enum ZipError {
[INFO] [stdout]    | ^^^^^^^^^^^^^^^^^
[INFO] [stdout]    = note: perhaps two different versions of crate `zip` are being used?
[INFO] [stdout] 
[INFO] [stdout] 
[INFO] [stdout] error[E0308]: mismatched types
[INFO] [stdout]   --> src/util/filesys.rs:97:5
[INFO] [stdout]    |
[INFO] [stdout] 94 | pub fn unzip_to_path(zip_f: &str, tar_p: &str) -> Result<(), ZipError>{
[INFO] [stdout]    |                                                   -------------------- expected `Result<(), ZipError>` because of return type
[INFO] [stdout] ...
[INFO] [stdout] 97 |     zip_extract(&Path::new(zip_f).to_path_buf(), &out.to_path_buf())
[INFO] [stdout]    |     ^^^^^^^^^^^^^^^^^^^^^^^^^^^^^^^^^^^^^^^^^^^^^^^^^^^^^^^^^^^^^^^^ expected `ZipError`, found `zip::result::ZipError`
[INFO] [stdout]    |
[INFO] [stdout]    = note: `zip::result::ZipError` and `ZipError` have similar names, but are actually distinct types
[INFO] [stdout] note: `zip::result::ZipError` is defined in crate `zip`
[INFO] [stdout]   --> /opt/rustwide/cargo-home/registry/src/index.crates.io-6f17d22bba15001f/zip-0.6.6/src/result.rs:24:1
[INFO] [stdout]    |
[INFO] [stdout] 24 | pub enum ZipError {
[INFO] [stdout]    | ^^^^^^^^^^^^^^^^^
[INFO] [stdout] note: `ZipError` is defined in crate `zip`
[INFO] [stdout]   --> /opt/rustwide/cargo-home/registry/src/index.crates.io-6f17d22bba15001f/zip-0.5.13/src/result.rs:17:1
[INFO] [stdout]    |
[INFO] [stdout] 17 | pub enum ZipError {
[INFO] [stdout]    | ^^^^^^^^^^^^^^^^^
[INFO] [stdout]    = note: perhaps two different versions of crate `zip` are being used?
[INFO] [stdout] 
[INFO] [stdout] 
[INFO] [stdout] error: aborting due to 1 previous error; 6 warnings emitted
[INFO] [stdout] 
[INFO] [stdout] 
[INFO] [stdout] For more information about this error, try `rustc --explain E0308`.
[INFO] [stdout] 
[INFO] [stdout] error: aborting due to 1 previous error; 4 warnings emitted
[INFO] [stdout] 
[INFO] [stdout] 
[INFO] [stdout] For more information about this error, try `rustc --explain E0308`.
[INFO] [stdout] 
[INFO] [stderr] error: could not compile `rcmd-core` (lib) due to 2 previous errors; 6 warnings emitted
[INFO] [stderr] warning: build failed, waiting for other jobs to finish...
[INFO] [stderr] error: could not compile `rcmd-core` (lib test) due to 2 previous errors; 4 warnings emitted
[INFO] running `Command { std: "docker" "inspect" "e54728b68e22ec1f4d1b1a6eb8e4b99ea6def644cfdd0f297e5515923bde93d0", kill_on_drop: false }`
[INFO] running `Command { std: "docker" "rm" "-f" "e54728b68e22ec1f4d1b1a6eb8e4b99ea6def644cfdd0f297e5515923bde93d0", kill_on_drop: false }`
[INFO] [stdout] e54728b68e22ec1f4d1b1a6eb8e4b99ea6def644cfdd0f297e5515923bde93d0
