[INFO] fetching crate rchore 0.1.0...
[INFO] checking rchore-0.1.0 against nightly-2024-02-05 for check-cfg
[INFO] extracting crate rchore 0.1.0 into /workspace/builds/worker-6-tc1/source
[INFO] validating manifest of crates.io crate rchore 0.1.0 on toolchain nightly-2024-02-05
[INFO] running `Command { std: CARGO_HOME="/workspace/cargo-home" RUSTUP_HOME="/workspace/rustup-home" "/workspace/cargo-home/bin/cargo" "+nightly-2024-02-05" "metadata" "--manifest-path" "Cargo.toml" "--no-deps", kill_on_drop: false }`
[INFO] started tweaking crates.io crate rchore 0.1.0
[INFO] finished tweaking crates.io crate rchore 0.1.0
[INFO] tweaked toml for crates.io crate rchore 0.1.0 written to /workspace/builds/worker-6-tc1/source/Cargo.toml
[INFO] crate crates.io crate rchore 0.1.0 already has a lockfile, it will not be regenerated
[INFO] running `Command { std: CARGO_HOME="/workspace/cargo-home" RUSTUP_HOME="/workspace/rustup-home" "/workspace/cargo-home/bin/cargo" "+nightly-2024-02-05" "fetch" "--manifest-path" "Cargo.toml", kill_on_drop: false }`
[INFO] [stderr]  Downloading crates ...
[INFO] [stderr]   Downloaded zeroize v1.4.1
[INFO] [stderr]   Downloaded cpufeatures v0.1.5
[INFO] [stderr]   Downloaded serde_path_to_error v0.1.4
[INFO] [stderr]   Downloaded futures-macro v0.3.15
[INFO] [stderr]   Downloaded sha2 v0.9.5
[INFO] [stderr]   Downloaded oauth2 v4.1.0
[INFO] [stderr]   Downloaded hyper v0.14.10
[INFO] [stderr]   Downloaded sled v0.34.6
[INFO] running `Command { std: "docker" "create" "-v" "/var/lib/crater-agent-workspace/builds/worker-6-tc1/target:/opt/rustwide/target:rw,Z" "-v" "/var/lib/crater-agent-workspace/builds/worker-6-tc1/source:/opt/rustwide/workdir:ro,Z" "-v" "/var/lib/crater-agent-workspace/cargo-home:/opt/rustwide/cargo-home:ro,Z" "-v" "/var/lib/crater-agent-workspace/rustup-home:/opt/rustwide/rustup-home:ro,Z" "-e" "SOURCE_DIR=/opt/rustwide/workdir" "-e" "CARGO_TARGET_DIR=/opt/rustwide/target" "-e" "CARGO_HOME=/opt/rustwide/cargo-home" "-e" "RUSTUP_HOME=/opt/rustwide/rustup-home" "-w" "/opt/rustwide/workdir" "-m" "1610612736" "--user" "0:0" "--network" "none" "ghcr.io/rust-lang/crates-build-env/linux@sha256:2788e3201cd34a07e3172128adcd8b3090168a8e3bcc40d7c032b9dda1df7d1c" "/opt/rustwide/cargo-home/bin/cargo" "+nightly-2024-02-05" "metadata" "--no-deps" "--format-version=1", kill_on_drop: false }`
[INFO] [stdout] 64435f9ebab56d4c3c0d2af435130a2fe823e5cfeefb6248b4664cd2a79f2f92
[INFO] running `Command { std: "docker" "start" "-a" "64435f9ebab56d4c3c0d2af435130a2fe823e5cfeefb6248b4664cd2a79f2f92", kill_on_drop: false }`
[INFO] running `Command { std: "docker" "inspect" "64435f9ebab56d4c3c0d2af435130a2fe823e5cfeefb6248b4664cd2a79f2f92", kill_on_drop: false }`
[INFO] running `Command { std: "docker" "rm" "-f" "64435f9ebab56d4c3c0d2af435130a2fe823e5cfeefb6248b4664cd2a79f2f92", kill_on_drop: false }`
[INFO] [stdout] 64435f9ebab56d4c3c0d2af435130a2fe823e5cfeefb6248b4664cd2a79f2f92
[INFO] running `Command { std: "docker" "create" "-v" "/var/lib/crater-agent-workspace/builds/worker-6-tc1/target:/opt/rustwide/target:rw,Z" "-v" "/var/lib/crater-agent-workspace/builds/worker-6-tc1/source:/opt/rustwide/workdir:ro,Z" "-v" "/var/lib/crater-agent-workspace/cargo-home:/opt/rustwide/cargo-home:ro,Z" "-v" "/var/lib/crater-agent-workspace/rustup-home:/opt/rustwide/rustup-home:ro,Z" "-e" "SOURCE_DIR=/opt/rustwide/workdir" "-e" "CARGO_TARGET_DIR=/opt/rustwide/target" "-e" "CARGO_INCREMENTAL=0" "-e" "RUST_BACKTRACE=full" "-e" "RUSTFLAGS=--cap-lints=forbid" "-e" "RUSTDOCFLAGS=--cap-lints=forbid" "-e" "CARGO_HOME=/opt/rustwide/cargo-home" "-e" "RUSTUP_HOME=/opt/rustwide/rustup-home" "-w" "/opt/rustwide/workdir" "-m" "1610612736" "--user" "0:0" "--network" "none" "ghcr.io/rust-lang/crates-build-env/linux@sha256:2788e3201cd34a07e3172128adcd8b3090168a8e3bcc40d7c032b9dda1df7d1c" "/opt/rustwide/cargo-home/bin/cargo" "+nightly-2024-02-05" "check" "--frozen" "--all" "--all-targets" "--message-format=json", kill_on_drop: false }`
[INFO] [stdout] 68c6826f909d146bfde1372140133b09052f2320c1b2cd12afe0bea4413b0431
[INFO] running `Command { std: "docker" "start" "-a" "68c6826f909d146bfde1372140133b09052f2320c1b2cd12afe0bea4413b0431", kill_on_drop: false }`
[INFO] [stderr]    Compiling libc v0.2.98
[INFO] [stderr]    Compiling syn v1.0.73
[INFO] [stderr]    Compiling cc v1.0.68
[INFO] [stderr]    Compiling memchr v2.4.0
[INFO] [stderr]    Compiling log v0.4.14
[INFO] [stderr]    Compiling serde_derive v1.0.126
[INFO] [stderr]     Checking once_cell v1.8.0
[INFO] [stderr]    Compiling serde v1.0.126
[INFO] [stderr]    Compiling tokio v1.8.1
[INFO] [stderr]    Compiling futures-core v0.3.15
[INFO] [stderr]    Compiling futures-macro v0.3.15
[INFO] [stderr]    Compiling futures-task v0.3.15
[INFO] [stderr]    Compiling futures-util v0.3.15
[INFO] [stderr]     Checking tracing-core v0.1.18
[INFO] [stderr]     Checking slab v0.4.3
[INFO] [stderr]    Compiling openssl v0.10.35
[INFO] [stderr]     Checking futures-sink v0.3.15
[INFO] [stderr]    Compiling futures-channel v0.3.15
[INFO] [stderr]     Checking futures-io v0.3.15
[INFO] [stderr]    Compiling httparse v1.4.1
[INFO] [stderr]    Compiling native-tls v0.2.7
[INFO] [stderr]     Checking http-body v0.4.2
[INFO] [stderr]    Compiling proc-macro-error-attr v1.0.4
[INFO] [stderr]    Compiling num-traits v0.2.14
[INFO] [stderr]     Checking tracing v0.1.26
[INFO] [stderr]     Checking httpdate v1.0.1
[INFO] [stderr]     Checking openssl-probe v0.1.4
[INFO] [stderr]     Checking unicode-normalization v0.1.19
[INFO] [stderr]    Compiling memoffset v0.6.4
[INFO] [stderr]     Checking want v0.3.0
[INFO] [stderr]    Compiling proc-macro-error v1.0.4
[INFO] [stderr]    Compiling num-integer v0.1.44
[INFO] [stderr]    Compiling crossbeam-utils v0.8.5
[INFO] [stderr]    Compiling encoding_rs v0.8.28
[INFO] [stderr]     Checking instant v0.1.10
[INFO] [stderr]    Compiling crossbeam-epoch v0.9.5
[INFO] [stderr]     Checking smallvec v1.6.1
[INFO] [stderr]     Checking regex-automata v0.1.10
[INFO] [stderr]    Compiling crc32fast v1.2.1
[INFO] [stderr]     Checking regex v1.5.4
[INFO] [stderr]     Checking lock_api v0.4.4
[INFO] [stderr]    Compiling anyhow v1.0.42
[INFO] [stderr]     Checking csv-core v0.1.10
[INFO] [stderr]    Compiling dotenv v0.15.0
[INFO] [stderr]     Checking cpufeatures v0.1.5
[INFO] [stderr]     Checking sha2 v0.9.5
[INFO] [stderr]     Checking fxhash v0.2.1
[INFO] [stderr]     Checking mio v0.7.13
[INFO] [stderr]     Checking num_cpus v1.13.0
[INFO] [stderr]     Checking getrandom v0.2.3
[INFO] [stderr]     Checking socket2 v0.4.0
[INFO] [stderr]     Checking atty v0.2.14
[INFO] [stderr]     Checking dirs v1.0.5
[INFO] [stderr]     Checking parking_lot_core v0.8.3
[INFO] [stderr]     Checking time v0.1.44
[INFO] [stderr]     Checking rand_core v0.6.3
[INFO] [stderr]     Checking terminal_size v0.1.17
[INFO] [stderr]     Checking term v0.5.2
[INFO] [stderr]    Compiling rchore v0.1.0 (/opt/rustwide/workdir)
[INFO] [stderr]     Checking clap v2.33.3
[INFO] [stderr]     Checking fs2 v0.4.3
[INFO] [stderr]     Checking parking_lot v0.11.1
[INFO] [stderr]    Compiling ring v0.16.20
[INFO] [stderr]    Compiling openssl-sys v0.9.65
[INFO] [stderr]     Checking idna v0.2.3
[INFO] [stderr]     Checking rand_chacha v0.3.1
[INFO] [stderr]     Checking encode_unicode v0.3.6
[INFO] [stderr]     Checking zeroize v1.4.1
[INFO] [stderr]     Checking home v0.5.3
[INFO] [stderr]     Checking sled v0.34.6
[INFO] [stderr]     Checking rand v0.8.4
[INFO] [stderr]     Checking console v0.14.1
[INFO] [stderr]     Checking tempfile v3.2.0
[INFO] [stderr]     Checking dialoguer v0.8.0
[INFO] [stderr]     Checking tokio-util v0.6.7
[INFO] [stderr]    Compiling thiserror-impl v1.0.26
[INFO] [stderr]    Compiling structopt-derive v0.4.15
[INFO] [stderr]     Checking tokio-native-tls v0.3.0
[INFO] [stderr]     Checking webpki v0.21.4
[INFO] [stderr]     Checking sct v0.6.1
[INFO] [stderr]     Checking rustls v0.19.1
[INFO] [stderr]     Checking webpki-roots v0.21.1
[INFO] [stderr]     Checking thiserror v1.0.26
[INFO] [stderr]     Checking structopt v0.3.22
[INFO] [stderr]     Checking tokio-rustls v0.22.0
[INFO] [stderr]     Checking h2 v0.3.3
[INFO] [stderr]     Checking hyper v0.14.10
[INFO] [stderr]     Checking bstr v0.2.16
[INFO] [stderr]     Checking serde_urlencoded v0.7.0
[INFO] [stderr]     Checking serde_json v1.0.64
[INFO] [stderr]     Checking url v2.2.2
[INFO] [stderr]     Checking serde_path_to_error v0.1.4
[INFO] [stderr]     Checking chrono v0.4.19
[INFO] [stderr]     Checking bincode v1.3.3
[INFO] [stderr]     Checking csv v1.1.6
[INFO] [stderr]     Checking prettytable-rs v0.8.0
[INFO] [stderr]     Checking hyper-rustls v0.22.1
[INFO] [stderr]     Checking hyper-tls v0.5.0
[INFO] [stderr]     Checking reqwest v0.11.4
[INFO] [stderr]     Checking oauth2 v4.1.0
[INFO] [stdout] error[E0583]: file not found for module `secrets`
[INFO] [stdout]  --> src/main.rs:6:1
[INFO] [stdout]   |
[INFO] [stdout] 6 | mod secrets;
[INFO] [stdout]   | ^^^^^^^^^^^^
[INFO] [stdout]   |
[INFO] [stdout]   = help: to create the module `secrets`, create file "src/secrets.rs" or "src/secrets/mod.rs"
[INFO] [stdout]   = note: if there is a `mod secrets` elsewhere in the crate already, import it with `use crate::...` instead
[INFO] [stdout] 
[INFO] [stdout] 
[INFO] [stdout] error[E0583]: file not found for module `secrets`
[INFO] [stdout]  --> src/main.rs:6:1
[INFO] [stdout]   |
[INFO] [stdout] 6 | mod secrets;
[INFO] [stdout]   | ^^^^^^^^^^^^
[INFO] [stdout]   |
[INFO] [stdout]   = help: to create the module `secrets`, create file "src/secrets.rs" or "src/secrets/mod.rs"
[INFO] [stdout]   = note: if there is a `mod secrets` elsewhere in the crate already, import it with `use crate::...` instead
[INFO] [stdout] 
[INFO] [stdout] 
[INFO] [stdout] error[E0432]: unresolved import `crate::secrets::Secrets`
[INFO] [stdout]  --> src/oauth.rs:2:5
[INFO] [stdout]   |
[INFO] [stdout] 2 | use crate::secrets::Secrets;
[INFO] [stdout]   |     ^^^^^^^^^^^^^^^^^^^^^^^ no `Secrets` in `secrets`
[INFO] [stdout] 
[INFO] [stdout] 
[INFO] [stdout] error[E0432]: unresolved import `crate::secrets::Secrets`
[INFO] [stdout]  --> src/oauth.rs:2:5
[INFO] [stdout]   |
[INFO] [stdout] 2 | use crate::secrets::Secrets;
[INFO] [stdout]   |     ^^^^^^^^^^^^^^^^^^^^^^^ no `Secrets` in `secrets`
[INFO] [stdout] 
[INFO] [stdout] 
[INFO] [stdout] error: aborting due to 2 previous errors
[INFO] [stdout] 
[INFO] [stdout] 
[INFO] [stdout] Some errors have detailed explanations: E0432, E0583.
[INFO] [stdout] 
[INFO] [stdout] For more information about an error, try `rustc --explain E0432`.
[INFO] [stdout] 
[INFO] [stdout] error: aborting due to 2 previous errors
[INFO] [stdout] 
[INFO] [stdout] 
[INFO] [stdout] Some errors have detailed explanations: E0432, E0583.
[INFO] [stdout] 
[INFO] [stdout] For more information about an error, try `rustc --explain E0432`.
[INFO] [stdout] 
[INFO] [stderr] error: could not compile `rchore` (bin "rchore") due to 3 previous errors
[INFO] [stderr] warning: build failed, waiting for other jobs to finish...
[INFO] [stderr] error: could not compile `rchore` (bin "rchore" test) due to 3 previous errors
[INFO] running `Command { std: "docker" "inspect" "68c6826f909d146bfde1372140133b09052f2320c1b2cd12afe0bea4413b0431", kill_on_drop: false }`
[INFO] running `Command { std: "docker" "rm" "-f" "68c6826f909d146bfde1372140133b09052f2320c1b2cd12afe0bea4413b0431", kill_on_drop: false }`
[INFO] [stdout] 68c6826f909d146bfde1372140133b09052f2320c1b2cd12afe0bea4413b0431
