[INFO] fetching crate rcgen 0.11.3...
[INFO] checking rcgen-0.11.3 against nightly-2024-02-05 for check-cfg
[INFO] extracting crate rcgen 0.11.3 into /workspace/builds/worker-6-tc1/source
[INFO] validating manifest of crates.io crate rcgen 0.11.3 on toolchain nightly-2024-02-05
[INFO] running `Command { std: CARGO_HOME="/workspace/cargo-home" RUSTUP_HOME="/workspace/rustup-home" "/workspace/cargo-home/bin/cargo" "+nightly-2024-02-05" "metadata" "--manifest-path" "Cargo.toml" "--no-deps", kill_on_drop: false }`
[INFO] started tweaking crates.io crate rcgen 0.11.3
[INFO] removed 0 missing examples
[INFO] finished tweaking crates.io crate rcgen 0.11.3
[INFO] tweaked toml for crates.io crate rcgen 0.11.3 written to /workspace/builds/worker-6-tc1/source/Cargo.toml
[INFO] crate crates.io crate rcgen 0.11.3 already has a lockfile, it will not be regenerated
[INFO] running `Command { std: CARGO_HOME="/workspace/cargo-home" RUSTUP_HOME="/workspace/rustup-home" "/workspace/cargo-home/bin/cargo" "+nightly-2024-02-05" "fetch" "--manifest-path" "Cargo.toml", kill_on_drop: false }`
[INFO] [stderr]     Updating crates.io index
[INFO] [stderr]     Blocking waiting for file lock on package cache
[INFO] [stderr]  Downloading crates ...
[INFO] [stderr]   Downloaded proc-macro2 v1.0.67
[INFO] [stderr]   Downloaded time v0.3.29
[INFO] [stderr]   Downloaded time-core v0.1.2
[INFO] [stderr]   Downloaded signature v2.1.0
[INFO] [stderr]   Downloaded data-encoding v2.4.0
[INFO] [stderr]   Downloaded pem v3.0.2
[INFO] [stderr]   Downloaded oid-registry v0.6.1
[INFO] [stderr]   Downloaded wasm-bindgen-macro-support v0.2.87
[INFO] [stderr]   Downloaded pkg-config v0.3.27
[INFO] [stderr]   Downloaded bitflags v2.4.0
[INFO] [stderr]   Downloaded yasna v0.5.2
[INFO] [stderr]   Downloaded num-bigint-dig v0.8.4
[INFO] [stderr]   Downloaded openssl v0.10.57
[INFO] [stderr]   Downloaded libc v0.2.148
[INFO] [stderr]   Downloaded web-sys v0.3.64
[INFO] [stderr]   Downloaded botan v0.10.6
[INFO] [stderr]   Downloaded botan-src v0.30101.2
[INFO] [stderr]   Downloaded rustls-webpki v0.101.6
[INFO] [stderr]   Downloaded wasm-bindgen v0.2.87
[INFO] [stderr]   Downloaded syn v2.0.37
[INFO] [stderr]   Downloaded der-parser v8.2.0
[INFO] [stderr]   Downloaded base64 v0.21.4
[INFO] [stderr]   Downloaded openssl-sys v0.9.93
[INFO] [stderr]   Downloaded libm v0.2.7
[INFO] [stderr]   Downloaded num-bigint v0.4.4
[INFO] [stderr]   Downloaded asn1-rs v0.5.2
[INFO] [stderr]   Downloaded rsa v0.9.2
[INFO] [stderr]   Downloaded js-sys v0.3.64
[INFO] [stderr]   Downloaded bumpalo v3.14.0
[INFO] [stderr]   Downloaded der v0.7.8
[INFO] [stderr]   Downloaded x509-parser v0.15.1
[INFO] [stderr]   Downloaded memchr v2.6.3
[INFO] [stderr]   Downloaded smallvec v1.11.1
[INFO] [stderr]   Downloaded deranged v0.3.8
[INFO] [stderr]   Downloaded time-macros v0.2.15
[INFO] [stderr]   Downloaded quote v1.0.33
[INFO] [stderr]   Downloaded pem-rfc7468 v0.7.0
[INFO] [stderr]   Downloaded pkcs1 v0.7.5
[INFO] [stderr]   Downloaded num-traits v0.2.16
[INFO] [stderr]   Downloaded base64ct v1.6.0
[INFO] [stderr]   Downloaded getrandom v0.2.10
[INFO] [stderr]   Downloaded pkcs8 v0.10.2
[INFO] [stderr]   Downloaded once_cell v1.18.0
[INFO] [stderr]   Downloaded wasm-bindgen-backend v0.2.87
[INFO] [stderr]   Downloaded const-oid v0.9.5
[INFO] [stderr]   Downloaded wasm-bindgen-macro v0.2.87
[INFO] [stderr]   Downloaded serde v1.0.188
[INFO] [stderr]   Downloaded botan-sys v0.10.5
[INFO] [stderr]   Downloaded zeroize v1.6.0
[INFO] [stderr]   Downloaded displaydoc v0.2.4
[INFO] [stderr]   Downloaded thiserror v1.0.49
[INFO] [stderr]   Downloaded unicode-xid v0.2.4
[INFO] [stderr]   Downloaded serde_derive v1.0.188
[INFO] [stderr]   Downloaded spki v0.7.2
[INFO] [stderr]   Downloaded itoa v1.0.9
[INFO] [stderr]   Downloaded wasm-bindgen-shared v0.2.87
[INFO] [stderr]   Downloaded subtle v2.5.0
[INFO] [stderr]   Downloaded thiserror-impl v1.0.49
[INFO] running `Command { std: "docker" "create" "-v" "/var/lib/crater-agent-workspace/builds/worker-6-tc1/target:/opt/rustwide/target:rw,Z" "-v" "/var/lib/crater-agent-workspace/builds/worker-6-tc1/source:/opt/rustwide/workdir:ro,Z" "-v" "/var/lib/crater-agent-workspace/cargo-home:/opt/rustwide/cargo-home:ro,Z" "-v" "/var/lib/crater-agent-workspace/rustup-home:/opt/rustwide/rustup-home:ro,Z" "-e" "SOURCE_DIR=/opt/rustwide/workdir" "-e" "CARGO_TARGET_DIR=/opt/rustwide/target" "-e" "CARGO_HOME=/opt/rustwide/cargo-home" "-e" "RUSTUP_HOME=/opt/rustwide/rustup-home" "-w" "/opt/rustwide/workdir" "-m" "1610612736" "--user" "0:0" "--network" "none" "ghcr.io/rust-lang/crates-build-env/linux@sha256:2788e3201cd34a07e3172128adcd8b3090168a8e3bcc40d7c032b9dda1df7d1c" "/opt/rustwide/cargo-home/bin/cargo" "+nightly-2024-02-05" "metadata" "--no-deps" "--format-version=1", kill_on_drop: false }`
[INFO] [stdout] 0e251ecf86eeee70ebf9e2b1c2d1ad5f46e350a6d5360b04db79247703642149
[INFO] running `Command { std: "docker" "start" "-a" "0e251ecf86eeee70ebf9e2b1c2d1ad5f46e350a6d5360b04db79247703642149", kill_on_drop: false }`
[INFO] running `Command { std: "docker" "inspect" "0e251ecf86eeee70ebf9e2b1c2d1ad5f46e350a6d5360b04db79247703642149", kill_on_drop: false }`
[INFO] running `Command { std: "docker" "rm" "-f" "0e251ecf86eeee70ebf9e2b1c2d1ad5f46e350a6d5360b04db79247703642149", kill_on_drop: false }`
[INFO] [stdout] 0e251ecf86eeee70ebf9e2b1c2d1ad5f46e350a6d5360b04db79247703642149
[INFO] running `Command { std: "docker" "create" "-v" "/var/lib/crater-agent-workspace/builds/worker-6-tc1/target:/opt/rustwide/target:rw,Z" "-v" "/var/lib/crater-agent-workspace/builds/worker-6-tc1/source:/opt/rustwide/workdir:ro,Z" "-v" "/var/lib/crater-agent-workspace/cargo-home:/opt/rustwide/cargo-home:ro,Z" "-v" "/var/lib/crater-agent-workspace/rustup-home:/opt/rustwide/rustup-home:ro,Z" "-e" "SOURCE_DIR=/opt/rustwide/workdir" "-e" "CARGO_TARGET_DIR=/opt/rustwide/target" "-e" "CARGO_INCREMENTAL=0" "-e" "RUST_BACKTRACE=full" "-e" "RUSTFLAGS=--cap-lints=forbid" "-e" "RUSTDOCFLAGS=--cap-lints=forbid" "-e" "CARGO_HOME=/opt/rustwide/cargo-home" "-e" "RUSTUP_HOME=/opt/rustwide/rustup-home" "-w" "/opt/rustwide/workdir" "-m" "1610612736" "--user" "0:0" "--network" "none" "ghcr.io/rust-lang/crates-build-env/linux@sha256:2788e3201cd34a07e3172128adcd8b3090168a8e3bcc40d7c032b9dda1df7d1c" "/opt/rustwide/cargo-home/bin/cargo" "+nightly-2024-02-05" "check" "--frozen" "--all" "--all-targets" "--message-format=json", kill_on_drop: false }`
[INFO] [stdout] 33ed3f36549ebeff073e702d2b1f070f80d8d290bc7045ff14d8e2e1be72ab1d
[INFO] running `Command { std: "docker" "start" "-a" "33ed3f36549ebeff073e702d2b1f070f80d8d290bc7045ff14d8e2e1be72ab1d", kill_on_drop: false }`
[INFO] [stderr]    Compiling proc-macro2 v1.0.67
[INFO] [stderr]    Compiling libc v0.2.148
[INFO] [stderr]    Compiling libm v0.2.7
[INFO] [stderr]    Compiling num-traits v0.2.16
[INFO] [stderr]    Compiling time-core v0.1.2
[INFO] [stderr]    Compiling syn v1.0.109
[INFO] [stderr]    Compiling num-integer v0.1.45
[INFO] [stderr]     Checking deranged v0.3.8
[INFO] [stderr]     Checking spin v0.5.2
[INFO] [stderr]     Checking itoa v1.0.9
[INFO] [stderr]    Compiling typenum v1.17.0
[INFO] [stderr]     Checking const-oid v0.9.5
[INFO] [stderr]     Checking memchr v2.6.3
[INFO] [stderr]    Compiling generic-array v0.14.7
[INFO] [stderr]     Checking base64ct v1.6.0
[INFO] [stderr]    Compiling thiserror v1.0.49
[INFO] [stderr]    Compiling time-macros v0.2.15
[INFO] [stderr]     Checking once_cell v1.18.0
[INFO] [stderr]     Checking zeroize v1.6.0
[INFO] [stderr]     Checking minimal-lexical v0.2.1
[INFO] [stderr]    Compiling unicode-xid v0.2.4
[INFO] [stderr]     Checking pem-rfc7468 v0.7.0
[INFO] [stderr]    Compiling vcpkg v0.2.15
[INFO] [stderr]    Compiling pkg-config v0.3.27
[INFO] [stderr]     Checking untrusted v0.7.1
[INFO] [stderr]    Compiling num-bigint v0.4.4
[INFO] [stderr]    Compiling num-iter v0.1.43
[INFO] [stderr]     Checking der v0.7.8
[INFO] [stderr]     Checking ppv-lite86 v0.2.17
[INFO] [stderr]    Compiling botan-src v0.30101.2
[INFO] [stderr]     Checking nom v7.1.3
[INFO] [stderr]    Compiling botan-sys v0.10.5
[INFO] [stderr]     Checking lazy_static v1.4.0
[INFO] [stderr]     Checking base64 v0.21.4
[INFO] [stderr]    Compiling num-bigint-dig v0.8.4
[INFO] [stderr]    Compiling oid-registry v0.6.1
[INFO] [stderr]     Checking byteorder v1.4.3
[INFO] [stderr]    Compiling quote v1.0.33
[INFO] [stderr]    Compiling openssl v0.10.57
[INFO] [stderr]     Checking smallvec v1.11.1
[INFO] [stderr]     Checking pem v3.0.2
[INFO] [stderr]     Checking getrandom v0.2.10
[INFO] [stderr]     Checking foreign-types-shared v0.1.1
[INFO] [stderr]    Compiling cc v1.0.83
[INFO] [stderr]    Compiling syn v2.0.37
[INFO] [stderr]     Checking rand_core v0.6.4
[INFO] [stderr]     Checking foreign-types v0.3.2
[INFO] [stderr]     Checking bitflags v2.4.0
[INFO] [stderr]     Checking subtle v2.5.0
[INFO] [stderr]     Checking data-encoding v2.4.0
[INFO] [stderr]     Checking rand_chacha v0.3.1
[INFO] [stderr]     Checking spki v0.7.2
[INFO] [stderr]     Checking pkcs8 v0.10.2
[INFO] [stderr]     Checking rand v0.8.5
[INFO] [stderr]     Checking pkcs1 v0.7.5
[INFO] [stderr]     Checking time v0.3.29
[INFO] [stderr]    Compiling ring v0.16.20
[INFO] [stderr]    Compiling openssl-sys v0.9.93
[INFO] [stderr]     Checking crypto-common v0.1.6
[INFO] [stderr]     Checking rusticata-macros v4.1.0
[INFO] [stderr]     Checking digest v0.10.7
[INFO] [stderr]     Checking signature v2.1.0
[INFO] [stderr]     Checking rsa v0.9.2
[INFO] [stderr]     Checking yasna v0.5.2
[INFO] [stderr] error: could not compile `syn` (lib)
[INFO] [stderr] 
[INFO] [stderr] Caused by:
[INFO] [stderr]   process didn't exit successfully: `/opt/rustwide/rustup-home/toolchains/nightly-2024-02-05-x86_64-unknown-linux-gnu/bin/rustc --crate-name syn --edition=2021 /opt/rustwide/cargo-home/registry/src/index.crates.io-6f17d22bba15001f/syn-2.0.37/src/lib.rs --error-format=json --json=diagnostic-rendered-ansi,artifacts,future-incompat --crate-type lib --emit=dep-info,metadata,link -C embed-bitcode=no --cfg 'feature="clone-impls"' --cfg 'feature="default"' --cfg 'feature="derive"' --cfg 'feature="full"' --cfg 'feature="parsing"' --cfg 'feature="printing"' --cfg 'feature="proc-macro"' --cfg 'feature="quote"' -C metadata=1cfa8e4cfbc623de -C extra-filename=-1cfa8e4cfbc623de --out-dir /opt/rustwide/target/debug/deps -L dependency=/opt/rustwide/target/debug/deps --extern proc_macro2=/opt/rustwide/target/debug/deps/libproc_macro2-0cefa4e6e2816f1a.rmeta --extern quote=/opt/rustwide/target/debug/deps/libquote-1d0d88fcf2b35c9e.rmeta --extern unicode_ident=/opt/rustwide/target/debug/deps/libunicode_ident-f8d62a079c79a15a.rmeta --cap-lints allow --cap-lints=forbid` (signal: 9, SIGKILL: kill)
[INFO] [stderr] warning: build failed, waiting for other jobs to finish...
[INFO] [stderr] error: could not compile `syn` (lib)
[INFO] [stderr] 
[INFO] [stderr] Caused by:
[INFO] [stderr]   process didn't exit successfully: `/opt/rustwide/rustup-home/toolchains/nightly-2024-02-05-x86_64-unknown-linux-gnu/bin/rustc --crate-name syn --edition=2018 /opt/rustwide/cargo-home/registry/src/index.crates.io-6f17d22bba15001f/syn-1.0.109/src/lib.rs --error-format=json --json=diagnostic-rendered-ansi,artifacts,future-incompat --crate-type lib --emit=dep-info,metadata,link -C embed-bitcode=no --cfg 'feature="clone-impls"' --cfg 'feature="default"' --cfg 'feature="derive"' --cfg 'feature="extra-traits"' --cfg 'feature="full"' --cfg 'feature="parsing"' --cfg 'feature="printing"' --cfg 'feature="proc-macro"' --cfg 'feature="quote"' --cfg 'feature="visit"' -C metadata=1a85bb4cd6d76816 -C extra-filename=-1a85bb4cd6d76816 --out-dir /opt/rustwide/target/debug/deps -L dependency=/opt/rustwide/target/debug/deps --extern proc_macro2=/opt/rustwide/target/debug/deps/libproc_macro2-0cefa4e6e2816f1a.rmeta --extern quote=/opt/rustwide/target/debug/deps/libquote-1d0d88fcf2b35c9e.rmeta --extern unicode_ident=/opt/rustwide/target/debug/deps/libunicode_ident-f8d62a079c79a15a.rmeta --cap-lints allow --cap-lints=forbid` (signal: 9, SIGKILL: kill)
[INFO] [stderr] error: failed to run custom build command for `botan-sys v0.10.5`
[INFO] [stderr] note: To improve backtraces for build dependencies, set the CARGO_PROFILE_DEV_BUILD_OVERRIDE_DEBUG=true environment variable to enable debug information generation.
[INFO] [stderr] 
[INFO] [stderr] Caused by:
[INFO] [stderr]   process didn't exit successfully: `/opt/rustwide/target/debug/build/botan-sys-2145b7200122b6f9/build-script-build` (exit status: 101)
[INFO] [stderr]   --- stdout
[INFO] [stderr]      INFO: configure.py invoked with options "--with-build-dir=/opt/rustwide/target/debug/build/botan-sys-1695b16cc53aa6c0/out/botan --build-targets=static --without-documentation --no-install-python-module --distribution-info=https://crates.io/crates/botan-src --with-debug-info"
[INFO] [stderr]      INFO: Configuring to build Botan 3.1.1 (revision unknown)
[INFO] [stderr]      INFO: Python version: "3.10.12 (main, Jun 11 2023, 05:26:28) [GCC 11.4.0]"
[INFO] [stderr]      INFO: Autodetected platform information: OS="Linux" machine="x86_64" proc="x86_64"
[INFO] [stderr]      INFO: Guessing target OS is linux (use --os to set)
[INFO] [stderr]      INFO: Guessing to use compiler gcc (use --cc or CXX to set)
[INFO] [stderr]      INFO: Guessing target processor is a x86_64 (use --cpu to set)
[INFO] [stderr]      INFO: Using /etc/ssl/certs/ca-certificates.crt as system certificate store
[INFO] [stderr]      INFO: Auto-detected compiler version gcc 11.4
[INFO] [stderr]      INFO: Auto-detected compiler arch x86_64
[INFO] [stderr]      INFO: Target is gcc:11.4-linux-x86_64
[INFO] [stderr]      INFO: Assuming target x86_64 is little endian
[INFO] [stderr]      INFO: Skipping (dependency failure): asio certstor_sqlite3 sessions_sqlite3
[INFO] [stderr]      INFO: Skipping (incompatible CPU): aes_armv8 aes_power8 sha1_armv8 sha2_32_armv8 shacal2_armv8 sm4_armv8
[INFO] [stderr]      INFO: Skipping (incompatible OS): certstor_system_macos certstor_system_windows commoncrypto win32_stats
[INFO] [stderr]      INFO: Skipping (no enabled compression schemes): compression
[INFO] [stderr]      INFO: Skipping (requires external dependency): boost bzip2 lzma sqlite3 tpm zlib
[INFO] [stderr]      INFO: Loading modules: adler32 aead aes aes_ni aes_vperm argon2 argon2_avx2 argon2_ssse3 argon2fmt aria asn1 auto_rng base base32 base58 base64 bcrypt bcrypt_pbkdf bigint blake2 blake2mac block blowfish camellia cascade cast128 cbc ccm certstor_flatfile certstor_sql certstor_system cfb chacha chacha20poly1305 chacha_avx2 chacha_avx512 chacha_rng chacha_simd32 checksum cmac comb4p cpuid crc24 crc32 cryptobox ctr curve25519 des dh dilithium dilithium_aes dilithium_common dl_algo dl_group dlies dsa dyn_load eax ec_group ec_h2c ecc_key ecdh ecdsa ecgdsa ecies eckcdsa ed25519 elgamal eme_oaep eme_pkcs1 eme_raw emsa_pkcs1 emsa_pssr emsa_raw emsa_x931 entropy fd_unix ffi filters fpe_fe1 gcm getentropy ghash ghash_cpu ghash_vperm gmac gost_28147 gost_3410 gost_3411 hash hash_id hex hkdf hmac hmac_drbg hotp http_util idea idea_sse2 iso9796 kdf kdf1 kdf1_iso18033 kdf2 keccak keypair kyber kyber_90s kyber_common lion locking_allocator mac mce md4 md5 mdx_hash mem_pool mgf1 mode_pad modes mp nist_keywrap noekeon noekeon_simd numbertheory ocb ofb par_hash passhash9 pbes2 pbkdf pbkdf2 pem pgp_s2k pk_pad pkcs11 poly1305 poly_dbl prf_tls prf_x942 processor_rng psk_db pubkey raw_hash rc4 rdseed rfc3394 rfc6979 rmd160 rng roughtime rsa salsa20 scrypt seed serpent serpent_avx2 serpent_avx512 serpent_simd sessions_sql sha1 sha1_sse2 sha1_x86 sha2_32 sha2_32_bmi2 sha2_32_x86 sha2_64 sha2_64_bmi2 sha3 sha3_bmi2 shacal2 shacal2_avx2 shacal2_simd shacal2_x86 shake shake_cipher simd simd_avx2 simd_avx512 siphash siv skein sm2 sm3 sm4 socket sodium sp800_108 sp800_56a sp800_56c sphincsplus_common sphincsplus_sha2 sphincsplus_shake srp6 stateful_rng stream streebog system_rng thread_utils threefish_512 tls tls12 tls13 tls_cbc trunc_hash tss twofish utils uuid whirlpool x509 x919_mac xmss xts zfec zfec_sse2 zfec_vperm
[INFO] [stderr]      INFO: Using symlink to link files into build dir (use --link-method to change)
[INFO] [stderr]      INFO: Botan 3.1.1 (revision unknown) (unreleased undated) build setup is complete
[INFO] [stderr]   g++  -fstack-protector -m64 -pthread -std=c++20 -D_REENTRANT  -g -O3 -DBOTAN_IS_BEING_BUILT -Wall -Wextra -Wpedantic -Wstrict-aliasing -Wcast-align -Wmissing-declarations -Wpointer-arith -Wcast-qual -Wzero-as-null-pointer-constant -Wnon-virtual-dtor -Wold-style-cast -Wsuggest-override -Wshadow -Wextra-semi  -I /opt/rustwide/target/debug/build/botan-sys-1695b16cc53aa6c0/out/botan/build/include -isystem /opt/rustwide/target/debug/build/botan-sys-1695b16cc53aa6c0/out/botan/build/include/external -c src/lib/asn1/alg_id.cpp -o /opt/rustwide/target/debug/build/botan-sys-1695b16cc53aa6c0/out/botan/build/obj/lib/asn1_alg_id.o
[INFO] [stderr]   g++  -fstack-protector -m64 -pthread -std=c++20 -D_REENTRANT  -g -O3 -DBOTAN_IS_BEING_BUILT -Wall -Wextra -Wpedantic -Wstrict-aliasing -Wcast-align -Wmissing-declarations -Wpointer-arith -Wcast-qual -Wzero-as-null-pointer-constant -Wnon-virtual-dtor -Wold-style-cast -Wsuggest-override -Wshadow -Wextra-semi  -I /opt/rustwide/target/debug/build/botan-sys-1695b16cc53aa6c0/out/botan/build/include -isystem /opt/rustwide/target/debug/build/botan-sys-1695b16cc53aa6c0/out/botan/build/include/external -c src/lib/asn1/asn1_obj.cpp -o /opt/rustwide/target/debug/build/botan-sys-1695b16cc53aa6c0/out/botan/build/obj/lib/asn1_obj.o
[INFO] [stderr]   g++  -fstack-protector -m64 -pthread -std=c++20 -D_REENTRANT  -g -O3 -DBOTAN_IS_BEING_BUILT -Wall -Wextra -Wpedantic -Wstrict-aliasing -Wcast-align -Wmissing-declarations -Wpointer-arith -Wcast-qual -Wzero-as-null-pointer-constant -Wnon-virtual-dtor -Wold-style-cast -Wsuggest-override -Wshadow -Wextra-semi  -I /opt/rustwide/target/debug/build/botan-sys-1695b16cc53aa6c0/out/botan/build/include -isystem /opt/rustwide/target/debug/build/botan-sys-1695b16cc53aa6c0/out/botan/build/include/external -c src/lib/asn1/asn1_oid.cpp -o /opt/rustwide/target/debug/build/botan-sys-1695b16cc53aa6c0/out/botan/build/obj/lib/asn1_oid.o
[INFO] [stderr]   g++  -fstack-protector -m64 -pthread -std=c++20 -D_REENTRANT  -g -O3 -DBOTAN_IS_BEING_BUILT -Wall -Wextra -Wpedantic -Wstrict-aliasing -Wcast-align -Wmissing-declarations -Wpointer-arith -Wcast-qual -Wzero-as-null-pointer-constant -Wnon-virtual-dtor -Wold-style-cast -Wsuggest-override -Wshadow -Wextra-semi  -I /opt/rustwide/target/debug/build/botan-sys-1695b16cc53aa6c0/out/botan/build/include -isystem /opt/rustwide/target/debug/build/botan-sys-1695b16cc53aa6c0/out/botan/build/include/external -c src/lib/asn1/asn1_print.cpp -o /opt/rustwide/target/debug/build/botan-sys-1695b16cc53aa6c0/out/botan/build/obj/lib/asn1_print.o
[INFO] [stderr]   g++  -fstack-protector -m64 -pthread -std=c++20 -D_REENTRANT  -g -O3 -DBOTAN_IS_BEING_BUILT -Wall -Wextra -Wpedantic -Wstrict-aliasing -Wcast-align -Wmissing-declarations -Wpointer-arith -Wcast-qual -Wzero-as-null-pointer-constant -Wnon-virtual-dtor -Wold-style-cast -Wsuggest-override -Wshadow -Wextra-semi  -I /opt/rustwide/target/debug/build/botan-sys-1695b16cc53aa6c0/out/botan/build/include -isystem /opt/rustwide/target/debug/build/botan-sys-1695b16cc53aa6c0/out/botan/build/include/external -c src/lib/asn1/asn1_str.cpp -o /opt/rustwide/target/debug/build/botan-sys-1695b16cc53aa6c0/out/botan/build/obj/lib/asn1_str.o
[INFO] [stderr]   g++  -fstack-protector -m64 -pthread -std=c++20 -D_REENTRANT  -g -O3 -DBOTAN_IS_BEING_BUILT -Wall -Wextra -Wpedantic -Wstrict-aliasing -Wcast-align -Wmissing-declarations -Wpointer-arith -Wcast-qual -Wzero-as-null-pointer-constant -Wnon-virtual-dtor -Wold-style-cast -Wsuggest-override -Wshadow -Wextra-semi  -I /opt/rustwide/target/debug/build/botan-sys-1695b16cc53aa6c0/out/botan/build/include -isystem /opt/rustwide/target/debug/build/botan-sys-1695b16cc53aa6c0/out/botan/build/include/external -c src/lib/asn1/asn1_time.cpp -o /opt/rustwide/target/debug/build/botan-sys-1695b16cc53aa6c0/out/botan/build/obj/lib/asn1_time.o
[INFO] [stderr]   g++  -fstack-protector -m64 -pthread -std=c++20 -D_REENTRANT  -g -O3 -DBOTAN_IS_BEING_BUILT -Wall -Wextra -Wpedantic -Wstrict-aliasing -Wcast-align -Wmissing-declarations -Wpointer-arith -Wcast-qual -Wzero-as-null-pointer-constant -Wnon-virtual-dtor -Wold-style-cast -Wsuggest-override -Wshadow -Wextra-semi  -I /opt/rustwide/target/debug/build/botan-sys-1695b16cc53aa6c0/out/botan/build/include -isystem /opt/rustwide/target/debug/build/botan-sys-1695b16cc53aa6c0/out/botan/build/include/external -c src/lib/asn1/ber_dec.cpp -o /opt/rustwide/target/debug/build/botan-sys-1695b16cc53aa6c0/out/botan/build/obj/lib/asn1_ber_dec.o
[INFO] [stderr]   g++  -fstack-protector -m64 -pthread -std=c++20 -D_REENTRANT  -g -O3 -DBOTAN_IS_BEING_BUILT -Wall -Wextra -Wpedantic -Wstrict-aliasing -Wcast-align -Wmissing-declarations -Wpointer-arith -Wcast-qual -Wzero-as-null-pointer-constant -Wnon-virtual-dtor -Wold-style-cast -Wsuggest-override -Wshadow -Wextra-semi  -I /opt/rustwide/target/debug/build/botan-sys-1695b16cc53aa6c0/out/botan/build/include -isystem /opt/rustwide/target/debug/build/botan-sys-1695b16cc53aa6c0/out/botan/build/include/external -c src/lib/asn1/der_enc.cpp -o /opt/rustwide/target/debug/build/botan-sys-1695b16cc53aa6c0/out/botan/build/obj/lib/asn1_der_enc.o
[INFO] [stderr]   g++  -fstack-protector -m64 -pthread -std=c++20 -D_REENTRANT  -g -O3 -DBOTAN_IS_BEING_BUILT -Wall -Wextra -Wpedantic -Wstrict-aliasing -Wcast-align -Wmissing-declarations -Wpointer-arith -Wcast-qual -Wzero-as-null-pointer-constant -Wnon-virtual-dtor -Wold-style-cast -Wsuggest-override -Wshadow -Wextra-semi  -I /opt/rustwide/target/debug/build/botan-sys-1695b16cc53aa6c0/out/botan/build/include -isystem /opt/rustwide/target/debug/build/botan-sys-1695b16cc53aa6c0/out/botan/build/include/external -c src/lib/asn1/oid_map.cpp -o /opt/rustwide/target/debug/build/botan-sys-1695b16cc53aa6c0/out/botan/build/obj/lib/asn1_oid_map.o
[INFO] [stderr]   g++  -fstack-protector -m64 -pthread -std=c++20 -D_REENTRANT  -g -O3 -DBOTAN_IS_BEING_BUILT -Wall -Wextra -Wpedantic -Wstrict-aliasing -Wcast-align -Wmissing-declarations -Wpointer-arith -Wcast-qual -Wzero-as-null-pointer-constant -Wnon-virtual-dtor -Wold-style-cast -Wsuggest-override -Wshadow -Wextra-semi  -I /opt/rustwide/target/debug/build/botan-sys-1695b16cc53aa6c0/out/botan/build/include -isystem /opt/rustwide/target/debug/build/botan-sys-1695b16cc53aa6c0/out/botan/build/include/external -c src/lib/asn1/oid_maps.cpp -o /opt/rustwide/target/debug/build/botan-sys-1695b16cc53aa6c0/out/botan/build/obj/lib/asn1_oid_maps.o
[INFO] [stderr]   g++  -fstack-protector -m64 -pthread -std=c++20 -D_REENTRANT  -g -O3 -DBOTAN_IS_BEING_BUILT -Wall -Wextra -Wpedantic -Wstrict-aliasing -Wcast-align -Wmissing-declarations -Wpointer-arith -Wcast-qual -Wzero-as-null-pointer-constant -Wnon-virtual-dtor -Wold-style-cast -Wsuggest-override -Wshadow -Wextra-semi  -I /opt/rustwide/target/debug/build/botan-sys-1695b16cc53aa6c0/out/botan/build/include -isystem /opt/rustwide/target/debug/build/botan-sys-1695b16cc53aa6c0/out/botan/build/include/external -c src/lib/asn1/oids.cpp -o /opt/rustwide/target/debug/build/botan-sys-1695b16cc53aa6c0/out/botan/build/obj/lib/asn1_oids.o
[INFO] [stderr]   g++  -fstack-protector -m64 -pthread -std=c++20 -D_REENTRANT  -g -O3 -DBOTAN_IS_BEING_BUILT -Wall -Wextra -Wpedantic -Wstrict-aliasing -Wcast-align -Wmissing-declarations -Wpointer-arith -Wcast-qual -Wzero-as-null-pointer-constant -Wnon-virtual-dtor -Wold-style-cast -Wsuggest-override -Wshadow -Wextra-semi  -I /opt/rustwide/target/debug/build/botan-sys-1695b16cc53aa6c0/out/botan/build/include -isystem /opt/rustwide/target/debug/build/botan-sys-1695b16cc53aa6c0/out/botan/build/include/external -c src/lib/asn1/pss_params.cpp -o /opt/rustwide/target/debug/build/botan-sys-1695b16cc53aa6c0/out/botan/build/obj/lib/asn1_pss_params.o
[INFO] [stderr]   g++  -fstack-protector -m64 -pthread -std=c++20 -D_REENTRANT  -g -O3 -DBOTAN_IS_BEING_BUILT -Wall -Wextra -Wpedantic -Wstrict-aliasing -Wcast-align -Wmissing-declarations -Wpointer-arith -Wcast-qual -Wzero-as-null-pointer-constant -Wnon-virtual-dtor -Wold-style-cast -Wsuggest-override -Wshadow -Wextra-semi  -I /opt/rustwide/target/debug/build/botan-sys-1695b16cc53aa6c0/out/botan/build/include -isystem /opt/rustwide/target/debug/build/botan-sys-1695b16cc53aa6c0/out/botan/build/include/external -c src/lib/base/buf_comp.cpp -o /opt/rustwide/target/debug/build/botan-sys-1695b16cc53aa6c0/out/botan/build/obj/lib/base_buf_comp.o
[INFO] [stderr]   g++  -fstack-protector -m64 -pthread -std=c++20 -D_REENTRANT  -g -O3 -DBOTAN_IS_BEING_BUILT -Wall -Wextra -Wpedantic -Wstrict-aliasing -Wcast-align -Wmissing-declarations -Wpointer-arith -Wcast-qual -Wzero-as-null-pointer-constant -Wnon-virtual-dtor -Wold-style-cast -Wsuggest-override -Wshadow -Wextra-semi  -I /opt/rustwide/target/debug/build/botan-sys-1695b16cc53aa6c0/out/botan/build/include -isystem /opt/rustwide/target/debug/build/botan-sys-1695b16cc53aa6c0/out/botan/build/include/external -c src/lib/base/sym_algo.cpp -o /opt/rustwide/target/debug/build/botan-sys-1695b16cc53aa6c0/out/botan/build/obj/lib/base_sym_algo.o
[INFO] [stderr]   g++  -fstack-protector -m64 -pthread -std=c++20 -D_REENTRANT  -g -O3 -DBOTAN_IS_BEING_BUILT -Wall -Wextra -Wpedantic -Wstrict-aliasing -Wcast-align -Wmissing-declarations -Wpointer-arith -Wcast-qual -Wzero-as-null-pointer-constant -Wnon-virtual-dtor -Wold-style-cast -Wsuggest-override -Wshadow -Wextra-semi  -I /opt/rustwide/target/debug/build/botan-sys-1695b16cc53aa6c0/out/botan/build/include -isystem /opt/rustwide/target/debug/build/botan-sys-1695b16cc53aa6c0/out/botan/build/include/external -c src/lib/base/symkey.cpp -o /opt/rustwide/target/debug/build/botan-sys-1695b16cc53aa6c0/out/botan/build/obj/lib/base_symkey.o
[INFO] [stderr] 
[INFO] [stderr]   --- stderr
[INFO] [stderr]   g++: fatal error: Killed signal terminated program cc1plus
[INFO] [stderr]   compilation terminated.
[INFO] [stderr]   make: *** [/opt/rustwide/target/debug/build/botan-sys-1695b16cc53aa6c0/out/botan/Makefile:129: /opt/rustwide/target/debug/build/botan-sys-1695b16cc53aa6c0/out/botan/build/obj/lib/asn1_oid_maps.o] Error 1
[INFO] [stderr]   make: *** Waiting for unfinished jobs....
[INFO] [stderr]   thread 'main' panicked at /opt/rustwide/cargo-home/registry/src/index.crates.io-6f17d22bba15001f/botan-src-0.30101.2/src/lib.rs:135:9:
[INFO] [stderr]   make terminated unsuccessfully
[INFO] [stderr]   stack backtrace:
[INFO] [stderr]      0:     0x55abb84f8436 - std::backtrace_rs::backtrace::libunwind::trace::heebc7766b165eb2a
[INFO] [stderr]                                  at /rustc/268dbbbc4b3fd71c5f360a4d0728295252430b5b/library/std/src/../../backtrace/src/backtrace/libunwind.rs:104:5
[INFO] [stderr]      1:     0x55abb84f8436 - std::backtrace_rs::backtrace::trace_unsynchronized::ha677020d8fc0296d
[INFO] [stderr]                                  at /rustc/268dbbbc4b3fd71c5f360a4d0728295252430b5b/library/std/src/../../backtrace/src/backtrace/mod.rs:66:5
[INFO] [stderr]      2:     0x55abb84f8436 - std::sys_common::backtrace::_print_fmt::hcaff2fd86a1aeaa3
[INFO] [stderr]                                  at /rustc/268dbbbc4b3fd71c5f360a4d0728295252430b5b/library/std/src/sys_common/backtrace.rs:68:5
[INFO] [stderr]      3:     0x55abb84f8436 - <std::sys_common::backtrace::_print::DisplayBacktrace as core::fmt::Display>::fmt::hc2446d8aa0059188
[INFO] [stderr]                                  at /rustc/268dbbbc4b3fd71c5f360a4d0728295252430b5b/library/std/src/sys_common/backtrace.rs:44:22
[INFO] [stderr]      4:     0x55abb851ac80 - core::fmt::rt::Argument::fmt::h2fbb6454da37999b
[INFO] [stderr]                                  at /rustc/268dbbbc4b3fd71c5f360a4d0728295252430b5b/library/core/src/fmt/rt.rs:142:9
[INFO] [stderr]      5:     0x55abb851ac80 - core::fmt::write::had96bdeda7d49d3a
[INFO] [stderr]                                  at /rustc/268dbbbc4b3fd71c5f360a4d0728295252430b5b/library/core/src/fmt/mod.rs:1120:17
[INFO] [stderr]      6:     0x55abb84f634f - std::io::Write::write_fmt::h30b1f36eea05b391
[INFO] [stderr]                                  at /rustc/268dbbbc4b3fd71c5f360a4d0728295252430b5b/library/std/src/io/mod.rs:1849:15
[INFO] [stderr]      7:     0x55abb84f8214 - std::sys_common::backtrace::_print::hc333bb91ae972137
[INFO] [stderr]                                  at /rustc/268dbbbc4b3fd71c5f360a4d0728295252430b5b/library/std/src/sys_common/backtrace.rs:47:5
[INFO] [stderr]      8:     0x55abb84f8214 - std::sys_common::backtrace::print::h18fd3c71a95a3169
[INFO] [stderr]                                  at /rustc/268dbbbc4b3fd71c5f360a4d0728295252430b5b/library/std/src/sys_common/backtrace.rs:34:9
[INFO] [stderr]      9:     0x55abb84f9907 - std::panicking::default_hook::{{closure}}::ha3473f9bcb4e9a37
[INFO] [stderr]     10:     0x55abb84f9669 - std::panicking::default_hook::h23d9d43185db6584
[INFO] [stderr]                                  at /rustc/268dbbbc4b3fd71c5f360a4d0728295252430b5b/library/std/src/panicking.rs:292:9
[INFO] [stderr]     11:     0x55abb84f9d98 - std::panicking::rust_panic_with_hook::h94aceaa7df3a6edd
[INFO] [stderr]                                  at /rustc/268dbbbc4b3fd71c5f360a4d0728295252430b5b/library/std/src/panicking.rs:781:13
[INFO] [stderr]     12:     0x55abb84f9c39 - std::panicking::begin_panic_handler::{{closure}}::h9905d45d1d82fc42
[INFO] [stderr]                                  at /rustc/268dbbbc4b3fd71c5f360a4d0728295252430b5b/library/std/src/panicking.rs:651:13
[INFO] [stderr]     13:     0x55abb84f8936 - std::sys_common::backtrace::__rust_end_short_backtrace::hb02085545dc143b9
[INFO] [stderr]                                  at /rustc/268dbbbc4b3fd71c5f360a4d0728295252430b5b/library/std/src/sys_common/backtrace.rs:171:18
[INFO] [stderr]     14:     0x55abb84f99c4 - rust_begin_unwind
[INFO] [stderr]                                  at /rustc/268dbbbc4b3fd71c5f360a4d0728295252430b5b/library/std/src/panicking.rs:647:5
[INFO] [stderr]     15:     0x55abb84ce295 - core::panicking::panic_fmt::h6dca3983f8a9f4d0
[INFO] [stderr]                                  at /rustc/268dbbbc4b3fd71c5f360a4d0728295252430b5b/library/core/src/panicking.rs:72:14
[INFO] [stderr]     16:     0x55abb84d7a88 - botan_src::make::hefc5de371ad52deb
[INFO] [stderr]     17:     0x55abb84d7ee6 - botan_src::build::h57421952660cb4d7
[INFO] [stderr]     18:     0x55abb84cfde5 - build_script_build::main::h5bdbf85504d41abd
[INFO] [stderr]     19:     0x55abb84cf163 - core::ops::function::FnOnce::call_once::h4367fc0d21070758
[INFO] [stderr]     20:     0x55abb84cedc6 - std::sys_common::backtrace::__rust_begin_short_backtrace::hf9821a24ec436363
[INFO] [stderr]     21:     0x55abb84cee19 - std::rt::lang_start::{{closure}}::hc27658474e136ae4
[INFO] [stderr]     22:     0x55abb84f2b61 - core::ops::function::impls::<impl core::ops::function::FnOnce<A> for &F>::call_once::h298d8ff12ebcec8c
[INFO] [stderr]                                  at /rustc/268dbbbc4b3fd71c5f360a4d0728295252430b5b/library/core/src/ops/function.rs:284:13
[INFO] [stderr]     23:     0x55abb84f2b61 - std::panicking::try::do_call::hbd0ffb05da5bd343
[INFO] [stderr]                                  at /rustc/268dbbbc4b3fd71c5f360a4d0728295252430b5b/library/std/src/panicking.rs:554:40
[INFO] [stderr]     24:     0x55abb84f2b61 - std::panicking::try::h11c9a152defd5d2a
[INFO] [stderr]                                  at /rustc/268dbbbc4b3fd71c5f360a4d0728295252430b5b/library/std/src/panicking.rs:518:19
[INFO] [stderr]     25:     0x55abb84f2b61 - std::panic::catch_unwind::h0d6db2fa902b4d64
[INFO] [stderr]                                  at /rustc/268dbbbc4b3fd71c5f360a4d0728295252430b5b/library/std/src/panic.rs:142:14
[INFO] [stderr]     26:     0x55abb84f2b61 - std::rt::lang_start_internal::{{closure}}::hdcc09b4aad7ef821
[INFO] [stderr]                                  at /rustc/268dbbbc4b3fd71c5f360a4d0728295252430b5b/library/std/src/rt.rs:148:48
[INFO] [stderr]     27:     0x55abb84f2b61 - std::panicking::try::do_call::h3ffd2f162d60900f
[INFO] [stderr]                                  at /rustc/268dbbbc4b3fd71c5f360a4d0728295252430b5b/library/std/src/panicking.rs:554:40
[INFO] [stderr]     28:     0x55abb84f2b61 - std::panicking::try::heeba82b9c3e190fb
[INFO] [stderr]                                  at /rustc/268dbbbc4b3fd71c5f360a4d0728295252430b5b/library/std/src/panicking.rs:518:19
[INFO] [stderr]     29:     0x55abb84f2b61 - std::panic::catch_unwind::hdaab8f1c188f387f
[INFO] [stderr]                                  at /rustc/268dbbbc4b3fd71c5f360a4d0728295252430b5b/library/std/src/panic.rs:142:14
[INFO] [stderr]     30:     0x55abb84f2b61 - std::rt::lang_start_internal::h9989e088c48b7903
[INFO] [stderr]                                  at /rustc/268dbbbc4b3fd71c5f360a4d0728295252430b5b/library/std/src/rt.rs:148:20
[INFO] [stderr]     31:     0x55abb84cedf7 - std::rt::lang_start::hda204298baaf66d5
[INFO] [stderr]     32:     0x55abb84d01c5 - main
[INFO] [stderr]     33:     0x7fa8dfe88d90 - <unknown>
[INFO] [stderr]     34:     0x7fa8dfe88e40 - __libc_start_main
[INFO] [stderr]     35:     0x55abb84ceab5 - _start
[INFO] [stderr]     36:                0x0 - <unknown>
[INFO] running `Command { std: "docker" "inspect" "33ed3f36549ebeff073e702d2b1f070f80d8d290bc7045ff14d8e2e1be72ab1d", kill_on_drop: false }`
[INFO] running `Command { std: "docker" "rm" "-f" "33ed3f36549ebeff073e702d2b1f070f80d8d290bc7045ff14d8e2e1be72ab1d", kill_on_drop: false }`
[INFO] [stdout] 33ed3f36549ebeff073e702d2b1f070f80d8d290bc7045ff14d8e2e1be72ab1d
