[INFO] fetching crate rbl_circular_buffer 0.1.2...
[INFO] checking rbl_circular_buffer-0.1.2 against nightly-2024-02-05 for check-cfg
[INFO] extracting crate rbl_circular_buffer 0.1.2 into /workspace/builds/worker-5-tc1/source
[INFO] validating manifest of crates.io crate rbl_circular_buffer 0.1.2 on toolchain nightly-2024-02-05
[INFO] running `Command { std: CARGO_HOME="/workspace/cargo-home" RUSTUP_HOME="/workspace/rustup-home" "/workspace/cargo-home/bin/cargo" "+nightly-2024-02-05" "metadata" "--manifest-path" "Cargo.toml" "--no-deps", kill_on_drop: false }`
[INFO] started tweaking crates.io crate rbl_circular_buffer 0.1.2
[INFO] finished tweaking crates.io crate rbl_circular_buffer 0.1.2
[INFO] tweaked toml for crates.io crate rbl_circular_buffer 0.1.2 written to /workspace/builds/worker-5-tc1/source/Cargo.toml
[INFO] running `Command { std: CARGO_HOME="/workspace/cargo-home" RUSTUP_HOME="/workspace/rustup-home" "/workspace/cargo-home/bin/cargo" "+nightly-2024-02-05" "generate-lockfile" "--manifest-path" "Cargo.toml", kill_on_drop: false }`
[INFO] [stderr]     Updating crates.io index
[INFO] running `Command { std: CARGO_HOME="/workspace/cargo-home" RUSTUP_HOME="/workspace/rustup-home" "/workspace/cargo-home/bin/cargo" "+nightly-2024-02-05" "fetch" "--manifest-path" "Cargo.toml", kill_on_drop: false }`
[INFO] running `Command { std: "docker" "create" "-v" "/var/lib/crater-agent-workspace/builds/worker-5-tc1/target:/opt/rustwide/target:rw,Z" "-v" "/var/lib/crater-agent-workspace/builds/worker-5-tc1/source:/opt/rustwide/workdir:ro,Z" "-v" "/var/lib/crater-agent-workspace/cargo-home:/opt/rustwide/cargo-home:ro,Z" "-v" "/var/lib/crater-agent-workspace/rustup-home:/opt/rustwide/rustup-home:ro,Z" "-e" "SOURCE_DIR=/opt/rustwide/workdir" "-e" "CARGO_TARGET_DIR=/opt/rustwide/target" "-e" "CARGO_HOME=/opt/rustwide/cargo-home" "-e" "RUSTUP_HOME=/opt/rustwide/rustup-home" "-w" "/opt/rustwide/workdir" "-m" "1610612736" "--user" "0:0" "--network" "none" "ghcr.io/rust-lang/crates-build-env/linux@sha256:2788e3201cd34a07e3172128adcd8b3090168a8e3bcc40d7c032b9dda1df7d1c" "/opt/rustwide/cargo-home/bin/cargo" "+nightly-2024-02-05" "metadata" "--no-deps" "--format-version=1", kill_on_drop: false }`
[INFO] [stdout] 0d3b3aaa8bf66b5fb954e3b5f41db71cb4829495ceed0c6fc67c98357cdc4b5c
[INFO] running `Command { std: "docker" "start" "-a" "0d3b3aaa8bf66b5fb954e3b5f41db71cb4829495ceed0c6fc67c98357cdc4b5c", kill_on_drop: false }`
[INFO] running `Command { std: "docker" "inspect" "0d3b3aaa8bf66b5fb954e3b5f41db71cb4829495ceed0c6fc67c98357cdc4b5c", kill_on_drop: false }`
[INFO] running `Command { std: "docker" "rm" "-f" "0d3b3aaa8bf66b5fb954e3b5f41db71cb4829495ceed0c6fc67c98357cdc4b5c", kill_on_drop: false }`
[INFO] [stdout] 0d3b3aaa8bf66b5fb954e3b5f41db71cb4829495ceed0c6fc67c98357cdc4b5c
[INFO] running `Command { std: "docker" "create" "-v" "/var/lib/crater-agent-workspace/builds/worker-5-tc1/target:/opt/rustwide/target:rw,Z" "-v" "/var/lib/crater-agent-workspace/builds/worker-5-tc1/source:/opt/rustwide/workdir:ro,Z" "-v" "/var/lib/crater-agent-workspace/cargo-home:/opt/rustwide/cargo-home:ro,Z" "-v" "/var/lib/crater-agent-workspace/rustup-home:/opt/rustwide/rustup-home:ro,Z" "-e" "SOURCE_DIR=/opt/rustwide/workdir" "-e" "CARGO_TARGET_DIR=/opt/rustwide/target" "-e" "CARGO_INCREMENTAL=0" "-e" "RUST_BACKTRACE=full" "-e" "RUSTFLAGS=--cap-lints=forbid" "-e" "RUSTDOCFLAGS=--cap-lints=forbid" "-e" "CARGO_HOME=/opt/rustwide/cargo-home" "-e" "RUSTUP_HOME=/opt/rustwide/rustup-home" "-w" "/opt/rustwide/workdir" "-m" "1610612736" "--user" "0:0" "--network" "none" "ghcr.io/rust-lang/crates-build-env/linux@sha256:2788e3201cd34a07e3172128adcd8b3090168a8e3bcc40d7c032b9dda1df7d1c" "/opt/rustwide/cargo-home/bin/cargo" "+nightly-2024-02-05" "check" "--frozen" "--all" "--all-targets" "--message-format=json", kill_on_drop: false }`
[INFO] [stdout] 2d580870662e103ca433291da63b1e7168f6dd8855dde4abc98d5d90389d5a27
[INFO] running `Command { std: "docker" "start" "-a" "2d580870662e103ca433291da63b1e7168f6dd8855dde4abc98d5d90389d5a27", kill_on_drop: false }`
[INFO] [stderr]    Compiling crossbeam-utils v0.8.19
[INFO] [stderr]    Compiling rustix v0.38.31
[INFO] [stderr]     Checking linux-raw-sys v0.4.13
[INFO] [stderr]    Compiling rayon-core v1.12.1
[INFO] [stderr]    Compiling rand v0.6.5
[INFO] [stderr]     Checking regex-syntax v0.8.2
[INFO] [stderr]     Checking plotters-backend v0.3.5
[INFO] [stderr]     Checking fastrand v2.0.1
[INFO] [stderr]     Checking unicode-width v0.1.11
[INFO] [stderr]     Checking wait-timeout v0.2.0
[INFO] [stderr]     Checking csv-core v0.1.11
[INFO] [stderr]     Checking cast v0.3.0
[INFO] [stderr]     Checking same-file v1.0.6
[INFO] [stderr]     Checking half v1.8.2
[INFO] [stderr]     Checking bit-vec v0.6.3
[INFO] [stderr]     Checking tinytemplate v1.2.1
[INFO] [stderr]     Checking textwrap v0.11.0
[INFO] [stderr]     Checking walkdir v2.4.0
[INFO] [stderr]     Checking atty v0.2.14
[INFO] [stderr]     Checking oorandom v11.1.3
[INFO] [stderr]     Checking csv v1.3.0
[INFO] [stderr]     Checking byteorder v1.5.0
[INFO] [stderr]     Checking criterion-plot v0.4.5
[INFO] [stderr]     Checking clap v2.34.0
[INFO] [stderr]     Checking bit-set v0.5.3
[INFO] [stderr]     Checking rbl_circular_buffer v0.1.2 (/opt/rustwide/workdir)
[INFO] [stderr]     Checking serde_cbor v0.11.2
[INFO] [stderr]     Checking plotters-svg v0.3.5
[INFO] [stderr]     Checking plotters v0.3.5
[INFO] [stderr]     Checking crossbeam-epoch v0.9.18
[INFO] [stderr]     Checking crossbeam-deque v0.8.5
[INFO] [stderr]     Checking regex-automata v0.4.5
[INFO] [stderr]     Checking rayon v1.8.1
[INFO] [stderr]     Checking tempfile v3.10.0
[INFO] [stderr]     Checking rusty-fork v0.2.2
[INFO] [stderr]     Checking proptest v0.9.6
[INFO] [stderr]     Checking regex v1.10.3
[INFO] [stderr]     Checking criterion v0.3.6
[INFO] [stdout] error[E0599]: no method named `fast_fill` found for struct `rbl_circular_buffer::CircularBuffer` in the current scope
[INFO] [stdout]   --> benches/fast_fill_vs_fill_by_hand.rs:16:12
[INFO] [stdout]    |
[INFO] [stdout] 16 |         t1.fast_fill(&mut d);
[INFO] [stdout]    |            ^^^^^^^^^ help: there is a method with a similar name: `_fast_fill`
[INFO] [stdout] 
[INFO] [stdout] 
[INFO] [stdout] error: aborting due to 1 previous error
[INFO] [stdout] 
[INFO] [stdout] 
[INFO] [stdout] For more information about this error, try `rustc --explain E0599`.
[INFO] [stdout] 
[INFO] [stdout] error[E0599]: no method named `fast_fill` found for struct `rbl_circular_buffer::CircularBuffer` in the current scope
[INFO] [stdout]   --> benches/fast_fill_vs_fill.rs:30:40
[INFO] [stdout]    |
[INFO] [stdout] 30 |                 bencher.iter(|| buffer.fast_fill(&mut drainer));
[INFO] [stdout]    |                                        ^^^^^^^^^ help: there is a method with a similar name: `_fast_fill`
[INFO] [stdout] 
[INFO] [stdout] 
[INFO] [stderr] error: could not compile `rbl_circular_buffer` (bench "fast_fill_vs_fill_by_hand") due to 2 previous errors
[INFO] [stderr] warning: build failed, waiting for other jobs to finish...
[INFO] [stdout] error: aborting due to 1 previous error
[INFO] [stdout] 
[INFO] [stdout] 
[INFO] [stdout] For more information about this error, try `rustc --explain E0599`.
[INFO] [stdout] 
[INFO] [stderr] error: could not compile `rbl_circular_buffer` (bench "fast_fill_vs_fill") due to 2 previous errors
[INFO] running `Command { std: "docker" "inspect" "2d580870662e103ca433291da63b1e7168f6dd8855dde4abc98d5d90389d5a27", kill_on_drop: false }`
[INFO] running `Command { std: "docker" "rm" "-f" "2d580870662e103ca433291da63b1e7168f6dd8855dde4abc98d5d90389d5a27", kill_on_drop: false }`
[INFO] [stdout] 2d580870662e103ca433291da63b1e7168f6dd8855dde4abc98d5d90389d5a27
[INFO] checking rbl_circular_buffer-0.1.2 against nightly-2024-02-05+rustflags=-Dunexpected_cfgs+cargoflags=-Zcheck-cfg for check-cfg
[INFO] extracting crate rbl_circular_buffer 0.1.2 into /workspace/builds/worker-5-tc2/source
[INFO] validating manifest of crates.io crate rbl_circular_buffer 0.1.2 on toolchain nightly-2024-02-05
[INFO] running `Command { std: CARGO_HOME="/workspace/cargo-home" RUSTUP_HOME="/workspace/rustup-home" "/workspace/cargo-home/bin/cargo" "+nightly-2024-02-05" "metadata" "--manifest-path" "Cargo.toml" "--no-deps", kill_on_drop: false }`
[INFO] started tweaking crates.io crate rbl_circular_buffer 0.1.2
[INFO] finished tweaking crates.io crate rbl_circular_buffer 0.1.2
[INFO] tweaked toml for crates.io crate rbl_circular_buffer 0.1.2 written to /workspace/builds/worker-5-tc2/source/Cargo.toml
[INFO] running `Command { std: CARGO_HOME="/workspace/cargo-home" RUSTUP_HOME="/workspace/rustup-home" "/workspace/cargo-home/bin/cargo" "+nightly-2024-02-05" "generate-lockfile" "--manifest-path" "Cargo.toml", kill_on_drop: false }`
[INFO] [stderr]     Updating crates.io index
[INFO] running `Command { std: CARGO_HOME="/workspace/cargo-home" RUSTUP_HOME="/workspace/rustup-home" "/workspace/cargo-home/bin/cargo" "+nightly-2024-02-05" "fetch" "--manifest-path" "Cargo.toml", kill_on_drop: false }`
[INFO] running `Command { std: "docker" "create" "-v" "/var/lib/crater-agent-workspace/builds/worker-5-tc2/target:/opt/rustwide/target:rw,Z" "-v" "/var/lib/crater-agent-workspace/builds/worker-5-tc2/source:/opt/rustwide/workdir:ro,Z" "-v" "/var/lib/crater-agent-workspace/cargo-home:/opt/rustwide/cargo-home:ro,Z" "-v" "/var/lib/crater-agent-workspace/rustup-home:/opt/rustwide/rustup-home:ro,Z" "-e" "SOURCE_DIR=/opt/rustwide/workdir" "-e" "CARGO_TARGET_DIR=/opt/rustwide/target" "-e" "CARGO_HOME=/opt/rustwide/cargo-home" "-e" "RUSTUP_HOME=/opt/rustwide/rustup-home" "-w" "/opt/rustwide/workdir" "-m" "1610612736" "--user" "0:0" "--network" "none" "ghcr.io/rust-lang/crates-build-env/linux@sha256:2788e3201cd34a07e3172128adcd8b3090168a8e3bcc40d7c032b9dda1df7d1c" "/opt/rustwide/cargo-home/bin/cargo" "+nightly-2024-02-05" "metadata" "--no-deps" "--format-version=1", kill_on_drop: false }`
[INFO] [stdout] f1582411db556d385d68129ed61aedf0e743a922d87117470ef88ec158c80cc8
[INFO] running `Command { std: "docker" "start" "-a" "f1582411db556d385d68129ed61aedf0e743a922d87117470ef88ec158c80cc8", kill_on_drop: false }`
[INFO] running `Command { std: "docker" "inspect" "f1582411db556d385d68129ed61aedf0e743a922d87117470ef88ec158c80cc8", kill_on_drop: false }`
[INFO] running `Command { std: "docker" "rm" "-f" "f1582411db556d385d68129ed61aedf0e743a922d87117470ef88ec158c80cc8", kill_on_drop: false }`
[INFO] [stdout] f1582411db556d385d68129ed61aedf0e743a922d87117470ef88ec158c80cc8
[INFO] running `Command { std: "docker" "create" "-v" "/var/lib/crater-agent-workspace/builds/worker-5-tc2/target:/opt/rustwide/target:rw,Z" "-v" "/var/lib/crater-agent-workspace/builds/worker-5-tc2/source:/opt/rustwide/workdir:ro,Z" "-v" "/var/lib/crater-agent-workspace/cargo-home:/opt/rustwide/cargo-home:ro,Z" "-v" "/var/lib/crater-agent-workspace/rustup-home:/opt/rustwide/rustup-home:ro,Z" "-e" "SOURCE_DIR=/opt/rustwide/workdir" "-e" "CARGO_TARGET_DIR=/opt/rustwide/target" "-e" "CARGO_INCREMENTAL=0" "-e" "RUST_BACKTRACE=full" "-e" "RUSTFLAGS=--cap-lints=forbid -Dunexpected_cfgs" "-e" "RUSTDOCFLAGS=--cap-lints=forbid" "-e" "CARGO_HOME=/opt/rustwide/cargo-home" "-e" "RUSTUP_HOME=/opt/rustwide/rustup-home" "-w" "/opt/rustwide/workdir" "-m" "1610612736" "--user" "0:0" "--network" "none" "ghcr.io/rust-lang/crates-build-env/linux@sha256:2788e3201cd34a07e3172128adcd8b3090168a8e3bcc40d7c032b9dda1df7d1c" "/opt/rustwide/cargo-home/bin/cargo" "+nightly-2024-02-05" "check" "--frozen" "--all" "--all-targets" "--message-format=json" "-Zcheck-cfg", kill_on_drop: false }`
[INFO] [stdout] 4043af84191e0de030a661ee4e74f3bdc77323c0c96432ee3ddf7c60e97cd902
[INFO] running `Command { std: "docker" "start" "-a" "4043af84191e0de030a661ee4e74f3bdc77323c0c96432ee3ddf7c60e97cd902", kill_on_drop: false }`
[INFO] [stderr]    Compiling crossbeam-utils v0.8.19
[INFO] [stderr]    Compiling rustix v0.38.31
[INFO] [stderr]     Checking linux-raw-sys v0.4.13
[INFO] [stderr]    Compiling rayon-core v1.12.1
[INFO] [stderr]    Compiling rand v0.6.5
[INFO] [stderr]     Checking plotters-backend v0.3.5
[INFO] [stderr]     Checking fastrand v2.0.1
[INFO] [stderr]     Checking regex-syntax v0.8.2
[INFO] [stderr]     Checking unicode-width v0.1.11
[INFO] [stderr]     Checking csv-core v0.1.11
[INFO] [stderr]     Checking wait-timeout v0.2.0
[INFO] [stderr]     Checking bit-vec v0.6.3
[INFO] [stderr]     Checking same-file v1.0.6
[INFO] [stderr]     Checking cast v0.3.0
[INFO] [stderr]     Checking half v1.8.2
[INFO] [stderr]     Checking tinytemplate v1.2.1
[INFO] [stderr]     Checking textwrap v0.11.0
[INFO] [stderr]     Checking walkdir v2.4.0
[INFO] [stderr]     Checking atty v0.2.14
[INFO] [stderr]     Checking criterion-plot v0.4.5
[INFO] [stderr]     Checking byteorder v1.5.0
[INFO] [stderr]     Checking csv v1.3.0
[INFO] [stderr]     Checking bit-set v0.5.3
[INFO] [stderr]     Checking oorandom v11.1.3
[INFO] [stderr]     Checking clap v2.34.0
[INFO] [stderr]     Checking plotters-svg v0.3.5
[INFO] [stderr]     Checking rbl_circular_buffer v0.1.2 (/opt/rustwide/workdir)
[INFO] [stderr]     Checking serde_cbor v0.11.2
[INFO] [stderr]     Checking plotters v0.3.5
[INFO] [stderr]     Checking crossbeam-epoch v0.9.18
[INFO] [stderr]     Checking crossbeam-deque v0.8.5
[INFO] [stderr]     Checking regex-automata v0.4.5
[INFO] [stderr]     Checking rayon v1.8.1
[INFO] [stderr]     Checking tempfile v3.10.0
[INFO] [stderr]     Checking rusty-fork v0.2.2
[INFO] [stderr]     Checking proptest v0.9.6
[INFO] [stderr]     Checking regex v1.10.3
[INFO] [stderr]     Checking criterion v0.3.6
[INFO] [stdout] error[E0599]: no method named `fast_fill` found for struct `rbl_circular_buffer::CircularBuffer` in the current scope
[INFO] [stdout]   --> benches/fast_fill_vs_fill_by_hand.rs:16:12
[INFO] [stdout]    |
[INFO] [stdout] 16 |         t1.fast_fill(&mut d);
[INFO] [stdout]    |            ^^^^^^^^^ help: there is a method with a similar name: `_fast_fill`
[INFO] [stdout] 
[INFO] [stdout] 
[INFO] [stdout] error: aborting due to 1 previous error
[INFO] [stdout] 
[INFO] [stdout] 
[INFO] [stdout] For more information about this error, try `rustc --explain E0599`.
[INFO] [stdout] 
[INFO] [stderr] error: could not compile `rbl_circular_buffer` (bench "fast_fill_vs_fill_by_hand") due to 2 previous errors
[INFO] [stderr] warning: build failed, waiting for other jobs to finish...
[INFO] [stdout] error[E0599]: no method named `fast_fill` found for struct `rbl_circular_buffer::CircularBuffer` in the current scope
[INFO] [stdout]   --> benches/fast_fill_vs_fill.rs:30:40
[INFO] [stdout]    |
[INFO] [stdout] 30 |                 bencher.iter(|| buffer.fast_fill(&mut drainer));
[INFO] [stdout]    |                                        ^^^^^^^^^ help: there is a method with a similar name: `_fast_fill`
[INFO] [stdout] 
[INFO] [stdout] 
[INFO] [stdout] error: aborting due to 1 previous error
[INFO] [stdout] 
[INFO] [stdout] 
[INFO] [stdout] For more information about this error, try `rustc --explain E0599`.
[INFO] [stdout] 
[INFO] [stderr] error: could not compile `rbl_circular_buffer` (bench "fast_fill_vs_fill") due to 2 previous errors
[INFO] running `Command { std: "docker" "inspect" "4043af84191e0de030a661ee4e74f3bdc77323c0c96432ee3ddf7c60e97cd902", kill_on_drop: false }`
[INFO] running `Command { std: "docker" "rm" "-f" "4043af84191e0de030a661ee4e74f3bdc77323c0c96432ee3ddf7c60e97cd902", kill_on_drop: false }`
[INFO] [stdout] 4043af84191e0de030a661ee4e74f3bdc77323c0c96432ee3ddf7c60e97cd902
