[INFO] fetching crate rbdc-oracle 0.4.0...
[INFO] checking rbdc-oracle-0.4.0 against nightly-2024-02-05 for check-cfg
[INFO] extracting crate rbdc-oracle 0.4.0 into /workspace/builds/worker-5-tc1/source
[INFO] validating manifest of crates.io crate rbdc-oracle 0.4.0 on toolchain nightly-2024-02-05
[INFO] running `Command { std: CARGO_HOME="/workspace/cargo-home" RUSTUP_HOME="/workspace/rustup-home" "/workspace/cargo-home/bin/cargo" "+nightly-2024-02-05" "metadata" "--manifest-path" "Cargo.toml" "--no-deps", kill_on_drop: false }`
[INFO] started tweaking crates.io crate rbdc-oracle 0.4.0
[INFO] finished tweaking crates.io crate rbdc-oracle 0.4.0
[INFO] tweaked toml for crates.io crate rbdc-oracle 0.4.0 written to /workspace/builds/worker-5-tc1/source/Cargo.toml
[INFO] running `Command { std: CARGO_HOME="/workspace/cargo-home" RUSTUP_HOME="/workspace/rustup-home" "/workspace/cargo-home/bin/cargo" "+nightly-2024-02-05" "generate-lockfile" "--manifest-path" "Cargo.toml", kill_on_drop: false }`
[INFO] [stderr]     Updating crates.io index
[INFO] running `Command { std: CARGO_HOME="/workspace/cargo-home" RUSTUP_HOME="/workspace/rustup-home" "/workspace/cargo-home/bin/cargo" "+nightly-2024-02-05" "fetch" "--manifest-path" "Cargo.toml", kill_on_drop: false }`
[INFO] [stderr]  Downloading crates ...
[INFO] [stderr]   Downloaded rbdc v4.5.26
[INFO] [stderr]   Downloaded bigdecimal v0.4.2
[INFO] [stderr]   Downloaded oracle_procmacro v0.1.2
[INFO] [stderr]   Downloaded rustls-pemfile v2.0.0
[INFO] [stderr]   Downloaded rbs v4.5.3
[INFO] [stderr]   Downloaded tokio-rustls v0.25.0
[INFO] [stderr]   Downloaded fastdate v0.3.28
[INFO] [stderr]   Downloaded webpki-roots v0.26.1
[INFO] [stderr]   Downloaded oracle v0.5.7
[INFO] running `Command { std: "docker" "create" "-v" "/var/lib/crater-agent-workspace/builds/worker-5-tc1/target:/opt/rustwide/target:rw,Z" "-v" "/var/lib/crater-agent-workspace/builds/worker-5-tc1/source:/opt/rustwide/workdir:ro,Z" "-v" "/var/lib/crater-agent-workspace/cargo-home:/opt/rustwide/cargo-home:ro,Z" "-v" "/var/lib/crater-agent-workspace/rustup-home:/opt/rustwide/rustup-home:ro,Z" "-e" "SOURCE_DIR=/opt/rustwide/workdir" "-e" "CARGO_TARGET_DIR=/opt/rustwide/target" "-e" "CARGO_HOME=/opt/rustwide/cargo-home" "-e" "RUSTUP_HOME=/opt/rustwide/rustup-home" "-w" "/opt/rustwide/workdir" "-m" "1610612736" "--user" "0:0" "--network" "none" "ghcr.io/rust-lang/crates-build-env/linux@sha256:2788e3201cd34a07e3172128adcd8b3090168a8e3bcc40d7c032b9dda1df7d1c" "/opt/rustwide/cargo-home/bin/cargo" "+nightly-2024-02-05" "metadata" "--no-deps" "--format-version=1", kill_on_drop: false }`
[INFO] [stdout] 17793f29065ce68bfe7d59743479b347ba5aa2681bb1f741ca02f07d1cc90624
[INFO] running `Command { std: "docker" "start" "-a" "17793f29065ce68bfe7d59743479b347ba5aa2681bb1f741ca02f07d1cc90624", kill_on_drop: false }`
[INFO] running `Command { std: "docker" "inspect" "17793f29065ce68bfe7d59743479b347ba5aa2681bb1f741ca02f07d1cc90624", kill_on_drop: false }`
[INFO] running `Command { std: "docker" "rm" "-f" "17793f29065ce68bfe7d59743479b347ba5aa2681bb1f741ca02f07d1cc90624", kill_on_drop: false }`
[INFO] [stdout] 17793f29065ce68bfe7d59743479b347ba5aa2681bb1f741ca02f07d1cc90624
[INFO] running `Command { std: "docker" "create" "-v" "/var/lib/crater-agent-workspace/builds/worker-5-tc1/target:/opt/rustwide/target:rw,Z" "-v" "/var/lib/crater-agent-workspace/builds/worker-5-tc1/source:/opt/rustwide/workdir:ro,Z" "-v" "/var/lib/crater-agent-workspace/cargo-home:/opt/rustwide/cargo-home:ro,Z" "-v" "/var/lib/crater-agent-workspace/rustup-home:/opt/rustwide/rustup-home:ro,Z" "-e" "SOURCE_DIR=/opt/rustwide/workdir" "-e" "CARGO_TARGET_DIR=/opt/rustwide/target" "-e" "CARGO_INCREMENTAL=0" "-e" "RUST_BACKTRACE=full" "-e" "RUSTFLAGS=--cap-lints=forbid" "-e" "RUSTDOCFLAGS=--cap-lints=forbid" "-e" "CARGO_HOME=/opt/rustwide/cargo-home" "-e" "RUSTUP_HOME=/opt/rustwide/rustup-home" "-w" "/opt/rustwide/workdir" "-m" "1610612736" "--user" "0:0" "--network" "none" "ghcr.io/rust-lang/crates-build-env/linux@sha256:2788e3201cd34a07e3172128adcd8b3090168a8e3bcc40d7c032b9dda1df7d1c" "/opt/rustwide/cargo-home/bin/cargo" "+nightly-2024-02-05" "check" "--frozen" "--all" "--all-targets" "--message-format=json", kill_on_drop: false }`
[INFO] [stdout] 48bd085aa6a11974594c5cb761efec44cc3006b53c78a22232d6c46c2c7fb95f
[INFO] running `Command { std: "docker" "start" "-a" "48bd085aa6a11974594c5cb761efec44cc3006b53c78a22232d6c46c2c7fb95f", kill_on_drop: false }`
[INFO] [stderr]    Compiling libc v0.2.153
[INFO] [stderr]     Checking rustls-pki-types v1.2.0
[INFO] [stderr]    Compiling ahash v0.8.7
[INFO] [stderr]     Checking spin v0.9.8
[INFO] [stderr]    Compiling syn v2.0.48
[INFO] [stderr]     Checking getrandom v0.2.12
[INFO] [stderr]     Checking untrusted v0.9.0
[INFO] [stderr]    Compiling num-bigint v0.4.4
[INFO] [stderr]    Compiling libm v0.2.8
[INFO] [stderr]    Compiling rustls v0.22.2
[INFO] [stderr]     Checking zerocopy v0.7.32
[INFO] [stderr]     Checking powerfmt v0.2.0
[INFO] [stderr]    Compiling num-bigint v0.3.3
[INFO] [stderr]    Compiling bigdecimal v0.4.2
[INFO] [stderr]     Checking allocator-api2 v0.2.16
[INFO] [stderr]     Checking zeroize v1.7.0
[INFO] [stderr]     Checking time-core v0.1.2
[INFO] [stderr]    Compiling paste v1.0.14
[INFO] [stderr]     Checking num-conv v0.1.0
[INFO] [stderr]     Checking subtle v2.5.0
[INFO] [stderr]     Checking base64 v0.21.7
[INFO] [stderr]     Checking hashbrown v0.14.3
[INFO] [stderr]    Compiling rust_decimal v1.34.2
[INFO] [stderr]    Compiling cc v1.0.83
[INFO] [stderr]     Checking rustls-pemfile v2.0.0
[INFO] [stderr]     Checking chrono v0.4.33
[INFO] [stderr]    Compiling oracle_procmacro v0.1.2
[INFO] [stderr]     Checking webpki-roots v0.26.1
[INFO] [stderr]     Checking lru v0.12.2
[INFO] [stderr]     Checking uuid v1.7.0
[INFO] [stderr]    Compiling ring v0.17.7
[INFO] [stderr]    Compiling oracle v0.5.7
[INFO] [stderr]    Compiling serde_derive v1.0.196
[INFO] [stderr]    Compiling tokio-macros v2.2.0
[INFO] [stderr]    Compiling futures-macro v0.3.30
[INFO] [stderr]    Compiling async-trait v0.1.77
[INFO] [stderr]     Checking tokio v1.36.0
[INFO] [stderr]     Checking futures-util v0.3.30
[INFO] [stderr]     Checking serde v1.0.196
[INFO] [stderr]     Checking rustls-webpki v0.102.2
[INFO] [stderr]     Checking tokio-util v0.7.10
[INFO] [stderr]     Checking deranged v0.3.11
[INFO] [stderr]     Checking serde_bytes v0.11.14
[INFO] [stderr]     Checking rbs v4.5.3
[INFO] [stderr]     Checking serde_json v1.0.113
[INFO] [stderr]     Checking bigdecimal v0.2.2
[INFO] [stderr]     Checking tokio-rustls v0.25.0
[INFO] [stderr]     Checking time v0.3.34
[INFO] [stderr]     Checking fastdate v0.3.28
[INFO] [stderr]     Checking rbdc v4.5.26
[INFO] [stderr]     Checking rbdc-oracle v0.4.0 (/opt/rustwide/workdir)
[INFO] [stdout] error[E0407]: method `uppercase_self` is not a member of trait `ConnectOptions`
[INFO] [stdout]   --> src/options.rs:31:5
[INFO] [stdout]    |
[INFO] [stdout] 31 | /     fn uppercase_self(&self) -> &(dyn Any + Send + Sync) {
[INFO] [stdout] 32 | |         self
[INFO] [stdout] 33 | |     }
[INFO] [stdout]    | |_____^ not a member of trait `ConnectOptions`
[INFO] [stdout] 
[INFO] [stdout] 
[INFO] [stdout] error[E0407]: method `uppercase_self` is not a member of trait `ConnectOptions`
[INFO] [stdout]   --> src/options.rs:31:5
[INFO] [stdout]    |
[INFO] [stdout] 31 | /     fn uppercase_self(&self) -> &(dyn Any + Send + Sync) {
[INFO] [stdout] 32 | |         self
[INFO] [stdout] 33 | |     }
[INFO] [stdout]    | |_____^ not a member of trait `ConnectOptions`
[INFO] [stdout] 
[INFO] [stdout] 
[INFO] [stdout] error: aborting due to 1 previous error
[INFO] [stdout] 
[INFO] [stdout] 
[INFO] [stdout] For more information about this error, try `rustc --explain E0407`.
[INFO] [stdout] 
[INFO] [stderr] error: could not compile `rbdc-oracle` (lib test) due to 2 previous errors
[INFO] [stderr] warning: build failed, waiting for other jobs to finish...
[INFO] [stdout] error: aborting due to 1 previous error
[INFO] [stdout] 
[INFO] [stdout] 
[INFO] [stdout] For more information about this error, try `rustc --explain E0407`.
[INFO] [stdout] 
[INFO] [stderr] error: could not compile `rbdc-oracle` (lib) due to 2 previous errors
[INFO] running `Command { std: "docker" "inspect" "48bd085aa6a11974594c5cb761efec44cc3006b53c78a22232d6c46c2c7fb95f", kill_on_drop: false }`
[INFO] running `Command { std: "docker" "rm" "-f" "48bd085aa6a11974594c5cb761efec44cc3006b53c78a22232d6c46c2c7fb95f", kill_on_drop: false }`
[INFO] [stdout] 48bd085aa6a11974594c5cb761efec44cc3006b53c78a22232d6c46c2c7fb95f
[INFO] checking rbdc-oracle-0.4.0 against nightly-2024-02-05+rustflags=-Dunexpected_cfgs+cargoflags=-Zcheck-cfg for check-cfg
[INFO] extracting crate rbdc-oracle 0.4.0 into /workspace/builds/worker-5-tc2/source
[INFO] validating manifest of crates.io crate rbdc-oracle 0.4.0 on toolchain nightly-2024-02-05
[INFO] running `Command { std: CARGO_HOME="/workspace/cargo-home" RUSTUP_HOME="/workspace/rustup-home" "/workspace/cargo-home/bin/cargo" "+nightly-2024-02-05" "metadata" "--manifest-path" "Cargo.toml" "--no-deps", kill_on_drop: false }`
[INFO] started tweaking crates.io crate rbdc-oracle 0.4.0
[INFO] finished tweaking crates.io crate rbdc-oracle 0.4.0
[INFO] tweaked toml for crates.io crate rbdc-oracle 0.4.0 written to /workspace/builds/worker-5-tc2/source/Cargo.toml
[INFO] running `Command { std: CARGO_HOME="/workspace/cargo-home" RUSTUP_HOME="/workspace/rustup-home" "/workspace/cargo-home/bin/cargo" "+nightly-2024-02-05" "generate-lockfile" "--manifest-path" "Cargo.toml", kill_on_drop: false }`
[INFO] [stderr]     Updating crates.io index
[INFO] running `Command { std: CARGO_HOME="/workspace/cargo-home" RUSTUP_HOME="/workspace/rustup-home" "/workspace/cargo-home/bin/cargo" "+nightly-2024-02-05" "fetch" "--manifest-path" "Cargo.toml", kill_on_drop: false }`
[INFO] running `Command { std: "docker" "create" "-v" "/var/lib/crater-agent-workspace/builds/worker-5-tc2/target:/opt/rustwide/target:rw,Z" "-v" "/var/lib/crater-agent-workspace/builds/worker-5-tc2/source:/opt/rustwide/workdir:ro,Z" "-v" "/var/lib/crater-agent-workspace/cargo-home:/opt/rustwide/cargo-home:ro,Z" "-v" "/var/lib/crater-agent-workspace/rustup-home:/opt/rustwide/rustup-home:ro,Z" "-e" "SOURCE_DIR=/opt/rustwide/workdir" "-e" "CARGO_TARGET_DIR=/opt/rustwide/target" "-e" "CARGO_HOME=/opt/rustwide/cargo-home" "-e" "RUSTUP_HOME=/opt/rustwide/rustup-home" "-w" "/opt/rustwide/workdir" "-m" "1610612736" "--user" "0:0" "--network" "none" "ghcr.io/rust-lang/crates-build-env/linux@sha256:2788e3201cd34a07e3172128adcd8b3090168a8e3bcc40d7c032b9dda1df7d1c" "/opt/rustwide/cargo-home/bin/cargo" "+nightly-2024-02-05" "metadata" "--no-deps" "--format-version=1", kill_on_drop: false }`
[INFO] [stdout] f44f194defcc392d5adc2959ca894287150291a59bda1f2593ad26370eb22ed1
[INFO] running `Command { std: "docker" "start" "-a" "f44f194defcc392d5adc2959ca894287150291a59bda1f2593ad26370eb22ed1", kill_on_drop: false }`
[INFO] running `Command { std: "docker" "inspect" "f44f194defcc392d5adc2959ca894287150291a59bda1f2593ad26370eb22ed1", kill_on_drop: false }`
[INFO] running `Command { std: "docker" "rm" "-f" "f44f194defcc392d5adc2959ca894287150291a59bda1f2593ad26370eb22ed1", kill_on_drop: false }`
[INFO] [stdout] f44f194defcc392d5adc2959ca894287150291a59bda1f2593ad26370eb22ed1
[INFO] running `Command { std: "docker" "create" "-v" "/var/lib/crater-agent-workspace/builds/worker-5-tc2/target:/opt/rustwide/target:rw,Z" "-v" "/var/lib/crater-agent-workspace/builds/worker-5-tc2/source:/opt/rustwide/workdir:ro,Z" "-v" "/var/lib/crater-agent-workspace/cargo-home:/opt/rustwide/cargo-home:ro,Z" "-v" "/var/lib/crater-agent-workspace/rustup-home:/opt/rustwide/rustup-home:ro,Z" "-e" "SOURCE_DIR=/opt/rustwide/workdir" "-e" "CARGO_TARGET_DIR=/opt/rustwide/target" "-e" "CARGO_INCREMENTAL=0" "-e" "RUST_BACKTRACE=full" "-e" "RUSTFLAGS=--cap-lints=forbid -Dunexpected_cfgs" "-e" "RUSTDOCFLAGS=--cap-lints=forbid" "-e" "CARGO_HOME=/opt/rustwide/cargo-home" "-e" "RUSTUP_HOME=/opt/rustwide/rustup-home" "-w" "/opt/rustwide/workdir" "-m" "1610612736" "--user" "0:0" "--network" "none" "ghcr.io/rust-lang/crates-build-env/linux@sha256:2788e3201cd34a07e3172128adcd8b3090168a8e3bcc40d7c032b9dda1df7d1c" "/opt/rustwide/cargo-home/bin/cargo" "+nightly-2024-02-05" "check" "--frozen" "--all" "--all-targets" "--message-format=json" "-Zcheck-cfg", kill_on_drop: false }`
[INFO] [stdout] 475823047bd0b351347db9b7755245b2478c616063d1bd50630fb403ca91190e
[INFO] running `Command { std: "docker" "start" "-a" "475823047bd0b351347db9b7755245b2478c616063d1bd50630fb403ca91190e", kill_on_drop: false }`
[INFO] [stderr]    Compiling libc v0.2.153
[INFO] [stderr]     Checking rustls-pki-types v1.2.0
[INFO] [stderr]    Compiling syn v2.0.48
[INFO] [stderr]     Checking getrandom v0.2.12
[INFO] [stderr]    Compiling ahash v0.8.7
[INFO] [stderr]     Checking spin v0.9.8
[INFO] [stderr]     Checking untrusted v0.9.0
[INFO] [stderr]    Compiling num-bigint v0.4.4
[INFO] [stderr]    Compiling rustls v0.22.2
[INFO] [stderr]     Checking zerocopy v0.7.32
[INFO] [stderr]     Checking powerfmt v0.2.0
[INFO] [stderr]    Compiling libm v0.2.8
[INFO] [stderr]    Compiling num-bigint v0.3.3
[INFO] [stderr]    Compiling bigdecimal v0.4.2
[INFO] [stderr]     Checking num-conv v0.1.0
[INFO] [stderr]     Checking zeroize v1.7.0
[INFO] [stderr]     Checking allocator-api2 v0.2.16
[INFO] [stderr]    Compiling paste v1.0.14
[INFO] [stderr]     Checking subtle v2.5.0
[INFO] [stderr]     Checking time-core v0.1.2
[INFO] [stderr]    Compiling rust_decimal v1.34.2
[INFO] [stderr]     Checking base64 v0.21.7
[INFO] [stderr]     Checking chrono v0.4.33
[INFO] [stderr]     Checking hashbrown v0.14.3
[INFO] [stderr]    Compiling oracle_procmacro v0.1.2
[INFO] [stderr]     Checking rustls-pemfile v2.0.0
[INFO] [stderr]    Compiling cc v1.0.83
[INFO] [stderr]     Checking lru v0.12.2
[INFO] [stderr]     Checking uuid v1.7.0
[INFO] [stderr]     Checking webpki-roots v0.26.1
[INFO] [stderr]    Compiling ring v0.17.7
[INFO] [stderr]    Compiling oracle v0.5.7
[INFO] [stderr]    Compiling serde_derive v1.0.196
[INFO] [stderr]    Compiling tokio-macros v2.2.0
[INFO] [stderr]    Compiling futures-macro v0.3.30
[INFO] [stderr]    Compiling async-trait v0.1.77
[INFO] [stderr]     Checking tokio v1.36.0
[INFO] [stderr]     Checking futures-util v0.3.30
[INFO] [stderr]     Checking rustls-webpki v0.102.2
[INFO] [stderr]     Checking serde v1.0.196
[INFO] [stderr]     Checking tokio-util v0.7.10
[INFO] [stderr]     Checking tokio-rustls v0.25.0
[INFO] [stderr]     Checking deranged v0.3.11
[INFO] [stderr]     Checking rbs v4.5.3
[INFO] [stderr]     Checking serde_bytes v0.11.14
[INFO] [stderr]     Checking serde_json v1.0.113
[INFO] [stderr]     Checking bigdecimal v0.2.2
[INFO] [stderr]     Checking time v0.3.34
[INFO] [stderr]     Checking fastdate v0.3.28
[INFO] [stderr]     Checking rbdc v4.5.26
[INFO] [stderr]     Checking rbdc-oracle v0.4.0 (/opt/rustwide/workdir)
[INFO] [stdout] error[E0407]: method `uppercase_self` is not a member of trait `ConnectOptions`
[INFO] [stdout]   --> src/options.rs:31:5
[INFO] [stdout]    |
[INFO] [stdout] 31 | /     fn uppercase_self(&self) -> &(dyn Any + Send + Sync) {
[INFO] [stdout] 32 | |         self
[INFO] [stdout] 33 | |     }
[INFO] [stdout]    | |_____^ not a member of trait `ConnectOptions`
[INFO] [stdout] 
[INFO] [stdout] 
[INFO] [stdout] error[E0407]: method `uppercase_self` is not a member of trait `ConnectOptions`
[INFO] [stdout]   --> src/options.rs:31:5
[INFO] [stdout]    |
[INFO] [stdout] 31 | /     fn uppercase_self(&self) -> &(dyn Any + Send + Sync) {
[INFO] [stdout] 32 | |         self
[INFO] [stdout] 33 | |     }
[INFO] [stdout]    | |_____^ not a member of trait `ConnectOptions`
[INFO] [stdout] 
[INFO] [stdout] 
[INFO] [stdout] error: aborting due to 1 previous error
[INFO] [stdout] 
[INFO] [stdout] 
[INFO] [stdout] For more information about this error, try `rustc --explain E0407`.
[INFO] [stdout] 
[INFO] [stdout] error: aborting due to 1 previous error
[INFO] [stdout] 
[INFO] [stdout] 
[INFO] [stdout] For more information about this error, try `rustc --explain E0407`.
[INFO] [stdout] 
[INFO] [stderr] error: could not compile `rbdc-oracle` (lib) due to 2 previous errors
[INFO] [stderr] warning: build failed, waiting for other jobs to finish...
[INFO] [stderr] error: could not compile `rbdc-oracle` (lib test) due to 2 previous errors
[INFO] running `Command { std: "docker" "inspect" "475823047bd0b351347db9b7755245b2478c616063d1bd50630fb403ca91190e", kill_on_drop: false }`
[INFO] running `Command { std: "docker" "rm" "-f" "475823047bd0b351347db9b7755245b2478c616063d1bd50630fb403ca91190e", kill_on_drop: false }`
[INFO] [stdout] 475823047bd0b351347db9b7755245b2478c616063d1bd50630fb403ca91190e
