[INFO] fetching crate rbatis-adapter 0.0.1...
[INFO] checking rbatis-adapter-0.0.1 against nightly-2024-02-05 for check-cfg
[INFO] extracting crate rbatis-adapter 0.0.1 into /workspace/builds/worker-6-tc1/source
[INFO] validating manifest of crates.io crate rbatis-adapter 0.0.1 on toolchain nightly-2024-02-05
[INFO] running `Command { std: CARGO_HOME="/workspace/cargo-home" RUSTUP_HOME="/workspace/rustup-home" "/workspace/cargo-home/bin/cargo" "+nightly-2024-02-05" "metadata" "--manifest-path" "Cargo.toml" "--no-deps", kill_on_drop: false }`
[INFO] started tweaking crates.io crate rbatis-adapter 0.0.1
[INFO] finished tweaking crates.io crate rbatis-adapter 0.0.1
[INFO] tweaked toml for crates.io crate rbatis-adapter 0.0.1 written to /workspace/builds/worker-6-tc1/source/Cargo.toml
[INFO] running `Command { std: CARGO_HOME="/workspace/cargo-home" RUSTUP_HOME="/workspace/rustup-home" "/workspace/cargo-home/bin/cargo" "+nightly-2024-02-05" "generate-lockfile" "--manifest-path" "Cargo.toml", kill_on_drop: false }`
[INFO] [stderr]     Updating crates.io index
[INFO] running `Command { std: CARGO_HOME="/workspace/cargo-home" RUSTUP_HOME="/workspace/rustup-home" "/workspace/cargo-home/bin/cargo" "+nightly-2024-02-05" "fetch" "--manifest-path" "Cargo.toml", kill_on_drop: false }`
[INFO] [stderr]  Downloading crates ...
[INFO] [stderr]   Downloaded async-rustls v0.2.0
[INFO] [stderr]   Downloaded html_parser v0.6.3
[INFO] [stderr]   Downloaded ritelinked v0.3.2
[INFO] [stderr]   Downloaded sqlx-rt v0.5.13
[INFO] [stderr]   Downloaded rbson v2.0.5
[INFO] [stderr]   Downloaded atoi v0.4.0
[INFO] [stderr]   Downloaded crc-catalog v1.1.1
[INFO] [stderr]   Downloaded rsa v0.6.1
[INFO] [stderr]   Downloaded casbin v2.2.0
[INFO] [stderr]   Downloaded rhai v1.17.1
[INFO] [stderr]   Downloaded sqlx-core v0.5.13
[INFO] [stderr]   Downloaded libsqlite3-sys v0.24.2
[INFO] [stderr]   Downloaded futures-intrusive v0.4.2
[INFO] [stderr]   Downloaded rbatis-macro-driver v3.1.3
[INFO] [stderr]   Downloaded rhai_codegen v2.0.0
[INFO] [stderr]   Downloaded rbatis_sql v3.0.26
[INFO] [stderr]   Downloaded ipnetwork v0.17.0
[INFO] [stderr]   Downloaded fastdate v0.3.28
[INFO] [stderr]   Downloaded pem-rfc7468 v0.3.1
[INFO] [stderr]   Downloaded dark-std v0.2.10
[INFO] [stderr]   Downloaded pkcs1 v0.3.3
[INFO] [stderr]   Downloaded rbatis-core v3.1.11
[INFO] [stderr]   Downloaded rbatis_sql_macro v3.0.17
[INFO] [stderr]   Downloaded sqlformat v0.1.8
[INFO] [stderr]   Downloaded thin-vec v0.2.13
[INFO] [stderr]   Downloaded fast_log v1.6.12
[INFO] [stderr]   Downloaded crc v2.1.0
[INFO] [stderr]   Downloaded rbatis v3.1.16
[INFO] running `Command { std: "docker" "create" "-v" "/var/lib/crater-agent-workspace/builds/worker-6-tc1/target:/opt/rustwide/target:rw,Z" "-v" "/var/lib/crater-agent-workspace/builds/worker-6-tc1/source:/opt/rustwide/workdir:ro,Z" "-v" "/var/lib/crater-agent-workspace/cargo-home:/opt/rustwide/cargo-home:ro,Z" "-v" "/var/lib/crater-agent-workspace/rustup-home:/opt/rustwide/rustup-home:ro,Z" "-e" "SOURCE_DIR=/opt/rustwide/workdir" "-e" "CARGO_TARGET_DIR=/opt/rustwide/target" "-e" "CARGO_HOME=/opt/rustwide/cargo-home" "-e" "RUSTUP_HOME=/opt/rustwide/rustup-home" "-w" "/opt/rustwide/workdir" "-m" "1610612736" "--user" "0:0" "--network" "none" "ghcr.io/rust-lang/crates-build-env/linux@sha256:2788e3201cd34a07e3172128adcd8b3090168a8e3bcc40d7c032b9dda1df7d1c" "/opt/rustwide/cargo-home/bin/cargo" "+nightly-2024-02-05" "metadata" "--no-deps" "--format-version=1", kill_on_drop: false }`
[INFO] [stdout] 15c8a4ad038ebd884da1032fcd3c98938ccfbca1c0d30e1b30237c6e2e71e7b4
[INFO] running `Command { std: "docker" "start" "-a" "15c8a4ad038ebd884da1032fcd3c98938ccfbca1c0d30e1b30237c6e2e71e7b4", kill_on_drop: false }`
[INFO] running `Command { std: "docker" "inspect" "15c8a4ad038ebd884da1032fcd3c98938ccfbca1c0d30e1b30237c6e2e71e7b4", kill_on_drop: false }`
[INFO] running `Command { std: "docker" "rm" "-f" "15c8a4ad038ebd884da1032fcd3c98938ccfbca1c0d30e1b30237c6e2e71e7b4", kill_on_drop: false }`
[INFO] [stdout] 15c8a4ad038ebd884da1032fcd3c98938ccfbca1c0d30e1b30237c6e2e71e7b4
[INFO] running `Command { std: "docker" "create" "-v" "/var/lib/crater-agent-workspace/builds/worker-6-tc1/target:/opt/rustwide/target:rw,Z" "-v" "/var/lib/crater-agent-workspace/builds/worker-6-tc1/source:/opt/rustwide/workdir:ro,Z" "-v" "/var/lib/crater-agent-workspace/cargo-home:/opt/rustwide/cargo-home:ro,Z" "-v" "/var/lib/crater-agent-workspace/rustup-home:/opt/rustwide/rustup-home:ro,Z" "-e" "SOURCE_DIR=/opt/rustwide/workdir" "-e" "CARGO_TARGET_DIR=/opt/rustwide/target" "-e" "CARGO_INCREMENTAL=0" "-e" "RUST_BACKTRACE=full" "-e" "RUSTFLAGS=--cap-lints=forbid" "-e" "RUSTDOCFLAGS=--cap-lints=forbid" "-e" "CARGO_HOME=/opt/rustwide/cargo-home" "-e" "RUSTUP_HOME=/opt/rustwide/rustup-home" "-w" "/opt/rustwide/workdir" "-m" "1610612736" "--user" "0:0" "--network" "none" "ghcr.io/rust-lang/crates-build-env/linux@sha256:2788e3201cd34a07e3172128adcd8b3090168a8e3bcc40d7c032b9dda1df7d1c" "/opt/rustwide/cargo-home/bin/cargo" "+nightly-2024-02-05" "check" "--frozen" "--all" "--all-targets" "--message-format=json", kill_on_drop: false }`
[INFO] [stdout] 4b9d0f308fa3a5fef78953048520f9989292eedc9c6d113d918698b0874b7425
[INFO] running `Command { std: "docker" "start" "-a" "4b9d0f308fa3a5fef78953048520f9989292eedc9c6d113d918698b0874b7425", kill_on_drop: false }`
[INFO] [stderr]    Compiling proc-macro2 v1.0.78
[INFO] [stderr]    Compiling unicode-ident v1.0.12
[INFO] [stderr]    Compiling autocfg v1.1.0
[INFO] [stderr]    Compiling libc v0.2.153
[INFO] [stderr]    Compiling version_check v0.9.4
[INFO] [stderr]     Checking cfg-if v1.0.0
[INFO] [stderr]    Compiling serde v1.0.196
[INFO] [stderr]     Checking pin-project-lite v0.2.13
[INFO] [stderr]     Checking once_cell v1.19.0
[INFO] [stderr]    Compiling crossbeam-utils v0.8.19
[INFO] [stderr]     Checking futures-core v0.3.30
[INFO] [stderr]    Compiling libm v0.2.8
[INFO] [stderr]    Compiling typenum v1.17.0
[INFO] [stderr]     Checking scopeguard v1.2.0
[INFO] [stderr]     Checking memchr v2.7.1
[INFO] [stderr]    Compiling thiserror v1.0.56
[INFO] [stderr]     Checking spin v0.5.2
[INFO] [stderr]     Checking futures-io v0.3.30
[INFO] [stderr]    Compiling parking_lot_core v0.9.9
[INFO] [stderr]    Compiling syn v1.0.109
[INFO] [stderr]     Checking value-bag v1.7.0
[INFO] [stderr]     Checking parking v2.2.0
[INFO] [stderr]    Compiling generic-array v0.14.7
[INFO] [stderr]    Compiling ahash v0.7.7
[INFO] [stderr]    Compiling num-traits v0.2.17
[INFO] [stderr]    Compiling lock_api v0.4.11
[INFO] [stderr]    Compiling slab v0.4.9
[INFO] [stderr]    Compiling num-integer v0.1.45
[INFO] [stderr]     Checking log v0.4.20
[INFO] [stderr]     Checking untrusted v0.7.1
[INFO] [stderr]     Checking futures-sink v0.3.30
[INFO] [stderr]     Checking itoa v1.0.10
[INFO] [stderr]     Checking ppv-lite86 v0.2.17
[INFO] [stderr]    Compiling ucd-trie v0.1.6
[INFO] [stderr]     Checking hashbrown v0.14.3
[INFO] [stderr]     Checking subtle v2.5.0
[INFO] [stderr]     Checking equivalent v1.0.1
[INFO] [stderr]     Checking base64ct v1.6.0
[INFO] [stderr]     Checking bytes v1.5.0
[INFO] [stderr]    Compiling crunchy v0.2.2
[INFO] [stderr]     Checking tinyvec_macros v0.1.1
[INFO] [stderr]     Checking const-oid v0.7.1
[INFO] [stderr]     Checking pem-rfc7468 v0.3.1
[INFO] [stderr]    Compiling quote v1.0.35
[INFO] [stderr]     Checking base64 v0.13.1
[INFO] [stderr]     Checking concurrent-queue v2.4.0
[INFO] [stderr]     Checking tinyvec v1.6.0
[INFO] [stderr]    Compiling num-iter v0.1.43
[INFO] [stderr]    Compiling indexmap v1.9.3
[INFO] [stderr]    Compiling standback v0.2.17
[INFO] [stderr]     Checking getrandom v0.2.12
[INFO] [stderr]    Compiling syn v2.0.48
[INFO] [stderr]    Compiling cc v1.0.83
[INFO] [stderr]     Checking rand_core v0.6.4
[INFO] [stderr]     Checking indexmap v2.2.2
[INFO] [stderr]     Checking num_cpus v1.16.0
[INFO] [stderr]     Checking mio v0.8.10
[INFO] [stderr]     Checking signal-hook-registry v1.4.1
[INFO] [stderr]     Checking socket2 v0.5.5
[INFO] [stderr]     Checking rand_chacha v0.3.1
[INFO] [stderr]     Checking event-listener v4.0.3
[INFO] [stderr]     Checking lazy_static v1.4.0
[INFO] [stderr]     Checking zeroize v1.7.0
[INFO] [stderr]     Checking pin-utils v0.1.0
[INFO] [stderr]    Compiling proc-macro-hack v0.5.20+deprecated
[INFO] [stderr]    Compiling serde_json v1.0.113
[INFO] [stderr]     Checking event-listener v2.5.3
[INFO] [stderr]    Compiling tiny-keccak v2.0.2
[INFO] [stderr]    Compiling parking_lot_core v0.8.6
[INFO] [stderr]     Checking bitflags v2.4.2
[INFO] [stderr]     Checking event-listener-strategy v0.4.0
[INFO] [stderr]     Checking rand v0.8.5
[INFO] [stderr]     Checking hashbrown v0.11.2
[INFO] [stderr]     Checking futures-channel v0.3.30
[INFO] [stderr]     Checking unicode-normalization v0.1.22
[INFO] [stderr]    Compiling num-bigint v0.3.3
[INFO] [stderr]     Checking instant v0.1.12
[INFO] [stderr]    Compiling num-bigint-dig v0.8.4
[INFO] [stderr]     Checking bitflags v1.3.2
[INFO] [stderr]     Checking hashbrown v0.12.3
[INFO] [stderr]     Checking unicode-bidi v0.3.15
[INFO] [stderr]     Checking fastrand v2.0.1
[INFO] [stderr]    Compiling async-trait v0.1.77
[INFO] [stderr]     Checking futures-task v0.3.30
[INFO] [stderr]     Checking ryu v1.0.16
[INFO] [stderr]     Checking iana-time-zone v0.1.60
[INFO] [stderr]     Checking crypto-bigint v0.3.2
[INFO] [stderr]     Checking crypto-common v0.1.6
[INFO] [stderr]     Checking block-buffer v0.10.4
[INFO] [stderr]     Checking crossbeam-queue v0.3.11
[INFO] [stderr]     Checking digest v0.10.7
[INFO] [stderr]     Checking percent-encoding v2.3.1
[INFO] [stderr]     Checking minimal-lexical v0.2.1
[INFO] [stderr]    Compiling paste v1.0.14
[INFO] [stderr]     Checking cpufeatures v0.2.12
[INFO] [stderr]    Compiling ring v0.16.20
[INFO] [stderr]    Compiling rust_decimal v1.34.2
[INFO] [stderr]     Checking hex v0.4.3
[INFO] [stderr]     Checking byteorder v1.5.0
[INFO] [stderr]    Compiling const_fn v0.4.9
[INFO] [stderr]    Compiling rustix v0.38.31
[INFO] [stderr]     Checking tracing-core v0.1.32
[INFO] [stderr]     Checking nom v7.1.3
[INFO] [stderr]    Compiling form_urlencoded v1.2.1
[INFO] [stderr]     Checking idna v0.5.0
[INFO] [stderr]    Compiling const-random-macro v0.1.16
[INFO] [stderr]     Checking der v0.5.1
[INFO] [stderr]     Checking futures-lite v2.2.0
[INFO] [stderr]     Checking tracing v0.1.40
[INFO] [stderr]     Checking async-lock v3.3.0
[INFO] [stderr]    Compiling smartstring v1.0.1
[INFO] [stderr]    Compiling ahash v0.8.7
[INFO] [stderr]    Compiling time v0.2.27
[INFO] [stderr]     Checking crc-catalog v1.1.1
[INFO] [stderr]     Checking arrayvec v0.7.4
[INFO] [stderr]     Checking finl_unicode v1.2.0
[INFO] [stderr]     Checking powerfmt v0.2.0
[INFO] [stderr]     Checking unicode_categories v0.1.1
[INFO] [stderr]     Checking linux-raw-sys v0.4.13
[INFO] [stderr]    Compiling io-lifetimes v1.0.11
[INFO] [stderr]     Checking spki v0.5.4
[INFO] [stderr]     Checking crc v2.1.0
[INFO] [stderr]     Checking const-random v0.1.17
[INFO] [stderr]     Checking url v2.5.0
[INFO] [stderr]     Checking sha-1 v0.10.1
[INFO] [stderr]     Checking pkcs8 v0.8.0
[INFO] [stderr]     Checking sha2 v0.10.8
[INFO] [stderr]     Checking atoi v0.4.0
[INFO] [stderr]     Checking hashlink v0.7.0
[INFO] [stderr]     Checking spin v0.9.8
[INFO] [stderr]     Checking pkcs1 v0.3.3
[INFO] [stderr]     Checking crossbeam-epoch v0.9.18
[INFO] [stderr]     Checking aho-corasick v1.1.2
[INFO] [stderr]    Compiling polling v2.8.0
[INFO] [stderr]     Checking bit-vec v0.6.3
[INFO] [stderr]     Checking zerocopy v0.7.32
[INFO] [stderr]     Checking stringprep v0.1.4
[INFO] [stderr]    Compiling rustix v0.37.27
[INFO] [stderr]     Checking time-core v0.1.2
[INFO] [stderr]     Checking regex-syntax v0.8.2
[INFO] [stderr]     Checking atomic-waker v1.1.2
[INFO] [stderr]     Checking static_assertions v1.1.0
[INFO] [stderr]     Checking async-task v4.7.0
[INFO] [stderr]     Checking num-conv v0.1.0
[INFO] [stderr]     Checking piper v0.2.1
[INFO] [stderr]     Checking crossbeam-deque v0.8.5
[INFO] [stderr]     Checking flume v0.11.0
[INFO] [stderr]     Checking async-channel v2.1.1
[INFO] [stderr]     Checking crossbeam-channel v0.5.11
[INFO] [stderr]    Compiling async-io v1.13.0
[INFO] [stderr]     Checking fixedbitset v0.4.2
[INFO] [stderr]     Checking fastrand v1.9.0
[INFO] [stderr]     Checking waker-fn v1.1.1
[INFO] [stderr]     Checking linux-raw-sys v0.3.8
[INFO] [stderr]     Checking blocking v1.5.1
[INFO] [stderr]     Checking async-executor v1.8.0
[INFO] [stderr]     Checking futures-lite v1.13.0
[INFO] [stderr]     Checking petgraph v0.6.4
[INFO] [stderr]     Checking ritelinked v0.3.2
[INFO] [stderr]     Checking async-lock v2.8.0
[INFO] [stderr]     Checking crossbeam v0.8.4
[INFO] [stderr]     Checking socket2 v0.4.10
[INFO] [stderr]     Checking async-channel v1.9.0
[INFO] [stderr]     Checking kv-log-macro v1.0.7
[INFO] [stderr]    Compiling time-macros-impl v0.1.2
[INFO] [stderr]    Compiling async-attributes v1.1.2
[INFO] [stderr]    Compiling serde_derive v1.0.196
[INFO] [stderr]    Compiling thiserror-impl v1.0.56
[INFO] [stderr]    Compiling tokio-macros v2.2.0
[INFO] [stderr]    Compiling futures-macro v0.3.30
[INFO] [stderr]    Compiling rhai_codegen v2.0.0
[INFO] [stderr]     Checking webpki v0.21.4
[INFO] [stderr]     Checking sct v0.6.1
[INFO] [stderr]     Checking regex-automata v0.4.5
[INFO] [stderr]     Checking rustls v0.19.1
[INFO] [stderr]     Checking webpki-roots v0.21.1
[INFO] [stderr]     Checking time-macros v0.1.1
[INFO] [stderr]     Checking futures-util v0.3.30
[INFO] [stderr]    Compiling pest v2.7.7
[INFO] [stderr]     Checking polling v3.4.0
[INFO] [stderr]     Checking regex v1.10.3
[INFO] [stderr]     Checking async-io v2.3.1
[INFO] [stderr]     Checking async-global-executor v2.4.1
[INFO] [stderr]    Compiling pest_meta v2.7.7
[INFO] [stderr]     Checking async-std v1.12.0
[INFO] [stderr]     Checking futures-executor v0.3.30
[INFO] [stderr]     Checking futures v0.3.30
[INFO] [stderr]    Compiling pest_generator v2.7.7
[INFO] [stderr]    Compiling pest_derive v2.7.7
[INFO] [stderr]     Checking smallvec v1.13.1
[INFO] [stderr]     Checking uuid v0.8.2
[INFO] [stderr]     Checking either v1.9.0
[INFO] [stderr]     Checking chrono v0.4.33
[INFO] [stderr]     Checking serde_bytes v0.11.14
[INFO] [stderr]     Checking bigdecimal v0.2.2
[INFO] [stderr]     Checking deranged v0.3.11
[INFO] [stderr]     Checking ipnetwork v0.17.0
[INFO] [stderr]     Checking thin-vec v0.2.13
[INFO] [stderr]     Checking itertools v0.10.5
[INFO] [stderr]     Checking rhai v1.17.1
[INFO] [stderr]     Checking parking_lot v0.11.2
[INFO] [stderr]     Checking parking_lot v0.12.1
[INFO] [stderr]     Checking tokio v1.36.0
[INFO] [stderr]     Checking dark-std v0.2.10
[INFO] [stderr]     Checking futures-intrusive v0.4.2
[INFO] [stderr]     Checking time v0.3.34
[INFO] [stderr]    Compiling html_parser v0.6.3
[INFO] [stderr]     Checking rsa v0.6.1
[INFO] [stderr]     Checking rbson v2.0.5
[INFO] [stderr]    Compiling rbatis_sql_macro v3.0.17
[INFO] [stderr]    Compiling rbatis-macro-driver v3.1.3
[INFO] [stderr]     Checking sqlformat v0.1.8
[INFO] [stderr]     Checking fastdate v0.3.28
[INFO] [stderr]     Checking fast_log v1.6.12
[INFO] [stderr]     Checking rbatis_sql v3.0.26
[INFO] [stderr]     Checking tokio-rustls v0.22.0
[INFO] [stderr]     Checking tokio-stream v0.1.14
[INFO] [stderr]     Checking sqlx-rt v0.5.13
[INFO] [stderr]     Checking sqlx-core v0.5.13
[INFO] [stderr]     Checking casbin v2.2.0
[INFO] [stderr]     Checking rbatis-core v3.1.11
[INFO] [stderr]     Checking rbatis v3.1.16
[INFO] [stderr]     Checking rbatis-adapter v0.0.1 (/opt/rustwide/workdir)
[INFO] [stdout] warning: unused imports: `Error as CasbinError`, `error::AdapterError`
[INFO] [stdout]  --> src/adapter.rs:2:14
[INFO] [stdout]   |
[INFO] [stdout] 2 | use casbin::{error::AdapterError, Adapter, Error as CasbinError, Filter, Model, Result};
[INFO] [stdout]   |              ^^^^^^^^^^^^^^^^^^^           ^^^^^^^^^^^^^^^^^^^^
[INFO] [stdout]   |
[INFO] [stdout]   = note: `#[warn(unused_imports)]` on by default
[INFO] [stdout] 
[INFO] [stdout] 
[INFO] [stdout] warning: unused import: `tokio::task::spawn_blocking`
[INFO] [stdout]   --> src/adapter.rs:10:5
[INFO] [stdout]    |
[INFO] [stdout] 10 | use tokio::task::spawn_blocking;
[INFO] [stdout]    |     ^^^^^^^^^^^^^^^^^^^^^^^^^^^
[INFO] [stdout] 
[INFO] [stdout] 
[INFO] [stdout] warning: unused import: `std::time::Duration`
[INFO] [stdout]   --> src/adapter.rs:12:5
[INFO] [stdout]    |
[INFO] [stdout] 12 | use std::time::Duration;
[INFO] [stdout]    |     ^^^^^^^^^^^^^^^^^^^
[INFO] [stdout] 
[INFO] [stdout] 
[INFO] [stdout] warning: unused import: `rbatis::rbatis::Rbatis`
[INFO] [stdout]   --> src/adapter.rs:14:5
[INFO] [stdout]    |
[INFO] [stdout] 14 | use rbatis::rbatis::Rbatis;
[INFO] [stdout]    |     ^^^^^^^^^^^^^^^^^^^^^^
[INFO] [stdout] 
[INFO] [stdout] 
[INFO] [stdout] warning: unused macro definition: `eq_empty`
[INFO] [stdout]  --> src/macros.rs:1:14
[INFO] [stdout]   |
[INFO] [stdout] 1 | macro_rules! eq_empty {
[INFO] [stdout]   |              ^^^^^^^^
[INFO] [stdout]   |
[INFO] [stdout]   = note: `#[warn(unused_macros)]` on by default
[INFO] [stdout] 
[INFO] [stdout] 
[INFO] [stdout] warning: unused imports: `Error as CasbinError`, `error::AdapterError`
[INFO] [stdout]  --> src/adapter.rs:2:14
[INFO] [stdout]   |
[INFO] [stdout] 2 | use casbin::{error::AdapterError, Adapter, Error as CasbinError, Filter, Model, Result};
[INFO] [stdout]   |              ^^^^^^^^^^^^^^^^^^^           ^^^^^^^^^^^^^^^^^^^^
[INFO] [stdout]   |
[INFO] [stdout]   = note: `#[warn(unused_imports)]` on by default
[INFO] [stdout] 
[INFO] [stdout] 
[INFO] [stdout] warning: unused import: `tokio::task::spawn_blocking`
[INFO] [stdout]   --> src/adapter.rs:10:5
[INFO] [stdout]    |
[INFO] [stdout] 10 | use tokio::task::spawn_blocking;
[INFO] [stdout]    |     ^^^^^^^^^^^^^^^^^^^^^^^^^^^
[INFO] [stdout] 
[INFO] [stdout] 
[INFO] [stdout] warning: unused import: `std::time::Duration`
[INFO] [stdout]   --> src/adapter.rs:12:5
[INFO] [stdout]    |
[INFO] [stdout] 12 | use std::time::Duration;
[INFO] [stdout]    |     ^^^^^^^^^^^^^^^^^^^
[INFO] [stdout] 
[INFO] [stdout] 
[INFO] [stdout] warning: unused import: `rbatis::rbatis::Rbatis`
[INFO] [stdout]   --> src/adapter.rs:14:5
[INFO] [stdout]    |
[INFO] [stdout] 14 | use rbatis::rbatis::Rbatis;
[INFO] [stdout]    |     ^^^^^^^^^^^^^^^^^^^^^^
[INFO] [stdout] 
[INFO] [stdout] 
[INFO] [stdout] warning: unused import: `log::error`
[INFO] [stdout]    --> src/adapter.rs:368:9
[INFO] [stdout]     |
[INFO] [stdout] 368 |     use log::error;
[INFO] [stdout]     |         ^^^^^^^^^^
[INFO] [stdout] 
[INFO] [stdout] 
[INFO] [stdout] warning: unused macro definition: `eq_empty`
[INFO] [stdout]  --> src/macros.rs:1:14
[INFO] [stdout]   |
[INFO] [stdout] 1 | macro_rules! eq_empty {
[INFO] [stdout]   |              ^^^^^^^^
[INFO] [stdout]   |
[INFO] [stdout]   = note: `#[warn(unused_macros)]` on by default
[INFO] [stdout] 
[INFO] [stdout] 
[INFO] [stdout] warning: unused import: `crate::Error`
[INFO] [stdout]  --> src/actions.rs:1:5
[INFO] [stdout]   |
[INFO] [stdout] 1 | use crate::Error;
[INFO] [stdout]   |     ^^^^^^^^^^^^
[INFO] [stdout] 
[INFO] [stdout] 
[INFO] [stdout] warning: unused import: `error::AdapterError`
[INFO] [stdout]  --> src/actions.rs:2:14
[INFO] [stdout]   |
[INFO] [stdout] 2 | use casbin::{error::AdapterError, Result};
[INFO] [stdout]   |              ^^^^^^^^^^^^^^^^^^^
[INFO] [stdout] 
[INFO] [stdout] 
[INFO] [stdout] warning: unused import: `rbatis::DriverType`
[INFO] [stdout]  --> src/actions.rs:5:5
[INFO] [stdout]   |
[INFO] [stdout] 5 | use rbatis::DriverType;
[INFO] [stdout]   |     ^^^^^^^^^^^^^^^^^^
[INFO] [stdout] 
[INFO] [stdout] 
[INFO] [stdout] warning: unused import: `rbatis::wrapper::Wrapper`
[INFO] [stdout]  --> src/actions.rs:7:5
[INFO] [stdout]   |
[INFO] [stdout] 7 | use rbatis::wrapper::Wrapper;
[INFO] [stdout]   |     ^^^^^^^^^^^^^^^^^^^^^^^^
[INFO] [stdout] 
[INFO] [stdout] 
[INFO] [stdout] warning: unused import: `crate::Error`
[INFO] [stdout]  --> src/actions.rs:1:5
[INFO] [stdout]   |
[INFO] [stdout] 1 | use crate::Error;
[INFO] [stdout]   |     ^^^^^^^^^^^^
[INFO] [stdout] 
[INFO] [stdout] 
[INFO] [stdout] warning: unused import: `error::AdapterError`
[INFO] [stdout]  --> src/actions.rs:2:14
[INFO] [stdout]   |
[INFO] [stdout] 2 | use casbin::{error::AdapterError, Result};
[INFO] [stdout]   |              ^^^^^^^^^^^^^^^^^^^
[INFO] [stdout] 
[INFO] [stdout] 
[INFO] [stdout] warning: unused import: `rbatis::DriverType`
[INFO] [stdout]  --> src/actions.rs:5:5
[INFO] [stdout]   |
[INFO] [stdout] 5 | use rbatis::DriverType;
[INFO] [stdout]   |     ^^^^^^^^^^^^^^^^^^
[INFO] [stdout] 
[INFO] [stdout] 
[INFO] [stdout] warning: unused import: `rbatis::wrapper::Wrapper`
[INFO] [stdout]  --> src/actions.rs:7:5
[INFO] [stdout]   |
[INFO] [stdout] 7 | use rbatis::wrapper::Wrapper;
[INFO] [stdout]   |     ^^^^^^^^^^^^^^^^^^^^^^^^
[INFO] [stdout] 
[INFO] [stdout] 
[INFO] [stdout] error[E0053]: method `load_policy` has an incompatible type for trait
[INFO] [stdout]    --> src/adapter.rs:140:26
[INFO] [stdout]     |
[INFO] [stdout] 140 |     async fn load_policy(&self, m: &mut dyn Model) -> Result<()> {
[INFO] [stdout]     |                          ^^^^^
[INFO] [stdout]     |                          |
[INFO] [stdout]     |                          types differ in mutability
[INFO] [stdout]     |                          help: change the self-receiver type to match the trait: `&mut self`
[INFO] [stdout]     |
[INFO] [stdout]     = note: expected signature `fn(&'life0 mut adapter::RbatisAdapter, &'life1 mut _) -> Pin<_>`
[INFO] [stdout]                found signature `fn(&'life0 adapter::RbatisAdapter, &'life1 mut _) -> Pin<_>`
[INFO] [stdout] 
[INFO] [stdout] 
[INFO] [stdout] error[E0053]: method `load_policy` has an incompatible type for trait
[INFO] [stdout]    --> src/adapter.rs:140:26
[INFO] [stdout]     |
[INFO] [stdout] 140 |     async fn load_policy(&self, m: &mut dyn Model) -> Result<()> {
[INFO] [stdout]     |                          ^^^^^
[INFO] [stdout]     |                          |
[INFO] [stdout]     |                          types differ in mutability
[INFO] [stdout]     |                          help: change the self-receiver type to match the trait: `&mut self`
[INFO] [stdout]     |
[INFO] [stdout]     = note: expected signature `fn(&'life0 mut RbatisAdapter, &'life1 mut _) -> Pin<_>`
[INFO] [stdout]                found signature `fn(&'life0 RbatisAdapter, &'life1 mut _) -> Pin<_>`
[INFO] [stdout] 
[INFO] [stdout] 
[INFO] [stdout] error: aborting due to 1 previous error; 9 warnings emitted
[INFO] [stdout] 
[INFO] [stdout] 
[INFO] [stdout] For more information about this error, try `rustc --explain E0053`.
[INFO] [stdout] 
[INFO] [stderr] error: could not compile `rbatis-adapter` (lib) due to 2 previous errors; 9 warnings emitted
[INFO] [stderr] warning: build failed, waiting for other jobs to finish...
[INFO] [stdout] error: aborting due to 1 previous error; 10 warnings emitted
[INFO] [stdout] 
[INFO] [stdout] 
[INFO] [stdout] For more information about this error, try `rustc --explain E0053`.
[INFO] [stdout] 
[INFO] [stderr] error: could not compile `rbatis-adapter` (lib test) due to 2 previous errors; 10 warnings emitted
[INFO] running `Command { std: "docker" "inspect" "4b9d0f308fa3a5fef78953048520f9989292eedc9c6d113d918698b0874b7425", kill_on_drop: false }`
[INFO] running `Command { std: "docker" "rm" "-f" "4b9d0f308fa3a5fef78953048520f9989292eedc9c6d113d918698b0874b7425", kill_on_drop: false }`
[INFO] [stdout] 4b9d0f308fa3a5fef78953048520f9989292eedc9c6d113d918698b0874b7425
[INFO] checking rbatis-adapter-0.0.1 against nightly-2024-02-05+rustflags=-Dunexpected_cfgs+cargoflags=-Zcheck-cfg for check-cfg
[INFO] extracting crate rbatis-adapter 0.0.1 into /workspace/builds/worker-6-tc2/source
[INFO] validating manifest of crates.io crate rbatis-adapter 0.0.1 on toolchain nightly-2024-02-05
[INFO] running `Command { std: CARGO_HOME="/workspace/cargo-home" RUSTUP_HOME="/workspace/rustup-home" "/workspace/cargo-home/bin/cargo" "+nightly-2024-02-05" "metadata" "--manifest-path" "Cargo.toml" "--no-deps", kill_on_drop: false }`
[INFO] started tweaking crates.io crate rbatis-adapter 0.0.1
[INFO] finished tweaking crates.io crate rbatis-adapter 0.0.1
[INFO] tweaked toml for crates.io crate rbatis-adapter 0.0.1 written to /workspace/builds/worker-6-tc2/source/Cargo.toml
[INFO] running `Command { std: CARGO_HOME="/workspace/cargo-home" RUSTUP_HOME="/workspace/rustup-home" "/workspace/cargo-home/bin/cargo" "+nightly-2024-02-05" "generate-lockfile" "--manifest-path" "Cargo.toml", kill_on_drop: false }`
[INFO] [stderr]     Updating crates.io index
[INFO] running `Command { std: CARGO_HOME="/workspace/cargo-home" RUSTUP_HOME="/workspace/rustup-home" "/workspace/cargo-home/bin/cargo" "+nightly-2024-02-05" "fetch" "--manifest-path" "Cargo.toml", kill_on_drop: false }`
[INFO] running `Command { std: "docker" "create" "-v" "/var/lib/crater-agent-workspace/builds/worker-6-tc2/target:/opt/rustwide/target:rw,Z" "-v" "/var/lib/crater-agent-workspace/builds/worker-6-tc2/source:/opt/rustwide/workdir:ro,Z" "-v" "/var/lib/crater-agent-workspace/cargo-home:/opt/rustwide/cargo-home:ro,Z" "-v" "/var/lib/crater-agent-workspace/rustup-home:/opt/rustwide/rustup-home:ro,Z" "-e" "SOURCE_DIR=/opt/rustwide/workdir" "-e" "CARGO_TARGET_DIR=/opt/rustwide/target" "-e" "CARGO_HOME=/opt/rustwide/cargo-home" "-e" "RUSTUP_HOME=/opt/rustwide/rustup-home" "-w" "/opt/rustwide/workdir" "-m" "1610612736" "--user" "0:0" "--network" "none" "ghcr.io/rust-lang/crates-build-env/linux@sha256:2788e3201cd34a07e3172128adcd8b3090168a8e3bcc40d7c032b9dda1df7d1c" "/opt/rustwide/cargo-home/bin/cargo" "+nightly-2024-02-05" "metadata" "--no-deps" "--format-version=1", kill_on_drop: false }`
[INFO] [stdout] d0fbfdf282f7800dc92213ffeaf86b67470169a635ee2884eb633b68dfe81a19
[INFO] running `Command { std: "docker" "start" "-a" "d0fbfdf282f7800dc92213ffeaf86b67470169a635ee2884eb633b68dfe81a19", kill_on_drop: false }`
[INFO] running `Command { std: "docker" "inspect" "d0fbfdf282f7800dc92213ffeaf86b67470169a635ee2884eb633b68dfe81a19", kill_on_drop: false }`
[INFO] running `Command { std: "docker" "rm" "-f" "d0fbfdf282f7800dc92213ffeaf86b67470169a635ee2884eb633b68dfe81a19", kill_on_drop: false }`
[INFO] [stdout] d0fbfdf282f7800dc92213ffeaf86b67470169a635ee2884eb633b68dfe81a19
[INFO] running `Command { std: "docker" "create" "-v" "/var/lib/crater-agent-workspace/builds/worker-6-tc2/target:/opt/rustwide/target:rw,Z" "-v" "/var/lib/crater-agent-workspace/builds/worker-6-tc2/source:/opt/rustwide/workdir:ro,Z" "-v" "/var/lib/crater-agent-workspace/cargo-home:/opt/rustwide/cargo-home:ro,Z" "-v" "/var/lib/crater-agent-workspace/rustup-home:/opt/rustwide/rustup-home:ro,Z" "-e" "SOURCE_DIR=/opt/rustwide/workdir" "-e" "CARGO_TARGET_DIR=/opt/rustwide/target" "-e" "CARGO_INCREMENTAL=0" "-e" "RUST_BACKTRACE=full" "-e" "RUSTFLAGS=--cap-lints=forbid -Dunexpected_cfgs" "-e" "RUSTDOCFLAGS=--cap-lints=forbid" "-e" "CARGO_HOME=/opt/rustwide/cargo-home" "-e" "RUSTUP_HOME=/opt/rustwide/rustup-home" "-w" "/opt/rustwide/workdir" "-m" "1610612736" "--user" "0:0" "--network" "none" "ghcr.io/rust-lang/crates-build-env/linux@sha256:2788e3201cd34a07e3172128adcd8b3090168a8e3bcc40d7c032b9dda1df7d1c" "/opt/rustwide/cargo-home/bin/cargo" "+nightly-2024-02-05" "check" "--frozen" "--all" "--all-targets" "--message-format=json" "-Zcheck-cfg", kill_on_drop: false }`
[INFO] [stdout] 84d95e0b14afab6c639e2653df523d9fe960f3f394c0706b814a897b9f418b5e
[INFO] running `Command { std: "docker" "start" "-a" "84d95e0b14afab6c639e2653df523d9fe960f3f394c0706b814a897b9f418b5e", kill_on_drop: false }`
[INFO] [stderr]    Compiling proc-macro2 v1.0.78
[INFO] [stderr]    Compiling unicode-ident v1.0.12
[INFO] [stderr]    Compiling autocfg v1.1.0
[INFO] [stderr]    Compiling libc v0.2.153
[INFO] [stderr]    Compiling version_check v0.9.4
[INFO] [stderr]     Checking cfg-if v1.0.0
[INFO] [stderr]    Compiling serde v1.0.196
[INFO] [stderr]     Checking pin-project-lite v0.2.13
[INFO] [stderr]     Checking once_cell v1.19.0
[INFO] [stderr]    Compiling crossbeam-utils v0.8.19
[INFO] [stderr]     Checking futures-core v0.3.30
[INFO] [stderr]    Compiling libm v0.2.8
[INFO] [stderr]    Compiling typenum v1.17.0
[INFO] [stderr]     Checking scopeguard v1.2.0
[INFO] [stderr]     Checking memchr v2.7.1
[INFO] [stderr]    Compiling thiserror v1.0.56
[INFO] [stderr]     Checking futures-io v0.3.30
[INFO] [stderr]     Checking spin v0.5.2
[INFO] [stderr]    Compiling parking_lot_core v0.9.9
[INFO] [stderr]    Compiling syn v1.0.109
[INFO] [stderr]     Checking value-bag v1.7.0
[INFO] [stderr]     Checking parking v2.2.0
[INFO] [stderr]     Checking futures-sink v0.3.30
[INFO] [stderr]     Checking untrusted v0.7.1
[INFO] [stderr]    Compiling generic-array v0.14.7
[INFO] [stderr]    Compiling num-traits v0.2.17
[INFO] [stderr]    Compiling lock_api v0.4.11
[INFO] [stderr]    Compiling slab v0.4.9
[INFO] [stderr]    Compiling ahash v0.7.7
[INFO] [stderr]     Checking log v0.4.20
[INFO] [stderr]    Compiling num-integer v0.1.45
[INFO] [stderr]     Checking itoa v1.0.10
[INFO] [stderr]     Checking subtle v2.5.0
[INFO] [stderr]     Checking equivalent v1.0.1
[INFO] [stderr]     Checking ppv-lite86 v0.2.17
[INFO] [stderr]    Compiling ucd-trie v0.1.6
[INFO] [stderr]     Checking hashbrown v0.14.3
[INFO] [stderr]     Checking base64ct v1.6.0
[INFO] [stderr]     Checking base64 v0.13.1
[INFO] [stderr]     Checking concurrent-queue v2.4.0
[INFO] [stderr]    Compiling quote v1.0.35
[INFO] [stderr]     Checking const-oid v0.7.1
[INFO] [stderr]     Checking pem-rfc7468 v0.3.1
[INFO] [stderr]    Compiling crunchy v0.2.2
[INFO] [stderr]     Checking tinyvec_macros v0.1.1
[INFO] [stderr]     Checking bytes v1.5.0
[INFO] [stderr]     Checking tinyvec v1.6.0
[INFO] [stderr]     Checking event-listener v4.0.3
[INFO] [stderr]    Compiling num-iter v0.1.43
[INFO] [stderr]    Compiling indexmap v1.9.3
[INFO] [stderr]    Compiling syn v2.0.48
[INFO] [stderr]    Compiling standback v0.2.17
[INFO] [stderr]     Checking lazy_static v1.4.0
[INFO] [stderr]    Compiling proc-macro-hack v0.5.20+deprecated
[INFO] [stderr]    Compiling serde_json v1.0.113
[INFO] [stderr]     Checking getrandom v0.2.12
[INFO] [stderr]     Checking num_cpus v1.16.0
[INFO] [stderr]     Checking signal-hook-registry v1.4.1
[INFO] [stderr]     Checking socket2 v0.5.5
[INFO] [stderr]     Checking mio v0.8.10
[INFO] [stderr]     Checking indexmap v2.2.2
[INFO] [stderr]    Compiling cc v1.0.83
[INFO] [stderr]     Checking rand_core v0.6.4
[INFO] [stderr]     Checking zeroize v1.7.0
[INFO] [stderr]     Checking pin-utils v0.1.0
[INFO] [stderr]     Checking bitflags v2.4.2
[INFO] [stderr]     Checking event-listener v2.5.3
[INFO] [stderr]    Compiling parking_lot_core v0.8.6
[INFO] [stderr]    Compiling tiny-keccak v2.0.2
[INFO] [stderr]     Checking hashbrown v0.11.2
[INFO] [stderr]     Checking rand_chacha v0.3.1
[INFO] [stderr]     Checking event-listener-strategy v0.4.0
[INFO] [stderr]     Checking unicode-normalization v0.1.22
[INFO] [stderr]     Checking futures-channel v0.3.30
[INFO] [stderr]     Checking rand v0.8.5
[INFO] [stderr]    Compiling num-bigint v0.3.3
[INFO] [stderr]     Checking instant v0.1.12
[INFO] [stderr]     Checking fastrand v2.0.1
[INFO] [stderr]    Compiling num-bigint-dig v0.8.4
[INFO] [stderr]     Checking bitflags v1.3.2
[INFO] [stderr]     Checking hashbrown v0.12.3
[INFO] [stderr]     Checking iana-time-zone v0.1.60
[INFO] [stderr]     Checking futures-task v0.3.30
[INFO] [stderr]    Compiling ryu v1.0.16
[INFO] [stderr]    Compiling async-trait v0.1.77
[INFO] [stderr]     Checking unicode-bidi v0.3.15
[INFO] [stderr]     Checking crossbeam-queue v0.3.11
[INFO] [stderr]     Checking crypto-bigint v0.3.2
[INFO] [stderr]     Checking block-buffer v0.10.4
[INFO] [stderr]     Checking crypto-common v0.1.6
[INFO] [stderr]    Compiling paste v1.0.14
[INFO] [stderr]     Checking digest v0.10.7
[INFO] [stderr]     Checking minimal-lexical v0.2.1
[INFO] [stderr]     Checking percent-encoding v2.3.1
[INFO] [stderr]     Checking cpufeatures v0.2.12
[INFO] [stderr]    Compiling rustix v0.38.31
[INFO] [stderr]    Compiling const_fn v0.4.9
[INFO] [stderr]    Compiling rust_decimal v1.34.2
[INFO] [stderr]     Checking byteorder v1.5.0
[INFO] [stderr]     Checking tracing-core v0.1.32
[INFO] [stderr]     Checking hex v0.4.3
[INFO] [stderr]     Checking nom v7.1.3
[INFO] [stderr]    Compiling ring v0.16.20
[INFO] [stderr]     Checking idna v0.5.0
[INFO] [stderr]    Compiling form_urlencoded v1.2.1
[INFO] [stderr]    Compiling const-random-macro v0.1.16
[INFO] [stderr]     Checking tracing v0.1.40
[INFO] [stderr]     Checking der v0.5.1
[INFO] [stderr]     Checking futures-lite v2.2.0
[INFO] [stderr]     Checking async-lock v3.3.0
[INFO] [stderr]    Compiling smartstring v1.0.1
[INFO] [stderr]    Compiling ahash v0.8.7
[INFO] [stderr]    Compiling time v0.2.27
[INFO] [stderr]     Checking crc-catalog v1.1.1
[INFO] [stderr]     Checking powerfmt v0.2.0
[INFO] [stderr]    Compiling io-lifetimes v1.0.11
[INFO] [stderr]     Checking unicode_categories v0.1.1
[INFO] [stderr]     Checking finl_unicode v1.2.0
[INFO] [stderr]     Checking linux-raw-sys v0.4.13
[INFO] [stderr]     Checking arrayvec v0.7.4
[INFO] [stderr]     Checking const-random v0.1.17
[INFO] [stderr]     Checking crc v2.1.0
[INFO] [stderr]     Checking sha2 v0.10.8
[INFO] [stderr]     Checking url v2.5.0
[INFO] [stderr]     Checking sha-1 v0.10.1
[INFO] [stderr]     Checking spki v0.5.4
[INFO] [stderr]     Checking hashlink v0.7.0
[INFO] [stderr]     Checking atoi v0.4.0
[INFO] [stderr]     Checking pkcs8 v0.8.0
[INFO] [stderr]     Checking spin v0.9.8
[INFO] [stderr]     Checking crossbeam-epoch v0.9.18
[INFO] [stderr]     Checking pkcs1 v0.3.3
[INFO] [stderr]     Checking aho-corasick v1.1.2
[INFO] [stderr]     Checking stringprep v0.1.4
[INFO] [stderr]    Compiling polling v2.8.0
[INFO] [stderr]     Checking num-conv v0.1.0
[INFO] [stderr]     Checking async-task v4.7.0
[INFO] [stderr]     Checking bit-vec v0.6.3
[INFO] [stderr]     Checking regex-syntax v0.8.2
[INFO] [stderr]     Checking time-core v0.1.2
[INFO] [stderr]     Checking atomic-waker v1.1.2
[INFO] [stderr]    Compiling rustix v0.37.27
[INFO] [stderr]     Checking zerocopy v0.7.32
[INFO] [stderr]     Checking static_assertions v1.1.0
[INFO] [stderr]     Checking piper v0.2.1
[INFO] [stderr]     Checking crossbeam-deque v0.8.5
[INFO] [stderr]     Checking flume v0.11.0
[INFO] [stderr]     Checking async-channel v2.1.1
[INFO] [stderr]     Checking crossbeam-channel v0.5.11
[INFO] [stderr]    Compiling async-io v1.13.0
[INFO] [stderr]     Checking fixedbitset v0.4.2
[INFO] [stderr]     Checking linux-raw-sys v0.3.8
[INFO] [stderr]     Checking waker-fn v1.1.1
[INFO] [stderr]     Checking fastrand v1.9.0
[INFO] [stderr]     Checking blocking v1.5.1
[INFO] [stderr]     Checking petgraph v0.6.4
[INFO] [stderr]     Checking futures-lite v1.13.0
[INFO] [stderr]     Checking async-executor v1.8.0
[INFO] [stderr]     Checking ritelinked v0.3.2
[INFO] [stderr]     Checking async-lock v2.8.0
[INFO] [stderr]     Checking crossbeam v0.8.4
[INFO] [stderr]     Checking socket2 v0.4.10
[INFO] [stderr]     Checking async-channel v1.9.0
[INFO] [stderr]     Checking kv-log-macro v1.0.7
[INFO] [stderr]    Compiling time-macros-impl v0.1.2
[INFO] [stderr]    Compiling async-attributes v1.1.2
[INFO] [stderr]    Compiling serde_derive v1.0.196
[INFO] [stderr]    Compiling thiserror-impl v1.0.56
[INFO] [stderr]    Compiling tokio-macros v2.2.0
[INFO] [stderr]    Compiling futures-macro v0.3.30
[INFO] [stderr]    Compiling rhai_codegen v2.0.0
[INFO] [stderr]     Checking webpki v0.21.4
[INFO] [stderr]     Checking sct v0.6.1
[INFO] [stderr]     Checking rustls v0.19.1
[INFO] [stderr]     Checking webpki-roots v0.21.1
[INFO] [stderr]     Checking time-macros v0.1.1
[INFO] [stderr]     Checking regex-automata v0.4.5
[INFO] [stderr]     Checking futures-util v0.3.30
[INFO] [stderr]    Compiling pest v2.7.7
[INFO] [stderr]     Checking polling v3.4.0
[INFO] [stderr]     Checking async-io v2.3.1
[INFO] [stderr]     Checking async-global-executor v2.4.1
[INFO] [stderr]     Checking regex v1.10.3
[INFO] [stderr]     Checking async-std v1.12.0
[INFO] [stderr]    Compiling pest_meta v2.7.7
[INFO] [stderr]     Checking futures-executor v0.3.30
[INFO] [stderr]     Checking futures v0.3.30
[INFO] [stderr]    Compiling pest_generator v2.7.7
[INFO] [stderr]    Compiling pest_derive v2.7.7
[INFO] [stderr]     Checking smallvec v1.13.1
[INFO] [stderr]     Checking chrono v0.4.33
[INFO] [stderr]     Checking either v1.9.0
[INFO] [stderr]     Checking uuid v0.8.2
[INFO] [stderr]     Checking serde_bytes v0.11.14
[INFO] [stderr]     Checking bigdecimal v0.2.2
[INFO] [stderr]     Checking deranged v0.3.11
[INFO] [stderr]     Checking ipnetwork v0.17.0
[INFO] [stderr]     Checking thin-vec v0.2.13
[INFO] [stderr]     Checking itertools v0.10.5
[INFO] [stderr]     Checking rhai v1.17.1
[INFO] [stderr]     Checking parking_lot v0.11.2
[INFO] [stderr]     Checking parking_lot v0.12.1
[INFO] [stderr]     Checking futures-intrusive v0.4.2
[INFO] [stderr]     Checking tokio v1.36.0
[INFO] [stderr]     Checking dark-std v0.2.10
[INFO] [stderr]    Compiling html_parser v0.6.3
[INFO] [stderr]     Checking time v0.3.34
[INFO] [stderr]     Checking rbson v2.0.5
[INFO] [stderr]     Checking rsa v0.6.1
[INFO] [stderr]    Compiling rbatis_sql_macro v3.0.17
[INFO] [stderr]    Compiling rbatis-macro-driver v3.1.3
[INFO] [stderr]     Checking sqlformat v0.1.8
[INFO] [stderr]     Checking fastdate v0.3.28
[INFO] [stderr]     Checking fast_log v1.6.12
[INFO] [stderr]     Checking rbatis_sql v3.0.26
[INFO] [stderr]     Checking tokio-rustls v0.22.0
[INFO] [stderr]     Checking tokio-stream v0.1.14
[INFO] [stderr]     Checking sqlx-rt v0.5.13
[INFO] [stderr]     Checking sqlx-core v0.5.13
[INFO] [stderr]     Checking casbin v2.2.0
[INFO] [stderr]     Checking rbatis-core v3.1.11
[INFO] [stderr]     Checking rbatis v3.1.16
[INFO] [stderr]     Checking rbatis-adapter v0.0.1 (/opt/rustwide/workdir)
[INFO] [stdout] warning: unused imports: `Error as CasbinError`, `error::AdapterError`
[INFO] [stdout]  --> src/adapter.rs:2:14
[INFO] [stdout]   |
[INFO] [stdout] 2 | use casbin::{error::AdapterError, Adapter, Error as CasbinError, Filter, Model, Result};
[INFO] [stdout]   |              ^^^^^^^^^^^^^^^^^^^           ^^^^^^^^^^^^^^^^^^^^
[INFO] [stdout]   |
[INFO] [stdout]   = note: `#[warn(unused_imports)]` on by default
[INFO] [stdout] 
[INFO] [stdout] 
[INFO] [stdout] warning: unused import: `tokio::task::spawn_blocking`
[INFO] [stdout]   --> src/adapter.rs:10:5
[INFO] [stdout]    |
[INFO] [stdout] 10 | use tokio::task::spawn_blocking;
[INFO] [stdout]    |     ^^^^^^^^^^^^^^^^^^^^^^^^^^^
[INFO] [stdout] 
[INFO] [stdout] 
[INFO] [stdout] warning: unused import: `std::time::Duration`
[INFO] [stdout]   --> src/adapter.rs:12:5
[INFO] [stdout]    |
[INFO] [stdout] 12 | use std::time::Duration;
[INFO] [stdout]    |     ^^^^^^^^^^^^^^^^^^^
[INFO] [stdout] 
[INFO] [stdout] 
[INFO] [stdout] warning: unused import: `rbatis::rbatis::Rbatis`
[INFO] [stdout]   --> src/adapter.rs:14:5
[INFO] [stdout]    |
[INFO] [stdout] 14 | use rbatis::rbatis::Rbatis;
[INFO] [stdout]    |     ^^^^^^^^^^^^^^^^^^^^^^
[INFO] [stdout] 
[INFO] [stdout] 
[INFO] [stdout] warning: unused macro definition: `eq_empty`
[INFO] [stdout]  --> src/macros.rs:1:14
[INFO] [stdout]   |
[INFO] [stdout] 1 | macro_rules! eq_empty {
[INFO] [stdout]   |              ^^^^^^^^
[INFO] [stdout]   |
[INFO] [stdout]   = note: `#[warn(unused_macros)]` on by default
[INFO] [stdout] 
[INFO] [stdout] 
[INFO] [stdout] warning: unused imports: `Error as CasbinError`, `error::AdapterError`
[INFO] [stdout]  --> src/adapter.rs:2:14
[INFO] [stdout]   |
[INFO] [stdout] 2 | use casbin::{error::AdapterError, Adapter, Error as CasbinError, Filter, Model, Result};
[INFO] [stdout]   |              ^^^^^^^^^^^^^^^^^^^           ^^^^^^^^^^^^^^^^^^^^
[INFO] [stdout]   |
[INFO] [stdout]   = note: `#[warn(unused_imports)]` on by default
[INFO] [stdout] 
[INFO] [stdout] 
[INFO] [stdout] warning: unused import: `tokio::task::spawn_blocking`
[INFO] [stdout]   --> src/adapter.rs:10:5
[INFO] [stdout]    |
[INFO] [stdout] 10 | use tokio::task::spawn_blocking;
[INFO] [stdout]    |     ^^^^^^^^^^^^^^^^^^^^^^^^^^^
[INFO] [stdout] 
[INFO] [stdout] 
[INFO] [stdout] warning: unused import: `std::time::Duration`
[INFO] [stdout]   --> src/adapter.rs:12:5
[INFO] [stdout]    |
[INFO] [stdout] 12 | use std::time::Duration;
[INFO] [stdout]    |     ^^^^^^^^^^^^^^^^^^^
[INFO] [stdout] 
[INFO] [stdout] 
[INFO] [stdout] warning: unused import: `rbatis::rbatis::Rbatis`
[INFO] [stdout]   --> src/adapter.rs:14:5
[INFO] [stdout]    |
[INFO] [stdout] 14 | use rbatis::rbatis::Rbatis;
[INFO] [stdout]    |     ^^^^^^^^^^^^^^^^^^^^^^
[INFO] [stdout] 
[INFO] [stdout] 
[INFO] [stdout] warning: unused import: `log::error`
[INFO] [stdout]    --> src/adapter.rs:368:9
[INFO] [stdout]     |
[INFO] [stdout] 368 |     use log::error;
[INFO] [stdout]     |         ^^^^^^^^^^
[INFO] [stdout] 
[INFO] [stdout] 
[INFO] [stdout] warning: unused macro definition: `eq_empty`
[INFO] [stdout]  --> src/macros.rs:1:14
[INFO] [stdout]   |
[INFO] [stdout] 1 | macro_rules! eq_empty {
[INFO] [stdout]   |              ^^^^^^^^
[INFO] [stdout]   |
[INFO] [stdout]   = note: `#[warn(unused_macros)]` on by default
[INFO] [stdout] 
[INFO] [stdout] 
[INFO] [stdout] warning: unused import: `crate::Error`
[INFO] [stdout]  --> src/actions.rs:1:5
[INFO] [stdout]   |
[INFO] [stdout] 1 | use crate::Error;
[INFO] [stdout]   |     ^^^^^^^^^^^^
[INFO] [stdout] 
[INFO] [stdout] 
[INFO] [stdout] warning: unused import: `error::AdapterError`
[INFO] [stdout]  --> src/actions.rs:2:14
[INFO] [stdout]   |
[INFO] [stdout] 2 | use casbin::{error::AdapterError, Result};
[INFO] [stdout]   |              ^^^^^^^^^^^^^^^^^^^
[INFO] [stdout] 
[INFO] [stdout] 
[INFO] [stdout] warning: unused import: `rbatis::DriverType`
[INFO] [stdout]  --> src/actions.rs:5:5
[INFO] [stdout]   |
[INFO] [stdout] 5 | use rbatis::DriverType;
[INFO] [stdout]   |     ^^^^^^^^^^^^^^^^^^
[INFO] [stdout] 
[INFO] [stdout] 
[INFO] [stdout] warning: unused import: `rbatis::wrapper::Wrapper`
[INFO] [stdout]  --> src/actions.rs:7:5
[INFO] [stdout]   |
[INFO] [stdout] 7 | use rbatis::wrapper::Wrapper;
[INFO] [stdout]   |     ^^^^^^^^^^^^^^^^^^^^^^^^
[INFO] [stdout] 
[INFO] [stdout] 
[INFO] [stdout] warning: unused import: `crate::Error`
[INFO] [stdout]  --> src/actions.rs:1:5
[INFO] [stdout]   |
[INFO] [stdout] 1 | use crate::Error;
[INFO] [stdout]   |     ^^^^^^^^^^^^
[INFO] [stdout] 
[INFO] [stdout] 
[INFO] [stdout] warning: unused import: `error::AdapterError`
[INFO] [stdout]  --> src/actions.rs:2:14
[INFO] [stdout]   |
[INFO] [stdout] 2 | use casbin::{error::AdapterError, Result};
[INFO] [stdout]   |              ^^^^^^^^^^^^^^^^^^^
[INFO] [stdout] 
[INFO] [stdout] 
[INFO] [stdout] warning: unused import: `rbatis::DriverType`
[INFO] [stdout]  --> src/actions.rs:5:5
[INFO] [stdout]   |
[INFO] [stdout] 5 | use rbatis::DriverType;
[INFO] [stdout]   |     ^^^^^^^^^^^^^^^^^^
[INFO] [stdout] 
[INFO] [stdout] 
[INFO] [stdout] warning: unused import: `rbatis::wrapper::Wrapper`
[INFO] [stdout]  --> src/actions.rs:7:5
[INFO] [stdout]   |
[INFO] [stdout] 7 | use rbatis::wrapper::Wrapper;
[INFO] [stdout]   |     ^^^^^^^^^^^^^^^^^^^^^^^^
[INFO] [stdout] 
[INFO] [stdout] 
[INFO] [stdout] error[E0053]: method `load_policy` has an incompatible type for trait
[INFO] [stdout]    --> src/adapter.rs:140:26
[INFO] [stdout]     |
[INFO] [stdout] 140 |     async fn load_policy(&self, m: &mut dyn Model) -> Result<()> {
[INFO] [stdout]     |                          ^^^^^
[INFO] [stdout]     |                          |
[INFO] [stdout]     |                          types differ in mutability
[INFO] [stdout]     |                          help: change the self-receiver type to match the trait: `&mut self`
[INFO] [stdout]     |
[INFO] [stdout]     = note: expected signature `fn(&'life0 mut RbatisAdapter, &'life1 mut _) -> Pin<_>`
[INFO] [stdout]                found signature `fn(&'life0 RbatisAdapter, &'life1 mut _) -> Pin<_>`
[INFO] [stdout] 
[INFO] [stdout] 
[INFO] [stdout] error[E0053]: method `load_policy` has an incompatible type for trait
[INFO] [stdout]    --> src/adapter.rs:140:26
[INFO] [stdout]     |
[INFO] [stdout] 140 |     async fn load_policy(&self, m: &mut dyn Model) -> Result<()> {
[INFO] [stdout]     |                          ^^^^^
[INFO] [stdout]     |                          |
[INFO] [stdout]     |                          types differ in mutability
[INFO] [stdout]     |                          help: change the self-receiver type to match the trait: `&mut self`
[INFO] [stdout]     |
[INFO] [stdout]     = note: expected signature `fn(&'life0 mut adapter::RbatisAdapter, &'life1 mut _) -> Pin<_>`
[INFO] [stdout]                found signature `fn(&'life0 adapter::RbatisAdapter, &'life1 mut _) -> Pin<_>`
[INFO] [stdout] 
[INFO] [stdout] 
[INFO] [stdout] error: aborting due to 1 previous error; 9 warnings emitted
[INFO] [stdout] 
[INFO] [stdout] 
[INFO] [stdout] For more information about this error, try `rustc --explain E0053`.
[INFO] [stdout] 
[INFO] [stderr] error: could not compile `rbatis-adapter` (lib) due to 2 previous errors; 9 warnings emitted
[INFO] [stderr] warning: build failed, waiting for other jobs to finish...
[INFO] [stdout] error: aborting due to 1 previous error; 10 warnings emitted
[INFO] [stdout] 
[INFO] [stdout] 
[INFO] [stdout] For more information about this error, try `rustc --explain E0053`.
[INFO] [stdout] 
[INFO] [stderr] error: could not compile `rbatis-adapter` (lib test) due to 2 previous errors; 10 warnings emitted
[INFO] running `Command { std: "docker" "inspect" "84d95e0b14afab6c639e2653df523d9fe960f3f394c0706b814a897b9f418b5e", kill_on_drop: false }`
[INFO] running `Command { std: "docker" "rm" "-f" "84d95e0b14afab6c639e2653df523d9fe960f3f394c0706b814a897b9f418b5e", kill_on_drop: false }`
[INFO] [stdout] 84d95e0b14afab6c639e2653df523d9fe960f3f394c0706b814a897b9f418b5e
