[INFO] fetching crate razy-importer 0.3.4...
[INFO] checking razy-importer-0.3.4 against nightly-2024-02-05 for check-cfg
[INFO] extracting crate razy-importer 0.3.4 into /workspace/builds/worker-3-tc1/source
[INFO] validating manifest of crates.io crate razy-importer 0.3.4 on toolchain nightly-2024-02-05
[INFO] running `Command { std: CARGO_HOME="/workspace/cargo-home" RUSTUP_HOME="/workspace/rustup-home" "/workspace/cargo-home/bin/cargo" "+nightly-2024-02-05" "metadata" "--manifest-path" "Cargo.toml" "--no-deps", kill_on_drop: false }`
[INFO] started tweaking crates.io crate razy-importer 0.3.4
[INFO] finished tweaking crates.io crate razy-importer 0.3.4
[INFO] tweaked toml for crates.io crate razy-importer 0.3.4 written to /workspace/builds/worker-3-tc1/source/Cargo.toml
[INFO] running `Command { std: CARGO_HOME="/workspace/cargo-home" RUSTUP_HOME="/workspace/rustup-home" "/workspace/cargo-home/bin/cargo" "+nightly-2024-02-05" "generate-lockfile" "--manifest-path" "Cargo.toml", kill_on_drop: false }`
[INFO] [stderr]     Updating crates.io index
[INFO] running `Command { std: CARGO_HOME="/workspace/cargo-home" RUSTUP_HOME="/workspace/rustup-home" "/workspace/cargo-home/bin/cargo" "+nightly-2024-02-05" "fetch" "--manifest-path" "Cargo.toml", kill_on_drop: false }`
[INFO] [stderr]  Downloading crates ...
[INFO] [stderr]   Downloaded assert_hex v0.2.2
[INFO] [stderr]   Downloaded mem_macros v1.0.1
[INFO] running `Command { std: "docker" "create" "-v" "/var/lib/crater-agent-workspace/builds/worker-3-tc1/target:/opt/rustwide/target:rw,Z" "-v" "/var/lib/crater-agent-workspace/builds/worker-3-tc1/source:/opt/rustwide/workdir:ro,Z" "-v" "/var/lib/crater-agent-workspace/cargo-home:/opt/rustwide/cargo-home:ro,Z" "-v" "/var/lib/crater-agent-workspace/rustup-home:/opt/rustwide/rustup-home:ro,Z" "-e" "SOURCE_DIR=/opt/rustwide/workdir" "-e" "CARGO_TARGET_DIR=/opt/rustwide/target" "-e" "CARGO_HOME=/opt/rustwide/cargo-home" "-e" "RUSTUP_HOME=/opt/rustwide/rustup-home" "-w" "/opt/rustwide/workdir" "-m" "1610612736" "--user" "0:0" "--network" "none" "ghcr.io/rust-lang/crates-build-env/linux@sha256:2788e3201cd34a07e3172128adcd8b3090168a8e3bcc40d7c032b9dda1df7d1c" "/opt/rustwide/cargo-home/bin/cargo" "+nightly-2024-02-05" "metadata" "--no-deps" "--format-version=1", kill_on_drop: false }`
[INFO] [stdout] 6b236494a8fdc6f31c993d38b79ed91a840f25edbaf6291c271cb07ea1d8a3a8
[INFO] running `Command { std: "docker" "start" "-a" "6b236494a8fdc6f31c993d38b79ed91a840f25edbaf6291c271cb07ea1d8a3a8", kill_on_drop: false }`
[INFO] running `Command { std: "docker" "inspect" "6b236494a8fdc6f31c993d38b79ed91a840f25edbaf6291c271cb07ea1d8a3a8", kill_on_drop: false }`
[INFO] running `Command { std: "docker" "rm" "-f" "6b236494a8fdc6f31c993d38b79ed91a840f25edbaf6291c271cb07ea1d8a3a8", kill_on_drop: false }`
[INFO] [stdout] 6b236494a8fdc6f31c993d38b79ed91a840f25edbaf6291c271cb07ea1d8a3a8
[INFO] running `Command { std: "docker" "create" "-v" "/var/lib/crater-agent-workspace/builds/worker-3-tc1/target:/opt/rustwide/target:rw,Z" "-v" "/var/lib/crater-agent-workspace/builds/worker-3-tc1/source:/opt/rustwide/workdir:ro,Z" "-v" "/var/lib/crater-agent-workspace/cargo-home:/opt/rustwide/cargo-home:ro,Z" "-v" "/var/lib/crater-agent-workspace/rustup-home:/opt/rustwide/rustup-home:ro,Z" "-e" "SOURCE_DIR=/opt/rustwide/workdir" "-e" "CARGO_TARGET_DIR=/opt/rustwide/target" "-e" "CARGO_INCREMENTAL=0" "-e" "RUST_BACKTRACE=full" "-e" "RUSTFLAGS=--cap-lints=forbid" "-e" "RUSTDOCFLAGS=--cap-lints=forbid" "-e" "CARGO_HOME=/opt/rustwide/cargo-home" "-e" "RUSTUP_HOME=/opt/rustwide/rustup-home" "-w" "/opt/rustwide/workdir" "-m" "1610612736" "--user" "0:0" "--network" "none" "ghcr.io/rust-lang/crates-build-env/linux@sha256:2788e3201cd34a07e3172128adcd8b3090168a8e3bcc40d7c032b9dda1df7d1c" "/opt/rustwide/cargo-home/bin/cargo" "+nightly-2024-02-05" "check" "--frozen" "--all" "--all-targets" "--message-format=json", kill_on_drop: false }`
[INFO] [stdout] 88b647024fb9b6566cf8a4659944f54d2e4e7cb2705f87cfcaefa14ecb83367c
[INFO] running `Command { std: "docker" "start" "-a" "88b647024fb9b6566cf8a4659944f54d2e4e7cb2705f87cfcaefa14ecb83367c", kill_on_drop: false }`
[INFO] [stderr]    Compiling proc-macro2 v0.4.30
[INFO] [stderr]    Compiling tiny-keccak v2.0.2
[INFO] [stderr]    Compiling winapi v0.3.9
[INFO] [stderr]    Compiling ntapi v0.4.1
[INFO] [stderr]    Compiling once_cell v1.19.0
[INFO] [stderr]     Checking mem_macros v1.0.1
[INFO] [stderr]     Checking assert_hex v0.2.2
[INFO] [stderr]    Compiling getrandom v0.2.12
[INFO] [stderr]    Compiling const-random-macro v0.1.16
[INFO] [stderr]    Compiling quote v0.6.13
[INFO] [stderr]    Compiling syn v0.14.9
[INFO] [stderr]     Checking const-random v0.1.17
[INFO] [stderr]     Checking razy-importer v0.3.4 (/opt/rustwide/workdir)
[INFO] [stdout] error[E0433]: failed to resolve: could not find `shared` in `winapi`
[INFO] [stdout]  --> src/hash.rs:3:13
[INFO] [stdout]   |
[INFO] [stdout] 3 | use winapi::shared::ntdef::UNICODE_STRING;
[INFO] [stdout]   |             ^^^^^^ could not find `shared` in `winapi`
[INFO] [stdout] 
[INFO] [stdout] 
[INFO] [stdout] error[E0433]: failed to resolve: could not find `winapi` in `ntapi`
[INFO] [stdout]   --> src/lib.rs:26:5
[INFO] [stdout]    |
[INFO] [stdout] 26 |     winapi::{
[INFO] [stdout]    |     ^^^^^^ could not find `winapi` in `ntapi`
[INFO] [stdout] 
[INFO] [stdout] 
[INFO] [stdout] error[E0432]: unresolved imports `ntapi::ntldr`, `ntapi::ntpebteb`, `ntapi::ntpsapi`
[INFO] [stdout]   --> src/lib.rs:23:5
[INFO] [stdout]    |
[INFO] [stdout] 23 |     ntldr::LDR_DATA_TABLE_ENTRY,
[INFO] [stdout]    |     ^^^^^ could not find `ntldr` in `ntapi`
[INFO] [stdout] 24 |     ntpebteb::PEB,
[INFO] [stdout]    |     ^^^^^^^^ could not find `ntpebteb` in `ntapi`
[INFO] [stdout] 25 |     ntpsapi::PEB_LDR_DATA,
[INFO] [stdout]    |     ^^^^^^^ could not find `ntpsapi` in `ntapi`
[INFO] [stdout] 
[INFO] [stdout] 
[INFO] [stdout] error: aborting due to 3 previous errors
[INFO] [stdout] 
[INFO] [stdout] 
[INFO] [stdout] Some errors have detailed explanations: E0432, E0433.
[INFO] [stdout] 
[INFO] [stdout] For more information about an error, try `rustc --explain E0432`.
[INFO] [stdout] 
[INFO] [stderr] error: could not compile `razy-importer` (lib) due to 4 previous errors
[INFO] [stderr] warning: build failed, waiting for other jobs to finish...
[INFO] running `Command { std: "docker" "inspect" "88b647024fb9b6566cf8a4659944f54d2e4e7cb2705f87cfcaefa14ecb83367c", kill_on_drop: false }`
[INFO] running `Command { std: "docker" "rm" "-f" "88b647024fb9b6566cf8a4659944f54d2e4e7cb2705f87cfcaefa14ecb83367c", kill_on_drop: false }`
[INFO] [stdout] 88b647024fb9b6566cf8a4659944f54d2e4e7cb2705f87cfcaefa14ecb83367c
[INFO] checking razy-importer-0.3.4 against nightly-2024-02-05+rustflags=-Dunexpected_cfgs+cargoflags=-Zcheck-cfg for check-cfg
[INFO] extracting crate razy-importer 0.3.4 into /workspace/builds/worker-3-tc2/source
[INFO] validating manifest of crates.io crate razy-importer 0.3.4 on toolchain nightly-2024-02-05
[INFO] running `Command { std: CARGO_HOME="/workspace/cargo-home" RUSTUP_HOME="/workspace/rustup-home" "/workspace/cargo-home/bin/cargo" "+nightly-2024-02-05" "metadata" "--manifest-path" "Cargo.toml" "--no-deps", kill_on_drop: false }`
[INFO] started tweaking crates.io crate razy-importer 0.3.4
[INFO] finished tweaking crates.io crate razy-importer 0.3.4
[INFO] tweaked toml for crates.io crate razy-importer 0.3.4 written to /workspace/builds/worker-3-tc2/source/Cargo.toml
[INFO] running `Command { std: CARGO_HOME="/workspace/cargo-home" RUSTUP_HOME="/workspace/rustup-home" "/workspace/cargo-home/bin/cargo" "+nightly-2024-02-05" "generate-lockfile" "--manifest-path" "Cargo.toml", kill_on_drop: false }`
[INFO] [stderr]     Updating crates.io index
[INFO] running `Command { std: CARGO_HOME="/workspace/cargo-home" RUSTUP_HOME="/workspace/rustup-home" "/workspace/cargo-home/bin/cargo" "+nightly-2024-02-05" "fetch" "--manifest-path" "Cargo.toml", kill_on_drop: false }`
[INFO] running `Command { std: "docker" "create" "-v" "/var/lib/crater-agent-workspace/builds/worker-3-tc2/target:/opt/rustwide/target:rw,Z" "-v" "/var/lib/crater-agent-workspace/builds/worker-3-tc2/source:/opt/rustwide/workdir:ro,Z" "-v" "/var/lib/crater-agent-workspace/cargo-home:/opt/rustwide/cargo-home:ro,Z" "-v" "/var/lib/crater-agent-workspace/rustup-home:/opt/rustwide/rustup-home:ro,Z" "-e" "SOURCE_DIR=/opt/rustwide/workdir" "-e" "CARGO_TARGET_DIR=/opt/rustwide/target" "-e" "CARGO_HOME=/opt/rustwide/cargo-home" "-e" "RUSTUP_HOME=/opt/rustwide/rustup-home" "-w" "/opt/rustwide/workdir" "-m" "1610612736" "--user" "0:0" "--network" "none" "ghcr.io/rust-lang/crates-build-env/linux@sha256:2788e3201cd34a07e3172128adcd8b3090168a8e3bcc40d7c032b9dda1df7d1c" "/opt/rustwide/cargo-home/bin/cargo" "+nightly-2024-02-05" "metadata" "--no-deps" "--format-version=1", kill_on_drop: false }`
[INFO] [stdout] 7ee662fa3043e2f693819f2f8587ae78adc4919468e57b9070c1bbcdf00da0c4
[INFO] running `Command { std: "docker" "start" "-a" "7ee662fa3043e2f693819f2f8587ae78adc4919468e57b9070c1bbcdf00da0c4", kill_on_drop: false }`
[INFO] running `Command { std: "docker" "inspect" "7ee662fa3043e2f693819f2f8587ae78adc4919468e57b9070c1bbcdf00da0c4", kill_on_drop: false }`
[INFO] running `Command { std: "docker" "rm" "-f" "7ee662fa3043e2f693819f2f8587ae78adc4919468e57b9070c1bbcdf00da0c4", kill_on_drop: false }`
[INFO] [stdout] 7ee662fa3043e2f693819f2f8587ae78adc4919468e57b9070c1bbcdf00da0c4
[INFO] running `Command { std: "docker" "create" "-v" "/var/lib/crater-agent-workspace/builds/worker-3-tc2/target:/opt/rustwide/target:rw,Z" "-v" "/var/lib/crater-agent-workspace/builds/worker-3-tc2/source:/opt/rustwide/workdir:ro,Z" "-v" "/var/lib/crater-agent-workspace/cargo-home:/opt/rustwide/cargo-home:ro,Z" "-v" "/var/lib/crater-agent-workspace/rustup-home:/opt/rustwide/rustup-home:ro,Z" "-e" "SOURCE_DIR=/opt/rustwide/workdir" "-e" "CARGO_TARGET_DIR=/opt/rustwide/target" "-e" "CARGO_INCREMENTAL=0" "-e" "RUST_BACKTRACE=full" "-e" "RUSTFLAGS=--cap-lints=forbid -Dunexpected_cfgs" "-e" "RUSTDOCFLAGS=--cap-lints=forbid" "-e" "CARGO_HOME=/opt/rustwide/cargo-home" "-e" "RUSTUP_HOME=/opt/rustwide/rustup-home" "-w" "/opt/rustwide/workdir" "-m" "1610612736" "--user" "0:0" "--network" "none" "ghcr.io/rust-lang/crates-build-env/linux@sha256:2788e3201cd34a07e3172128adcd8b3090168a8e3bcc40d7c032b9dda1df7d1c" "/opt/rustwide/cargo-home/bin/cargo" "+nightly-2024-02-05" "check" "--frozen" "--all" "--all-targets" "--message-format=json" "-Zcheck-cfg", kill_on_drop: false }`
[INFO] [stdout] 7e4073e329403dcf66171b1933398788f1da3bb29b7301ef91a88b2cddd7a931
[INFO] running `Command { std: "docker" "start" "-a" "7e4073e329403dcf66171b1933398788f1da3bb29b7301ef91a88b2cddd7a931", kill_on_drop: false }`
[INFO] [stderr]    Compiling tiny-keccak v2.0.2
[INFO] [stderr]    Compiling proc-macro2 v0.4.30
[INFO] [stderr]    Compiling winapi v0.3.9
[INFO] [stderr]    Compiling once_cell v1.19.0
[INFO] [stderr]    Compiling ntapi v0.4.1
[INFO] [stderr]     Checking mem_macros v1.0.1
[INFO] [stderr]     Checking assert_hex v0.2.2
[INFO] [stderr]    Compiling getrandom v0.2.12
[INFO] [stderr]    Compiling const-random-macro v0.1.16
[INFO] [stderr]    Compiling quote v0.6.13
[INFO] [stderr]    Compiling syn v0.14.9
[INFO] [stderr]     Checking const-random v0.1.17
[INFO] [stderr]     Checking razy-importer v0.3.4 (/opt/rustwide/workdir)
[INFO] [stdout] error[E0433]: failed to resolve: could not find `shared` in `winapi`
[INFO] [stdout]  --> src/hash.rs:3:13
[INFO] [stdout]   |
[INFO] [stdout] 3 | use winapi::shared::ntdef::UNICODE_STRING;
[INFO] [stdout]   |             ^^^^^^ could not find `shared` in `winapi`
[INFO] [stdout] 
[INFO] [stdout] 
[INFO] [stdout] error[E0433]: failed to resolve: could not find `winapi` in `ntapi`
[INFO] [stdout]   --> src/lib.rs:26:5
[INFO] [stdout]    |
[INFO] [stdout] 26 |     winapi::{
[INFO] [stdout]    |     ^^^^^^ could not find `winapi` in `ntapi`
[INFO] [stdout] 
[INFO] [stdout] 
[INFO] [stdout] error[E0432]: unresolved imports `ntapi::ntldr`, `ntapi::ntpebteb`, `ntapi::ntpsapi`
[INFO] [stdout]   --> src/lib.rs:23:5
[INFO] [stdout]    |
[INFO] [stdout] 23 |     ntldr::LDR_DATA_TABLE_ENTRY,
[INFO] [stdout]    |     ^^^^^ could not find `ntldr` in `ntapi`
[INFO] [stdout] 24 |     ntpebteb::PEB,
[INFO] [stdout]    |     ^^^^^^^^ could not find `ntpebteb` in `ntapi`
[INFO] [stdout] 25 |     ntpsapi::PEB_LDR_DATA,
[INFO] [stdout]    |     ^^^^^^^ could not find `ntpsapi` in `ntapi`
[INFO] [stdout] 
[INFO] [stdout] 
[INFO] [stdout] error: aborting due to 3 previous errors
[INFO] [stdout] 
[INFO] [stdout] 
[INFO] [stdout] Some errors have detailed explanations: E0432, E0433.
[INFO] [stdout] 
[INFO] [stdout] For more information about an error, try `rustc --explain E0432`.
[INFO] [stdout] 
[INFO] [stderr] error: could not compile `razy-importer` (lib) due to 4 previous errors
[INFO] [stderr] warning: build failed, waiting for other jobs to finish...
[INFO] running `Command { std: "docker" "inspect" "7e4073e329403dcf66171b1933398788f1da3bb29b7301ef91a88b2cddd7a931", kill_on_drop: false }`
[INFO] running `Command { std: "docker" "rm" "-f" "7e4073e329403dcf66171b1933398788f1da3bb29b7301ef91a88b2cddd7a931", kill_on_drop: false }`
[INFO] [stdout] 7e4073e329403dcf66171b1933398788f1da3bb29b7301ef91a88b2cddd7a931
