[INFO] fetching crate raze 0.4.1...
[INFO] checking raze-0.4.1 against nightly-2024-02-05 for check-cfg
[INFO] extracting crate raze 0.4.1 into /workspace/builds/worker-7-tc1/source
[INFO] validating manifest of crates.io crate raze 0.4.1 on toolchain nightly-2024-02-05
[INFO] running `Command { std: CARGO_HOME="/workspace/cargo-home" RUSTUP_HOME="/workspace/rustup-home" "/workspace/cargo-home/bin/cargo" "+nightly-2024-02-05" "metadata" "--manifest-path" "Cargo.toml" "--no-deps", kill_on_drop: false }`
[INFO] started tweaking crates.io crate raze 0.4.1
[INFO] finished tweaking crates.io crate raze 0.4.1
[INFO] tweaked toml for crates.io crate raze 0.4.1 written to /workspace/builds/worker-7-tc1/source/Cargo.toml
[INFO] running `Command { std: CARGO_HOME="/workspace/cargo-home" RUSTUP_HOME="/workspace/rustup-home" "/workspace/cargo-home/bin/cargo" "+nightly-2024-02-05" "generate-lockfile" "--manifest-path" "Cargo.toml", kill_on_drop: false }`
[INFO] [stderr]     Updating crates.io index
[INFO] running `Command { std: CARGO_HOME="/workspace/cargo-home" RUSTUP_HOME="/workspace/rustup-home" "/workspace/cargo-home/bin/cargo" "+nightly-2024-02-05" "fetch" "--manifest-path" "Cargo.toml", kill_on_drop: false }`
[INFO] running `Command { std: "docker" "create" "-v" "/var/lib/crater-agent-workspace/builds/worker-7-tc1/target:/opt/rustwide/target:rw,Z" "-v" "/var/lib/crater-agent-workspace/builds/worker-7-tc1/source:/opt/rustwide/workdir:ro,Z" "-v" "/var/lib/crater-agent-workspace/cargo-home:/opt/rustwide/cargo-home:ro,Z" "-v" "/var/lib/crater-agent-workspace/rustup-home:/opt/rustwide/rustup-home:ro,Z" "-e" "SOURCE_DIR=/opt/rustwide/workdir" "-e" "CARGO_TARGET_DIR=/opt/rustwide/target" "-e" "CARGO_HOME=/opt/rustwide/cargo-home" "-e" "RUSTUP_HOME=/opt/rustwide/rustup-home" "-w" "/opt/rustwide/workdir" "-m" "1610612736" "--user" "0:0" "--network" "none" "ghcr.io/rust-lang/crates-build-env/linux@sha256:2788e3201cd34a07e3172128adcd8b3090168a8e3bcc40d7c032b9dda1df7d1c" "/opt/rustwide/cargo-home/bin/cargo" "+nightly-2024-02-05" "metadata" "--no-deps" "--format-version=1", kill_on_drop: false }`
[INFO] [stdout] 334df8f1a969199028e2cd1567456377041cae934b1bc68bdd1e2c34d065c1c3
[INFO] running `Command { std: "docker" "start" "-a" "334df8f1a969199028e2cd1567456377041cae934b1bc68bdd1e2c34d065c1c3", kill_on_drop: false }`
[INFO] running `Command { std: "docker" "inspect" "334df8f1a969199028e2cd1567456377041cae934b1bc68bdd1e2c34d065c1c3", kill_on_drop: false }`
[INFO] running `Command { std: "docker" "rm" "-f" "334df8f1a969199028e2cd1567456377041cae934b1bc68bdd1e2c34d065c1c3", kill_on_drop: false }`
[INFO] [stdout] 334df8f1a969199028e2cd1567456377041cae934b1bc68bdd1e2c34d065c1c3
[INFO] running `Command { std: "docker" "create" "-v" "/var/lib/crater-agent-workspace/builds/worker-7-tc1/target:/opt/rustwide/target:rw,Z" "-v" "/var/lib/crater-agent-workspace/builds/worker-7-tc1/source:/opt/rustwide/workdir:ro,Z" "-v" "/var/lib/crater-agent-workspace/cargo-home:/opt/rustwide/cargo-home:ro,Z" "-v" "/var/lib/crater-agent-workspace/rustup-home:/opt/rustwide/rustup-home:ro,Z" "-e" "SOURCE_DIR=/opt/rustwide/workdir" "-e" "CARGO_TARGET_DIR=/opt/rustwide/target" "-e" "CARGO_INCREMENTAL=0" "-e" "RUST_BACKTRACE=full" "-e" "RUSTFLAGS=--cap-lints=forbid" "-e" "RUSTDOCFLAGS=--cap-lints=forbid" "-e" "CARGO_HOME=/opt/rustwide/cargo-home" "-e" "RUSTUP_HOME=/opt/rustwide/rustup-home" "-w" "/opt/rustwide/workdir" "-m" "1610612736" "--user" "0:0" "--network" "none" "ghcr.io/rust-lang/crates-build-env/linux@sha256:2788e3201cd34a07e3172128adcd8b3090168a8e3bcc40d7c032b9dda1df7d1c" "/opt/rustwide/cargo-home/bin/cargo" "+nightly-2024-02-05" "check" "--frozen" "--all" "--all-targets" "--message-format=json", kill_on_drop: false }`
[INFO] [stdout] 944f9e9d5a6f4593624b2d3609c3c6b0b0fe2ef45ffede305f42aacfe77ea0e2
[INFO] running `Command { std: "docker" "start" "-a" "944f9e9d5a6f4593624b2d3609c3c6b0b0fe2ef45ffede305f42aacfe77ea0e2", kill_on_drop: false }`
[INFO] [stderr]    Compiling libc v0.2.153
[INFO] [stderr]     Checking futures-channel v0.3.30
[INFO] [stderr]     Checking tracing-core v0.1.32
[INFO] [stderr]    Compiling openssl v0.10.63
[INFO] [stderr]    Compiling syn v2.0.48
[INFO] [stderr]     Checking parking_lot_core v0.9.9
[INFO] [stderr]     Checking hashbrown v0.14.3
[INFO] [stderr]    Compiling serde v1.0.196
[INFO] [stderr]     Checking idna v0.5.0
[INFO] [stderr]     Checking rustls-pemfile v1.0.4
[INFO] [stderr]     Checking sync_wrapper v0.1.2
[INFO] [stderr]     Checking sha1_smol v1.0.0
[INFO] [stderr]     Checking sha1 v0.6.1
[INFO] [stderr]     Checking parking_lot v0.12.1
[INFO] [stderr]     Checking tracing v0.1.40
[INFO] [stderr]     Checking url v2.5.0
[INFO] [stderr]     Checking indexmap v2.2.2
[INFO] [stderr]    Compiling cc v1.0.83
[INFO] [stderr]    Compiling openssl-sys v0.9.99
[INFO] [stderr]    Compiling native-tls v0.2.11
[INFO] [stderr]    Compiling tokio-macros v2.2.0
[INFO] [stderr]    Compiling futures-macro v0.3.30
[INFO] [stderr]    Compiling openssl-macros v0.1.1
[INFO] [stderr]    Compiling serde_derive v1.0.196
[INFO] [stderr]    Compiling pin-project-internal v1.1.4
[INFO] [stderr]     Checking tokio v1.36.0
[INFO] [stderr]     Checking futures-util v0.3.30
[INFO] [stderr]     Checking pin-project v1.1.4
[INFO] [stderr]     Checking futures-executor v0.3.30
[INFO] [stderr]     Checking futures v0.3.30
[INFO] [stderr]     Checking tokio-util v0.7.10
[INFO] [stderr]     Checking tokio-native-tls v0.3.1
[INFO] [stderr]     Checking tokio-util v0.6.10
[INFO] [stderr]     Checking h2 v0.3.24
[INFO] [stderr]     Checking serde_urlencoded v0.7.1
[INFO] [stderr]     Checking serde_json v1.0.113
[INFO] [stderr]     Checking hyper v0.14.28
[INFO] [stderr]     Checking hyper-tls v0.5.0
[INFO] [stderr]     Checking reqwest v0.11.24
[INFO] [stderr]     Checking raze v0.4.1 (/opt/rustwide/workdir)
[INFO] [stdout] error[E0432]: unresolved import `tokio_util::codec`
[INFO] [stdout]   --> src/utils/readers.rs:15:17
[INFO] [stdout]    |
[INFO] [stdout] 15 | use tokio_util::codec::{BytesCodec, FramedRead};
[INFO] [stdout]    |                 ^^^^^ could not find `codec` in `tokio_util`
[INFO] [stdout] 
[INFO] [stdout] 
[INFO] [stdout] error[E0432]: unresolved import `tokio_util::codec`
[INFO] [stdout]   --> src/utils/readers.rs:15:17
[INFO] [stdout]    |
[INFO] [stdout] 15 | use tokio_util::codec::{BytesCodec, FramedRead};
[INFO] [stdout]    |                 ^^^^^ could not find `codec` in `tokio_util`
[INFO] [stdout] 
[INFO] [stdout] 
[INFO] [stdout] warning: unused import: `TryStreamExt`
[INFO] [stdout]  --> src/utils/readers.rs:4:30
[INFO] [stdout]   |
[INFO] [stdout] 4 | use futures::{ready, Stream, TryStreamExt};
[INFO] [stdout]   |                              ^^^^^^^^^^^^
[INFO] [stdout]   |
[INFO] [stdout]   = note: `#[warn(unused_imports)]` on by default
[INFO] [stdout] 
[INFO] [stdout] 
[INFO] [stdout] error: aborting due to 1 previous error; 1 warning emitted
[INFO] [stdout] 
[INFO] [stdout] 
[INFO] [stdout] For more information about this error, try `rustc --explain E0432`.
[INFO] [stdout] 
[INFO] [stdout] warning: unused import: `TryStreamExt`
[INFO] [stdout]  --> src/utils/readers.rs:4:30
[INFO] [stdout]   |
[INFO] [stdout] 4 | use futures::{ready, Stream, TryStreamExt};
[INFO] [stdout]   |                              ^^^^^^^^^^^^
[INFO] [stdout]   |
[INFO] [stdout]   = note: `#[warn(unused_imports)]` on by default
[INFO] [stdout] 
[INFO] [stdout] 
[INFO] [stderr] error: could not compile `raze` (lib) due to 2 previous errors; 1 warning emitted
[INFO] [stderr] warning: build failed, waiting for other jobs to finish...
[INFO] [stdout] error: aborting due to 1 previous error; 1 warning emitted
[INFO] [stdout] 
[INFO] [stdout] 
[INFO] [stdout] For more information about this error, try `rustc --explain E0432`.
[INFO] [stdout] 
[INFO] [stderr] error: could not compile `raze` (lib test) due to 2 previous errors; 1 warning emitted
[INFO] running `Command { std: "docker" "inspect" "944f9e9d5a6f4593624b2d3609c3c6b0b0fe2ef45ffede305f42aacfe77ea0e2", kill_on_drop: false }`
[INFO] running `Command { std: "docker" "rm" "-f" "944f9e9d5a6f4593624b2d3609c3c6b0b0fe2ef45ffede305f42aacfe77ea0e2", kill_on_drop: false }`
[INFO] [stdout] 944f9e9d5a6f4593624b2d3609c3c6b0b0fe2ef45ffede305f42aacfe77ea0e2
[INFO] checking raze-0.4.1 against nightly-2024-02-05+rustflags=-Dunexpected_cfgs+cargoflags=-Zcheck-cfg for check-cfg
[INFO] extracting crate raze 0.4.1 into /workspace/builds/worker-7-tc2/source
[INFO] validating manifest of crates.io crate raze 0.4.1 on toolchain nightly-2024-02-05
[INFO] running `Command { std: CARGO_HOME="/workspace/cargo-home" RUSTUP_HOME="/workspace/rustup-home" "/workspace/cargo-home/bin/cargo" "+nightly-2024-02-05" "metadata" "--manifest-path" "Cargo.toml" "--no-deps", kill_on_drop: false }`
[INFO] started tweaking crates.io crate raze 0.4.1
[INFO] finished tweaking crates.io crate raze 0.4.1
[INFO] tweaked toml for crates.io crate raze 0.4.1 written to /workspace/builds/worker-7-tc2/source/Cargo.toml
[INFO] running `Command { std: CARGO_HOME="/workspace/cargo-home" RUSTUP_HOME="/workspace/rustup-home" "/workspace/cargo-home/bin/cargo" "+nightly-2024-02-05" "generate-lockfile" "--manifest-path" "Cargo.toml", kill_on_drop: false }`
[INFO] [stderr]     Updating crates.io index
[INFO] running `Command { std: CARGO_HOME="/workspace/cargo-home" RUSTUP_HOME="/workspace/rustup-home" "/workspace/cargo-home/bin/cargo" "+nightly-2024-02-05" "fetch" "--manifest-path" "Cargo.toml", kill_on_drop: false }`
[INFO] running `Command { std: "docker" "create" "-v" "/var/lib/crater-agent-workspace/builds/worker-7-tc2/target:/opt/rustwide/target:rw,Z" "-v" "/var/lib/crater-agent-workspace/builds/worker-7-tc2/source:/opt/rustwide/workdir:ro,Z" "-v" "/var/lib/crater-agent-workspace/cargo-home:/opt/rustwide/cargo-home:ro,Z" "-v" "/var/lib/crater-agent-workspace/rustup-home:/opt/rustwide/rustup-home:ro,Z" "-e" "SOURCE_DIR=/opt/rustwide/workdir" "-e" "CARGO_TARGET_DIR=/opt/rustwide/target" "-e" "CARGO_HOME=/opt/rustwide/cargo-home" "-e" "RUSTUP_HOME=/opt/rustwide/rustup-home" "-w" "/opt/rustwide/workdir" "-m" "1610612736" "--user" "0:0" "--network" "none" "ghcr.io/rust-lang/crates-build-env/linux@sha256:2788e3201cd34a07e3172128adcd8b3090168a8e3bcc40d7c032b9dda1df7d1c" "/opt/rustwide/cargo-home/bin/cargo" "+nightly-2024-02-05" "metadata" "--no-deps" "--format-version=1", kill_on_drop: false }`
[INFO] [stdout] d22d76c8d084ad23ede5db09b57caf38968a4f5fa828823ec8fc1a704a15bbc6
[INFO] running `Command { std: "docker" "start" "-a" "d22d76c8d084ad23ede5db09b57caf38968a4f5fa828823ec8fc1a704a15bbc6", kill_on_drop: false }`
[INFO] running `Command { std: "docker" "inspect" "d22d76c8d084ad23ede5db09b57caf38968a4f5fa828823ec8fc1a704a15bbc6", kill_on_drop: false }`
[INFO] running `Command { std: "docker" "rm" "-f" "d22d76c8d084ad23ede5db09b57caf38968a4f5fa828823ec8fc1a704a15bbc6", kill_on_drop: false }`
[INFO] [stdout] d22d76c8d084ad23ede5db09b57caf38968a4f5fa828823ec8fc1a704a15bbc6
[INFO] running `Command { std: "docker" "create" "-v" "/var/lib/crater-agent-workspace/builds/worker-7-tc2/target:/opt/rustwide/target:rw,Z" "-v" "/var/lib/crater-agent-workspace/builds/worker-7-tc2/source:/opt/rustwide/workdir:ro,Z" "-v" "/var/lib/crater-agent-workspace/cargo-home:/opt/rustwide/cargo-home:ro,Z" "-v" "/var/lib/crater-agent-workspace/rustup-home:/opt/rustwide/rustup-home:ro,Z" "-e" "SOURCE_DIR=/opt/rustwide/workdir" "-e" "CARGO_TARGET_DIR=/opt/rustwide/target" "-e" "CARGO_INCREMENTAL=0" "-e" "RUST_BACKTRACE=full" "-e" "RUSTFLAGS=--cap-lints=forbid -Dunexpected_cfgs" "-e" "RUSTDOCFLAGS=--cap-lints=forbid" "-e" "CARGO_HOME=/opt/rustwide/cargo-home" "-e" "RUSTUP_HOME=/opt/rustwide/rustup-home" "-w" "/opt/rustwide/workdir" "-m" "1610612736" "--user" "0:0" "--network" "none" "ghcr.io/rust-lang/crates-build-env/linux@sha256:2788e3201cd34a07e3172128adcd8b3090168a8e3bcc40d7c032b9dda1df7d1c" "/opt/rustwide/cargo-home/bin/cargo" "+nightly-2024-02-05" "check" "--frozen" "--all" "--all-targets" "--message-format=json" "-Zcheck-cfg", kill_on_drop: false }`
[INFO] [stdout] 20f118fab3505b37a8e78111d13804f0e60b09ee84b1a27ed0801cf90e41ecda
[INFO] running `Command { std: "docker" "start" "-a" "20f118fab3505b37a8e78111d13804f0e60b09ee84b1a27ed0801cf90e41ecda", kill_on_drop: false }`
[INFO] [stderr]    Compiling syn v2.0.48
[INFO] [stderr]    Compiling libc v0.2.153
[INFO] [stderr]     Checking futures-channel v0.3.30
[INFO] [stderr]     Checking tracing-core v0.1.32
[INFO] [stderr]    Compiling openssl v0.10.63
[INFO] [stderr]     Checking hashbrown v0.14.3
[INFO] [stderr]     Checking parking_lot_core v0.9.9
[INFO] [stderr]    Compiling serde v1.0.196
[INFO] [stderr]     Checking rustls-pemfile v1.0.4
[INFO] [stderr]     Checking sync_wrapper v0.1.2
[INFO] [stderr]     Checking sha1_smol v1.0.0
[INFO] [stderr]     Checking idna v0.5.0
[INFO] [stderr]     Checking sha1 v0.6.1
[INFO] [stderr]     Checking parking_lot v0.12.1
[INFO] [stderr]     Checking tracing v0.1.40
[INFO] [stderr]     Checking url v2.5.0
[INFO] [stderr]     Checking indexmap v2.2.2
[INFO] [stderr]    Compiling cc v1.0.83
[INFO] [stderr]    Compiling openssl-sys v0.9.99
[INFO] [stderr]    Compiling native-tls v0.2.11
[INFO] [stderr]    Compiling tokio-macros v2.2.0
[INFO] [stderr]    Compiling futures-macro v0.3.30
[INFO] [stderr]    Compiling openssl-macros v0.1.1
[INFO] [stderr]    Compiling serde_derive v1.0.196
[INFO] [stderr]    Compiling pin-project-internal v1.1.4
[INFO] [stderr]     Checking tokio v1.36.0
[INFO] [stderr]     Checking futures-util v0.3.30
[INFO] [stderr]     Checking pin-project v1.1.4
[INFO] [stderr]     Checking futures-executor v0.3.30
[INFO] [stderr]     Checking futures v0.3.30
[INFO] [stderr]     Checking tokio-util v0.7.10
[INFO] [stderr]     Checking tokio-native-tls v0.3.1
[INFO] [stderr]     Checking tokio-util v0.6.10
[INFO] [stderr]     Checking h2 v0.3.24
[INFO] [stderr]     Checking serde_urlencoded v0.7.1
[INFO] [stderr]     Checking serde_json v1.0.113
[INFO] [stderr]     Checking hyper v0.14.28
[INFO] [stderr]     Checking hyper-tls v0.5.0
[INFO] [stderr]     Checking reqwest v0.11.24
[INFO] [stderr]     Checking raze v0.4.1 (/opt/rustwide/workdir)
[INFO] [stdout] error[E0432]: unresolved import `tokio_util::codec`
[INFO] [stdout]   --> src/utils/readers.rs:15:17
[INFO] [stdout]    |
[INFO] [stdout] 15 | use tokio_util::codec::{BytesCodec, FramedRead};
[INFO] [stdout]    |                 ^^^^^ could not find `codec` in `tokio_util`
[INFO] [stdout] 
[INFO] [stdout] 
[INFO] [stdout] error[E0432]: unresolved import `tokio_util::codec`
[INFO] [stdout]   --> src/utils/readers.rs:15:17
[INFO] [stdout]    |
[INFO] [stdout] 15 | use tokio_util::codec::{BytesCodec, FramedRead};
[INFO] [stdout]    |                 ^^^^^ could not find `codec` in `tokio_util`
[INFO] [stdout] 
[INFO] [stdout] 
[INFO] [stdout] warning: unused import: `TryStreamExt`
[INFO] [stdout]  --> src/utils/readers.rs:4:30
[INFO] [stdout]   |
[INFO] [stdout] 4 | use futures::{ready, Stream, TryStreamExt};
[INFO] [stdout]   |                              ^^^^^^^^^^^^
[INFO] [stdout]   |
[INFO] [stdout]   = note: `#[warn(unused_imports)]` on by default
[INFO] [stdout] 
[INFO] [stdout] 
[INFO] [stdout] error: aborting due to 1 previous error; 1 warning emitted
[INFO] [stdout] 
[INFO] [stdout] 
[INFO] [stdout] For more information about this error, try `rustc --explain E0432`.
[INFO] [stdout] 
[INFO] [stdout] warning: unused import: `TryStreamExt`
[INFO] [stdout]  --> src/utils/readers.rs:4:30
[INFO] [stdout]   |
[INFO] [stdout] 4 | use futures::{ready, Stream, TryStreamExt};
[INFO] [stdout]   |                              ^^^^^^^^^^^^
[INFO] [stdout]   |
[INFO] [stdout]   = note: `#[warn(unused_imports)]` on by default
[INFO] [stdout] 
[INFO] [stdout] 
[INFO] [stderr] error: could not compile `raze` (lib) due to 2 previous errors; 1 warning emitted
[INFO] [stderr] warning: build failed, waiting for other jobs to finish...
[INFO] [stdout] error: aborting due to 1 previous error; 1 warning emitted
[INFO] [stdout] 
[INFO] [stdout] 
[INFO] [stdout] For more information about this error, try `rustc --explain E0432`.
[INFO] [stdout] 
[INFO] [stderr] error: could not compile `raze` (lib test) due to 2 previous errors; 1 warning emitted
[INFO] running `Command { std: "docker" "inspect" "20f118fab3505b37a8e78111d13804f0e60b09ee84b1a27ed0801cf90e41ecda", kill_on_drop: false }`
[INFO] running `Command { std: "docker" "rm" "-f" "20f118fab3505b37a8e78111d13804f0e60b09ee84b1a27ed0801cf90e41ecda", kill_on_drop: false }`
[INFO] [stdout] 20f118fab3505b37a8e78111d13804f0e60b09ee84b1a27ed0801cf90e41ecda
