[INFO] fetching crate rattler_lock 0.13.0...
[INFO] checking rattler_lock-0.13.0 against nightly-2024-02-05 for check-cfg
[INFO] extracting crate rattler_lock 0.13.0 into /workspace/builds/worker-4-tc1/source
[INFO] validating manifest of crates.io crate rattler_lock 0.13.0 on toolchain nightly-2024-02-05
[INFO] running `Command { std: CARGO_HOME="/workspace/cargo-home" RUSTUP_HOME="/workspace/rustup-home" "/workspace/cargo-home/bin/cargo" "+nightly-2024-02-05" "metadata" "--manifest-path" "Cargo.toml" "--no-deps", kill_on_drop: false }`
[INFO] started tweaking crates.io crate rattler_lock 0.13.0
[INFO] finished tweaking crates.io crate rattler_lock 0.13.0
[INFO] tweaked toml for crates.io crate rattler_lock 0.13.0 written to /workspace/builds/worker-4-tc1/source/Cargo.toml
[INFO] running `Command { std: CARGO_HOME="/workspace/cargo-home" RUSTUP_HOME="/workspace/rustup-home" "/workspace/cargo-home/bin/cargo" "+nightly-2024-02-05" "generate-lockfile" "--manifest-path" "Cargo.toml", kill_on_drop: false }`
[INFO] [stderr]     Updating crates.io index
[INFO] running `Command { std: CARGO_HOME="/workspace/cargo-home" RUSTUP_HOME="/workspace/rustup-home" "/workspace/cargo-home/bin/cargo" "+nightly-2024-02-05" "fetch" "--manifest-path" "Cargo.toml", kill_on_drop: false }`
[INFO] [stderr]  Downloading crates ...
[INFO] [stderr]   Downloaded rattler_macros v0.13.0
[INFO] [stderr]   Downloaded purl v0.1.2
[INFO] [stderr]   Downloaded pep508_rs v0.2.4
[INFO] [stderr]   Downloaded pep440_rs v0.3.12
[INFO] [stderr]   Downloaded serde-json-python-formatter v0.1.0
[INFO] [stderr]   Downloaded rattler_digest v0.13.0
[INFO] [stderr]   Downloaded pep440_rs v0.4.0
[INFO] [stderr]   Downloaded rattler_conda_types v0.13.0
[INFO] running `Command { std: "docker" "create" "-v" "/var/lib/crater-agent-workspace/builds/worker-4-tc1/target:/opt/rustwide/target:rw,Z" "-v" "/var/lib/crater-agent-workspace/builds/worker-4-tc1/source:/opt/rustwide/workdir:ro,Z" "-v" "/var/lib/crater-agent-workspace/cargo-home:/opt/rustwide/cargo-home:ro,Z" "-v" "/var/lib/crater-agent-workspace/rustup-home:/opt/rustwide/rustup-home:ro,Z" "-e" "SOURCE_DIR=/opt/rustwide/workdir" "-e" "CARGO_TARGET_DIR=/opt/rustwide/target" "-e" "CARGO_HOME=/opt/rustwide/cargo-home" "-e" "RUSTUP_HOME=/opt/rustwide/rustup-home" "-w" "/opt/rustwide/workdir" "-m" "1610612736" "--user" "0:0" "--network" "none" "ghcr.io/rust-lang/crates-build-env/linux@sha256:2788e3201cd34a07e3172128adcd8b3090168a8e3bcc40d7c032b9dda1df7d1c" "/opt/rustwide/cargo-home/bin/cargo" "+nightly-2024-02-05" "metadata" "--no-deps" "--format-version=1", kill_on_drop: false }`
[INFO] [stdout] ae79fce40f671f2485f40e1ba9ed913e1653c6eafa9318ca632a3999d394951b
[INFO] running `Command { std: "docker" "start" "-a" "ae79fce40f671f2485f40e1ba9ed913e1653c6eafa9318ca632a3999d394951b", kill_on_drop: false }`
[INFO] running `Command { std: "docker" "inspect" "ae79fce40f671f2485f40e1ba9ed913e1653c6eafa9318ca632a3999d394951b", kill_on_drop: false }`
[INFO] running `Command { std: "docker" "rm" "-f" "ae79fce40f671f2485f40e1ba9ed913e1653c6eafa9318ca632a3999d394951b", kill_on_drop: false }`
[INFO] [stdout] ae79fce40f671f2485f40e1ba9ed913e1653c6eafa9318ca632a3999d394951b
[INFO] running `Command { std: "docker" "create" "-v" "/var/lib/crater-agent-workspace/builds/worker-4-tc1/target:/opt/rustwide/target:rw,Z" "-v" "/var/lib/crater-agent-workspace/builds/worker-4-tc1/source:/opt/rustwide/workdir:ro,Z" "-v" "/var/lib/crater-agent-workspace/cargo-home:/opt/rustwide/cargo-home:ro,Z" "-v" "/var/lib/crater-agent-workspace/rustup-home:/opt/rustwide/rustup-home:ro,Z" "-e" "SOURCE_DIR=/opt/rustwide/workdir" "-e" "CARGO_TARGET_DIR=/opt/rustwide/target" "-e" "CARGO_INCREMENTAL=0" "-e" "RUST_BACKTRACE=full" "-e" "RUSTFLAGS=--cap-lints=forbid" "-e" "RUSTDOCFLAGS=--cap-lints=forbid" "-e" "CARGO_HOME=/opt/rustwide/cargo-home" "-e" "RUSTUP_HOME=/opt/rustwide/rustup-home" "-w" "/opt/rustwide/workdir" "-m" "1610612736" "--user" "0:0" "--network" "none" "ghcr.io/rust-lang/crates-build-env/linux@sha256:2788e3201cd34a07e3172128adcd8b3090168a8e3bcc40d7c032b9dda1df7d1c" "/opt/rustwide/cargo-home/bin/cargo" "+nightly-2024-02-05" "check" "--frozen" "--all" "--all-targets" "--message-format=json", kill_on_drop: false }`
[INFO] [stdout] ac26f696f01c7ac38ae3d7d322ab204fbf3d66d96a0909182c2fcf5657068645
[INFO] running `Command { std: "docker" "start" "-a" "ac26f696f01c7ac38ae3d7d322ab204fbf3d66d96a0909182c2fcf5657068645", kill_on_drop: false }`
[INFO] [stderr]     Checking memchr v2.7.1
[INFO] [stderr]     Checking regex-syntax v0.8.2
[INFO] [stderr]    Compiling siphasher v0.3.11
[INFO] [stderr]    Compiling rand_core v0.6.4
[INFO] [stderr]    Compiling unicase v2.7.0
[INFO] [stderr]    Compiling smartstring v1.0.1
[INFO] [stderr]    Compiling num-traits v0.2.17
[INFO] [stderr]    Compiling darling_core v0.20.5
[INFO] [stderr]     Checking serde v1.0.196
[INFO] [stderr]     Checking digest v0.10.7
[INFO] [stderr]     Checking unicode-width v0.1.11
[INFO] [stderr]     Checking tracing v0.1.40
[INFO] [stderr]    Compiling strum_macros v0.25.3
[INFO] [stderr]    Compiling rand v0.8.5
[INFO] [stderr]     Checking fxhash v0.2.1
[INFO] [stderr]     Checking itertools v0.11.0
[INFO] [stderr]    Compiling serde_repr v0.1.18
[INFO] [stderr]    Compiling rattler_macros v0.13.0
[INFO] [stderr]     Checking sha2 v0.10.8
[INFO] [stderr]     Checking blake2 v0.10.6
[INFO] [stderr]    Compiling aho-corasick v1.1.2
[INFO] [stderr]    Compiling phf_shared v0.11.2
[INFO] [stderr]    Compiling phf_generator v0.11.2
[INFO] [stderr]     Checking md-5 v0.10.6
[INFO] [stderr]     Checking nom v7.1.3
[INFO] [stderr]     Checking console v0.15.8
[INFO] [stderr]     Checking similar v2.4.0
[INFO] [stderr]    Compiling phf_macros v0.11.2
[INFO] [stderr]     Checking chrono v0.4.33
[INFO] [stderr]     Checking regex-automata v0.4.5
[INFO] [stderr]     Checking strum v0.25.0
[INFO] [stderr]    Compiling darling_macro v0.20.5
[INFO] [stderr]     Checking phf v0.11.2
[INFO] [stderr]     Checking indexmap v2.2.2
[INFO] [stderr]     Checking url v2.5.0
[INFO] [stderr]     Checking serde_json v1.0.113
[INFO] [stderr]     Checking smallvec v1.13.1
[INFO] [stderr]     Checking purl v0.1.2
[INFO] [stderr]     Checking insta v1.34.0
[INFO] [stderr]    Compiling darling v0.20.5
[INFO] [stderr]    Compiling serde_with_macros v3.6.0
[INFO] [stderr]     Checking serde_yaml v0.9.31
[INFO] [stderr]     Checking serde-json-python-formatter v0.1.0
[INFO] [stderr]     Checking regex v1.10.3
[INFO] [stderr]     Checking pep440_rs v0.4.0
[INFO] [stderr]     Checking pep440_rs v0.3.12
[INFO] [stderr]     Checking serde_with v3.6.0
[INFO] [stderr]     Checking pep508_rs v0.2.4
[INFO] [stderr]    Compiling lazy-regex-proc_macros v3.1.0
[INFO] [stderr]     Checking rattler_digest v0.13.0
[INFO] [stderr]     Checking lazy-regex v3.1.0
[INFO] [stderr]     Checking rattler_conda_types v0.13.0
[INFO] [stderr]     Checking rattler_lock v0.13.0 (/opt/rustwide/workdir)
[INFO] [stdout] error: couldn't read /opt/rustwide/workdir/../../test-data/conda-lock/content_hash/python.txt: No such file or directory (os error 2)
[INFO] [stdout]    --> src/content_hash.rs:138:19
[INFO] [stdout]     |
[INFO] [stdout] 138 |           let str = include_str!(concat!(
[INFO] [stdout]     |  ___________________^
[INFO] [stdout] 139 | |             env!("CARGO_MANIFEST_DIR"),
[INFO] [stdout] 140 | |             "/../../test-data/conda-lock/content_hash/python.txt"
[INFO] [stdout] 141 | |         ));
[INFO] [stdout]     | |__________^
[INFO] [stdout]     |
[INFO] [stdout]     = note: this error originates in the macro `include_str` (in Nightly builds, run with -Z macro-backtrace for more info)
[INFO] [stdout] 
[INFO] [stdout] 
[INFO] [stdout] error[E0308]: mismatched types
[INFO] [stdout]    --> src/utils/serde.rs:175:65
[INFO] [stdout]     |
[INFO] [stdout] 175 | ...                   Some(VersionOrUrl::VersionSpecifier(spec))
[INFO] [stdout]     |                            ------------------------------ ^^^^ expected `VersionSpecifiers`, found a different `VersionSpecifiers`
[INFO] [stdout]     |                            |
[INFO] [stdout]     |                            arguments to this enum variant are incorrect
[INFO] [stdout]     |
[INFO] [stdout]     = note: `VersionSpecifiers` and `VersionSpecifiers` have similar names, but are actually distinct types
[INFO] [stdout] note: `VersionSpecifiers` is defined in crate `pep440_rs`
[INFO] [stdout]    --> /opt/rustwide/cargo-home/registry/src/index.crates.io-6f17d22bba15001f/pep440_rs-0.3.12/src/version_specifier.rs:58:1
[INFO] [stdout]     |
[INFO] [stdout] 58  | pub struct VersionSpecifiers(Vec<VersionSpecifier>);
[INFO] [stdout]     | ^^^^^^^^^^^^^^^^^^^^^^^^^^^^
[INFO] [stdout] note: `VersionSpecifiers` is defined in crate `pep440_rs`
[INFO] [stdout]    --> /opt/rustwide/cargo-home/registry/src/index.crates.io-6f17d22bba15001f/pep440_rs-0.4.0/src/version_specifier.rs:58:1
[INFO] [stdout]     |
[INFO] [stdout] 58  | pub struct VersionSpecifiers(Vec<VersionSpecifier>);
[INFO] [stdout]     | ^^^^^^^^^^^^^^^^^^^^^^^^^^^^
[INFO] [stdout]     = note: perhaps two different versions of crate `pep440_rs` are being used?
[INFO] [stdout] note: tuple variant defined here
[INFO] [stdout]    --> /opt/rustwide/cargo-home/registry/src/index.crates.io-6f17d22bba15001f/pep508_rs-0.2.4/src/lib.rs:371:5
[INFO] [stdout]     |
[INFO] [stdout] 371 |     VersionSpecifier(VersionSpecifiers),
[INFO] [stdout]     |     ^^^^^^^^^^^^^^^^
[INFO] [stdout] 
[INFO] [stdout] 
[INFO] [stdout] error[E0308]: mismatched types
[INFO] [stdout]    --> src/utils/serde.rs:175:65
[INFO] [stdout]     |
[INFO] [stdout] 175 | ...                   Some(VersionOrUrl::VersionSpecifier(spec))
[INFO] [stdout]     |                            ------------------------------ ^^^^ expected `VersionSpecifiers`, found a different `VersionSpecifiers`
[INFO] [stdout]     |                            |
[INFO] [stdout]     |                            arguments to this enum variant are incorrect
[INFO] [stdout]     |
[INFO] [stdout]     = note: `VersionSpecifiers` and `VersionSpecifiers` have similar names, but are actually distinct types
[INFO] [stdout] note: `VersionSpecifiers` is defined in crate `pep440_rs`
[INFO] [stdout]    --> /opt/rustwide/cargo-home/registry/src/index.crates.io-6f17d22bba15001f/pep440_rs-0.3.12/src/version_specifier.rs:58:1
[INFO] [stdout]     |
[INFO] [stdout] 58  | pub struct VersionSpecifiers(Vec<VersionSpecifier>);
[INFO] [stdout]     | ^^^^^^^^^^^^^^^^^^^^^^^^^^^^
[INFO] [stdout] note: `VersionSpecifiers` is defined in crate `pep440_rs`
[INFO] [stdout]    --> /opt/rustwide/cargo-home/registry/src/index.crates.io-6f17d22bba15001f/pep440_rs-0.4.0/src/version_specifier.rs:58:1
[INFO] [stdout]     |
[INFO] [stdout] 58  | pub struct VersionSpecifiers(Vec<VersionSpecifier>);
[INFO] [stdout]     | ^^^^^^^^^^^^^^^^^^^^^^^^^^^^
[INFO] [stdout]     = note: perhaps two different versions of crate `pep440_rs` are being used?
[INFO] [stdout] note: tuple variant defined here
[INFO] [stdout]    --> /opt/rustwide/cargo-home/registry/src/index.crates.io-6f17d22bba15001f/pep508_rs-0.2.4/src/lib.rs:371:5
[INFO] [stdout]     |
[INFO] [stdout] 371 |     VersionSpecifier(VersionSpecifiers),
[INFO] [stdout]     |     ^^^^^^^^^^^^^^^^
[INFO] [stdout] 
[INFO] [stdout] 
[INFO] [stdout] error: aborting due to 1 previous error
[INFO] [stdout] 
[INFO] [stdout] 
[INFO] [stdout] For more information about this error, try `rustc --explain E0308`.
[INFO] [stdout] 
[INFO] [stdout] error: aborting due to 2 previous errors
[INFO] [stdout] 
[INFO] [stdout] 
[INFO] [stdout] For more information about this error, try `rustc --explain E0308`.
[INFO] [stdout] 
[INFO] [stderr] error: could not compile `rattler_lock` (lib) due to 2 previous errors
[INFO] [stderr] warning: build failed, waiting for other jobs to finish...
[INFO] [stderr] error: could not compile `rattler_lock` (lib test) due to 3 previous errors
[INFO] running `Command { std: "docker" "inspect" "ac26f696f01c7ac38ae3d7d322ab204fbf3d66d96a0909182c2fcf5657068645", kill_on_drop: false }`
[INFO] running `Command { std: "docker" "rm" "-f" "ac26f696f01c7ac38ae3d7d322ab204fbf3d66d96a0909182c2fcf5657068645", kill_on_drop: false }`
[INFO] [stdout] ac26f696f01c7ac38ae3d7d322ab204fbf3d66d96a0909182c2fcf5657068645
[INFO] checking rattler_lock-0.13.0 against nightly-2024-02-05+rustflags=-Dunexpected_cfgs+cargoflags=-Zcheck-cfg for check-cfg
[INFO] extracting crate rattler_lock 0.13.0 into /workspace/builds/worker-4-tc2/source
[INFO] validating manifest of crates.io crate rattler_lock 0.13.0 on toolchain nightly-2024-02-05
[INFO] running `Command { std: CARGO_HOME="/workspace/cargo-home" RUSTUP_HOME="/workspace/rustup-home" "/workspace/cargo-home/bin/cargo" "+nightly-2024-02-05" "metadata" "--manifest-path" "Cargo.toml" "--no-deps", kill_on_drop: false }`
[INFO] started tweaking crates.io crate rattler_lock 0.13.0
[INFO] finished tweaking crates.io crate rattler_lock 0.13.0
[INFO] tweaked toml for crates.io crate rattler_lock 0.13.0 written to /workspace/builds/worker-4-tc2/source/Cargo.toml
[INFO] running `Command { std: CARGO_HOME="/workspace/cargo-home" RUSTUP_HOME="/workspace/rustup-home" "/workspace/cargo-home/bin/cargo" "+nightly-2024-02-05" "generate-lockfile" "--manifest-path" "Cargo.toml", kill_on_drop: false }`
[INFO] [stderr]     Updating crates.io index
[INFO] running `Command { std: CARGO_HOME="/workspace/cargo-home" RUSTUP_HOME="/workspace/rustup-home" "/workspace/cargo-home/bin/cargo" "+nightly-2024-02-05" "fetch" "--manifest-path" "Cargo.toml", kill_on_drop: false }`
[INFO] running `Command { std: "docker" "create" "-v" "/var/lib/crater-agent-workspace/builds/worker-4-tc2/target:/opt/rustwide/target:rw,Z" "-v" "/var/lib/crater-agent-workspace/builds/worker-4-tc2/source:/opt/rustwide/workdir:ro,Z" "-v" "/var/lib/crater-agent-workspace/cargo-home:/opt/rustwide/cargo-home:ro,Z" "-v" "/var/lib/crater-agent-workspace/rustup-home:/opt/rustwide/rustup-home:ro,Z" "-e" "SOURCE_DIR=/opt/rustwide/workdir" "-e" "CARGO_TARGET_DIR=/opt/rustwide/target" "-e" "CARGO_HOME=/opt/rustwide/cargo-home" "-e" "RUSTUP_HOME=/opt/rustwide/rustup-home" "-w" "/opt/rustwide/workdir" "-m" "1610612736" "--user" "0:0" "--network" "none" "ghcr.io/rust-lang/crates-build-env/linux@sha256:2788e3201cd34a07e3172128adcd8b3090168a8e3bcc40d7c032b9dda1df7d1c" "/opt/rustwide/cargo-home/bin/cargo" "+nightly-2024-02-05" "metadata" "--no-deps" "--format-version=1", kill_on_drop: false }`
[INFO] [stdout] 163e19ba033be8c5ae8fd220a68fa1486707e1afca69549313eb9340d6de9baa
[INFO] running `Command { std: "docker" "start" "-a" "163e19ba033be8c5ae8fd220a68fa1486707e1afca69549313eb9340d6de9baa", kill_on_drop: false }`
[INFO] running `Command { std: "docker" "inspect" "163e19ba033be8c5ae8fd220a68fa1486707e1afca69549313eb9340d6de9baa", kill_on_drop: false }`
[INFO] running `Command { std: "docker" "rm" "-f" "163e19ba033be8c5ae8fd220a68fa1486707e1afca69549313eb9340d6de9baa", kill_on_drop: false }`
[INFO] [stdout] 163e19ba033be8c5ae8fd220a68fa1486707e1afca69549313eb9340d6de9baa
[INFO] running `Command { std: "docker" "create" "-v" "/var/lib/crater-agent-workspace/builds/worker-4-tc2/target:/opt/rustwide/target:rw,Z" "-v" "/var/lib/crater-agent-workspace/builds/worker-4-tc2/source:/opt/rustwide/workdir:ro,Z" "-v" "/var/lib/crater-agent-workspace/cargo-home:/opt/rustwide/cargo-home:ro,Z" "-v" "/var/lib/crater-agent-workspace/rustup-home:/opt/rustwide/rustup-home:ro,Z" "-e" "SOURCE_DIR=/opt/rustwide/workdir" "-e" "CARGO_TARGET_DIR=/opt/rustwide/target" "-e" "CARGO_INCREMENTAL=0" "-e" "RUST_BACKTRACE=full" "-e" "RUSTFLAGS=--cap-lints=forbid -Dunexpected_cfgs" "-e" "RUSTDOCFLAGS=--cap-lints=forbid" "-e" "CARGO_HOME=/opt/rustwide/cargo-home" "-e" "RUSTUP_HOME=/opt/rustwide/rustup-home" "-w" "/opt/rustwide/workdir" "-m" "1610612736" "--user" "0:0" "--network" "none" "ghcr.io/rust-lang/crates-build-env/linux@sha256:2788e3201cd34a07e3172128adcd8b3090168a8e3bcc40d7c032b9dda1df7d1c" "/opt/rustwide/cargo-home/bin/cargo" "+nightly-2024-02-05" "check" "--frozen" "--all" "--all-targets" "--message-format=json" "-Zcheck-cfg", kill_on_drop: false }`
[INFO] [stdout] cb1111d9596f87c759161dc70cdc5d6f160039424251debd5a82043146cca5c4
[INFO] running `Command { std: "docker" "start" "-a" "cb1111d9596f87c759161dc70cdc5d6f160039424251debd5a82043146cca5c4", kill_on_drop: false }`
[INFO] [stderr]     Checking memchr v2.7.1
[INFO] [stderr]     Checking regex-syntax v0.8.2
[INFO] [stderr]    Compiling rand_core v0.6.4
[INFO] [stderr]    Compiling siphasher v0.3.11
[INFO] [stderr]    Compiling unicase v2.7.0
[INFO] [stderr]    Compiling num-traits v0.2.17
[INFO] [stderr]    Compiling smartstring v1.0.1
[INFO] [stderr]    Compiling darling_core v0.20.5
[INFO] [stderr]     Checking serde v1.0.196
[INFO] [stderr]     Checking digest v0.10.7
[INFO] [stderr]     Checking unicode-width v0.1.11
[INFO] [stderr]     Checking tracing v0.1.40
[INFO] [stderr]    Compiling strum_macros v0.25.3
[INFO] [stderr]     Checking itertools v0.11.0
[INFO] [stderr]    Compiling rand v0.8.5
[INFO] [stderr]     Checking fxhash v0.2.1
[INFO] [stderr]    Compiling rattler_macros v0.13.0
[INFO] [stderr]    Compiling serde_repr v0.1.18
[INFO] [stderr]     Checking console v0.15.8
[INFO] [stderr]     Checking sha2 v0.10.8
[INFO] [stderr]    Compiling phf_shared v0.11.2
[INFO] [stderr]     Checking aho-corasick v1.1.2
[INFO] [stderr]     Checking blake2 v0.10.6
[INFO] [stderr]     Checking md-5 v0.10.6
[INFO] [stderr]    Compiling phf_generator v0.11.2
[INFO] [stderr]     Checking nom v7.1.3
[INFO] [stderr]     Checking similar v2.4.0
[INFO] [stderr]    Compiling phf_macros v0.11.2
[INFO] [stderr]     Checking chrono v0.4.33
[INFO] [stderr]     Checking strum v0.25.0
[INFO] [stderr]     Checking phf v0.11.2
[INFO] [stderr]     Checking regex-automata v0.4.5
[INFO] [stderr]    Compiling darling_macro v0.20.5
[INFO] [stderr]    Compiling darling v0.20.5
[INFO] [stderr]    Compiling serde_with_macros v3.6.0
[INFO] [stderr]     Checking indexmap v2.2.2
[INFO] [stderr]     Checking serde_json v1.0.113
[INFO] [stderr]     Checking url v2.5.0
[INFO] [stderr]     Checking smallvec v1.13.1
[INFO] [stderr]     Checking purl v0.1.2
[INFO] [stderr]     Checking insta v1.34.0
[INFO] [stderr]     Checking serde_yaml v0.9.31
[INFO] [stderr]     Checking serde-json-python-formatter v0.1.0
[INFO] [stderr]     Checking regex v1.10.3
[INFO] [stderr]     Checking serde_with v3.6.0
[INFO] [stderr]     Checking pep440_rs v0.4.0
[INFO] [stderr]     Checking pep440_rs v0.3.12
[INFO] [stderr]     Checking pep508_rs v0.2.4
[INFO] [stderr]    Compiling lazy-regex-proc_macros v3.1.0
[INFO] [stderr]     Checking rattler_digest v0.13.0
[INFO] [stderr]     Checking lazy-regex v3.1.0
[INFO] [stderr]     Checking rattler_conda_types v0.13.0
[INFO] [stderr]     Checking rattler_lock v0.13.0 (/opt/rustwide/workdir)
[INFO] [stdout] error: couldn't read /opt/rustwide/workdir/../../test-data/conda-lock/content_hash/python.txt: No such file or directory (os error 2)
[INFO] [stdout]    --> src/content_hash.rs:138:19
[INFO] [stdout]     |
[INFO] [stdout] 138 |           let str = include_str!(concat!(
[INFO] [stdout]     |  ___________________^
[INFO] [stdout] 139 | |             env!("CARGO_MANIFEST_DIR"),
[INFO] [stdout] 140 | |             "/../../test-data/conda-lock/content_hash/python.txt"
[INFO] [stdout] 141 | |         ));
[INFO] [stdout]     | |__________^
[INFO] [stdout]     |
[INFO] [stdout]     = note: this error originates in the macro `include_str` (in Nightly builds, run with -Z macro-backtrace for more info)
[INFO] [stdout] 
[INFO] [stdout] 
[INFO] [stdout] error[E0308]: mismatched types
[INFO] [stdout]    --> src/utils/serde.rs:175:65
[INFO] [stdout]     |
[INFO] [stdout] 175 | ...                   Some(VersionOrUrl::VersionSpecifier(spec))
[INFO] [stdout]     |                            ------------------------------ ^^^^ expected `VersionSpecifiers`, found a different `VersionSpecifiers`
[INFO] [stdout]     |                            |
[INFO] [stdout]     |                            arguments to this enum variant are incorrect
[INFO] [stdout]     |
[INFO] [stdout]     = note: `VersionSpecifiers` and `VersionSpecifiers` have similar names, but are actually distinct types
[INFO] [stdout] note: `VersionSpecifiers` is defined in crate `pep440_rs`
[INFO] [stdout]    --> /opt/rustwide/cargo-home/registry/src/index.crates.io-6f17d22bba15001f/pep440_rs-0.3.12/src/version_specifier.rs:58:1
[INFO] [stdout]     |
[INFO] [stdout] 58  | pub struct VersionSpecifiers(Vec<VersionSpecifier>);
[INFO] [stdout]     | ^^^^^^^^^^^^^^^^^^^^^^^^^^^^
[INFO] [stdout] note: `VersionSpecifiers` is defined in crate `pep440_rs`
[INFO] [stdout]    --> /opt/rustwide/cargo-home/registry/src/index.crates.io-6f17d22bba15001f/pep440_rs-0.4.0/src/version_specifier.rs:58:1
[INFO] [stdout]     |
[INFO] [stdout] 58  | pub struct VersionSpecifiers(Vec<VersionSpecifier>);
[INFO] [stdout]     | ^^^^^^^^^^^^^^^^^^^^^^^^^^^^
[INFO] [stdout]     = note: perhaps two different versions of crate `pep440_rs` are being used?
[INFO] [stdout] note: tuple variant defined here
[INFO] [stdout]    --> /opt/rustwide/cargo-home/registry/src/index.crates.io-6f17d22bba15001f/pep508_rs-0.2.4/src/lib.rs:371:5
[INFO] [stdout]     |
[INFO] [stdout] 371 |     VersionSpecifier(VersionSpecifiers),
[INFO] [stdout]     |     ^^^^^^^^^^^^^^^^
[INFO] [stdout] 
[INFO] [stdout] 
[INFO] [stdout] error[E0308]: mismatched types
[INFO] [stdout]    --> src/utils/serde.rs:175:65
[INFO] [stdout]     |
[INFO] [stdout] 175 | ...                   Some(VersionOrUrl::VersionSpecifier(spec))
[INFO] [stdout]     |                            ------------------------------ ^^^^ expected `VersionSpecifiers`, found a different `VersionSpecifiers`
[INFO] [stdout]     |                            |
[INFO] [stdout]     |                            arguments to this enum variant are incorrect
[INFO] [stdout]     |
[INFO] [stdout]     = note: `VersionSpecifiers` and `VersionSpecifiers` have similar names, but are actually distinct types
[INFO] [stdout] note: `VersionSpecifiers` is defined in crate `pep440_rs`
[INFO] [stdout]    --> /opt/rustwide/cargo-home/registry/src/index.crates.io-6f17d22bba15001f/pep440_rs-0.3.12/src/version_specifier.rs:58:1
[INFO] [stdout]     |
[INFO] [stdout] 58  | pub struct VersionSpecifiers(Vec<VersionSpecifier>);
[INFO] [stdout]     | ^^^^^^^^^^^^^^^^^^^^^^^^^^^^
[INFO] [stdout] note: `VersionSpecifiers` is defined in crate `pep440_rs`
[INFO] [stdout]    --> /opt/rustwide/cargo-home/registry/src/index.crates.io-6f17d22bba15001f/pep440_rs-0.4.0/src/version_specifier.rs:58:1
[INFO] [stdout]     |
[INFO] [stdout] 58  | pub struct VersionSpecifiers(Vec<VersionSpecifier>);
[INFO] [stdout]     | ^^^^^^^^^^^^^^^^^^^^^^^^^^^^
[INFO] [stdout]     = note: perhaps two different versions of crate `pep440_rs` are being used?
[INFO] [stdout] note: tuple variant defined here
[INFO] [stdout]    --> /opt/rustwide/cargo-home/registry/src/index.crates.io-6f17d22bba15001f/pep508_rs-0.2.4/src/lib.rs:371:5
[INFO] [stdout]     |
[INFO] [stdout] 371 |     VersionSpecifier(VersionSpecifiers),
[INFO] [stdout]     |     ^^^^^^^^^^^^^^^^
[INFO] [stdout] 
[INFO] [stdout] 
[INFO] [stdout] error: aborting due to 1 previous error
[INFO] [stdout] 
[INFO] [stdout] 
[INFO] [stdout] For more information about this error, try `rustc --explain E0308`.
[INFO] [stdout] 
[INFO] [stderr] error: could not compile `rattler_lock` (lib) due to 2 previous errors
[INFO] [stderr] warning: build failed, waiting for other jobs to finish...
[INFO] [stdout] error: aborting due to 2 previous errors
[INFO] [stdout] 
[INFO] [stdout] 
[INFO] [stdout] For more information about this error, try `rustc --explain E0308`.
[INFO] [stdout] 
[INFO] [stderr] error: could not compile `rattler_lock` (lib test) due to 3 previous errors
[INFO] running `Command { std: "docker" "inspect" "cb1111d9596f87c759161dc70cdc5d6f160039424251debd5a82043146cca5c4", kill_on_drop: false }`
[INFO] running `Command { std: "docker" "rm" "-f" "cb1111d9596f87c759161dc70cdc5d6f160039424251debd5a82043146cca5c4", kill_on_drop: false }`
[INFO] [stdout] cb1111d9596f87c759161dc70cdc5d6f160039424251debd5a82043146cca5c4
