[INFO] fetching crate rattler_conda_types 0.13.0...
[INFO] checking rattler_conda_types-0.13.0 against nightly-2024-02-05 for check-cfg
[INFO] extracting crate rattler_conda_types 0.13.0 into /workspace/builds/worker-7-tc1/source
[INFO] validating manifest of crates.io crate rattler_conda_types 0.13.0 on toolchain nightly-2024-02-05
[INFO] running `Command { std: CARGO_HOME="/workspace/cargo-home" RUSTUP_HOME="/workspace/rustup-home" "/workspace/cargo-home/bin/cargo" "+nightly-2024-02-05" "metadata" "--manifest-path" "Cargo.toml" "--no-deps", kill_on_drop: false }`
[INFO] started tweaking crates.io crate rattler_conda_types 0.13.0
[INFO] finished tweaking crates.io crate rattler_conda_types 0.13.0
[INFO] tweaked toml for crates.io crate rattler_conda_types 0.13.0 written to /workspace/builds/worker-7-tc1/source/Cargo.toml
[INFO] running `Command { std: CARGO_HOME="/workspace/cargo-home" RUSTUP_HOME="/workspace/rustup-home" "/workspace/cargo-home/bin/cargo" "+nightly-2024-02-05" "generate-lockfile" "--manifest-path" "Cargo.toml", kill_on_drop: false }`
[INFO] [stderr]     Updating crates.io index
[INFO] running `Command { std: CARGO_HOME="/workspace/cargo-home" RUSTUP_HOME="/workspace/rustup-home" "/workspace/cargo-home/bin/cargo" "+nightly-2024-02-05" "fetch" "--manifest-path" "Cargo.toml", kill_on_drop: false }`
[INFO] [stderr]  Downloading crates ...
[INFO] [stderr]   Downloaded lazy-regex v3.1.0
[INFO] [stderr]   Downloaded rattler_digest v0.13.0
[INFO] [stderr]   Downloaded lazy-regex-proc_macros v3.1.0
[INFO] [stderr]   Downloaded purl v0.1.2
[INFO] [stderr]   Downloaded rattler_macros v0.13.0
[INFO] running `Command { std: "docker" "create" "-v" "/var/lib/crater-agent-workspace/builds/worker-7-tc1/target:/opt/rustwide/target:rw,Z" "-v" "/var/lib/crater-agent-workspace/builds/worker-7-tc1/source:/opt/rustwide/workdir:ro,Z" "-v" "/var/lib/crater-agent-workspace/cargo-home:/opt/rustwide/cargo-home:ro,Z" "-v" "/var/lib/crater-agent-workspace/rustup-home:/opt/rustwide/rustup-home:ro,Z" "-e" "SOURCE_DIR=/opt/rustwide/workdir" "-e" "CARGO_TARGET_DIR=/opt/rustwide/target" "-e" "CARGO_HOME=/opt/rustwide/cargo-home" "-e" "RUSTUP_HOME=/opt/rustwide/rustup-home" "-w" "/opt/rustwide/workdir" "-m" "1610612736" "--user" "0:0" "--network" "none" "ghcr.io/rust-lang/crates-build-env/linux@sha256:2788e3201cd34a07e3172128adcd8b3090168a8e3bcc40d7c032b9dda1df7d1c" "/opt/rustwide/cargo-home/bin/cargo" "+nightly-2024-02-05" "metadata" "--no-deps" "--format-version=1", kill_on_drop: false }`
[INFO] [stdout] c3484541a3a7af981ce0e2ab1fed12e2e82e3c332e4e3f28db88bdcd90129098
[INFO] running `Command { std: "docker" "start" "-a" "c3484541a3a7af981ce0e2ab1fed12e2e82e3c332e4e3f28db88bdcd90129098", kill_on_drop: false }`
[INFO] running `Command { std: "docker" "inspect" "c3484541a3a7af981ce0e2ab1fed12e2e82e3c332e4e3f28db88bdcd90129098", kill_on_drop: false }`
[INFO] running `Command { std: "docker" "rm" "-f" "c3484541a3a7af981ce0e2ab1fed12e2e82e3c332e4e3f28db88bdcd90129098", kill_on_drop: false }`
[INFO] [stdout] c3484541a3a7af981ce0e2ab1fed12e2e82e3c332e4e3f28db88bdcd90129098
[INFO] running `Command { std: "docker" "create" "-v" "/var/lib/crater-agent-workspace/builds/worker-7-tc1/target:/opt/rustwide/target:rw,Z" "-v" "/var/lib/crater-agent-workspace/builds/worker-7-tc1/source:/opt/rustwide/workdir:ro,Z" "-v" "/var/lib/crater-agent-workspace/cargo-home:/opt/rustwide/cargo-home:ro,Z" "-v" "/var/lib/crater-agent-workspace/rustup-home:/opt/rustwide/rustup-home:ro,Z" "-e" "SOURCE_DIR=/opt/rustwide/workdir" "-e" "CARGO_TARGET_DIR=/opt/rustwide/target" "-e" "CARGO_INCREMENTAL=0" "-e" "RUST_BACKTRACE=full" "-e" "RUSTFLAGS=--cap-lints=forbid" "-e" "RUSTDOCFLAGS=--cap-lints=forbid" "-e" "CARGO_HOME=/opt/rustwide/cargo-home" "-e" "RUSTUP_HOME=/opt/rustwide/rustup-home" "-w" "/opt/rustwide/workdir" "-m" "1610612736" "--user" "0:0" "--network" "none" "ghcr.io/rust-lang/crates-build-env/linux@sha256:2788e3201cd34a07e3172128adcd8b3090168a8e3bcc40d7c032b9dda1df7d1c" "/opt/rustwide/cargo-home/bin/cargo" "+nightly-2024-02-05" "check" "--frozen" "--all" "--all-targets" "--message-format=json", kill_on_drop: false }`
[INFO] [stdout] d1b723ac874df7e0682337359ba4ce28afa1f727b2f656280d4a3f733fb0dec0
[INFO] running `Command { std: "docker" "start" "-a" "d1b723ac874df7e0682337359ba4ce28afa1f727b2f656280d4a3f733fb0dec0", kill_on_drop: false }`
[INFO] [stderr]    Compiling serde v1.0.196
[INFO] [stderr]    Compiling typenum v1.17.0
[INFO] [stderr]    Compiling unicase v2.7.0
[INFO] [stderr]    Compiling libc v0.2.153
[INFO] [stderr]    Compiling aho-corasick v1.1.2
[INFO] [stderr]    Compiling syn v2.0.48
[INFO] [stderr]    Compiling semver v1.0.21
[INFO] [stderr]    Compiling strsim v0.10.0
[INFO] [stderr]    Compiling ident_case v1.0.1
[INFO] [stderr]    Compiling ppv-lite86 v0.2.17
[INFO] [stderr]    Compiling fnv v1.0.7
[INFO] [stderr]     Checking subtle v2.5.0
[INFO] [stderr]     Checking pin-project-lite v0.2.13
[INFO] [stderr]    Compiling siphasher v0.3.11
[INFO] [stderr]    Compiling phf_shared v0.11.2
[INFO] [stderr]    Compiling ucd-trie v0.1.6
[INFO] [stderr]     Checking futures-core v0.3.30
[INFO] [stderr]     Checking once_cell v1.19.0
[INFO] [stderr]    Compiling rustix v0.38.31
[INFO] [stderr]     Checking hashbrown v0.14.3
[INFO] [stderr]     Checking equivalent v1.0.1
[INFO] [stderr]     Checking regex-syntax v0.8.2
[INFO] [stderr]    Compiling regex-automata v0.4.5
[INFO] [stderr]     Checking generic-array v0.14.7
[INFO] [stderr]     Checking futures-sink v0.3.30
[INFO] [stderr]     Checking futures-channel v0.3.30
[INFO] [stderr]    Compiling getrandom v0.2.12
[INFO] [stderr]    Compiling rand_core v0.6.4
[INFO] [stderr]    Compiling rustc_version v0.4.0
[INFO] [stderr]    Compiling rand_chacha v0.3.1
[INFO] [stderr]    Compiling smartstring v1.0.1
[INFO] [stderr]     Checking block-buffer v0.10.4
[INFO] [stderr]     Checking crypto-common v0.1.6
[INFO] [stderr]    Compiling rand v0.8.5
[INFO] [stderr]     Checking futures-task v0.3.30
[INFO] [stderr]     Checking digest v0.10.7
[INFO] [stderr]     Checking futures-io v0.3.30
[INFO] [stderr]     Checking percent-encoding v2.3.1
[INFO] [stderr]    Compiling rstest_macros v0.18.2
[INFO] [stderr]     Checking unicode-normalization v0.1.22
[INFO] [stderr]    Compiling phf_generator v0.11.2
[INFO] [stderr]     Checking unicode-bidi v0.3.15
[INFO] [stderr]     Checking cpufeatures v0.2.12
[INFO] [stderr]     Checking clap_builder v4.4.18
[INFO] [stderr]     Checking sha2 v0.10.8
[INFO] [stderr]     Checking idna v0.5.0
[INFO] [stderr]     Checking form_urlencoded v1.2.1
[INFO] [stderr]     Checking blake2 v0.10.6
[INFO] [stderr]     Checking md-5 v0.10.6
[INFO] [stderr]     Checking tracing-core v0.1.32
[INFO] [stderr]    Compiling regex v1.10.3
[INFO] [stderr]     Checking linked-hash-map v0.5.6
[INFO] [stderr]    Compiling darling_core v0.20.5
[INFO] [stderr]    Compiling relative-path v1.9.2
[INFO] [stderr]     Checking minimal-lexical v0.2.1
[INFO] [stderr]     Checking unsafe-libyaml v0.2.10
[INFO] [stderr]     Checking iana-time-zone v0.1.60
[INFO] [stderr]     Checking is-terminal v0.4.10
[INFO] [stderr]     Checking clap v4.4.18
[INFO] [stderr]     Checking chrono v0.4.33
[INFO] [stderr]     Checking nom v7.1.3
[INFO] [stderr]     Checking fxhash v0.2.1
[INFO] [stderr]     Checking console v0.15.8
[INFO] [stderr]     Checking yaml-rust v0.4.5
[INFO] [stderr]     Checking itertools v0.11.0
[INFO] [stderr]     Checking similar v2.4.0
[INFO] [stderr]     Checking fastrand v2.0.1
[INFO] [stderr]     Checking glob v0.3.1
[INFO] [stderr]     Checking tempfile v3.10.0
[INFO] [stderr]     Checking dunce v1.0.4
[INFO] [stderr]     Checking pathdiff v0.2.1
[INFO] [stderr]     Checking assert_matches v1.5.0
[INFO] [stderr]     Checking hex-literal v0.4.1
[INFO] [stderr]    Compiling serde_derive v1.0.196
[INFO] [stderr]    Compiling thiserror-impl v1.0.56
[INFO] [stderr]    Compiling futures-macro v0.3.30
[INFO] [stderr]    Compiling phf_macros v0.11.2
[INFO] [stderr]    Compiling tracing-attributes v0.1.27
[INFO] [stderr]    Compiling lazy-regex-proc_macros v3.1.0
[INFO] [stderr]    Compiling darling_macro v0.20.5
[INFO] [stderr]    Compiling strum_macros v0.25.3
[INFO] [stderr]    Compiling darling v0.20.5
[INFO] [stderr]    Compiling serde_with_macros v3.6.0
[INFO] [stderr]     Checking phf v0.11.2
[INFO] [stderr]    Compiling serde_repr v0.1.18
[INFO] [stderr]     Checking futures-util v0.3.30
[INFO] [stderr]     Checking lazy-regex v3.1.0
[INFO] [stderr]    Compiling rattler_macros v0.13.0
[INFO] [stderr]    Compiling thiserror v1.0.56
[INFO] [stderr]    Compiling pest v2.7.7
[INFO] [stderr]     Checking tracing v0.1.40
[INFO] [stderr]     Checking strum v0.25.0
[INFO] [stderr]    Compiling pest_meta v2.7.7
[INFO] [stderr]    Compiling pest_generator v2.7.7
[INFO] [stderr]     Checking futures-executor v0.3.30
[INFO] [stderr]     Checking futures v0.3.30
[INFO] [stderr]    Compiling pest_derive v2.7.7
[INFO] [stderr]     Checking rstest v0.18.2
[INFO] [stderr]     Checking indexmap v2.2.2
[INFO] [stderr]     Checking serde_json v1.0.113
[INFO] [stderr]     Checking url v2.5.0
[INFO] [stderr]     Checking toml v0.5.11
[INFO] [stderr]     Checking ciborium v0.2.2
[INFO] [stderr]     Checking smallvec v1.13.1
[INFO] [stderr]     Checking purl v0.1.2
[INFO] [stderr]     Checking serde_with v3.6.0
[INFO] [stderr]     Checking serde_yaml v0.9.31
[INFO] [stderr]     Checking tinytemplate v1.2.1
[INFO] [stderr]     Checking insta v1.34.0
[INFO] [stderr]     Checking criterion v0.5.1
[INFO] [stderr]     Checking rattler_digest v0.13.0
[INFO] [stderr]     Checking rattler_conda_types v0.13.0 (/opt/rustwide/workdir)
[INFO] [stdout] error[E0433]: failed to resolve: use of undeclared crate or module `rattler_package_streaming`
[INFO] [stdout]   --> src/package/about.rs:85:9
[INFO] [stdout]    |
[INFO] [stdout] 85 |         rattler_package_streaming::fs::extract(
[INFO] [stdout]    |         ^^^^^^^^^^^^^^^^^^^^^^^^^ use of undeclared crate or module `rattler_package_streaming`
[INFO] [stdout] 
[INFO] [stdout] 
[INFO] [stdout] error[E0433]: failed to resolve: use of undeclared crate or module `rattler_package_streaming`
[INFO] [stdout]   --> src/package/about.rs:97:9
[INFO] [stdout]    |
[INFO] [stdout] 97 |         rattler_package_streaming::fs::extract(
[INFO] [stdout]    |         ^^^^^^^^^^^^^^^^^^^^^^^^^ use of undeclared crate or module `rattler_package_streaming`
[INFO] [stdout] 
[INFO] [stdout] 
[INFO] [stdout] error[E0433]: failed to resolve: use of undeclared crate or module `rattler_package_streaming`
[INFO] [stdout]   --> src/package/index.rs:93:9
[INFO] [stdout]    |
[INFO] [stdout] 93 |         rattler_package_streaming::fs::extract(
[INFO] [stdout]    |         ^^^^^^^^^^^^^^^^^^^^^^^^^ use of undeclared crate or module `rattler_package_streaming`
[INFO] [stdout] 
[INFO] [stdout] 
[INFO] [stdout] error[E0433]: failed to resolve: use of undeclared crate or module `rattler_package_streaming`
[INFO] [stdout]    --> src/package/index.rs:106:9
[INFO] [stdout]     |
[INFO] [stdout] 106 |         rattler_package_streaming::fs::extract(
[INFO] [stdout]     |         ^^^^^^^^^^^^^^^^^^^^^^^^^ use of undeclared crate or module `rattler_package_streaming`
[INFO] [stdout] 
[INFO] [stdout] 
[INFO] [stdout] error[E0433]: failed to resolve: use of undeclared crate or module `rattler_package_streaming`
[INFO] [stdout]    --> src/package/paths.rs:269:9
[INFO] [stdout]     |
[INFO] [stdout] 269 |         rattler_package_streaming::fs::extract(
[INFO] [stdout]     |         ^^^^^^^^^^^^^^^^^^^^^^^^^ use of undeclared crate or module `rattler_package_streaming`
[INFO] [stdout] 
[INFO] [stdout] 
[INFO] [stdout] error[E0433]: failed to resolve: use of undeclared crate or module `rattler_package_streaming`
[INFO] [stdout]    --> src/package/paths.rs:282:9
[INFO] [stdout]     |
[INFO] [stdout] 282 |         rattler_package_streaming::fs::extract(
[INFO] [stdout]     |         ^^^^^^^^^^^^^^^^^^^^^^^^^ use of undeclared crate or module `rattler_package_streaming`
[INFO] [stdout] 
[INFO] [stdout] 
[INFO] [stdout] error[E0433]: failed to resolve: use of undeclared crate or module `rattler_package_streaming`
[INFO] [stdout]    --> src/package/paths.rs:298:9
[INFO] [stdout]     |
[INFO] [stdout] 298 |         rattler_package_streaming::fs::extract(
[INFO] [stdout]     |         ^^^^^^^^^^^^^^^^^^^^^^^^^ use of undeclared crate or module `rattler_package_streaming`
[INFO] [stdout] 
[INFO] [stdout] 
[INFO] [stdout] error[E0433]: failed to resolve: use of undeclared crate or module `rattler_package_streaming`
[INFO] [stdout]   --> src/package/run_exports.rs:50:9
[INFO] [stdout]    |
[INFO] [stdout] 50 |         rattler_package_streaming::fs::extract(
[INFO] [stdout]    |         ^^^^^^^^^^^^^^^^^^^^^^^^^ use of undeclared crate or module `rattler_package_streaming`
[INFO] [stdout] 
[INFO] [stdout] 
[INFO] [stdout] error: aborting due to 8 previous errors
[INFO] [stdout] 
[INFO] [stdout] 
[INFO] [stdout] For more information about this error, try `rustc --explain E0433`.
[INFO] [stdout] 
[INFO] [stderr] error: could not compile `rattler_conda_types` (lib test) due to 9 previous errors
[INFO] [stderr] warning: build failed, waiting for other jobs to finish...
[INFO] running `Command { std: "docker" "inspect" "d1b723ac874df7e0682337359ba4ce28afa1f727b2f656280d4a3f733fb0dec0", kill_on_drop: false }`
[INFO] running `Command { std: "docker" "rm" "-f" "d1b723ac874df7e0682337359ba4ce28afa1f727b2f656280d4a3f733fb0dec0", kill_on_drop: false }`
[INFO] [stdout] d1b723ac874df7e0682337359ba4ce28afa1f727b2f656280d4a3f733fb0dec0
[INFO] checking rattler_conda_types-0.13.0 against nightly-2024-02-05+rustflags=-Dunexpected_cfgs+cargoflags=-Zcheck-cfg for check-cfg
[INFO] extracting crate rattler_conda_types 0.13.0 into /workspace/builds/worker-7-tc2/source
[INFO] validating manifest of crates.io crate rattler_conda_types 0.13.0 on toolchain nightly-2024-02-05
[INFO] running `Command { std: CARGO_HOME="/workspace/cargo-home" RUSTUP_HOME="/workspace/rustup-home" "/workspace/cargo-home/bin/cargo" "+nightly-2024-02-05" "metadata" "--manifest-path" "Cargo.toml" "--no-deps", kill_on_drop: false }`
[INFO] started tweaking crates.io crate rattler_conda_types 0.13.0
[INFO] finished tweaking crates.io crate rattler_conda_types 0.13.0
[INFO] tweaked toml for crates.io crate rattler_conda_types 0.13.0 written to /workspace/builds/worker-7-tc2/source/Cargo.toml
[INFO] running `Command { std: CARGO_HOME="/workspace/cargo-home" RUSTUP_HOME="/workspace/rustup-home" "/workspace/cargo-home/bin/cargo" "+nightly-2024-02-05" "generate-lockfile" "--manifest-path" "Cargo.toml", kill_on_drop: false }`
[INFO] [stderr]     Updating crates.io index
[INFO] running `Command { std: CARGO_HOME="/workspace/cargo-home" RUSTUP_HOME="/workspace/rustup-home" "/workspace/cargo-home/bin/cargo" "+nightly-2024-02-05" "fetch" "--manifest-path" "Cargo.toml", kill_on_drop: false }`
[INFO] running `Command { std: "docker" "create" "-v" "/var/lib/crater-agent-workspace/builds/worker-7-tc2/target:/opt/rustwide/target:rw,Z" "-v" "/var/lib/crater-agent-workspace/builds/worker-7-tc2/source:/opt/rustwide/workdir:ro,Z" "-v" "/var/lib/crater-agent-workspace/cargo-home:/opt/rustwide/cargo-home:ro,Z" "-v" "/var/lib/crater-agent-workspace/rustup-home:/opt/rustwide/rustup-home:ro,Z" "-e" "SOURCE_DIR=/opt/rustwide/workdir" "-e" "CARGO_TARGET_DIR=/opt/rustwide/target" "-e" "CARGO_HOME=/opt/rustwide/cargo-home" "-e" "RUSTUP_HOME=/opt/rustwide/rustup-home" "-w" "/opt/rustwide/workdir" "-m" "1610612736" "--user" "0:0" "--network" "none" "ghcr.io/rust-lang/crates-build-env/linux@sha256:2788e3201cd34a07e3172128adcd8b3090168a8e3bcc40d7c032b9dda1df7d1c" "/opt/rustwide/cargo-home/bin/cargo" "+nightly-2024-02-05" "metadata" "--no-deps" "--format-version=1", kill_on_drop: false }`
[INFO] [stdout] a7108653c5893af6aace0f7d9f589126daa5f146658f080e917932f6ad792f61
[INFO] running `Command { std: "docker" "start" "-a" "a7108653c5893af6aace0f7d9f589126daa5f146658f080e917932f6ad792f61", kill_on_drop: false }`
[INFO] running `Command { std: "docker" "inspect" "a7108653c5893af6aace0f7d9f589126daa5f146658f080e917932f6ad792f61", kill_on_drop: false }`
[INFO] running `Command { std: "docker" "rm" "-f" "a7108653c5893af6aace0f7d9f589126daa5f146658f080e917932f6ad792f61", kill_on_drop: false }`
[INFO] [stdout] a7108653c5893af6aace0f7d9f589126daa5f146658f080e917932f6ad792f61
[INFO] running `Command { std: "docker" "create" "-v" "/var/lib/crater-agent-workspace/builds/worker-7-tc2/target:/opt/rustwide/target:rw,Z" "-v" "/var/lib/crater-agent-workspace/builds/worker-7-tc2/source:/opt/rustwide/workdir:ro,Z" "-v" "/var/lib/crater-agent-workspace/cargo-home:/opt/rustwide/cargo-home:ro,Z" "-v" "/var/lib/crater-agent-workspace/rustup-home:/opt/rustwide/rustup-home:ro,Z" "-e" "SOURCE_DIR=/opt/rustwide/workdir" "-e" "CARGO_TARGET_DIR=/opt/rustwide/target" "-e" "CARGO_INCREMENTAL=0" "-e" "RUST_BACKTRACE=full" "-e" "RUSTFLAGS=--cap-lints=forbid -Dunexpected_cfgs" "-e" "RUSTDOCFLAGS=--cap-lints=forbid" "-e" "CARGO_HOME=/opt/rustwide/cargo-home" "-e" "RUSTUP_HOME=/opt/rustwide/rustup-home" "-w" "/opt/rustwide/workdir" "-m" "1610612736" "--user" "0:0" "--network" "none" "ghcr.io/rust-lang/crates-build-env/linux@sha256:2788e3201cd34a07e3172128adcd8b3090168a8e3bcc40d7c032b9dda1df7d1c" "/opt/rustwide/cargo-home/bin/cargo" "+nightly-2024-02-05" "check" "--frozen" "--all" "--all-targets" "--message-format=json" "-Zcheck-cfg", kill_on_drop: false }`
[INFO] [stdout] 9750a1e72f7935edf651867b1f926370f007f27b903d5db61f328e9042e98605
[INFO] running `Command { std: "docker" "start" "-a" "9750a1e72f7935edf651867b1f926370f007f27b903d5db61f328e9042e98605", kill_on_drop: false }`
[INFO] [stderr]    Compiling serde v1.0.196
[INFO] [stderr]    Compiling typenum v1.17.0
[INFO] [stderr]    Compiling unicase v2.7.0
[INFO] [stderr]    Compiling libc v0.2.153
[INFO] [stderr]    Compiling aho-corasick v1.1.2
[INFO] [stderr]    Compiling syn v2.0.48
[INFO] [stderr]    Compiling semver v1.0.21
[INFO] [stderr]    Compiling ppv-lite86 v0.2.17
[INFO] [stderr]    Compiling ident_case v1.0.1
[INFO] [stderr]    Compiling strsim v0.10.0
[INFO] [stderr]    Compiling fnv v1.0.7
[INFO] [stderr]    Compiling siphasher v0.3.11
[INFO] [stderr]     Checking subtle v2.5.0
[INFO] [stderr]     Checking pin-project-lite v0.2.13
[INFO] [stderr]    Compiling phf_shared v0.11.2
[INFO] [stderr]     Checking futures-core v0.3.30
[INFO] [stderr]     Checking hashbrown v0.14.3
[INFO] [stderr]     Checking regex-syntax v0.8.2
[INFO] [stderr]    Compiling rustix v0.38.31
[INFO] [stderr]    Compiling getrandom v0.2.12
[INFO] [stderr]     Checking generic-array v0.14.7
[INFO] [stderr]    Compiling regex-automata v0.4.5
[INFO] [stderr]     Checking once_cell v1.19.0
[INFO] [stderr]    Compiling rand_core v0.6.4
[INFO] [stderr]     Checking futures-sink v0.3.30
[INFO] [stderr]     Checking equivalent v1.0.1
[INFO] [stderr]    Compiling rand_chacha v0.3.1
[INFO] [stderr]    Compiling ucd-trie v0.1.6
[INFO] [stderr]     Checking futures-channel v0.3.30
[INFO] [stderr]    Compiling rand v0.8.5
[INFO] [stderr]     Checking crypto-common v0.1.6
[INFO] [stderr]     Checking block-buffer v0.10.4
[INFO] [stderr]     Checking digest v0.10.7
[INFO] [stderr]    Compiling rustc_version v0.4.0
[INFO] [stderr]    Compiling smartstring v1.0.1
[INFO] [stderr]     Checking futures-task v0.3.30
[INFO] [stderr]     Checking futures-io v0.3.30
[INFO] [stderr]     Checking percent-encoding v2.3.1
[INFO] [stderr]    Compiling phf_generator v0.11.2
[INFO] [stderr]    Compiling rstest_macros v0.18.2
[INFO] [stderr]     Checking unicode-normalization v0.1.22
[INFO] [stderr]     Checking cpufeatures v0.2.12
[INFO] [stderr]     Checking unicode-bidi v0.3.15
[INFO] [stderr]     Checking clap_builder v4.4.18
[INFO] [stderr]     Checking sha2 v0.10.8
[INFO] [stderr]     Checking idna v0.5.0
[INFO] [stderr]     Checking form_urlencoded v1.2.1
[INFO] [stderr]     Checking md-5 v0.10.6
[INFO] [stderr]    Compiling darling_core v0.20.5
[INFO] [stderr]     Checking blake2 v0.10.6
[INFO] [stderr]    Compiling regex v1.10.3
[INFO] [stderr]     Checking tracing-core v0.1.32
[INFO] [stderr]    Compiling relative-path v1.9.2
[INFO] [stderr]     Checking iana-time-zone v0.1.60
[INFO] [stderr]     Checking unsafe-libyaml v0.2.10
[INFO] [stderr]     Checking minimal-lexical v0.2.1
[INFO] [stderr]     Checking linked-hash-map v0.5.6
[INFO] [stderr]     Checking yaml-rust v0.4.5
[INFO] [stderr]     Checking console v0.15.8
[INFO] [stderr]     Checking nom v7.1.3
[INFO] [stderr]     Checking chrono v0.4.33
[INFO] [stderr]     Checking fxhash v0.2.1
[INFO] [stderr]     Checking clap v4.4.18
[INFO] [stderr]     Checking is-terminal v0.4.10
[INFO] [stderr]     Checking itertools v0.11.0
[INFO] [stderr]     Checking similar v2.4.0
[INFO] [stderr]     Checking glob v0.3.1
[INFO] [stderr]     Checking fastrand v2.0.1
[INFO] [stderr]     Checking tempfile v3.10.0
[INFO] [stderr]     Checking pathdiff v0.2.1
[INFO] [stderr]     Checking hex-literal v0.4.1
[INFO] [stderr]     Checking assert_matches v1.5.0
[INFO] [stderr]     Checking dunce v1.0.4
[INFO] [stderr]    Compiling serde_derive v1.0.196
[INFO] [stderr]    Compiling thiserror-impl v1.0.56
[INFO] [stderr]    Compiling futures-macro v0.3.30
[INFO] [stderr]    Compiling phf_macros v0.11.2
[INFO] [stderr]    Compiling strum_macros v0.25.3
[INFO] [stderr]    Compiling lazy-regex-proc_macros v3.1.0
[INFO] [stderr]    Compiling darling_macro v0.20.5
[INFO] [stderr]    Compiling tracing-attributes v0.1.27
[INFO] [stderr]    Compiling darling v0.20.5
[INFO] [stderr]    Compiling serde_with_macros v3.6.0
[INFO] [stderr]     Checking phf v0.11.2
[INFO] [stderr]     Checking futures-util v0.3.30
[INFO] [stderr]     Checking lazy-regex v3.1.0
[INFO] [stderr]    Compiling rattler_macros v0.13.0
[INFO] [stderr]    Compiling thiserror v1.0.56
[INFO] [stderr]    Compiling pest v2.7.7
[INFO] [stderr]     Checking tracing v0.1.40
[INFO] [stderr]    Compiling serde_repr v0.1.18
[INFO] [stderr]     Checking strum v0.25.0
[INFO] [stderr]    Compiling pest_meta v2.7.7
[INFO] [stderr]    Compiling pest_generator v2.7.7
[INFO] [stderr]     Checking futures-executor v0.3.30
[INFO] [stderr]     Checking futures v0.3.30
[INFO] [stderr]    Compiling pest_derive v2.7.7
[INFO] [stderr]     Checking rstest v0.18.2
[INFO] [stderr]     Checking indexmap v2.2.2
[INFO] [stderr]     Checking serde_json v1.0.113
[INFO] [stderr]     Checking ciborium v0.2.2
[INFO] [stderr]     Checking url v2.5.0
[INFO] [stderr]     Checking purl v0.1.2
[INFO] [stderr]     Checking toml v0.5.11
[INFO] [stderr]     Checking smallvec v1.13.1
[INFO] [stderr]     Checking serde_with v3.6.0
[INFO] [stderr]     Checking serde_yaml v0.9.31
[INFO] [stderr]     Checking insta v1.34.0
[INFO] [stderr]     Checking tinytemplate v1.2.1
[INFO] [stderr]     Checking criterion v0.5.1
[INFO] [stderr]     Checking rattler_digest v0.13.0
[INFO] [stderr]     Checking rattler_conda_types v0.13.0 (/opt/rustwide/workdir)
[INFO] [stdout] error: unexpected `cfg` condition value: `powerpc64le`
[INFO] [stdout]   --> src/platform.rs:90:19
[INFO] [stdout]    |
[INFO] [stdout] 90 |             #[cfg(target_arch = "powerpc64le")]
[INFO] [stdout]    |                   ^^^^^^^^^^^^^^-------------
[INFO] [stdout]    |                                 |
[INFO] [stdout]    |                                 help: there is a expected value with a similar name: `"powerpc64"`
[INFO] [stdout]    |
[INFO] [stdout]    = note: expected values for `target_arch` are: `aarch64`, `arm`, `avr`, `bpf`, `csky`, `hexagon`, `loongarch64`, `m68k`, `mips`, `mips32r6`, `mips64`, `mips64r6`, `msp430`, `nvptx64`, `powerpc`, `powerpc64`, `riscv32`, `riscv64`, `s390x`, `sparc`, `sparc64`, `wasm32`, `wasm64`, `x86`, `x86_64`
[INFO] [stdout]    = note: see <https://doc.rust-lang.org/nightly/cargo/reference/unstable.html#check-cfg> for more information about checking conditional configuration
[INFO] [stdout]    = note: requested on the command line with `-D unexpected-cfgs`
[INFO] [stdout] 
[INFO] [stdout] 
[INFO] [stdout] error: unexpected `cfg` condition value: `powerpc64le`
[INFO] [stdout]    --> src/platform.rs:112:17
[INFO] [stdout]     |
[INFO] [stdout] 112 |                 target_arch = "powerpc64le",
[INFO] [stdout]     |                 ^^^^^^^^^^^^^^-------------
[INFO] [stdout]     |                               |
[INFO] [stdout]     |                               help: there is a expected value with a similar name: `"powerpc64"`
[INFO] [stdout]     |
[INFO] [stdout]     = note: expected values for `target_arch` are: `aarch64`, `arm`, `avr`, `bpf`, `csky`, `hexagon`, `loongarch64`, `m68k`, `mips`, `mips32r6`, `mips64`, `mips64r6`, `msp430`, `nvptx64`, `powerpc`, `powerpc64`, `riscv32`, `riscv64`, `s390x`, `sparc`, `sparc64`, `wasm32`, `wasm64`, `x86`, `x86_64`
[INFO] [stdout]     = note: see <https://doc.rust-lang.org/nightly/cargo/reference/unstable.html#check-cfg> for more information about checking conditional configuration
[INFO] [stdout] 
[INFO] [stdout] 
[INFO] [stdout] error[E0433]: failed to resolve: use of undeclared crate or module `rattler_package_streaming`
[INFO] [stdout]   --> src/package/about.rs:85:9
[INFO] [stdout]    |
[INFO] [stdout] 85 |         rattler_package_streaming::fs::extract(
[INFO] [stdout]    |         ^^^^^^^^^^^^^^^^^^^^^^^^^ use of undeclared crate or module `rattler_package_streaming`
[INFO] [stdout] 
[INFO] [stdout] 
[INFO] [stdout] error[E0433]: failed to resolve: use of undeclared crate or module `rattler_package_streaming`
[INFO] [stdout]   --> src/package/about.rs:97:9
[INFO] [stdout]    |
[INFO] [stdout] 97 |         rattler_package_streaming::fs::extract(
[INFO] [stdout]    |         ^^^^^^^^^^^^^^^^^^^^^^^^^ use of undeclared crate or module `rattler_package_streaming`
[INFO] [stdout] 
[INFO] [stdout] 
[INFO] [stdout] error[E0433]: failed to resolve: use of undeclared crate or module `rattler_package_streaming`
[INFO] [stdout]   --> src/package/index.rs:93:9
[INFO] [stdout]    |
[INFO] [stdout] 93 |         rattler_package_streaming::fs::extract(
[INFO] [stdout]    |         ^^^^^^^^^^^^^^^^^^^^^^^^^ use of undeclared crate or module `rattler_package_streaming`
[INFO] [stdout] 
[INFO] [stdout] 
[INFO] [stdout] error[E0433]: failed to resolve: use of undeclared crate or module `rattler_package_streaming`
[INFO] [stdout]    --> src/package/index.rs:106:9
[INFO] [stdout]     |
[INFO] [stdout] 106 |         rattler_package_streaming::fs::extract(
[INFO] [stdout]     |         ^^^^^^^^^^^^^^^^^^^^^^^^^ use of undeclared crate or module `rattler_package_streaming`
[INFO] [stdout] 
[INFO] [stdout] 
[INFO] [stdout] error[E0433]: failed to resolve: use of undeclared crate or module `rattler_package_streaming`
[INFO] [stdout]    --> src/package/paths.rs:269:9
[INFO] [stdout]     |
[INFO] [stdout] 269 |         rattler_package_streaming::fs::extract(
[INFO] [stdout]     |         ^^^^^^^^^^^^^^^^^^^^^^^^^ use of undeclared crate or module `rattler_package_streaming`
[INFO] [stdout] 
[INFO] [stdout] 
[INFO] [stdout] error[E0433]: failed to resolve: use of undeclared crate or module `rattler_package_streaming`
[INFO] [stdout]    --> src/package/paths.rs:282:9
[INFO] [stdout]     |
[INFO] [stdout] 282 |         rattler_package_streaming::fs::extract(
[INFO] [stdout]     |         ^^^^^^^^^^^^^^^^^^^^^^^^^ use of undeclared crate or module `rattler_package_streaming`
[INFO] [stdout] 
[INFO] [stdout] 
[INFO] [stdout] error[E0433]: failed to resolve: use of undeclared crate or module `rattler_package_streaming`
[INFO] [stdout]    --> src/package/paths.rs:298:9
[INFO] [stdout]     |
[INFO] [stdout] 298 |         rattler_package_streaming::fs::extract(
[INFO] [stdout]     |         ^^^^^^^^^^^^^^^^^^^^^^^^^ use of undeclared crate or module `rattler_package_streaming`
[INFO] [stdout] 
[INFO] [stdout] 
[INFO] [stdout] error[E0433]: failed to resolve: use of undeclared crate or module `rattler_package_streaming`
[INFO] [stdout]   --> src/package/run_exports.rs:50:9
[INFO] [stdout]    |
[INFO] [stdout] 50 |         rattler_package_streaming::fs::extract(
[INFO] [stdout]    |         ^^^^^^^^^^^^^^^^^^^^^^^^^ use of undeclared crate or module `rattler_package_streaming`
[INFO] [stdout] 
[INFO] [stdout] 
[INFO] [stdout] error: unexpected `cfg` condition value: `powerpc64le`
[INFO] [stdout]   --> src/platform.rs:90:19
[INFO] [stdout]    |
[INFO] [stdout] 90 |             #[cfg(target_arch = "powerpc64le")]
[INFO] [stdout]    |                   ^^^^^^^^^^^^^^-------------
[INFO] [stdout]    |                                 |
[INFO] [stdout]    |                                 help: there is a expected value with a similar name: `"powerpc64"`
[INFO] [stdout]    |
[INFO] [stdout]    = note: expected values for `target_arch` are: `aarch64`, `arm`, `avr`, `bpf`, `csky`, `hexagon`, `loongarch64`, `m68k`, `mips`, `mips32r6`, `mips64`, `mips64r6`, `msp430`, `nvptx64`, `powerpc`, `powerpc64`, `riscv32`, `riscv64`, `s390x`, `sparc`, `sparc64`, `wasm32`, `wasm64`, `x86`, `x86_64`
[INFO] [stdout]    = note: see <https://doc.rust-lang.org/nightly/cargo/reference/unstable.html#check-cfg> for more information about checking conditional configuration
[INFO] [stdout]    = note: requested on the command line with `-D unexpected-cfgs`
[INFO] [stdout] 
[INFO] [stdout] 
[INFO] [stdout] error: unexpected `cfg` condition value: `powerpc64le`
[INFO] [stdout]    --> src/platform.rs:112:17
[INFO] [stdout]     |
[INFO] [stdout] 112 |                 target_arch = "powerpc64le",
[INFO] [stdout]     |                 ^^^^^^^^^^^^^^-------------
[INFO] [stdout]     |                               |
[INFO] [stdout]     |                               help: there is a expected value with a similar name: `"powerpc64"`
[INFO] [stdout]     |
[INFO] [stdout]     = note: expected values for `target_arch` are: `aarch64`, `arm`, `avr`, `bpf`, `csky`, `hexagon`, `loongarch64`, `m68k`, `mips`, `mips32r6`, `mips64`, `mips64r6`, `msp430`, `nvptx64`, `powerpc`, `powerpc64`, `riscv32`, `riscv64`, `s390x`, `sparc`, `sparc64`, `wasm32`, `wasm64`, `x86`, `x86_64`
[INFO] [stdout]     = note: see <https://doc.rust-lang.org/nightly/cargo/reference/unstable.html#check-cfg> for more information about checking conditional configuration
[INFO] [stdout] 
[INFO] [stdout] 
[INFO] [stdout] error: aborting due to 10 previous errors
[INFO] [stdout] 
[INFO] [stdout] 
[INFO] [stdout] For more information about this error, try `rustc --explain E0433`.
[INFO] [stdout] 
[INFO] [stderr] error: could not compile `rattler_conda_types` (lib test) due to 11 previous errors
[INFO] [stderr] warning: build failed, waiting for other jobs to finish...
[INFO] [stdout] error: aborting due to 2 previous errors
[INFO] [stdout] 
[INFO] [stdout] 
[INFO] [stderr] error: could not compile `rattler_conda_types` (lib) due to 3 previous errors
[INFO] running `Command { std: "docker" "inspect" "9750a1e72f7935edf651867b1f926370f007f27b903d5db61f328e9042e98605", kill_on_drop: false }`
[INFO] running `Command { std: "docker" "rm" "-f" "9750a1e72f7935edf651867b1f926370f007f27b903d5db61f328e9042e98605", kill_on_drop: false }`
[INFO] [stdout] 9750a1e72f7935edf651867b1f926370f007f27b903d5db61f328e9042e98605
