[INFO] fetching crate rate-config 0.41.0...
[INFO] checking rate-config-0.41.0 against nightly-2024-02-05 for check-cfg
[INFO] extracting crate rate-config 0.41.0 into /workspace/builds/worker-6-tc1/source
[INFO] validating manifest of crates.io crate rate-config 0.41.0 on toolchain nightly-2024-02-05
[INFO] running `Command { std: CARGO_HOME="/workspace/cargo-home" RUSTUP_HOME="/workspace/rustup-home" "/workspace/cargo-home/bin/cargo" "+nightly-2024-02-05" "metadata" "--manifest-path" "Cargo.toml" "--no-deps", kill_on_drop: false }`
[INFO] started tweaking crates.io crate rate-config 0.41.0
[INFO] finished tweaking crates.io crate rate-config 0.41.0
[INFO] tweaked toml for crates.io crate rate-config 0.41.0 written to /workspace/builds/worker-6-tc1/source/Cargo.toml
[INFO] running `Command { std: CARGO_HOME="/workspace/cargo-home" RUSTUP_HOME="/workspace/rustup-home" "/workspace/cargo-home/bin/cargo" "+nightly-2024-02-05" "generate-lockfile" "--manifest-path" "Cargo.toml", kill_on_drop: false }`
[INFO] [stderr]     Updating crates.io index
[INFO] running `Command { std: CARGO_HOME="/workspace/cargo-home" RUSTUP_HOME="/workspace/rustup-home" "/workspace/cargo-home/bin/cargo" "+nightly-2024-02-05" "fetch" "--manifest-path" "Cargo.toml", kill_on_drop: false }`
[INFO] [stderr]     Blocking waiting for file lock on package cache
[INFO] [stderr]     Blocking waiting for file lock on package cache
[INFO] [stderr]  Downloading crates ...
[INFO] [stderr]   Downloaded metacrate v0.1.2
[INFO] [stderr]   Downloaded rill-protocol v0.41.0
[INFO] [stderr]   Downloaded vectorize v0.2.0
[INFO] [stderr]   Downloaded meio v0.95.2
[INFO] [stderr]   Downloaded rill-engine v0.41.0
[INFO] [stderr]   Downloaded rill-derive v0.41.0
[INFO] [stderr]   Downloaded rate-core v0.41.0
[INFO] [stderr]   Downloaded meio-protocol v0.95.2
[INFO] [stderr]   Downloaded typed-slab v0.1.8
[INFO] [stderr]   Downloaded meio-connect v0.95.2
[INFO] [stderr]   Downloaded rrpack-basis v0.41.0
[INFO] [stderr]   Downloaded rill-config v0.41.0
[INFO] running `Command { std: "docker" "create" "-v" "/var/lib/crater-agent-workspace/builds/worker-6-tc1/target:/opt/rustwide/target:rw,Z" "-v" "/var/lib/crater-agent-workspace/builds/worker-6-tc1/source:/opt/rustwide/workdir:ro,Z" "-v" "/var/lib/crater-agent-workspace/cargo-home:/opt/rustwide/cargo-home:ro,Z" "-v" "/var/lib/crater-agent-workspace/rustup-home:/opt/rustwide/rustup-home:ro,Z" "-e" "SOURCE_DIR=/opt/rustwide/workdir" "-e" "CARGO_TARGET_DIR=/opt/rustwide/target" "-e" "CARGO_HOME=/opt/rustwide/cargo-home" "-e" "RUSTUP_HOME=/opt/rustwide/rustup-home" "-w" "/opt/rustwide/workdir" "-m" "1610612736" "--user" "0:0" "--network" "none" "ghcr.io/rust-lang/crates-build-env/linux@sha256:2788e3201cd34a07e3172128adcd8b3090168a8e3bcc40d7c032b9dda1df7d1c" "/opt/rustwide/cargo-home/bin/cargo" "+nightly-2024-02-05" "metadata" "--no-deps" "--format-version=1", kill_on_drop: false }`
[INFO] [stdout] a5a9337b755a3a940cd5009af37676a54798f2094f76061c1d43c6f5ed62592f
[INFO] running `Command { std: "docker" "start" "-a" "a5a9337b755a3a940cd5009af37676a54798f2094f76061c1d43c6f5ed62592f", kill_on_drop: false }`
[INFO] running `Command { std: "docker" "inspect" "a5a9337b755a3a940cd5009af37676a54798f2094f76061c1d43c6f5ed62592f", kill_on_drop: false }`
[INFO] running `Command { std: "docker" "rm" "-f" "a5a9337b755a3a940cd5009af37676a54798f2094f76061c1d43c6f5ed62592f", kill_on_drop: false }`
[INFO] [stdout] a5a9337b755a3a940cd5009af37676a54798f2094f76061c1d43c6f5ed62592f
[INFO] running `Command { std: "docker" "create" "-v" "/var/lib/crater-agent-workspace/builds/worker-6-tc1/target:/opt/rustwide/target:rw,Z" "-v" "/var/lib/crater-agent-workspace/builds/worker-6-tc1/source:/opt/rustwide/workdir:ro,Z" "-v" "/var/lib/crater-agent-workspace/cargo-home:/opt/rustwide/cargo-home:ro,Z" "-v" "/var/lib/crater-agent-workspace/rustup-home:/opt/rustwide/rustup-home:ro,Z" "-e" "SOURCE_DIR=/opt/rustwide/workdir" "-e" "CARGO_TARGET_DIR=/opt/rustwide/target" "-e" "CARGO_INCREMENTAL=0" "-e" "RUST_BACKTRACE=full" "-e" "RUSTFLAGS=--cap-lints=forbid" "-e" "RUSTDOCFLAGS=--cap-lints=forbid" "-e" "CARGO_HOME=/opt/rustwide/cargo-home" "-e" "RUSTUP_HOME=/opt/rustwide/rustup-home" "-w" "/opt/rustwide/workdir" "-m" "1610612736" "--user" "0:0" "--network" "none" "ghcr.io/rust-lang/crates-build-env/linux@sha256:2788e3201cd34a07e3172128adcd8b3090168a8e3bcc40d7c032b9dda1df7d1c" "/opt/rustwide/cargo-home/bin/cargo" "+nightly-2024-02-05" "check" "--frozen" "--all" "--all-targets" "--message-format=json", kill_on_drop: false }`
[INFO] [stdout] bba4eb0eb81d0c0b269b6bb1769b39ecf9f7d910f5840cb5472a5710df33aed6
[INFO] running `Command { std: "docker" "start" "-a" "bba4eb0eb81d0c0b269b6bb1769b39ecf9f7d910f5840cb5472a5710df33aed6", kill_on_drop: false }`
[INFO] [stderr]     Checking log v0.4.20
[INFO] [stderr]     Checking bytes v1.5.0
[INFO] [stderr]    Compiling lock_api v0.4.11
[INFO] [stderr]    Compiling parking_lot_core v0.9.9
[INFO] [stderr]     Checking memchr v2.7.1
[INFO] [stderr]     Checking getrandom v0.2.12
[INFO] [stderr]     Checking smallvec v1.13.1
[INFO] [stderr]    Compiling typenum v1.17.0
[INFO] [stderr]     Checking mio v0.8.10
[INFO] [stderr]     Checking futures-sink v0.3.30
[INFO] [stderr]    Compiling tokio-macros v2.2.0
[INFO] [stderr]     Checking socket2 v0.5.5
[INFO] [stderr]    Compiling generic-array v0.14.7
[INFO] [stderr]    Compiling syn v1.0.109
[INFO] [stderr]     Checking futures-channel v0.3.30
[INFO] [stderr]     Checking parking_lot v0.12.1
[INFO] [stderr]    Compiling futures-macro v0.3.30
[INFO] [stderr]     Checking http v0.2.11
[INFO] [stderr]    Compiling ring v0.17.7
[INFO] [stderr]     Checking tracing-core v0.1.32
[INFO] [stderr]    Compiling anyhow v1.0.79
[INFO] [stderr]     Checking tokio v1.36.0
[INFO] [stderr]    Compiling equivalent v1.0.1
[INFO] [stderr]    Compiling hashbrown v0.14.3
[INFO] [stderr]     Checking tracing v0.1.40
[INFO] [stderr]     Checking unicode-normalization v0.1.22
[INFO] [stderr]     Checking unicode-bidi v0.3.15
[INFO] [stderr]     Checking futures-util v0.3.30
[INFO] [stderr]    Compiling indexmap v2.2.2
[INFO] [stderr]    Compiling winnow v0.5.37
[INFO] [stderr]     Checking cpufeatures v0.2.12
[INFO] [stderr]    Compiling toml_datetime v0.6.5
[INFO] [stderr]     Checking idna v0.5.0
[INFO] [stderr]     Checking rand_core v0.6.4
[INFO] [stderr]     Checking httpdate v1.0.3
[INFO] [stderr]    Compiling convert_case v0.4.0
[INFO] [stderr]    Compiling once_cell v1.19.0
[INFO] [stderr]     Checking spin v0.9.8
[INFO] [stderr]     Checking untrusted v0.9.0
[INFO] [stderr]     Checking rand_chacha v0.3.1
[INFO] [stderr]     Checking want v0.3.1
[INFO] [stderr]     Checking url v2.5.0
[INFO] [stderr]     Checking digest v0.9.0
[INFO] [stderr]     Checking block-buffer v0.9.0
[INFO] [stderr]    Compiling toml_edit v0.19.15
[INFO] [stderr]     Checking block-buffer v0.10.4
[INFO] [stderr]     Checking crypto-common v0.1.6
[INFO] [stderr]     Checking http-body v0.4.6
[INFO] [stderr]     Checking opaque-debug v0.3.0
[INFO] [stderr]     Checking tower-service v0.3.2
[INFO] [stderr]     Checking sha-1 v0.9.8
[INFO] [stderr]     Checking digest v0.10.7
[INFO] [stderr]     Checking rand v0.8.5
[INFO] [stderr]     Checking uuid v0.8.2
[INFO] [stderr]    Compiling pin-project-internal v1.1.4
[INFO] [stderr]    Compiling rustls v0.21.10
[INFO] [stderr]     Checking base64 v0.13.1
[INFO] [stderr]     Checking futures-executor v0.3.30
[INFO] [stderr]     Checking utf-8 v0.7.6
[INFO] [stderr]     Checking futures v0.3.30
[INFO] [stderr]    Compiling derive_more v0.99.17
[INFO] [stderr]    Compiling unicode-segmentation v1.10.1
[INFO] [stderr]     Checking tungstenite v0.14.0
[INFO] [stderr]     Checking sha1 v0.10.6
[INFO] [stderr]     Checking meio-protocol v0.95.2
[INFO] [stderr]    Compiling heck v0.3.3
[INFO] [stderr]     Checking headers-core v0.2.0
[INFO] [stderr]    Compiling proc-macro-crate v1.3.1
[INFO] [stderr]    Compiling rustix v0.38.31
[INFO] [stderr]    Compiling strum_macros v0.21.1
[INFO] [stderr]     Checking tokio-util v0.7.10
[INFO] [stderr]     Checking tokio-util v0.6.10
[INFO] [stderr]     Checking headers v0.3.9
[INFO] [stderr]     Checking rustls-webpki v0.101.7
[INFO] [stderr]     Checking h2 v0.3.24
[INFO] [stderr]     Checking pin-project v1.1.4
[INFO] [stderr]     Checking sct v0.7.1
[INFO] [stderr]     Checking ordered-float v2.10.1
[INFO] [stderr]     Checking tokio-tungstenite v0.15.0
[INFO] [stderr]     Checking serde_qs v0.8.5
[INFO] [stderr]     Checking vectorize v0.2.0
[INFO] [stderr]     Checking aho-corasick v1.1.2
[INFO] [stderr]     Checking metacrate v0.1.2
[INFO] [stderr]     Checking linux-raw-sys v0.4.13
[INFO] [stderr]    Compiling crossbeam-utils v0.8.19
[INFO] [stderr]     Checking tokio-stream v0.1.14
[INFO] [stderr]     Checking strum v0.21.0
[INFO] [stderr]     Checking filetime v0.2.23
[INFO] [stderr]     Checking regex-automata v0.4.5
[INFO] [stderr]     Checking serde_urlencoded v0.7.1
[INFO] [stderr]    Compiling num_enum_derive v0.5.11
[INFO] [stderr]     Checking rustls-pemfile v1.0.4
[INFO] [stderr]     Checking inotify-sys v0.1.5
[INFO] [stderr]     Checking atty v0.2.14
[INFO] [stderr]     Checking tokio-rustls v0.24.1
[INFO] [stderr]     Checking humantime v2.1.0
[INFO] [stderr]     Checking webpki-roots v0.25.4
[INFO] [stderr]     Checking termcolor v1.4.1
[INFO] [stderr]     Checking ipnet v2.9.0
[INFO] [stderr]     Checking sync_wrapper v0.1.2
[INFO] [stderr]     Checking crossbeam-channel v0.5.11
[INFO] [stderr]     Checking inotify v0.9.6
[INFO] [stderr]     Checking flate2 v1.0.28
[INFO] [stderr]     Checking hyper v0.14.28
[INFO] [stderr]     Checking xattr v1.3.1
[INFO] [stderr]     Checking tar v0.4.40
[INFO] [stderr]    Compiling rill-derive v0.41.0
[INFO] [stderr]     Checking envy v0.4.2
[INFO] [stderr]     Checking toml v0.5.11
[INFO] [stderr]     Checking typed-slab v0.1.8
[INFO] [stderr]     Checking meio v0.95.2
[INFO] [stderr]     Checking notify v5.2.0
[INFO] [stderr]     Checking num_enum v0.5.11
[INFO] [stderr]     Checking flexbuffers v2.0.0
[INFO] [stderr]     Checking rill-config v0.41.0
[INFO] [stderr]     Checking rill-protocol v0.41.0
[INFO] [stderr]     Checking regex v1.10.3
[INFO] [stderr]     Checking env_logger v0.9.3
[INFO] [stderr]     Checking meio-connect v0.95.2
[INFO] [stderr]     Checking hyper-rustls v0.24.2
[INFO] [stderr]     Checking reqwest v0.11.24
[INFO] [stderr]     Checking rill-engine v0.41.0
[INFO] [stderr]     Checking rrpack-basis v0.41.0
[INFO] [stderr]     Checking rate-core v0.41.0
[INFO] [stderr]     Checking rate-config v0.41.0 (/opt/rustwide/workdir)
[INFO] [stdout] error[E0061]: this function takes 2 arguments but 1 argument was supplied
[INFO] [stdout]    --> src/actors/config_watcher/actor.rs:111:31
[INFO] [stdout]     |
[INFO] [stdout] 111 |               let mut watcher = RecommendedWatcher::new(move |res: Result<notify::Event, _>| {
[INFO] [stdout]     |  _______________________________^^^^^^^^^^^^^^^^^^^^^^^-
[INFO] [stdout] 112 | |                 if let Ok(event) = res {
[INFO] [stdout] 113 | |                     let changed = event
[INFO] [stdout] 114 | |                         .paths
[INFO] [stdout] ...   |
[INFO] [stdout] 127 | |                 }
[INFO] [stdout] 128 | |             })?;
[INFO] [stdout]     | |______________- an argument of type `notify::Config` is missing
[INFO] [stdout]     |
[INFO] [stdout] note: associated function defined here
[INFO] [stdout]    --> /opt/rustwide/cargo-home/registry/src/index.crates.io-6f17d22bba15001f/notify-5.2.0/src/lib.rs:294:8
[INFO] [stdout]     |
[INFO] [stdout] 294 |     fn new<F: EventHandler>(event_handler: F, config: config::Config) -> Result<Self>
[INFO] [stdout]     |        ^^^
[INFO] [stdout] help: provide the argument
[INFO] [stdout]     |
[INFO] [stdout] 111 ~             let mut watcher = RecommendedWatcher::new(move |res: Result<notify::Event, _>| {
[INFO] [stdout] 112 +                 if let Ok(event) = res {
[INFO] [stdout] 113 +                     let changed = event
[INFO] [stdout] 114 +                         .paths
[INFO] [stdout] 115 +                         .iter()
[INFO] [stdout] 116 +                         .any(|p| p.as_path().to_string_lossy().contains(".toml"));
[INFO] [stdout] 117 +                     if changed {
[INFO] [stdout] 118 +                         if let Err(err) = addr.blocking_act(Reload) {
[INFO] [stdout] 119 +                             log::error!(
[INFO] [stdout] 120 +                                 "Can't notify config watcher about config changes: {}",
[INFO] [stdout] 121 +                                 err
[INFO] [stdout] 122 +                             );
[INFO] [stdout] 123 +                         } else {
[INFO] [stdout] 124 +                             log::info!("Config updated. Loading...");
[INFO] [stdout] 125 +                         }
[INFO] [stdout] 126 +                     }
[INFO] [stdout] 127 +                 }
[INFO] [stdout] 128 ~             }, /* notify::Config */)?;
[INFO] [stdout]     |
[INFO] [stdout] 
[INFO] [stdout] 
[INFO] [stdout] error[E0061]: this function takes 2 arguments but 1 argument was supplied
[INFO] [stdout]    --> src/actors/config_watcher/actor.rs:111:31
[INFO] [stdout]     |
[INFO] [stdout] 111 |               let mut watcher = RecommendedWatcher::new(move |res: Result<notify::Event, _>| {
[INFO] [stdout]     |  _______________________________^^^^^^^^^^^^^^^^^^^^^^^-
[INFO] [stdout] 112 | |                 if let Ok(event) = res {
[INFO] [stdout] 113 | |                     let changed = event
[INFO] [stdout] 114 | |                         .paths
[INFO] [stdout] ...   |
[INFO] [stdout] 127 | |                 }
[INFO] [stdout] 128 | |             })?;
[INFO] [stdout]     | |______________- an argument of type `notify::Config` is missing
[INFO] [stdout]     |
[INFO] [stdout] note: associated function defined here
[INFO] [stdout]    --> /opt/rustwide/cargo-home/registry/src/index.crates.io-6f17d22bba15001f/notify-5.2.0/src/lib.rs:294:8
[INFO] [stdout]     |
[INFO] [stdout] 294 |     fn new<F: EventHandler>(event_handler: F, config: config::Config) -> Result<Self>
[INFO] [stdout]     |        ^^^
[INFO] [stdout] help: provide the argument
[INFO] [stdout]     |
[INFO] [stdout] 111 ~             let mut watcher = RecommendedWatcher::new(move |res: Result<notify::Event, _>| {
[INFO] [stdout] 112 +                 if let Ok(event) = res {
[INFO] [stdout] 113 +                     let changed = event
[INFO] [stdout] 114 +                         .paths
[INFO] [stdout] 115 +                         .iter()
[INFO] [stdout] 116 +                         .any(|p| p.as_path().to_string_lossy().contains(".toml"));
[INFO] [stdout] 117 +                     if changed {
[INFO] [stdout] 118 +                         if let Err(err) = addr.blocking_act(Reload) {
[INFO] [stdout] 119 +                             log::error!(
[INFO] [stdout] 120 +                                 "Can't notify config watcher about config changes: {}",
[INFO] [stdout] 121 +                                 err
[INFO] [stdout] 122 +                             );
[INFO] [stdout] 123 +                         } else {
[INFO] [stdout] 124 +                             log::info!("Config updated. Loading...");
[INFO] [stdout] 125 +                         }
[INFO] [stdout] 126 +                     }
[INFO] [stdout] 127 +                 }
[INFO] [stdout] 128 ~             }, /* notify::Config */)?;
[INFO] [stdout]     |
[INFO] [stdout] 
[INFO] [stdout] 
[INFO] [stdout] error: aborting due to 1 previous error
[INFO] [stdout] 
[INFO] [stdout] 
[INFO] [stdout] For more information about this error, try `rustc --explain E0061`.
[INFO] [stdout] 
[INFO] [stderr] error: could not compile `rate-config` (lib test) due to 2 previous errors
[INFO] [stderr] warning: build failed, waiting for other jobs to finish...
[INFO] [stdout] error: aborting due to 1 previous error
[INFO] [stdout] 
[INFO] [stdout] 
[INFO] [stdout] For more information about this error, try `rustc --explain E0061`.
[INFO] [stdout] 
[INFO] [stderr] error: could not compile `rate-config` (lib) due to 2 previous errors
[INFO] running `Command { std: "docker" "inspect" "bba4eb0eb81d0c0b269b6bb1769b39ecf9f7d910f5840cb5472a5710df33aed6", kill_on_drop: false }`
[INFO] running `Command { std: "docker" "rm" "-f" "bba4eb0eb81d0c0b269b6bb1769b39ecf9f7d910f5840cb5472a5710df33aed6", kill_on_drop: false }`
[INFO] [stdout] bba4eb0eb81d0c0b269b6bb1769b39ecf9f7d910f5840cb5472a5710df33aed6
[INFO] checking rate-config-0.41.0 against nightly-2024-02-05+rustflags=-Dunexpected_cfgs+cargoflags=-Zcheck-cfg for check-cfg
[INFO] extracting crate rate-config 0.41.0 into /workspace/builds/worker-6-tc2/source
[INFO] validating manifest of crates.io crate rate-config 0.41.0 on toolchain nightly-2024-02-05
[INFO] running `Command { std: CARGO_HOME="/workspace/cargo-home" RUSTUP_HOME="/workspace/rustup-home" "/workspace/cargo-home/bin/cargo" "+nightly-2024-02-05" "metadata" "--manifest-path" "Cargo.toml" "--no-deps", kill_on_drop: false }`
[INFO] started tweaking crates.io crate rate-config 0.41.0
[INFO] finished tweaking crates.io crate rate-config 0.41.0
[INFO] tweaked toml for crates.io crate rate-config 0.41.0 written to /workspace/builds/worker-6-tc2/source/Cargo.toml
[INFO] running `Command { std: CARGO_HOME="/workspace/cargo-home" RUSTUP_HOME="/workspace/rustup-home" "/workspace/cargo-home/bin/cargo" "+nightly-2024-02-05" "generate-lockfile" "--manifest-path" "Cargo.toml", kill_on_drop: false }`
[INFO] [stderr]     Updating crates.io index
[INFO] running `Command { std: CARGO_HOME="/workspace/cargo-home" RUSTUP_HOME="/workspace/rustup-home" "/workspace/cargo-home/bin/cargo" "+nightly-2024-02-05" "fetch" "--manifest-path" "Cargo.toml", kill_on_drop: false }`
[INFO] running `Command { std: "docker" "create" "-v" "/var/lib/crater-agent-workspace/builds/worker-6-tc2/target:/opt/rustwide/target:rw,Z" "-v" "/var/lib/crater-agent-workspace/builds/worker-6-tc2/source:/opt/rustwide/workdir:ro,Z" "-v" "/var/lib/crater-agent-workspace/cargo-home:/opt/rustwide/cargo-home:ro,Z" "-v" "/var/lib/crater-agent-workspace/rustup-home:/opt/rustwide/rustup-home:ro,Z" "-e" "SOURCE_DIR=/opt/rustwide/workdir" "-e" "CARGO_TARGET_DIR=/opt/rustwide/target" "-e" "CARGO_HOME=/opt/rustwide/cargo-home" "-e" "RUSTUP_HOME=/opt/rustwide/rustup-home" "-w" "/opt/rustwide/workdir" "-m" "1610612736" "--user" "0:0" "--network" "none" "ghcr.io/rust-lang/crates-build-env/linux@sha256:2788e3201cd34a07e3172128adcd8b3090168a8e3bcc40d7c032b9dda1df7d1c" "/opt/rustwide/cargo-home/bin/cargo" "+nightly-2024-02-05" "metadata" "--no-deps" "--format-version=1", kill_on_drop: false }`
[INFO] [stdout] b4f75571639a883873bf4d148be96971feadfa76f6653f3a02fdd2bae4ef99bc
[INFO] running `Command { std: "docker" "start" "-a" "b4f75571639a883873bf4d148be96971feadfa76f6653f3a02fdd2bae4ef99bc", kill_on_drop: false }`
[INFO] running `Command { std: "docker" "inspect" "b4f75571639a883873bf4d148be96971feadfa76f6653f3a02fdd2bae4ef99bc", kill_on_drop: false }`
[INFO] running `Command { std: "docker" "rm" "-f" "b4f75571639a883873bf4d148be96971feadfa76f6653f3a02fdd2bae4ef99bc", kill_on_drop: false }`
[INFO] [stdout] b4f75571639a883873bf4d148be96971feadfa76f6653f3a02fdd2bae4ef99bc
[INFO] running `Command { std: "docker" "create" "-v" "/var/lib/crater-agent-workspace/builds/worker-6-tc2/target:/opt/rustwide/target:rw,Z" "-v" "/var/lib/crater-agent-workspace/builds/worker-6-tc2/source:/opt/rustwide/workdir:ro,Z" "-v" "/var/lib/crater-agent-workspace/cargo-home:/opt/rustwide/cargo-home:ro,Z" "-v" "/var/lib/crater-agent-workspace/rustup-home:/opt/rustwide/rustup-home:ro,Z" "-e" "SOURCE_DIR=/opt/rustwide/workdir" "-e" "CARGO_TARGET_DIR=/opt/rustwide/target" "-e" "CARGO_INCREMENTAL=0" "-e" "RUST_BACKTRACE=full" "-e" "RUSTFLAGS=--cap-lints=forbid -Dunexpected_cfgs" "-e" "RUSTDOCFLAGS=--cap-lints=forbid" "-e" "CARGO_HOME=/opt/rustwide/cargo-home" "-e" "RUSTUP_HOME=/opt/rustwide/rustup-home" "-w" "/opt/rustwide/workdir" "-m" "1610612736" "--user" "0:0" "--network" "none" "ghcr.io/rust-lang/crates-build-env/linux@sha256:2788e3201cd34a07e3172128adcd8b3090168a8e3bcc40d7c032b9dda1df7d1c" "/opt/rustwide/cargo-home/bin/cargo" "+nightly-2024-02-05" "check" "--frozen" "--all" "--all-targets" "--message-format=json" "-Zcheck-cfg", kill_on_drop: false }`
[INFO] [stdout] 8cd5e049c0d93467b79bdee21ef35529d18ee49515020e746c887530c38944ae
[INFO] running `Command { std: "docker" "start" "-a" "8cd5e049c0d93467b79bdee21ef35529d18ee49515020e746c887530c38944ae", kill_on_drop: false }`
[INFO] [stderr]     Checking log v0.4.20
[INFO] [stderr]     Checking bytes v1.5.0
[INFO] [stderr]    Compiling lock_api v0.4.11
[INFO] [stderr]    Compiling parking_lot_core v0.9.9
[INFO] [stderr]     Checking memchr v2.7.1
[INFO] [stderr]     Checking smallvec v1.13.1
[INFO] [stderr]     Checking getrandom v0.2.12
[INFO] [stderr]    Compiling typenum v1.17.0
[INFO] [stderr]     Checking futures-sink v0.3.30
[INFO] [stderr]     Checking mio v0.8.10
[INFO] [stderr]    Compiling tokio-macros v2.2.0
[INFO] [stderr]     Checking socket2 v0.5.5
[INFO] [stderr]    Compiling generic-array v0.14.7
[INFO] [stderr]    Compiling syn v1.0.109
[INFO] [stderr]     Checking futures-channel v0.3.30
[INFO] [stderr]    Compiling futures-macro v0.3.30
[INFO] [stderr]     Checking http v0.2.11
[INFO] [stderr]     Checking parking_lot v0.12.1
[INFO] [stderr]    Compiling ring v0.17.7
[INFO] [stderr]     Checking tracing-core v0.1.32
[INFO] [stderr]    Compiling hashbrown v0.14.3
[INFO] [stderr]    Compiling anyhow v1.0.79
[INFO] [stderr]     Checking tokio v1.36.0
[INFO] [stderr]    Compiling equivalent v1.0.1
[INFO] [stderr]    Compiling indexmap v2.2.2
[INFO] [stderr]     Checking tracing v0.1.40
[INFO] [stderr]     Checking unicode-normalization v0.1.22
[INFO] [stderr]    Compiling toml_datetime v0.6.5
[INFO] [stderr]     Checking unicode-bidi v0.3.15
[INFO] [stderr]    Compiling winnow v0.5.37
[INFO] [stderr]     Checking futures-util v0.3.30
[INFO] [stderr]     Checking cpufeatures v0.2.12
[INFO] [stderr]     Checking idna v0.5.0
[INFO] [stderr]     Checking rand_core v0.6.4
[INFO] [stderr]    Compiling convert_case v0.4.0
[INFO] [stderr]     Checking spin v0.9.8
[INFO] [stderr]    Compiling once_cell v1.19.0
[INFO] [stderr]     Checking untrusted v0.9.0
[INFO] [stderr]     Checking httpdate v1.0.3
[INFO] [stderr]     Checking want v0.3.1
[INFO] [stderr]     Checking url v2.5.0
[INFO] [stderr]     Checking rand_chacha v0.3.1
[INFO] [stderr]     Checking block-buffer v0.9.0
[INFO] [stderr]     Checking digest v0.9.0
[INFO] [stderr]     Checking crypto-common v0.1.6
[INFO] [stderr]     Checking block-buffer v0.10.4
[INFO] [stderr]     Checking http-body v0.4.6
[INFO] [stderr]     Checking tower-service v0.3.2
[INFO] [stderr]     Checking opaque-debug v0.3.0
[INFO] [stderr]     Checking digest v0.10.7
[INFO] [stderr]     Checking sha-1 v0.9.8
[INFO] [stderr]    Compiling toml_edit v0.19.15
[INFO] [stderr]     Checking rand v0.8.5
[INFO] [stderr]     Checking uuid v0.8.2
[INFO] [stderr]    Compiling pin-project-internal v1.1.4
[INFO] [stderr]    Compiling rustls v0.21.10
[INFO] [stderr]     Checking utf-8 v0.7.6
[INFO] [stderr]     Checking base64 v0.13.1
[INFO] [stderr]    Compiling unicode-segmentation v1.10.1
[INFO] [stderr]     Checking tungstenite v0.14.0
[INFO] [stderr]    Compiling derive_more v0.99.17
[INFO] [stderr]    Compiling heck v0.3.3
[INFO] [stderr]     Checking sha1 v0.10.6
[INFO] [stderr]     Checking futures-executor v0.3.30
[INFO] [stderr]     Checking tokio-util v0.7.10
[INFO] [stderr]     Checking tokio-util v0.6.10
[INFO] [stderr]     Checking meio-protocol v0.95.2
[INFO] [stderr]     Checking futures v0.3.30
[INFO] [stderr]     Checking headers-core v0.2.0
[INFO] [stderr]    Compiling rustix v0.38.31
[INFO] [stderr]     Checking sct v0.7.1
[INFO] [stderr]     Checking rustls-webpki v0.101.7
[INFO] [stderr]     Checking h2 v0.3.24
[INFO] [stderr]     Checking headers v0.3.9
[INFO] [stderr]    Compiling proc-macro-crate v1.3.1
[INFO] [stderr]     Checking pin-project v1.1.4
[INFO] [stderr]     Checking tokio-tungstenite v0.15.0
[INFO] [stderr]     Checking ordered-float v2.10.1
[INFO] [stderr]    Compiling strum_macros v0.21.1
[INFO] [stderr]     Checking serde_qs v0.8.5
[INFO] [stderr]     Checking aho-corasick v1.1.2
[INFO] [stderr]     Checking vectorize v0.2.0
[INFO] [stderr]     Checking linux-raw-sys v0.4.13
[INFO] [stderr]    Compiling crossbeam-utils v0.8.19
[INFO] [stderr]     Checking metacrate v0.1.2
[INFO] [stderr]     Checking tokio-stream v0.1.14
[INFO] [stderr]     Checking regex-automata v0.4.5
[INFO] [stderr]     Checking filetime v0.2.23
[INFO] [stderr]     Checking serde_urlencoded v0.7.1
[INFO] [stderr]     Checking tokio-rustls v0.24.1
[INFO] [stderr]     Checking rustls-pemfile v1.0.4
[INFO] [stderr]     Checking inotify-sys v0.1.5
[INFO] [stderr]     Checking atty v0.2.14
[INFO] [stderr]    Compiling num_enum_derive v0.5.11
[INFO] [stderr]     Checking hyper v0.14.28
[INFO] [stderr]     Checking humantime v2.1.0
[INFO] [stderr]     Checking ipnet v2.9.0
[INFO] [stderr]     Checking termcolor v1.4.1
[INFO] [stderr]     Checking webpki-roots v0.25.4
[INFO] [stderr]     Checking sync_wrapper v0.1.2
[INFO] [stderr]     Checking strum v0.21.0
[INFO] [stderr]     Checking crossbeam-channel v0.5.11
[INFO] [stderr]     Checking inotify v0.9.6
[INFO] [stderr]     Checking flate2 v1.0.28
[INFO] [stderr]    Compiling rill-derive v0.41.0
[INFO] [stderr]     Checking envy v0.4.2
[INFO] [stderr]     Checking toml v0.5.11
[INFO] [stderr]     Checking typed-slab v0.1.8
[INFO] [stderr]     Checking notify v5.2.0
[INFO] [stderr]     Checking meio v0.95.2
[INFO] [stderr]     Checking xattr v1.3.1
[INFO] [stderr]     Checking tar v0.4.40
[INFO] [stderr]     Checking regex v1.10.3
[INFO] [stderr]     Checking env_logger v0.9.3
[INFO] [stderr]     Checking num_enum v0.5.11
[INFO] [stderr]     Checking flexbuffers v2.0.0
[INFO] [stderr]     Checking rill-config v0.41.0
[INFO] [stderr]     Checking rill-protocol v0.41.0
[INFO] [stderr]     Checking meio-connect v0.95.2
[INFO] [stderr]     Checking hyper-rustls v0.24.2
[INFO] [stderr]     Checking reqwest v0.11.24
[INFO] [stderr]     Checking rill-engine v0.41.0
[INFO] [stderr]     Checking rrpack-basis v0.41.0
[INFO] [stderr]     Checking rate-core v0.41.0
[INFO] [stderr]     Checking rate-config v0.41.0 (/opt/rustwide/workdir)
[INFO] [stdout] error[E0061]: this function takes 2 arguments but 1 argument was supplied
[INFO] [stdout]    --> src/actors/config_watcher/actor.rs:111:31
[INFO] [stdout]     |
[INFO] [stdout] 111 |               let mut watcher = RecommendedWatcher::new(move |res: Result<notify::Event, _>| {
[INFO] [stdout]     |  _______________________________^^^^^^^^^^^^^^^^^^^^^^^-
[INFO] [stdout] 112 | |                 if let Ok(event) = res {
[INFO] [stdout] 113 | |                     let changed = event
[INFO] [stdout] 114 | |                         .paths
[INFO] [stdout] ...   |
[INFO] [stdout] 127 | |                 }
[INFO] [stdout] 128 | |             })?;
[INFO] [stdout]     | |______________- an argument of type `notify::Config` is missing
[INFO] [stdout]     |
[INFO] [stdout] note: associated function defined here
[INFO] [stdout]    --> /opt/rustwide/cargo-home/registry/src/index.crates.io-6f17d22bba15001f/notify-5.2.0/src/lib.rs:294:8
[INFO] [stdout]     |
[INFO] [stdout] 294 |     fn new<F: EventHandler>(event_handler: F, config: config::Config) -> Result<Self>
[INFO] [stdout]     |        ^^^
[INFO] [stdout] help: provide the argument
[INFO] [stdout]     |
[INFO] [stdout] 111 ~             let mut watcher = RecommendedWatcher::new(move |res: Result<notify::Event, _>| {
[INFO] [stdout] 112 +                 if let Ok(event) = res {
[INFO] [stdout] 113 +                     let changed = event
[INFO] [stdout] 114 +                         .paths
[INFO] [stdout] 115 +                         .iter()
[INFO] [stdout] 116 +                         .any(|p| p.as_path().to_string_lossy().contains(".toml"));
[INFO] [stdout] 117 +                     if changed {
[INFO] [stdout] 118 +                         if let Err(err) = addr.blocking_act(Reload) {
[INFO] [stdout] 119 +                             log::error!(
[INFO] [stdout] 120 +                                 "Can't notify config watcher about config changes: {}",
[INFO] [stdout] 121 +                                 err
[INFO] [stdout] 122 +                             );
[INFO] [stdout] 123 +                         } else {
[INFO] [stdout] 124 +                             log::info!("Config updated. Loading...");
[INFO] [stdout] 125 +                         }
[INFO] [stdout] 126 +                     }
[INFO] [stdout] 127 +                 }
[INFO] [stdout] 128 ~             }, /* notify::Config */)?;
[INFO] [stdout]     |
[INFO] [stdout] 
[INFO] [stdout] 
[INFO] [stdout] error[E0061]: this function takes 2 arguments but 1 argument was supplied
[INFO] [stdout]    --> src/actors/config_watcher/actor.rs:111:31
[INFO] [stdout]     |
[INFO] [stdout] 111 |               let mut watcher = RecommendedWatcher::new(move |res: Result<notify::Event, _>| {
[INFO] [stdout]     |  _______________________________^^^^^^^^^^^^^^^^^^^^^^^-
[INFO] [stdout] 112 | |                 if let Ok(event) = res {
[INFO] [stdout] 113 | |                     let changed = event
[INFO] [stdout] 114 | |                         .paths
[INFO] [stdout] ...   |
[INFO] [stdout] 127 | |                 }
[INFO] [stdout] 128 | |             })?;
[INFO] [stdout]     | |______________- an argument of type `notify::Config` is missing
[INFO] [stdout]     |
[INFO] [stdout] note: associated function defined here
[INFO] [stdout]    --> /opt/rustwide/cargo-home/registry/src/index.crates.io-6f17d22bba15001f/notify-5.2.0/src/lib.rs:294:8
[INFO] [stdout]     |
[INFO] [stdout] 294 |     fn new<F: EventHandler>(event_handler: F, config: config::Config) -> Result<Self>
[INFO] [stdout]     |        ^^^
[INFO] [stdout] help: provide the argument
[INFO] [stdout]     |
[INFO] [stdout] 111 ~             let mut watcher = RecommendedWatcher::new(move |res: Result<notify::Event, _>| {
[INFO] [stdout] 112 +                 if let Ok(event) = res {
[INFO] [stdout] 113 +                     let changed = event
[INFO] [stdout] 114 +                         .paths
[INFO] [stdout] 115 +                         .iter()
[INFO] [stdout] 116 +                         .any(|p| p.as_path().to_string_lossy().contains(".toml"));
[INFO] [stdout] 117 +                     if changed {
[INFO] [stdout] 118 +                         if let Err(err) = addr.blocking_act(Reload) {
[INFO] [stdout] 119 +                             log::error!(
[INFO] [stdout] 120 +                                 "Can't notify config watcher about config changes: {}",
[INFO] [stdout] 121 +                                 err
[INFO] [stdout] 122 +                             );
[INFO] [stdout] 123 +                         } else {
[INFO] [stdout] 124 +                             log::info!("Config updated. Loading...");
[INFO] [stdout] 125 +                         }
[INFO] [stdout] 126 +                     }
[INFO] [stdout] 127 +                 }
[INFO] [stdout] 128 ~             }, /* notify::Config */)?;
[INFO] [stdout]     |
[INFO] [stdout] 
[INFO] [stdout] 
[INFO] [stdout] error: aborting due to 1 previous error
[INFO] [stdout] 
[INFO] [stdout] 
[INFO] [stdout] For more information about this error, try `rustc --explain E0061`.
[INFO] [stdout] 
[INFO] [stderr] error: could not compile `rate-config` (lib test) due to 2 previous errors
[INFO] [stderr] warning: build failed, waiting for other jobs to finish...
[INFO] [stdout] error: aborting due to 1 previous error
[INFO] [stdout] 
[INFO] [stdout] 
[INFO] [stdout] For more information about this error, try `rustc --explain E0061`.
[INFO] [stdout] 
[INFO] [stderr] error: could not compile `rate-config` (lib) due to 2 previous errors
[INFO] running `Command { std: "docker" "inspect" "8cd5e049c0d93467b79bdee21ef35529d18ee49515020e746c887530c38944ae", kill_on_drop: false }`
[INFO] running `Command { std: "docker" "rm" "-f" "8cd5e049c0d93467b79bdee21ef35529d18ee49515020e746c887530c38944ae", kill_on_drop: false }`
[INFO] [stdout] 8cd5e049c0d93467b79bdee21ef35529d18ee49515020e746c887530c38944ae
