[INFO] fetching crate ratchet 1.2.0...
[INFO] checking ratchet-1.2.0 against nightly-2024-02-05 for check-cfg
[INFO] extracting crate ratchet 1.2.0 into /workspace/builds/worker-0-tc1/source
[INFO] validating manifest of crates.io crate ratchet 1.2.0 on toolchain nightly-2024-02-05
[INFO] running `Command { std: CARGO_HOME="/workspace/cargo-home" RUSTUP_HOME="/workspace/rustup-home" "/workspace/cargo-home/bin/cargo" "+nightly-2024-02-05" "metadata" "--manifest-path" "Cargo.toml" "--no-deps", kill_on_drop: false }`
[INFO] started tweaking crates.io crate ratchet 1.2.0
[INFO] finished tweaking crates.io crate ratchet 1.2.0
[INFO] tweaked toml for crates.io crate ratchet 1.2.0 written to /workspace/builds/worker-0-tc1/source/Cargo.toml
[INFO] running `Command { std: CARGO_HOME="/workspace/cargo-home" RUSTUP_HOME="/workspace/rustup-home" "/workspace/cargo-home/bin/cargo" "+nightly-2024-02-05" "generate-lockfile" "--manifest-path" "Cargo.toml", kill_on_drop: false }`
[INFO] [stderr]     Updating crates.io index
[INFO] running `Command { std: CARGO_HOME="/workspace/cargo-home" RUSTUP_HOME="/workspace/rustup-home" "/workspace/cargo-home/bin/cargo" "+nightly-2024-02-05" "fetch" "--manifest-path" "Cargo.toml", kill_on_drop: false }`
[INFO] running `Command { std: "docker" "create" "-v" "/var/lib/crater-agent-workspace/builds/worker-0-tc1/target:/opt/rustwide/target:rw,Z" "-v" "/var/lib/crater-agent-workspace/builds/worker-0-tc1/source:/opt/rustwide/workdir:ro,Z" "-v" "/var/lib/crater-agent-workspace/cargo-home:/opt/rustwide/cargo-home:ro,Z" "-v" "/var/lib/crater-agent-workspace/rustup-home:/opt/rustwide/rustup-home:ro,Z" "-e" "SOURCE_DIR=/opt/rustwide/workdir" "-e" "CARGO_TARGET_DIR=/opt/rustwide/target" "-e" "CARGO_HOME=/opt/rustwide/cargo-home" "-e" "RUSTUP_HOME=/opt/rustwide/rustup-home" "-w" "/opt/rustwide/workdir" "-m" "1610612736" "--user" "0:0" "--network" "none" "ghcr.io/rust-lang/crates-build-env/linux@sha256:2788e3201cd34a07e3172128adcd8b3090168a8e3bcc40d7c032b9dda1df7d1c" "/opt/rustwide/cargo-home/bin/cargo" "+nightly-2024-02-05" "metadata" "--no-deps" "--format-version=1", kill_on_drop: false }`
[INFO] [stdout] 37188705ffc8b73ca6fb5396b810dc1a886cb93ed6167db938c10e52c70b9641
[INFO] running `Command { std: "docker" "start" "-a" "37188705ffc8b73ca6fb5396b810dc1a886cb93ed6167db938c10e52c70b9641", kill_on_drop: false }`
[INFO] running `Command { std: "docker" "inspect" "37188705ffc8b73ca6fb5396b810dc1a886cb93ed6167db938c10e52c70b9641", kill_on_drop: false }`
[INFO] running `Command { std: "docker" "rm" "-f" "37188705ffc8b73ca6fb5396b810dc1a886cb93ed6167db938c10e52c70b9641", kill_on_drop: false }`
[INFO] [stdout] 37188705ffc8b73ca6fb5396b810dc1a886cb93ed6167db938c10e52c70b9641
[INFO] running `Command { std: "docker" "create" "-v" "/var/lib/crater-agent-workspace/builds/worker-0-tc1/target:/opt/rustwide/target:rw,Z" "-v" "/var/lib/crater-agent-workspace/builds/worker-0-tc1/source:/opt/rustwide/workdir:ro,Z" "-v" "/var/lib/crater-agent-workspace/cargo-home:/opt/rustwide/cargo-home:ro,Z" "-v" "/var/lib/crater-agent-workspace/rustup-home:/opt/rustwide/rustup-home:ro,Z" "-e" "SOURCE_DIR=/opt/rustwide/workdir" "-e" "CARGO_TARGET_DIR=/opt/rustwide/target" "-e" "CARGO_INCREMENTAL=0" "-e" "RUST_BACKTRACE=full" "-e" "RUSTFLAGS=--cap-lints=forbid" "-e" "RUSTDOCFLAGS=--cap-lints=forbid" "-e" "CARGO_HOME=/opt/rustwide/cargo-home" "-e" "RUSTUP_HOME=/opt/rustwide/rustup-home" "-w" "/opt/rustwide/workdir" "-m" "1610612736" "--user" "0:0" "--network" "none" "ghcr.io/rust-lang/crates-build-env/linux@sha256:2788e3201cd34a07e3172128adcd8b3090168a8e3bcc40d7c032b9dda1df7d1c" "/opt/rustwide/cargo-home/bin/cargo" "+nightly-2024-02-05" "check" "--frozen" "--all" "--all-targets" "--message-format=json", kill_on_drop: false }`
[INFO] [stdout] 07d8e1d6eff4597da6132ce9a2aadbee24f59b2ca67a1e94e248a5486f889d90
[INFO] running `Command { std: "docker" "start" "-a" "07d8e1d6eff4597da6132ce9a2aadbee24f59b2ca67a1e94e248a5486f889d90", kill_on_drop: false }`
[INFO] [stderr]    Compiling libc v0.2.153
[INFO] [stderr]     Checking subtle v1.0.0
[INFO] [stderr]    Compiling serde v1.0.196
[INFO] [stderr]     Checking byte-tools v0.3.1
[INFO] [stderr]     Checking fake-simd v0.1.2
[INFO] [stderr]     Checking opaque-debug v0.2.3
[INFO] [stderr]     Checking generic-array v0.12.4
[INFO] [stderr]     Checking getrandom v0.1.16
[INFO] [stderr]     Checking block-padding v0.1.5
[INFO] [stderr]     Checking rand_core v0.5.1
[INFO] [stderr]     Checking digest v0.8.1
[INFO] [stderr]     Checking crypto-mac v0.7.0
[INFO] [stderr]     Checking block-buffer v0.7.3
[INFO] [stderr]     Checking hmac v0.7.1
[INFO] [stderr]     Checking sha-1 v0.8.2
[INFO] [stderr]     Checking rand_chacha v0.2.2
[INFO] [stderr]     Checking hkdf v0.8.0
[INFO] [stderr]     Checking rand v0.7.3
[INFO] [stderr]    Compiling cc v1.0.83
[INFO] [stderr]    Compiling clear_on_drop v0.2.5
[INFO] [stderr]     Checking ratchet v1.2.0 (/opt/rustwide/workdir)
[INFO] [stdout] error[E0433]: failed to resolve: could not find `GeneratorState` in `ops`
[INFO] [stdout]    --> src/lib.rs:223:23
[INFO] [stdout]     |
[INFO] [stdout] 223 |       Some(v) => ops::GeneratorState::Yielded(v,),
[INFO] [stdout]     |                       ^^^^^^^^^^^^^^ could not find `GeneratorState` in `ops`
[INFO] [stdout] 
[INFO] [stdout] 
[INFO] [stdout] error[E0405]: cannot find trait `Generator` in module `ops`
[INFO] [stdout]    --> src/lib.rs:214:27
[INFO] [stdout]     |
[INFO] [stdout] 214 | impl<D, S, O, R, A,> ops::Generator<A,> for Ratchet<D, S, O, R,>
[INFO] [stdout]     |                           ^^^^^^^^^ not found in `ops`
[INFO] [stdout] 
[INFO] [stdout] 
[INFO] [stdout] error[E0412]: cannot find type `GeneratorState` in module `ops`
[INFO] [stdout]    --> src/lib.rs:221:50
[INFO] [stdout]     |
[INFO] [stdout] 221 |   fn resume(self: Pin<&mut Self>, _: A,) -> ops::GeneratorState<Self::Yield, Self::Return> {
[INFO] [stdout]     |                                                  ^^^^^^^^^^^^^^ not found in `ops`
[INFO] [stdout] 
[INFO] [stdout] 
[INFO] [stdout] error[E0635]: unknown feature `generator_trait`
[INFO] [stdout]   --> src/lib.rs:23:25
[INFO] [stdout]    |
[INFO] [stdout] 23 | #![feature(trusted_len, generator_trait, never_type,)]
[INFO] [stdout]    |                         ^^^^^^^^^^^^^^^
[INFO] [stdout] 
[INFO] [stdout] 
[INFO] [stdout] error: aborting due to 4 previous errors
[INFO] [stdout] 
[INFO] [stdout] 
[INFO] [stdout] Some errors have detailed explanations: E0405, E0412, E0433, E0635.
[INFO] [stdout] 
[INFO] [stdout] For more information about an error, try `rustc --explain E0405`.
[INFO] [stdout] 
[INFO] [stderr] error: could not compile `ratchet` (lib) due to 5 previous errors
[INFO] [stderr] warning: build failed, waiting for other jobs to finish...
[INFO] running `Command { std: "docker" "inspect" "07d8e1d6eff4597da6132ce9a2aadbee24f59b2ca67a1e94e248a5486f889d90", kill_on_drop: false }`
[INFO] running `Command { std: "docker" "rm" "-f" "07d8e1d6eff4597da6132ce9a2aadbee24f59b2ca67a1e94e248a5486f889d90", kill_on_drop: false }`
[INFO] [stdout] 07d8e1d6eff4597da6132ce9a2aadbee24f59b2ca67a1e94e248a5486f889d90
[INFO] checking ratchet-1.2.0 against nightly-2024-02-05+rustflags=-Dunexpected_cfgs+cargoflags=-Zcheck-cfg for check-cfg
[INFO] extracting crate ratchet 1.2.0 into /workspace/builds/worker-0-tc2/source
[INFO] validating manifest of crates.io crate ratchet 1.2.0 on toolchain nightly-2024-02-05
[INFO] running `Command { std: CARGO_HOME="/workspace/cargo-home" RUSTUP_HOME="/workspace/rustup-home" "/workspace/cargo-home/bin/cargo" "+nightly-2024-02-05" "metadata" "--manifest-path" "Cargo.toml" "--no-deps", kill_on_drop: false }`
[INFO] started tweaking crates.io crate ratchet 1.2.0
[INFO] finished tweaking crates.io crate ratchet 1.2.0
[INFO] tweaked toml for crates.io crate ratchet 1.2.0 written to /workspace/builds/worker-0-tc2/source/Cargo.toml
[INFO] running `Command { std: CARGO_HOME="/workspace/cargo-home" RUSTUP_HOME="/workspace/rustup-home" "/workspace/cargo-home/bin/cargo" "+nightly-2024-02-05" "generate-lockfile" "--manifest-path" "Cargo.toml", kill_on_drop: false }`
[INFO] [stderr]     Updating crates.io index
[INFO] running `Command { std: CARGO_HOME="/workspace/cargo-home" RUSTUP_HOME="/workspace/rustup-home" "/workspace/cargo-home/bin/cargo" "+nightly-2024-02-05" "fetch" "--manifest-path" "Cargo.toml", kill_on_drop: false }`
[INFO] running `Command { std: "docker" "create" "-v" "/var/lib/crater-agent-workspace/builds/worker-0-tc2/target:/opt/rustwide/target:rw,Z" "-v" "/var/lib/crater-agent-workspace/builds/worker-0-tc2/source:/opt/rustwide/workdir:ro,Z" "-v" "/var/lib/crater-agent-workspace/cargo-home:/opt/rustwide/cargo-home:ro,Z" "-v" "/var/lib/crater-agent-workspace/rustup-home:/opt/rustwide/rustup-home:ro,Z" "-e" "SOURCE_DIR=/opt/rustwide/workdir" "-e" "CARGO_TARGET_DIR=/opt/rustwide/target" "-e" "CARGO_HOME=/opt/rustwide/cargo-home" "-e" "RUSTUP_HOME=/opt/rustwide/rustup-home" "-w" "/opt/rustwide/workdir" "-m" "1610612736" "--user" "0:0" "--network" "none" "ghcr.io/rust-lang/crates-build-env/linux@sha256:2788e3201cd34a07e3172128adcd8b3090168a8e3bcc40d7c032b9dda1df7d1c" "/opt/rustwide/cargo-home/bin/cargo" "+nightly-2024-02-05" "metadata" "--no-deps" "--format-version=1", kill_on_drop: false }`
[INFO] [stdout] 57aa494f9fe5af9991a930762d46a1538c6e4ff309b246325bf28e88ab0a3456
[INFO] running `Command { std: "docker" "start" "-a" "57aa494f9fe5af9991a930762d46a1538c6e4ff309b246325bf28e88ab0a3456", kill_on_drop: false }`
[INFO] running `Command { std: "docker" "inspect" "57aa494f9fe5af9991a930762d46a1538c6e4ff309b246325bf28e88ab0a3456", kill_on_drop: false }`
[INFO] running `Command { std: "docker" "rm" "-f" "57aa494f9fe5af9991a930762d46a1538c6e4ff309b246325bf28e88ab0a3456", kill_on_drop: false }`
[INFO] [stdout] 57aa494f9fe5af9991a930762d46a1538c6e4ff309b246325bf28e88ab0a3456
[INFO] running `Command { std: "docker" "create" "-v" "/var/lib/crater-agent-workspace/builds/worker-0-tc2/target:/opt/rustwide/target:rw,Z" "-v" "/var/lib/crater-agent-workspace/builds/worker-0-tc2/source:/opt/rustwide/workdir:ro,Z" "-v" "/var/lib/crater-agent-workspace/cargo-home:/opt/rustwide/cargo-home:ro,Z" "-v" "/var/lib/crater-agent-workspace/rustup-home:/opt/rustwide/rustup-home:ro,Z" "-e" "SOURCE_DIR=/opt/rustwide/workdir" "-e" "CARGO_TARGET_DIR=/opt/rustwide/target" "-e" "CARGO_INCREMENTAL=0" "-e" "RUST_BACKTRACE=full" "-e" "RUSTFLAGS=--cap-lints=forbid -Dunexpected_cfgs" "-e" "RUSTDOCFLAGS=--cap-lints=forbid" "-e" "CARGO_HOME=/opt/rustwide/cargo-home" "-e" "RUSTUP_HOME=/opt/rustwide/rustup-home" "-w" "/opt/rustwide/workdir" "-m" "1610612736" "--user" "0:0" "--network" "none" "ghcr.io/rust-lang/crates-build-env/linux@sha256:2788e3201cd34a07e3172128adcd8b3090168a8e3bcc40d7c032b9dda1df7d1c" "/opt/rustwide/cargo-home/bin/cargo" "+nightly-2024-02-05" "check" "--frozen" "--all" "--all-targets" "--message-format=json" "-Zcheck-cfg", kill_on_drop: false }`
[INFO] [stdout] 6d3bce5af9f76d17e89e847e260b2e22c07ba86423d769369617c0fd185d138f
[INFO] running `Command { std: "docker" "start" "-a" "6d3bce5af9f76d17e89e847e260b2e22c07ba86423d769369617c0fd185d138f", kill_on_drop: false }`
[INFO] [stderr]    Compiling libc v0.2.153
[INFO] [stderr]     Checking subtle v1.0.0
[INFO] [stderr]    Compiling serde v1.0.196
[INFO] [stderr]     Checking byte-tools v0.3.1
[INFO] [stderr]     Checking fake-simd v0.1.2
[INFO] [stderr]     Checking opaque-debug v0.2.3
[INFO] [stderr]     Checking generic-array v0.12.4
[INFO] [stderr]     Checking getrandom v0.1.16
[INFO] [stderr]     Checking block-padding v0.1.5
[INFO] [stderr]     Checking rand_core v0.5.1
[INFO] [stderr]     Checking digest v0.8.1
[INFO] [stderr]     Checking crypto-mac v0.7.0
[INFO] [stderr]     Checking block-buffer v0.7.3
[INFO] [stderr]     Checking hmac v0.7.1
[INFO] [stderr]     Checking sha-1 v0.8.2
[INFO] [stderr]     Checking rand_chacha v0.2.2
[INFO] [stderr]     Checking hkdf v0.8.0
[INFO] [stderr]     Checking rand v0.7.3
[INFO] [stderr]    Compiling cc v1.0.83
[INFO] [stderr]    Compiling clear_on_drop v0.2.5
[INFO] [stderr]     Checking ratchet v1.2.0 (/opt/rustwide/workdir)
[INFO] [stdout] error[E0433]: failed to resolve: could not find `GeneratorState` in `ops`
[INFO] [stdout]    --> src/lib.rs:223:23
[INFO] [stdout]     |
[INFO] [stdout] 223 |       Some(v) => ops::GeneratorState::Yielded(v,),
[INFO] [stdout]     |                       ^^^^^^^^^^^^^^ could not find `GeneratorState` in `ops`
[INFO] [stdout] 
[INFO] [stdout] 
[INFO] [stdout] error[E0405]: cannot find trait `Generator` in module `ops`
[INFO] [stdout]    --> src/lib.rs:214:27
[INFO] [stdout]     |
[INFO] [stdout] 214 | impl<D, S, O, R, A,> ops::Generator<A,> for Ratchet<D, S, O, R,>
[INFO] [stdout]     |                           ^^^^^^^^^ not found in `ops`
[INFO] [stdout] 
[INFO] [stdout] 
[INFO] [stdout] error[E0412]: cannot find type `GeneratorState` in module `ops`
[INFO] [stdout]    --> src/lib.rs:221:50
[INFO] [stdout]     |
[INFO] [stdout] 221 |   fn resume(self: Pin<&mut Self>, _: A,) -> ops::GeneratorState<Self::Yield, Self::Return> {
[INFO] [stdout]     |                                                  ^^^^^^^^^^^^^^ not found in `ops`
[INFO] [stdout] 
[INFO] [stdout] 
[INFO] [stdout] error[E0635]: unknown feature `generator_trait`
[INFO] [stdout]   --> src/lib.rs:23:25
[INFO] [stdout]    |
[INFO] [stdout] 23 | #![feature(trusted_len, generator_trait, never_type,)]
[INFO] [stdout]    |                         ^^^^^^^^^^^^^^^
[INFO] [stdout] 
[INFO] [stdout] 
[INFO] [stdout] error: aborting due to 4 previous errors
[INFO] [stdout] 
[INFO] [stdout] 
[INFO] [stdout] Some errors have detailed explanations: E0405, E0412, E0433, E0635.
[INFO] [stdout] 
[INFO] [stdout] For more information about an error, try `rustc --explain E0405`.
[INFO] [stdout] 
[INFO] [stderr] error: could not compile `ratchet` (lib) due to 5 previous errors
[INFO] [stderr] warning: build failed, waiting for other jobs to finish...
[INFO] running `Command { std: "docker" "inspect" "6d3bce5af9f76d17e89e847e260b2e22c07ba86423d769369617c0fd185d138f", kill_on_drop: false }`
[INFO] running `Command { std: "docker" "rm" "-f" "6d3bce5af9f76d17e89e847e260b2e22c07ba86423d769369617c0fd185d138f", kill_on_drop: false }`
[INFO] [stdout] 6d3bce5af9f76d17e89e847e260b2e22c07ba86423d769369617c0fd185d138f
