[INFO] fetching crate ratatu-image 1.0.0...
[INFO] checking ratatu-image-1.0.0 against nightly-2024-02-05 for check-cfg
[INFO] extracting crate ratatu-image 1.0.0 into /workspace/builds/worker-2-tc1/source
[INFO] validating manifest of crates.io crate ratatu-image 1.0.0 on toolchain nightly-2024-02-05
[INFO] running `Command { std: CARGO_HOME="/workspace/cargo-home" RUSTUP_HOME="/workspace/rustup-home" "/workspace/cargo-home/bin/cargo" "+nightly-2024-02-05" "metadata" "--manifest-path" "Cargo.toml" "--no-deps", kill_on_drop: false }`
[INFO] started tweaking crates.io crate ratatu-image 1.0.0
[INFO] removed 1 missing examples
[INFO] finished tweaking crates.io crate ratatu-image 1.0.0
[INFO] tweaked toml for crates.io crate ratatu-image 1.0.0 written to /workspace/builds/worker-2-tc1/source/Cargo.toml
[INFO] crate crates.io crate ratatu-image 1.0.0 already has a lockfile, it will not be regenerated
[INFO] running `Command { std: CARGO_HOME="/workspace/cargo-home" RUSTUP_HOME="/workspace/rustup-home" "/workspace/cargo-home/bin/cargo" "+nightly-2024-02-05" "fetch" "--manifest-path" "Cargo.toml", kill_on_drop: false }`
[INFO] [stderr]     Updating crates.io index
[INFO] [stderr]  Downloading crates ...
[INFO] [stderr]   Downloaded wezterm-dynamic v0.1.0
[INFO] [stderr]   Downloaded memmem v0.1.1
[INFO] [stderr]   Downloaded vtparse v0.6.2
[INFO] [stderr]   Downloaded wezterm-color-types v0.2.0
[INFO] [stderr]   Downloaded wezterm-dynamic-derive v0.1.0
[INFO] [stderr]   Downloaded make-cmd v0.1.0
[INFO] [stderr]   Downloaded csscolorparser v0.6.2
[INFO] [stderr]   Downloaded lab v0.11.0
[INFO] [stderr]   Downloaded wezterm-bidi v0.2.2
[INFO] [stderr]   Downloaded exr v1.7.0
[INFO] [stderr]   Downloaded sixel-bytes v0.2.2
[INFO] [stderr]   Downloaded termwiz v0.20.0
[INFO] [stderr]   Downloaded deltae v0.3.2
[INFO] [stderr]   Downloaded sixel-sys v0.3.1
[INFO] running `Command { std: "docker" "create" "-v" "/var/lib/crater-agent-workspace/builds/worker-2-tc1/target:/opt/rustwide/target:rw,Z" "-v" "/var/lib/crater-agent-workspace/builds/worker-2-tc1/source:/opt/rustwide/workdir:ro,Z" "-v" "/var/lib/crater-agent-workspace/cargo-home:/opt/rustwide/cargo-home:ro,Z" "-v" "/var/lib/crater-agent-workspace/rustup-home:/opt/rustwide/rustup-home:ro,Z" "-e" "SOURCE_DIR=/opt/rustwide/workdir" "-e" "CARGO_TARGET_DIR=/opt/rustwide/target" "-e" "CARGO_HOME=/opt/rustwide/cargo-home" "-e" "RUSTUP_HOME=/opt/rustwide/rustup-home" "-w" "/opt/rustwide/workdir" "-m" "1610612736" "--user" "0:0" "--network" "none" "ghcr.io/rust-lang/crates-build-env/linux@sha256:2788e3201cd34a07e3172128adcd8b3090168a8e3bcc40d7c032b9dda1df7d1c" "/opt/rustwide/cargo-home/bin/cargo" "+nightly-2024-02-05" "metadata" "--no-deps" "--format-version=1", kill_on_drop: false }`
[INFO] [stdout] 91882087c5dde1f3c405328aa003a08f1775e8a9d2d9c087102d7a81d8d45d9f
[INFO] running `Command { std: "docker" "start" "-a" "91882087c5dde1f3c405328aa003a08f1775e8a9d2d9c087102d7a81d8d45d9f", kill_on_drop: false }`
[INFO] running `Command { std: "docker" "inspect" "91882087c5dde1f3c405328aa003a08f1775e8a9d2d9c087102d7a81d8d45d9f", kill_on_drop: false }`
[INFO] running `Command { std: "docker" "rm" "-f" "91882087c5dde1f3c405328aa003a08f1775e8a9d2d9c087102d7a81d8d45d9f", kill_on_drop: false }`
[INFO] [stdout] 91882087c5dde1f3c405328aa003a08f1775e8a9d2d9c087102d7a81d8d45d9f
[INFO] running `Command { std: "docker" "create" "-v" "/var/lib/crater-agent-workspace/builds/worker-2-tc1/target:/opt/rustwide/target:rw,Z" "-v" "/var/lib/crater-agent-workspace/builds/worker-2-tc1/source:/opt/rustwide/workdir:ro,Z" "-v" "/var/lib/crater-agent-workspace/cargo-home:/opt/rustwide/cargo-home:ro,Z" "-v" "/var/lib/crater-agent-workspace/rustup-home:/opt/rustwide/rustup-home:ro,Z" "-e" "SOURCE_DIR=/opt/rustwide/workdir" "-e" "CARGO_TARGET_DIR=/opt/rustwide/target" "-e" "CARGO_INCREMENTAL=0" "-e" "RUST_BACKTRACE=full" "-e" "RUSTFLAGS=--cap-lints=forbid" "-e" "RUSTDOCFLAGS=--cap-lints=forbid" "-e" "CARGO_HOME=/opt/rustwide/cargo-home" "-e" "RUSTUP_HOME=/opt/rustwide/rustup-home" "-w" "/opt/rustwide/workdir" "-m" "1610612736" "--user" "0:0" "--network" "none" "ghcr.io/rust-lang/crates-build-env/linux@sha256:2788e3201cd34a07e3172128adcd8b3090168a8e3bcc40d7c032b9dda1df7d1c" "/opt/rustwide/cargo-home/bin/cargo" "+nightly-2024-02-05" "check" "--frozen" "--all" "--all-targets" "--message-format=json", kill_on_drop: false }`
[INFO] [stdout] 9f5cdb219e33d7e377b175bc0227df9041c255a5db861901d1817b94e32ee7ea
[INFO] running `Command { std: "docker" "start" "-a" "9f5cdb219e33d7e377b175bc0227df9041c255a5db861901d1817b94e32ee7ea", kill_on_drop: false }`
[INFO] [stderr]    Compiling libc v0.2.147
[INFO] [stderr]    Compiling proc-macro2 v1.0.66
[INFO] [stderr]    Compiling crossbeam-utils v0.8.16
[INFO] [stderr]    Compiling unicode-ident v1.0.11
[INFO] [stderr]    Compiling crossbeam-epoch v0.9.15
[INFO] [stderr]     Checking simd-adler32 v0.3.7
[INFO] [stderr]    Compiling rayon-core v1.11.0
[INFO] [stderr]    Compiling num-traits v0.2.16
[INFO] [stderr]    Compiling signal-hook v0.3.17
[INFO] [stderr]    Compiling futures-core v0.3.28
[INFO] [stderr]    Compiling num-integer v0.1.45
[INFO] [stderr]     Checking lock_api v0.4.10
[INFO] [stderr]     Checking log v0.4.19
[INFO] [stderr]     Checking futures-sink v0.3.28
[INFO] [stderr]     Checking weezl v0.1.7
[INFO] [stderr]     Checking half v2.2.1
[INFO] [stderr]     Checking bytemuck v1.13.1
[INFO] [stderr]     Checking lebe v0.5.2
[INFO] [stderr]     Checking bit_field v0.10.2
[INFO] [stderr]     Checking miniz_oxide v0.7.1
[INFO] [stderr]     Checking zune-inflate v0.2.54
[INFO] [stderr]     Checking spin v0.9.8
[INFO] [stderr]     Checking fdeflate v0.3.0
[INFO] [stderr]     Checking color_quant v1.1.0
[INFO] [stderr]     Checking bitflags v2.3.3
[INFO] [stderr]    Compiling indoc v2.0.3
[INFO] [stderr]     Checking qoi v0.4.1
[INFO] [stderr]     Checking byteorder v1.4.3
[INFO] [stderr]     Checking cassowary v0.3.0
[INFO] [stderr]     Checking unicode-width v0.1.10
[INFO] [stderr]     Checking gif v0.12.0
[INFO] [stderr]     Checking unicode-segmentation v1.10.1
[INFO] [stderr]     Checking dyn-clone v1.0.12
[INFO] [stderr]     Checking flate2 v1.0.26
[INFO] [stderr]     Checking crossbeam-channel v0.5.8
[INFO] [stderr]    Compiling quote v1.0.32
[INFO] [stderr]     Checking crossbeam-deque v0.8.3
[INFO] [stderr]     Checking getrandom v0.2.10
[INFO] [stderr]     Checking num_cpus v1.16.0
[INFO] [stderr]     Checking signal-hook-registry v1.4.1
[INFO] [stderr]     Checking parking_lot_core v0.9.8
[INFO] [stderr]     Checking mio v0.8.8
[INFO] [stderr]     Checking png v0.17.9
[INFO] [stderr]    Compiling syn v2.0.27
[INFO] [stderr]     Checking nanorand v0.7.0
[INFO] [stderr]     Checking rand_core v0.6.4
[INFO] [stderr]     Checking parking_lot v0.12.1
[INFO] [stderr]     Checking rand_chacha v0.3.1
[INFO] [stderr]     Checking signal-hook-mio v0.2.3
[INFO] [stderr]     Checking rand v0.8.5
[INFO] [stderr]     Checking crossterm v0.27.0
[INFO] [stderr]     Checking rayon v1.7.0
[INFO] [stderr]     Checking num-rational v0.4.1
[INFO] [stderr]     Checking jpeg-decoder v0.3.0
[INFO] [stderr]     Checking tiff v0.8.1
[INFO] [stderr]    Compiling pin-project-internal v1.1.2
[INFO] [stderr]    Compiling strum_macros v0.25.2
[INFO] [stderr]     Checking pin-project v1.1.2
[INFO] [stderr]     Checking flume v0.10.14
[INFO] [stderr]     Checking exr v1.7.0
[INFO] [stderr]     Checking strum v0.25.0
[INFO] [stderr]     Checking ratatui v0.23.0
[INFO] [stderr]     Checking image v0.24.6
[INFO] [stderr]     Checking ratatu-image v1.0.0 (/opt/rustwide/workdir)
[INFO] [stdout] error: The demo needs one of the crossterm, termion, or termwiz features
[INFO] [stdout]  --> examples/demo/main.rs:6:1
[INFO] [stdout]   |
[INFO] [stdout] 6 | compile_error!("The demo needs one of the crossterm, termion, or termwiz features");
[INFO] [stdout]   | ^^^^^^^^^^^^^^^^^^^^^^^^^^^^^^^^^^^^^^^^^^^^^^^^^^^^^^^^^^^^^^^^^^^^^^^^^^^^^^^^^^^
[INFO] [stdout] 
[INFO] [stdout] 
[INFO] [stdout] error: The demo needs rustix until window_size is on ratataui
[INFO] [stdout]  --> examples/demo/main.rs:8:1
[INFO] [stdout]   |
[INFO] [stdout] 8 | compile_error!("The demo needs rustix until window_size is on ratataui");
[INFO] [stdout]   | ^^^^^^^^^^^^^^^^^^^^^^^^^^^^^^^^^^^^^^^^^^^^^^^^^^^^^^^^^^^^^^^^^^^^^^^^
[INFO] [stdout] 
[INFO] [stdout] 
[INFO] [stdout] error[E0433]: failed to resolve: use of undeclared crate or module `crossterm`
[INFO] [stdout]  --> examples/screenshot.rs:3:5
[INFO] [stdout]   |
[INFO] [stdout] 3 | use crossterm::{
[INFO] [stdout]   |     ^^^^^^^^^ use of undeclared crate or module `crossterm`
[INFO] [stdout] 
[INFO] [stdout] 
[INFO] [stdout] error[E0432]: unresolved import `crossterm`
[INFO] [stdout]  --> examples/screenshot.rs:3:5
[INFO] [stdout]   |
[INFO] [stdout] 3 | use crossterm::{
[INFO] [stdout]   |     ^^^^^^^^^ use of undeclared crate or module `crossterm`
[INFO] [stdout] 
[INFO] [stdout] 
[INFO] [stdout] error[E0599]: no function or associated item named `from_termios` found for struct `Picker` in the current scope
[INFO] [stdout]   --> examples/screenshot.rs:26:30
[INFO] [stdout]    |
[INFO] [stdout] 26 |     let mut picker = Picker::from_termios(Some(Rgb::<u8>([255, 0, 255])))?;
[INFO] [stdout]    |                              ^^^^^^^^^^^^ function or associated item not found in `Picker`
[INFO] [stdout]    |
[INFO] [stdout] note: if you're trying to build a new `Picker`, consider using `Picker::new` which returns `Result<Picker, Box<(dyn std::error::Error + 'static)>>`
[INFO] [stdout]   --> /opt/rustwide/workdir/src/picker.rs:92:5
[INFO] [stdout]    |
[INFO] [stdout] 92 | /     pub fn new(
[INFO] [stdout] 93 | |         font_size: FontSize,
[INFO] [stdout] 94 | |         backend_type: BackendType,
[INFO] [stdout] 95 | |         background_color: Option<Rgb<u8>>,
[INFO] [stdout] 96 | |     ) -> Result<Picker> {
[INFO] [stdout]    | |_______________________^
[INFO] [stdout] 
[INFO] [stdout] 
[INFO] [stdout] error[E0599]: no function or associated item named `from_termios` found for struct `Picker` in the current scope
[INFO] [stdout]   --> examples/demo/main.rs:77:34
[INFO] [stdout]    |
[INFO] [stdout] 77 |         let mut picker = Picker::from_termios(None).unwrap();
[INFO] [stdout]    |                                  ^^^^^^^^^^^^ function or associated item not found in `Picker`
[INFO] [stdout]    |
[INFO] [stdout] note: if you're trying to build a new `Picker`, consider using `Picker::new` which returns `Result<Picker, Box<(dyn std::error::Error + 'static)>>`
[INFO] [stdout]   --> /opt/rustwide/workdir/src/picker.rs:92:5
[INFO] [stdout]    |
[INFO] [stdout] 92 | /     pub fn new(
[INFO] [stdout] 93 | |         font_size: FontSize,
[INFO] [stdout] 94 | |         backend_type: BackendType,
[INFO] [stdout] 95 | |         background_color: Option<Rgb<u8>>,
[INFO] [stdout] 96 | |     ) -> Result<Picker> {
[INFO] [stdout]    | |_______________________^
[INFO] [stdout] 
[INFO] [stdout] 
[INFO] [stdout] error: aborting due to 3 previous errors
[INFO] [stdout] 
[INFO] [stdout] 
[INFO] [stdout] Some errors have detailed explanations: E0432, E0433, E0599.
[INFO] [stdout] 
[INFO] [stdout] For more information about an error, try `rustc --explain E0432`.
[INFO] [stdout] 
[INFO] [stderr] error: could not compile `ratatu-image` (example "screenshot") due to 4 previous errors
[INFO] [stderr] warning: build failed, waiting for other jobs to finish...
[INFO] [stdout] error: aborting due to 3 previous errors
[INFO] [stdout] 
[INFO] [stdout] 
[INFO] [stdout] For more information about this error, try `rustc --explain E0599`.
[INFO] [stdout] 
[INFO] [stderr] error: could not compile `ratatu-image` (example "demo") due to 4 previous errors
[INFO] running `Command { std: "docker" "inspect" "9f5cdb219e33d7e377b175bc0227df9041c255a5db861901d1817b94e32ee7ea", kill_on_drop: false }`
[INFO] running `Command { std: "docker" "rm" "-f" "9f5cdb219e33d7e377b175bc0227df9041c255a5db861901d1817b94e32ee7ea", kill_on_drop: false }`
[INFO] [stdout] 9f5cdb219e33d7e377b175bc0227df9041c255a5db861901d1817b94e32ee7ea
[INFO] checking ratatu-image-1.0.0 against nightly-2024-02-05+rustflags=-Dunexpected_cfgs+cargoflags=-Zcheck-cfg for check-cfg
[INFO] extracting crate ratatu-image 1.0.0 into /workspace/builds/worker-2-tc2/source
[INFO] validating manifest of crates.io crate ratatu-image 1.0.0 on toolchain nightly-2024-02-05
[INFO] running `Command { std: CARGO_HOME="/workspace/cargo-home" RUSTUP_HOME="/workspace/rustup-home" "/workspace/cargo-home/bin/cargo" "+nightly-2024-02-05" "metadata" "--manifest-path" "Cargo.toml" "--no-deps", kill_on_drop: false }`
[INFO] started tweaking crates.io crate ratatu-image 1.0.0
[INFO] removed 1 missing examples
[INFO] finished tweaking crates.io crate ratatu-image 1.0.0
[INFO] tweaked toml for crates.io crate ratatu-image 1.0.0 written to /workspace/builds/worker-2-tc2/source/Cargo.toml
[INFO] crate crates.io crate ratatu-image 1.0.0 already has a lockfile, it will not be regenerated
[INFO] running `Command { std: CARGO_HOME="/workspace/cargo-home" RUSTUP_HOME="/workspace/rustup-home" "/workspace/cargo-home/bin/cargo" "+nightly-2024-02-05" "fetch" "--manifest-path" "Cargo.toml", kill_on_drop: false }`
[INFO] running `Command { std: "docker" "create" "-v" "/var/lib/crater-agent-workspace/builds/worker-2-tc2/target:/opt/rustwide/target:rw,Z" "-v" "/var/lib/crater-agent-workspace/builds/worker-2-tc2/source:/opt/rustwide/workdir:ro,Z" "-v" "/var/lib/crater-agent-workspace/cargo-home:/opt/rustwide/cargo-home:ro,Z" "-v" "/var/lib/crater-agent-workspace/rustup-home:/opt/rustwide/rustup-home:ro,Z" "-e" "SOURCE_DIR=/opt/rustwide/workdir" "-e" "CARGO_TARGET_DIR=/opt/rustwide/target" "-e" "CARGO_HOME=/opt/rustwide/cargo-home" "-e" "RUSTUP_HOME=/opt/rustwide/rustup-home" "-w" "/opt/rustwide/workdir" "-m" "1610612736" "--user" "0:0" "--network" "none" "ghcr.io/rust-lang/crates-build-env/linux@sha256:2788e3201cd34a07e3172128adcd8b3090168a8e3bcc40d7c032b9dda1df7d1c" "/opt/rustwide/cargo-home/bin/cargo" "+nightly-2024-02-05" "metadata" "--no-deps" "--format-version=1", kill_on_drop: false }`
[INFO] [stdout] 623556c007ce21bb015f589b439547ff9fbaa1d457810c51f0cd0bb800811a1b
[INFO] running `Command { std: "docker" "start" "-a" "623556c007ce21bb015f589b439547ff9fbaa1d457810c51f0cd0bb800811a1b", kill_on_drop: false }`
[INFO] running `Command { std: "docker" "inspect" "623556c007ce21bb015f589b439547ff9fbaa1d457810c51f0cd0bb800811a1b", kill_on_drop: false }`
[INFO] running `Command { std: "docker" "rm" "-f" "623556c007ce21bb015f589b439547ff9fbaa1d457810c51f0cd0bb800811a1b", kill_on_drop: false }`
[INFO] [stdout] 623556c007ce21bb015f589b439547ff9fbaa1d457810c51f0cd0bb800811a1b
[INFO] running `Command { std: "docker" "create" "-v" "/var/lib/crater-agent-workspace/builds/worker-2-tc2/target:/opt/rustwide/target:rw,Z" "-v" "/var/lib/crater-agent-workspace/builds/worker-2-tc2/source:/opt/rustwide/workdir:ro,Z" "-v" "/var/lib/crater-agent-workspace/cargo-home:/opt/rustwide/cargo-home:ro,Z" "-v" "/var/lib/crater-agent-workspace/rustup-home:/opt/rustwide/rustup-home:ro,Z" "-e" "SOURCE_DIR=/opt/rustwide/workdir" "-e" "CARGO_TARGET_DIR=/opt/rustwide/target" "-e" "CARGO_INCREMENTAL=0" "-e" "RUST_BACKTRACE=full" "-e" "RUSTFLAGS=--cap-lints=forbid -Dunexpected_cfgs" "-e" "RUSTDOCFLAGS=--cap-lints=forbid" "-e" "CARGO_HOME=/opt/rustwide/cargo-home" "-e" "RUSTUP_HOME=/opt/rustwide/rustup-home" "-w" "/opt/rustwide/workdir" "-m" "1610612736" "--user" "0:0" "--network" "none" "ghcr.io/rust-lang/crates-build-env/linux@sha256:2788e3201cd34a07e3172128adcd8b3090168a8e3bcc40d7c032b9dda1df7d1c" "/opt/rustwide/cargo-home/bin/cargo" "+nightly-2024-02-05" "check" "--frozen" "--all" "--all-targets" "--message-format=json" "-Zcheck-cfg", kill_on_drop: false }`
[INFO] [stdout] 8b2f810a5968ae16b1b3db66f84bd4b3650c944d1902625899188eb0152ee88b
[INFO] running `Command { std: "docker" "start" "-a" "8b2f810a5968ae16b1b3db66f84bd4b3650c944d1902625899188eb0152ee88b", kill_on_drop: false }`
[INFO] [stderr]    Compiling libc v0.2.147
[INFO] [stderr]    Compiling proc-macro2 v1.0.66
[INFO] [stderr]    Compiling unicode-ident v1.0.11
[INFO] [stderr]    Compiling crossbeam-utils v0.8.16
[INFO] [stderr]    Compiling crossbeam-epoch v0.9.15
[INFO] [stderr]     Checking simd-adler32 v0.3.7
[INFO] [stderr]    Compiling rayon-core v1.11.0
[INFO] [stderr]    Compiling num-traits v0.2.16
[INFO] [stderr]    Compiling signal-hook v0.3.17
[INFO] [stderr]    Compiling futures-core v0.3.28
[INFO] [stderr]    Compiling num-integer v0.1.45
[INFO] [stderr]     Checking lock_api v0.4.10
[INFO] [stderr]     Checking log v0.4.19
[INFO] [stderr]     Checking futures-sink v0.3.28
[INFO] [stderr]     Checking weezl v0.1.7
[INFO] [stderr]     Checking lebe v0.5.2
[INFO] [stderr]     Checking bytemuck v1.13.1
[INFO] [stderr]     Checking color_quant v1.1.0
[INFO] [stderr]     Checking miniz_oxide v0.7.1
[INFO] [stderr]     Checking fdeflate v0.3.0
[INFO] [stderr]     Checking zune-inflate v0.2.54
[INFO] [stderr]     Checking bit_field v0.10.2
[INFO] [stderr]     Checking half v2.2.1
[INFO] [stderr]     Checking bitflags v2.3.3
[INFO] [stderr]     Checking spin v0.9.8
[INFO] [stderr]     Checking gif v0.12.0
[INFO] [stderr]     Checking qoi v0.4.1
[INFO] [stderr]    Compiling indoc v2.0.3
[INFO] [stderr]     Checking cassowary v0.3.0
[INFO] [stderr]     Checking unicode-width v0.1.10
[INFO] [stderr]     Checking byteorder v1.4.3
[INFO] [stderr]     Checking unicode-segmentation v1.10.1
[INFO] [stderr]     Checking dyn-clone v1.0.12
[INFO] [stderr]     Checking flate2 v1.0.26
[INFO] [stderr]     Checking crossbeam-channel v0.5.8
[INFO] [stderr]    Compiling quote v1.0.32
[INFO] [stderr]     Checking crossbeam-deque v0.8.3
[INFO] [stderr]     Checking png v0.17.9
[INFO] [stderr]     Checking getrandom v0.2.10
[INFO] [stderr]     Checking num_cpus v1.16.0
[INFO] [stderr]     Checking signal-hook-registry v1.4.1
[INFO] [stderr]     Checking parking_lot_core v0.9.8
[INFO] [stderr]     Checking mio v0.8.8
[INFO] [stderr]    Compiling syn v2.0.27
[INFO] [stderr]     Checking nanorand v0.7.0
[INFO] [stderr]     Checking rand_core v0.6.4
[INFO] [stderr]     Checking parking_lot v0.12.1
[INFO] [stderr]     Checking signal-hook-mio v0.2.3
[INFO] [stderr]     Checking rand_chacha v0.3.1
[INFO] [stderr]     Checking crossterm v0.27.0
[INFO] [stderr]     Checking rand v0.8.5
[INFO] [stderr]     Checking rayon v1.7.0
[INFO] [stderr]     Checking num-rational v0.4.1
[INFO] [stderr]     Checking jpeg-decoder v0.3.0
[INFO] [stderr]     Checking tiff v0.8.1
[INFO] [stderr]    Compiling pin-project-internal v1.1.2
[INFO] [stderr]    Compiling strum_macros v0.25.2
[INFO] [stderr]     Checking pin-project v1.1.2
[INFO] [stderr]     Checking flume v0.10.14
[INFO] [stderr]     Checking strum v0.25.0
[INFO] [stderr]     Checking exr v1.7.0
[INFO] [stderr]     Checking ratatui v0.23.0
[INFO] [stderr]     Checking image v0.24.6
[INFO] [stderr]     Checking ratatu-image v1.0.0 (/opt/rustwide/workdir)
[INFO] [stdout] error: The demo needs one of the crossterm, termion, or termwiz features
[INFO] [stdout]  --> examples/demo/main.rs:6:1
[INFO] [stdout]   |
[INFO] [stdout] 6 | compile_error!("The demo needs one of the crossterm, termion, or termwiz features");
[INFO] [stdout]   | ^^^^^^^^^^^^^^^^^^^^^^^^^^^^^^^^^^^^^^^^^^^^^^^^^^^^^^^^^^^^^^^^^^^^^^^^^^^^^^^^^^^
[INFO] [stdout] 
[INFO] [stdout] 
[INFO] [stdout] error: The demo needs rustix until window_size is on ratataui
[INFO] [stdout]  --> examples/demo/main.rs:8:1
[INFO] [stdout]   |
[INFO] [stdout] 8 | compile_error!("The demo needs rustix until window_size is on ratataui");
[INFO] [stdout]   | ^^^^^^^^^^^^^^^^^^^^^^^^^^^^^^^^^^^^^^^^^^^^^^^^^^^^^^^^^^^^^^^^^^^^^^^^
[INFO] [stdout] 
[INFO] [stdout] 
[INFO] [stdout] error[E0433]: failed to resolve: use of undeclared crate or module `crossterm`
[INFO] [stdout]  --> examples/screenshot.rs:3:5
[INFO] [stdout]   |
[INFO] [stdout] 3 | use crossterm::{
[INFO] [stdout]   |     ^^^^^^^^^ use of undeclared crate or module `crossterm`
[INFO] [stdout] 
[INFO] [stdout] 
[INFO] [stdout] error[E0432]: unresolved import `crossterm`
[INFO] [stdout]  --> examples/screenshot.rs:3:5
[INFO] [stdout]   |
[INFO] [stdout] 3 | use crossterm::{
[INFO] [stdout]   |     ^^^^^^^^^ use of undeclared crate or module `crossterm`
[INFO] [stdout] 
[INFO] [stdout] 
[INFO] [stdout] error[E0599]: no function or associated item named `from_termios` found for struct `Picker` in the current scope
[INFO] [stdout]   --> examples/screenshot.rs:26:30
[INFO] [stdout]    |
[INFO] [stdout] 26 |     let mut picker = Picker::from_termios(Some(Rgb::<u8>([255, 0, 255])))?;
[INFO] [stdout]    |                              ^^^^^^^^^^^^ function or associated item not found in `Picker`
[INFO] [stdout]    |
[INFO] [stdout] note: if you're trying to build a new `Picker`, consider using `Picker::new` which returns `Result<Picker, Box<(dyn std::error::Error + 'static)>>`
[INFO] [stdout]   --> /opt/rustwide/workdir/src/picker.rs:92:5
[INFO] [stdout]    |
[INFO] [stdout] 92 | /     pub fn new(
[INFO] [stdout] 93 | |         font_size: FontSize,
[INFO] [stdout] 94 | |         backend_type: BackendType,
[INFO] [stdout] 95 | |         background_color: Option<Rgb<u8>>,
[INFO] [stdout] 96 | |     ) -> Result<Picker> {
[INFO] [stdout]    | |_______________________^
[INFO] [stdout] 
[INFO] [stdout] 
[INFO] [stdout] error[E0599]: no function or associated item named `from_termios` found for struct `Picker` in the current scope
[INFO] [stdout]   --> examples/demo/main.rs:77:34
[INFO] [stdout]    |
[INFO] [stdout] 77 |         let mut picker = Picker::from_termios(None).unwrap();
[INFO] [stdout]    |                                  ^^^^^^^^^^^^ function or associated item not found in `Picker`
[INFO] [stdout]    |
[INFO] [stdout] note: if you're trying to build a new `Picker`, consider using `Picker::new` which returns `Result<Picker, Box<(dyn std::error::Error + 'static)>>`
[INFO] [stdout]   --> /opt/rustwide/workdir/src/picker.rs:92:5
[INFO] [stdout]    |
[INFO] [stdout] 92 | /     pub fn new(
[INFO] [stdout] 93 | |         font_size: FontSize,
[INFO] [stdout] 94 | |         backend_type: BackendType,
[INFO] [stdout] 95 | |         background_color: Option<Rgb<u8>>,
[INFO] [stdout] 96 | |     ) -> Result<Picker> {
[INFO] [stdout]    | |_______________________^
[INFO] [stdout] 
[INFO] [stdout] 
[INFO] [stdout] error: aborting due to 3 previous errors
[INFO] [stdout] 
[INFO] [stdout] 
[INFO] [stdout] Some errors have detailed explanations: E0432, E0433, E0599.
[INFO] [stdout] 
[INFO] [stdout] For more information about an error, try `rustc --explain E0432`.
[INFO] [stdout] 
[INFO] [stderr] error: could not compile `ratatu-image` (example "screenshot") due to 4 previous errors
[INFO] [stderr] warning: build failed, waiting for other jobs to finish...
[INFO] [stdout] error: aborting due to 3 previous errors
[INFO] [stdout] 
[INFO] [stdout] 
[INFO] [stdout] For more information about this error, try `rustc --explain E0599`.
[INFO] [stdout] 
[INFO] [stderr] error: could not compile `ratatu-image` (example "demo") due to 4 previous errors
[INFO] running `Command { std: "docker" "inspect" "8b2f810a5968ae16b1b3db66f84bd4b3650c944d1902625899188eb0152ee88b", kill_on_drop: false }`
[INFO] running `Command { std: "docker" "rm" "-f" "8b2f810a5968ae16b1b3db66f84bd4b3650c944d1902625899188eb0152ee88b", kill_on_drop: false }`
[INFO] [stdout] 8b2f810a5968ae16b1b3db66f84bd4b3650c944d1902625899188eb0152ee88b
