[INFO] fetching crate rat-in-a-tube 0.2.3...
[INFO] checking rat-in-a-tube-0.2.3 against nightly-2024-02-05 for check-cfg
[INFO] extracting crate rat-in-a-tube 0.2.3 into /workspace/builds/worker-0-tc1/source
[INFO] validating manifest of crates.io crate rat-in-a-tube 0.2.3 on toolchain nightly-2024-02-05
[INFO] running `Command { std: CARGO_HOME="/workspace/cargo-home" RUSTUP_HOME="/workspace/rustup-home" "/workspace/cargo-home/bin/cargo" "+nightly-2024-02-05" "metadata" "--manifest-path" "Cargo.toml" "--no-deps", kill_on_drop: false }`
[INFO] started tweaking crates.io crate rat-in-a-tube 0.2.3
[INFO] finished tweaking crates.io crate rat-in-a-tube 0.2.3
[INFO] tweaked toml for crates.io crate rat-in-a-tube 0.2.3 written to /workspace/builds/worker-0-tc1/source/Cargo.toml
[INFO] running `Command { std: CARGO_HOME="/workspace/cargo-home" RUSTUP_HOME="/workspace/rustup-home" "/workspace/cargo-home/bin/cargo" "+nightly-2024-02-05" "generate-lockfile" "--manifest-path" "Cargo.toml", kill_on_drop: false }`
[INFO] [stderr]     Blocking waiting for file lock on package cache
[INFO] [stderr]     Updating crates.io index
[INFO] running `Command { std: CARGO_HOME="/workspace/cargo-home" RUSTUP_HOME="/workspace/rustup-home" "/workspace/cargo-home/bin/cargo" "+nightly-2024-02-05" "fetch" "--manifest-path" "Cargo.toml", kill_on_drop: false }`
[INFO] [stderr]     Blocking waiting for file lock on package cache
[INFO] [stderr]     Blocking waiting for file lock on package cache
[INFO] [stderr]  Downloading crates ...
[INFO] [stderr]   Downloaded rat-in-a-tube-definitions v0.2.3
[INFO] running `Command { std: "docker" "create" "-v" "/var/lib/crater-agent-workspace/builds/worker-0-tc1/target:/opt/rustwide/target:rw,Z" "-v" "/var/lib/crater-agent-workspace/builds/worker-0-tc1/source:/opt/rustwide/workdir:ro,Z" "-v" "/var/lib/crater-agent-workspace/cargo-home:/opt/rustwide/cargo-home:ro,Z" "-v" "/var/lib/crater-agent-workspace/rustup-home:/opt/rustwide/rustup-home:ro,Z" "-e" "SOURCE_DIR=/opt/rustwide/workdir" "-e" "CARGO_TARGET_DIR=/opt/rustwide/target" "-e" "CARGO_HOME=/opt/rustwide/cargo-home" "-e" "RUSTUP_HOME=/opt/rustwide/rustup-home" "-w" "/opt/rustwide/workdir" "-m" "1610612736" "--user" "0:0" "--network" "none" "ghcr.io/rust-lang/crates-build-env/linux@sha256:2788e3201cd34a07e3172128adcd8b3090168a8e3bcc40d7c032b9dda1df7d1c" "/opt/rustwide/cargo-home/bin/cargo" "+nightly-2024-02-05" "metadata" "--no-deps" "--format-version=1", kill_on_drop: false }`
[INFO] [stdout] d0dd37127ae5a2a0035f6eefbb94fe13bb133fd18d7e90cdd9ca4e0e4cd1e79a
[INFO] running `Command { std: "docker" "start" "-a" "d0dd37127ae5a2a0035f6eefbb94fe13bb133fd18d7e90cdd9ca4e0e4cd1e79a", kill_on_drop: false }`
[INFO] running `Command { std: "docker" "inspect" "d0dd37127ae5a2a0035f6eefbb94fe13bb133fd18d7e90cdd9ca4e0e4cd1e79a", kill_on_drop: false }`
[INFO] running `Command { std: "docker" "rm" "-f" "d0dd37127ae5a2a0035f6eefbb94fe13bb133fd18d7e90cdd9ca4e0e4cd1e79a", kill_on_drop: false }`
[INFO] [stdout] d0dd37127ae5a2a0035f6eefbb94fe13bb133fd18d7e90cdd9ca4e0e4cd1e79a
[INFO] running `Command { std: "docker" "create" "-v" "/var/lib/crater-agent-workspace/builds/worker-0-tc1/target:/opt/rustwide/target:rw,Z" "-v" "/var/lib/crater-agent-workspace/builds/worker-0-tc1/source:/opt/rustwide/workdir:ro,Z" "-v" "/var/lib/crater-agent-workspace/cargo-home:/opt/rustwide/cargo-home:ro,Z" "-v" "/var/lib/crater-agent-workspace/rustup-home:/opt/rustwide/rustup-home:ro,Z" "-e" "SOURCE_DIR=/opt/rustwide/workdir" "-e" "CARGO_TARGET_DIR=/opt/rustwide/target" "-e" "CARGO_INCREMENTAL=0" "-e" "RUST_BACKTRACE=full" "-e" "RUSTFLAGS=--cap-lints=forbid" "-e" "RUSTDOCFLAGS=--cap-lints=forbid" "-e" "CARGO_HOME=/opt/rustwide/cargo-home" "-e" "RUSTUP_HOME=/opt/rustwide/rustup-home" "-w" "/opt/rustwide/workdir" "-m" "1610612736" "--user" "0:0" "--network" "none" "ghcr.io/rust-lang/crates-build-env/linux@sha256:2788e3201cd34a07e3172128adcd8b3090168a8e3bcc40d7c032b9dda1df7d1c" "/opt/rustwide/cargo-home/bin/cargo" "+nightly-2024-02-05" "check" "--frozen" "--all" "--all-targets" "--message-format=json", kill_on_drop: false }`
[INFO] [stdout] 1ebbcfcfb129f0e26851dd5754900affd89c50c8c9ac39a0bfd9837fd0f1bbab
[INFO] running `Command { std: "docker" "start" "-a" "1ebbcfcfb129f0e26851dd5754900affd89c50c8c9ac39a0bfd9837fd0f1bbab", kill_on_drop: false }`
[INFO] [stderr]    Compiling proc-macro2 v1.0.78
[INFO] [stderr]    Compiling serde_json v1.0.113
[INFO] [stderr]    Compiling ryu v1.0.16
[INFO] [stderr]    Compiling itoa v1.0.10
[INFO] [stderr]    Compiling serde v1.0.196
[INFO] [stderr]    Compiling quote v1.0.35
[INFO] [stderr]    Compiling syn v2.0.48
[INFO] [stderr]    Compiling serde_derive v1.0.196
[INFO] [stderr]    Compiling rat-in-a-tube-definitions v0.2.3
[INFO] [stderr]     Checking rat-in-a-tube v0.2.3 (/opt/rustwide/workdir)
[INFO] [stdout] error[E0433]: failed to resolve: use of undeclared type `CompileEncoding`
[INFO] [stdout]  --> src/test/mod.rs:7:62
[INFO] [stdout]   |
[INFO] [stdout] 7 |     let mut compiler = Compiler::new(CompileTarget::HaloCEA, CompileEncoding::Windows1252);
[INFO] [stdout]   |                                                              ^^^^^^^^^^^^^^^ use of undeclared type `CompileEncoding`
[INFO] [stdout] 
[INFO] [stdout] 
[INFO] [stdout] error[E0061]: this function takes 1 argument but 2 arguments were supplied
[INFO] [stdout]   --> src/test/mod.rs:7:24
[INFO] [stdout]    |
[INFO] [stdout] 7  |     let mut compiler = Compiler::new(CompileTarget::HaloCEA, CompileEncoding::Windows1252);
[INFO] [stdout]    |                        ^^^^^^^^^^^^^                       ------------------------------
[INFO] [stdout]    |                                                            | |
[INFO] [stdout]    |                                                            | unexpected argument
[INFO] [stdout]    |                                                            help: remove the extra argument
[INFO] [stdout]    |
[INFO] [stdout] note: associated function defined here
[INFO] [stdout]   --> src/lib.rs:31:12
[INFO] [stdout]    |
[INFO] [stdout] 31 |     pub fn new(target: CompileTarget) -> Compiler {
[INFO] [stdout]    |            ^^^ ---------------------
[INFO] [stdout] 
[INFO] [stdout] 
[INFO] [stdout] error[E0433]: failed to resolve: use of undeclared type `CompileEncoding`
[INFO] [stdout]   --> src/test/mod.rs:17:62
[INFO] [stdout]    |
[INFO] [stdout] 17 |     let mut compiler = Compiler::new(CompileTarget::HaloCEA, CompileEncoding::Windows1252);
[INFO] [stdout]    |                                                              ^^^^^^^^^^^^^^^ use of undeclared type `CompileEncoding`
[INFO] [stdout] 
[INFO] [stdout] 
[INFO] [stdout] error[E0061]: this function takes 1 argument but 2 arguments were supplied
[INFO] [stdout]   --> src/test/mod.rs:17:24
[INFO] [stdout]    |
[INFO] [stdout] 17 |     let mut compiler = Compiler::new(CompileTarget::HaloCEA, CompileEncoding::Windows1252);
[INFO] [stdout]    |                        ^^^^^^^^^^^^^                       ------------------------------
[INFO] [stdout]    |                                                            | |
[INFO] [stdout]    |                                                            | unexpected argument
[INFO] [stdout]    |                                                            help: remove the extra argument
[INFO] [stdout]    |
[INFO] [stdout] note: associated function defined here
[INFO] [stdout]   --> src/lib.rs:31:12
[INFO] [stdout]    |
[INFO] [stdout] 31 |     pub fn new(target: CompileTarget) -> Compiler {
[INFO] [stdout]    |            ^^^ ---------------------
[INFO] [stdout] 
[INFO] [stdout] 
[INFO] [stdout] error[E0433]: failed to resolve: use of undeclared type `CompileEncoding`
[INFO] [stdout]   --> src/test/mod.rs:28:66
[INFO] [stdout]    |
[INFO] [stdout] 28 |     let mut compiler_cea = Compiler::new(CompileTarget::HaloCEA, CompileEncoding::Windows1252);
[INFO] [stdout]    |                                                                  ^^^^^^^^^^^^^^^ use of undeclared type `CompileEncoding`
[INFO] [stdout] 
[INFO] [stdout] 
[INFO] [stdout] error[E0061]: this function takes 1 argument but 2 arguments were supplied
[INFO] [stdout]   --> src/test/mod.rs:28:28
[INFO] [stdout]    |
[INFO] [stdout] 28 |     let mut compiler_cea = Compiler::new(CompileTarget::HaloCEA, CompileEncoding::Windows1252);
[INFO] [stdout]    |                            ^^^^^^^^^^^^^                       ------------------------------
[INFO] [stdout]    |                                                                | |
[INFO] [stdout]    |                                                                | unexpected argument
[INFO] [stdout]    |                                                                help: remove the extra argument
[INFO] [stdout]    |
[INFO] [stdout] note: associated function defined here
[INFO] [stdout]   --> src/lib.rs:31:12
[INFO] [stdout]    |
[INFO] [stdout] 31 |     pub fn new(target: CompileTarget) -> Compiler {
[INFO] [stdout]    |            ^^^ ---------------------
[INFO] [stdout] 
[INFO] [stdout] 
[INFO] [stdout] error[E0433]: failed to resolve: use of undeclared type `CompileEncoding`
[INFO] [stdout]   --> src/test/mod.rs:32:76
[INFO] [stdout]    |
[INFO] [stdout] 32 |     let mut compiler_gbx = Compiler::new(CompileTarget::HaloCustomEdition, CompileEncoding::Windows1252);
[INFO] [stdout]    |                                                                            ^^^^^^^^^^^^^^^ use of undeclared type `CompileEncoding`
[INFO] [stdout] 
[INFO] [stdout] 
[INFO] [stdout] error[E0061]: this function takes 1 argument but 2 arguments were supplied
[INFO] [stdout]   --> src/test/mod.rs:32:28
[INFO] [stdout]    |
[INFO] [stdout] 32 |     let mut compiler_gbx = Compiler::new(CompileTarget::HaloCustomEdition, CompileEncoding::Windows1252);
[INFO] [stdout]    |                            ^^^^^^^^^^^^^                                 ------------------------------
[INFO] [stdout]    |                                                                          | |
[INFO] [stdout]    |                                                                          | unexpected argument
[INFO] [stdout]    |                                                                          help: remove the extra argument
[INFO] [stdout]    |
[INFO] [stdout] note: associated function defined here
[INFO] [stdout]   --> src/lib.rs:31:12
[INFO] [stdout]    |
[INFO] [stdout] 31 |     pub fn new(target: CompileTarget) -> Compiler {
[INFO] [stdout]    |            ^^^ ---------------------
[INFO] [stdout] 
[INFO] [stdout] 
[INFO] [stdout] error[E0433]: failed to resolve: use of undeclared type `CompileEncoding`
[INFO] [stdout]   --> src/test/mod.rs:41:62
[INFO] [stdout]    |
[INFO] [stdout] 41 |     let mut compiler = Compiler::new(CompileTarget::HaloCEA, CompileEncoding::Windows1252);
[INFO] [stdout]    |                                                              ^^^^^^^^^^^^^^^ use of undeclared type `CompileEncoding`
[INFO] [stdout] 
[INFO] [stdout] 
[INFO] [stdout] error[E0061]: this function takes 1 argument but 2 arguments were supplied
[INFO] [stdout]   --> src/test/mod.rs:41:24
[INFO] [stdout]    |
[INFO] [stdout] 41 |     let mut compiler = Compiler::new(CompileTarget::HaloCEA, CompileEncoding::Windows1252);
[INFO] [stdout]    |                        ^^^^^^^^^^^^^                       ------------------------------
[INFO] [stdout]    |                                                            | |
[INFO] [stdout]    |                                                            | unexpected argument
[INFO] [stdout]    |                                                            help: remove the extra argument
[INFO] [stdout]    |
[INFO] [stdout] note: associated function defined here
[INFO] [stdout]   --> src/lib.rs:31:12
[INFO] [stdout]    |
[INFO] [stdout] 31 |     pub fn new(target: CompileTarget) -> Compiler {
[INFO] [stdout]    |            ^^^ ---------------------
[INFO] [stdout] 
[INFO] [stdout] 
[INFO] [stdout] error[E0433]: failed to resolve: use of undeclared type `CompileEncoding`
[INFO] [stdout]    --> src/test/mod.rs:102:62
[INFO] [stdout]     |
[INFO] [stdout] 102 |     let mut compiler = Compiler::new(CompileTarget::HaloCEA, CompileEncoding::Windows1252);
[INFO] [stdout]     |                                                              ^^^^^^^^^^^^^^^ use of undeclared type `CompileEncoding`
[INFO] [stdout] 
[INFO] [stdout] 
[INFO] [stdout] error[E0061]: this function takes 1 argument but 2 arguments were supplied
[INFO] [stdout]    --> src/test/mod.rs:102:24
[INFO] [stdout]     |
[INFO] [stdout] 102 |     let mut compiler = Compiler::new(CompileTarget::HaloCEA, CompileEncoding::Windows1252);
[INFO] [stdout]     |                        ^^^^^^^^^^^^^                       ------------------------------
[INFO] [stdout]     |                                                            | |
[INFO] [stdout]     |                                                            | unexpected argument
[INFO] [stdout]     |                                                            help: remove the extra argument
[INFO] [stdout]     |
[INFO] [stdout] note: associated function defined here
[INFO] [stdout]    --> src/lib.rs:31:12
[INFO] [stdout]     |
[INFO] [stdout] 31  |     pub fn new(target: CompileTarget) -> Compiler {
[INFO] [stdout]     |            ^^^ ---------------------
[INFO] [stdout] 
[INFO] [stdout] 
[INFO] [stdout] error: aborting due to 12 previous errors
[INFO] [stdout] 
[INFO] [stdout] 
[INFO] [stdout] Some errors have detailed explanations: E0061, E0433.
[INFO] [stdout] 
[INFO] [stdout] For more information about an error, try `rustc --explain E0061`.
[INFO] [stdout] 
[INFO] [stderr] error: could not compile `rat-in-a-tube` (lib test) due to 13 previous errors
[INFO] [stderr] warning: build failed, waiting for other jobs to finish...
[INFO] running `Command { std: "docker" "inspect" "1ebbcfcfb129f0e26851dd5754900affd89c50c8c9ac39a0bfd9837fd0f1bbab", kill_on_drop: false }`
[INFO] running `Command { std: "docker" "rm" "-f" "1ebbcfcfb129f0e26851dd5754900affd89c50c8c9ac39a0bfd9837fd0f1bbab", kill_on_drop: false }`
[INFO] [stdout] 1ebbcfcfb129f0e26851dd5754900affd89c50c8c9ac39a0bfd9837fd0f1bbab
[INFO] checking rat-in-a-tube-0.2.3 against nightly-2024-02-05+rustflags=-Dunexpected_cfgs+cargoflags=-Zcheck-cfg for check-cfg
[INFO] extracting crate rat-in-a-tube 0.2.3 into /workspace/builds/worker-0-tc2/source
[INFO] validating manifest of crates.io crate rat-in-a-tube 0.2.3 on toolchain nightly-2024-02-05
[INFO] running `Command { std: CARGO_HOME="/workspace/cargo-home" RUSTUP_HOME="/workspace/rustup-home" "/workspace/cargo-home/bin/cargo" "+nightly-2024-02-05" "metadata" "--manifest-path" "Cargo.toml" "--no-deps", kill_on_drop: false }`
[INFO] started tweaking crates.io crate rat-in-a-tube 0.2.3
[INFO] finished tweaking crates.io crate rat-in-a-tube 0.2.3
[INFO] tweaked toml for crates.io crate rat-in-a-tube 0.2.3 written to /workspace/builds/worker-0-tc2/source/Cargo.toml
[INFO] running `Command { std: CARGO_HOME="/workspace/cargo-home" RUSTUP_HOME="/workspace/rustup-home" "/workspace/cargo-home/bin/cargo" "+nightly-2024-02-05" "generate-lockfile" "--manifest-path" "Cargo.toml", kill_on_drop: false }`
[INFO] [stderr]     Updating crates.io index
[INFO] running `Command { std: CARGO_HOME="/workspace/cargo-home" RUSTUP_HOME="/workspace/rustup-home" "/workspace/cargo-home/bin/cargo" "+nightly-2024-02-05" "fetch" "--manifest-path" "Cargo.toml", kill_on_drop: false }`
[INFO] running `Command { std: "docker" "create" "-v" "/var/lib/crater-agent-workspace/builds/worker-0-tc2/target:/opt/rustwide/target:rw,Z" "-v" "/var/lib/crater-agent-workspace/builds/worker-0-tc2/source:/opt/rustwide/workdir:ro,Z" "-v" "/var/lib/crater-agent-workspace/cargo-home:/opt/rustwide/cargo-home:ro,Z" "-v" "/var/lib/crater-agent-workspace/rustup-home:/opt/rustwide/rustup-home:ro,Z" "-e" "SOURCE_DIR=/opt/rustwide/workdir" "-e" "CARGO_TARGET_DIR=/opt/rustwide/target" "-e" "CARGO_HOME=/opt/rustwide/cargo-home" "-e" "RUSTUP_HOME=/opt/rustwide/rustup-home" "-w" "/opt/rustwide/workdir" "-m" "1610612736" "--user" "0:0" "--network" "none" "ghcr.io/rust-lang/crates-build-env/linux@sha256:2788e3201cd34a07e3172128adcd8b3090168a8e3bcc40d7c032b9dda1df7d1c" "/opt/rustwide/cargo-home/bin/cargo" "+nightly-2024-02-05" "metadata" "--no-deps" "--format-version=1", kill_on_drop: false }`
[INFO] [stdout] 7b6002b7f64cd6035ba3a2a53db1ea88595942e964c70dd393f8244e9859e535
[INFO] running `Command { std: "docker" "start" "-a" "7b6002b7f64cd6035ba3a2a53db1ea88595942e964c70dd393f8244e9859e535", kill_on_drop: false }`
[INFO] running `Command { std: "docker" "inspect" "7b6002b7f64cd6035ba3a2a53db1ea88595942e964c70dd393f8244e9859e535", kill_on_drop: false }`
[INFO] running `Command { std: "docker" "rm" "-f" "7b6002b7f64cd6035ba3a2a53db1ea88595942e964c70dd393f8244e9859e535", kill_on_drop: false }`
[INFO] [stdout] 7b6002b7f64cd6035ba3a2a53db1ea88595942e964c70dd393f8244e9859e535
[INFO] running `Command { std: "docker" "create" "-v" "/var/lib/crater-agent-workspace/builds/worker-0-tc2/target:/opt/rustwide/target:rw,Z" "-v" "/var/lib/crater-agent-workspace/builds/worker-0-tc2/source:/opt/rustwide/workdir:ro,Z" "-v" "/var/lib/crater-agent-workspace/cargo-home:/opt/rustwide/cargo-home:ro,Z" "-v" "/var/lib/crater-agent-workspace/rustup-home:/opt/rustwide/rustup-home:ro,Z" "-e" "SOURCE_DIR=/opt/rustwide/workdir" "-e" "CARGO_TARGET_DIR=/opt/rustwide/target" "-e" "CARGO_INCREMENTAL=0" "-e" "RUST_BACKTRACE=full" "-e" "RUSTFLAGS=--cap-lints=forbid -Dunexpected_cfgs" "-e" "RUSTDOCFLAGS=--cap-lints=forbid" "-e" "CARGO_HOME=/opt/rustwide/cargo-home" "-e" "RUSTUP_HOME=/opt/rustwide/rustup-home" "-w" "/opt/rustwide/workdir" "-m" "1610612736" "--user" "0:0" "--network" "none" "ghcr.io/rust-lang/crates-build-env/linux@sha256:2788e3201cd34a07e3172128adcd8b3090168a8e3bcc40d7c032b9dda1df7d1c" "/opt/rustwide/cargo-home/bin/cargo" "+nightly-2024-02-05" "check" "--frozen" "--all" "--all-targets" "--message-format=json" "-Zcheck-cfg", kill_on_drop: false }`
[INFO] [stdout] 56f0d85f001034d736fd1a1d5e08d29f8a842431d91460f53bc2bead9e6963e4
[INFO] running `Command { std: "docker" "start" "-a" "56f0d85f001034d736fd1a1d5e08d29f8a842431d91460f53bc2bead9e6963e4", kill_on_drop: false }`
[INFO] [stderr]    Compiling proc-macro2 v1.0.78
[INFO] [stderr]    Compiling serde_json v1.0.113
[INFO] [stderr]    Compiling itoa v1.0.10
[INFO] [stderr]    Compiling ryu v1.0.16
[INFO] [stderr]    Compiling serde v1.0.196
[INFO] [stderr]    Compiling quote v1.0.35
[INFO] [stderr]    Compiling syn v2.0.48
[INFO] [stderr]    Compiling serde_derive v1.0.196
[INFO] [stderr]    Compiling rat-in-a-tube-definitions v0.2.3
[INFO] [stderr]     Checking rat-in-a-tube v0.2.3 (/opt/rustwide/workdir)
[INFO] [stdout] error[E0433]: failed to resolve: use of undeclared type `CompileEncoding`
[INFO] [stdout]  --> src/test/mod.rs:7:62
[INFO] [stdout]   |
[INFO] [stdout] 7 |     let mut compiler = Compiler::new(CompileTarget::HaloCEA, CompileEncoding::Windows1252);
[INFO] [stdout]   |                                                              ^^^^^^^^^^^^^^^ use of undeclared type `CompileEncoding`
[INFO] [stdout] 
[INFO] [stdout] 
[INFO] [stdout] error[E0061]: this function takes 1 argument but 2 arguments were supplied
[INFO] [stdout]   --> src/test/mod.rs:7:24
[INFO] [stdout]    |
[INFO] [stdout] 7  |     let mut compiler = Compiler::new(CompileTarget::HaloCEA, CompileEncoding::Windows1252);
[INFO] [stdout]    |                        ^^^^^^^^^^^^^                       ------------------------------
[INFO] [stdout]    |                                                            | |
[INFO] [stdout]    |                                                            | unexpected argument
[INFO] [stdout]    |                                                            help: remove the extra argument
[INFO] [stdout]    |
[INFO] [stdout] note: associated function defined here
[INFO] [stdout]   --> src/lib.rs:31:12
[INFO] [stdout]    |
[INFO] [stdout] 31 |     pub fn new(target: CompileTarget) -> Compiler {
[INFO] [stdout]    |            ^^^ ---------------------
[INFO] [stdout] 
[INFO] [stdout] 
[INFO] [stdout] error[E0433]: failed to resolve: use of undeclared type `CompileEncoding`
[INFO] [stdout]   --> src/test/mod.rs:17:62
[INFO] [stdout]    |
[INFO] [stdout] 17 |     let mut compiler = Compiler::new(CompileTarget::HaloCEA, CompileEncoding::Windows1252);
[INFO] [stdout]    |                                                              ^^^^^^^^^^^^^^^ use of undeclared type `CompileEncoding`
[INFO] [stdout] 
[INFO] [stdout] 
[INFO] [stdout] error[E0061]: this function takes 1 argument but 2 arguments were supplied
[INFO] [stdout]   --> src/test/mod.rs:17:24
[INFO] [stdout]    |
[INFO] [stdout] 17 |     let mut compiler = Compiler::new(CompileTarget::HaloCEA, CompileEncoding::Windows1252);
[INFO] [stdout]    |                        ^^^^^^^^^^^^^                       ------------------------------
[INFO] [stdout]    |                                                            | |
[INFO] [stdout]    |                                                            | unexpected argument
[INFO] [stdout]    |                                                            help: remove the extra argument
[INFO] [stdout]    |
[INFO] [stdout] note: associated function defined here
[INFO] [stdout]   --> src/lib.rs:31:12
[INFO] [stdout]    |
[INFO] [stdout] 31 |     pub fn new(target: CompileTarget) -> Compiler {
[INFO] [stdout]    |            ^^^ ---------------------
[INFO] [stdout] 
[INFO] [stdout] 
[INFO] [stdout] error[E0433]: failed to resolve: use of undeclared type `CompileEncoding`
[INFO] [stdout]   --> src/test/mod.rs:28:66
[INFO] [stdout]    |
[INFO] [stdout] 28 |     let mut compiler_cea = Compiler::new(CompileTarget::HaloCEA, CompileEncoding::Windows1252);
[INFO] [stdout]    |                                                                  ^^^^^^^^^^^^^^^ use of undeclared type `CompileEncoding`
[INFO] [stdout] 
[INFO] [stdout] 
[INFO] [stdout] error[E0061]: this function takes 1 argument but 2 arguments were supplied
[INFO] [stdout]   --> src/test/mod.rs:28:28
[INFO] [stdout]    |
[INFO] [stdout] 28 |     let mut compiler_cea = Compiler::new(CompileTarget::HaloCEA, CompileEncoding::Windows1252);
[INFO] [stdout]    |                            ^^^^^^^^^^^^^                       ------------------------------
[INFO] [stdout]    |                                                                | |
[INFO] [stdout]    |                                                                | unexpected argument
[INFO] [stdout]    |                                                                help: remove the extra argument
[INFO] [stdout]    |
[INFO] [stdout] note: associated function defined here
[INFO] [stdout]   --> src/lib.rs:31:12
[INFO] [stdout]    |
[INFO] [stdout] 31 |     pub fn new(target: CompileTarget) -> Compiler {
[INFO] [stdout]    |            ^^^ ---------------------
[INFO] [stdout] 
[INFO] [stdout] 
[INFO] [stdout] error[E0433]: failed to resolve: use of undeclared type `CompileEncoding`
[INFO] [stdout]   --> src/test/mod.rs:32:76
[INFO] [stdout]    |
[INFO] [stdout] 32 |     let mut compiler_gbx = Compiler::new(CompileTarget::HaloCustomEdition, CompileEncoding::Windows1252);
[INFO] [stdout]    |                                                                            ^^^^^^^^^^^^^^^ use of undeclared type `CompileEncoding`
[INFO] [stdout] 
[INFO] [stdout] 
[INFO] [stdout] error[E0061]: this function takes 1 argument but 2 arguments were supplied
[INFO] [stdout]   --> src/test/mod.rs:32:28
[INFO] [stdout]    |
[INFO] [stdout] 32 |     let mut compiler_gbx = Compiler::new(CompileTarget::HaloCustomEdition, CompileEncoding::Windows1252);
[INFO] [stdout]    |                            ^^^^^^^^^^^^^                                 ------------------------------
[INFO] [stdout]    |                                                                          | |
[INFO] [stdout]    |                                                                          | unexpected argument
[INFO] [stdout]    |                                                                          help: remove the extra argument
[INFO] [stdout]    |
[INFO] [stdout] note: associated function defined here
[INFO] [stdout]   --> src/lib.rs:31:12
[INFO] [stdout]    |
[INFO] [stdout] 31 |     pub fn new(target: CompileTarget) -> Compiler {
[INFO] [stdout]    |            ^^^ ---------------------
[INFO] [stdout] 
[INFO] [stdout] 
[INFO] [stdout] error[E0433]: failed to resolve: use of undeclared type `CompileEncoding`
[INFO] [stdout]   --> src/test/mod.rs:41:62
[INFO] [stdout]    |
[INFO] [stdout] 41 |     let mut compiler = Compiler::new(CompileTarget::HaloCEA, CompileEncoding::Windows1252);
[INFO] [stdout]    |                                                              ^^^^^^^^^^^^^^^ use of undeclared type `CompileEncoding`
[INFO] [stdout] 
[INFO] [stdout] 
[INFO] [stdout] error[E0061]: this function takes 1 argument but 2 arguments were supplied
[INFO] [stdout]   --> src/test/mod.rs:41:24
[INFO] [stdout]    |
[INFO] [stdout] 41 |     let mut compiler = Compiler::new(CompileTarget::HaloCEA, CompileEncoding::Windows1252);
[INFO] [stdout]    |                        ^^^^^^^^^^^^^                       ------------------------------
[INFO] [stdout]    |                                                            | |
[INFO] [stdout]    |                                                            | unexpected argument
[INFO] [stdout]    |                                                            help: remove the extra argument
[INFO] [stdout]    |
[INFO] [stdout] note: associated function defined here
[INFO] [stdout]   --> src/lib.rs:31:12
[INFO] [stdout]    |
[INFO] [stdout] 31 |     pub fn new(target: CompileTarget) -> Compiler {
[INFO] [stdout]    |            ^^^ ---------------------
[INFO] [stdout] 
[INFO] [stdout] 
[INFO] [stdout] error[E0433]: failed to resolve: use of undeclared type `CompileEncoding`
[INFO] [stdout]    --> src/test/mod.rs:102:62
[INFO] [stdout]     |
[INFO] [stdout] 102 |     let mut compiler = Compiler::new(CompileTarget::HaloCEA, CompileEncoding::Windows1252);
[INFO] [stdout]     |                                                              ^^^^^^^^^^^^^^^ use of undeclared type `CompileEncoding`
[INFO] [stdout] 
[INFO] [stdout] 
[INFO] [stdout] error[E0061]: this function takes 1 argument but 2 arguments were supplied
[INFO] [stdout]    --> src/test/mod.rs:102:24
[INFO] [stdout]     |
[INFO] [stdout] 102 |     let mut compiler = Compiler::new(CompileTarget::HaloCEA, CompileEncoding::Windows1252);
[INFO] [stdout]     |                        ^^^^^^^^^^^^^                       ------------------------------
[INFO] [stdout]     |                                                            | |
[INFO] [stdout]     |                                                            | unexpected argument
[INFO] [stdout]     |                                                            help: remove the extra argument
[INFO] [stdout]     |
[INFO] [stdout] note: associated function defined here
[INFO] [stdout]    --> src/lib.rs:31:12
[INFO] [stdout]     |
[INFO] [stdout] 31  |     pub fn new(target: CompileTarget) -> Compiler {
[INFO] [stdout]     |            ^^^ ---------------------
[INFO] [stdout] 
[INFO] [stdout] 
[INFO] [stdout] error: aborting due to 12 previous errors
[INFO] [stdout] 
[INFO] [stdout] 
[INFO] [stdout] Some errors have detailed explanations: E0061, E0433.
[INFO] [stdout] 
[INFO] [stdout] For more information about an error, try `rustc --explain E0061`.
[INFO] [stdout] 
[INFO] [stderr] error: could not compile `rat-in-a-tube` (lib test) due to 13 previous errors
[INFO] [stderr] warning: build failed, waiting for other jobs to finish...
[INFO] running `Command { std: "docker" "inspect" "56f0d85f001034d736fd1a1d5e08d29f8a842431d91460f53bc2bead9e6963e4", kill_on_drop: false }`
[INFO] running `Command { std: "docker" "rm" "-f" "56f0d85f001034d736fd1a1d5e08d29f8a842431d91460f53bc2bead9e6963e4", kill_on_drop: false }`
[INFO] [stdout] 56f0d85f001034d736fd1a1d5e08d29f8a842431d91460f53bc2bead9e6963e4
