[INFO] fetching crate rapt 0.1.4...
[INFO] checking rapt-0.1.4 against nightly-2024-02-05 for check-cfg
[INFO] extracting crate rapt 0.1.4 into /workspace/builds/worker-0-tc1/source
[INFO] validating manifest of crates.io crate rapt 0.1.4 on toolchain nightly-2024-02-05
[INFO] running `Command { std: CARGO_HOME="/workspace/cargo-home" RUSTUP_HOME="/workspace/rustup-home" "/workspace/cargo-home/bin/cargo" "+nightly-2024-02-05" "metadata" "--manifest-path" "Cargo.toml" "--no-deps", kill_on_drop: false }`
[INFO] started tweaking crates.io crate rapt 0.1.4
[INFO] finished tweaking crates.io crate rapt 0.1.4
[INFO] tweaked toml for crates.io crate rapt 0.1.4 written to /workspace/builds/worker-0-tc1/source/Cargo.toml
[INFO] running `Command { std: CARGO_HOME="/workspace/cargo-home" RUSTUP_HOME="/workspace/rustup-home" "/workspace/cargo-home/bin/cargo" "+nightly-2024-02-05" "generate-lockfile" "--manifest-path" "Cargo.toml", kill_on_drop: false }`
[INFO] [stderr]     Updating crates.io index
[INFO] running `Command { std: CARGO_HOME="/workspace/cargo-home" RUSTUP_HOME="/workspace/rustup-home" "/workspace/cargo-home/bin/cargo" "+nightly-2024-02-05" "fetch" "--manifest-path" "Cargo.toml", kill_on_drop: false }`
[INFO] [stderr]  Downloading crates ...
[INFO] [stderr]   Downloaded mqtt3 v0.1.4
[INFO] [stderr]   Downloaded openssl-sys-extras v0.7.14
[INFO] [stderr]   Downloaded rapt_derive v0.1.4
[INFO] [stderr]   Downloaded openssl v0.7.14
[INFO] [stderr]   Downloaded netopt v0.1.3
[INFO] [stderr]   Downloaded mqttc v0.1.4
[INFO] running `Command { std: "docker" "create" "-v" "/var/lib/crater-agent-workspace/builds/worker-0-tc1/target:/opt/rustwide/target:rw,Z" "-v" "/var/lib/crater-agent-workspace/builds/worker-0-tc1/source:/opt/rustwide/workdir:ro,Z" "-v" "/var/lib/crater-agent-workspace/cargo-home:/opt/rustwide/cargo-home:ro,Z" "-v" "/var/lib/crater-agent-workspace/rustup-home:/opt/rustwide/rustup-home:ro,Z" "-e" "SOURCE_DIR=/opt/rustwide/workdir" "-e" "CARGO_TARGET_DIR=/opt/rustwide/target" "-e" "CARGO_HOME=/opt/rustwide/cargo-home" "-e" "RUSTUP_HOME=/opt/rustwide/rustup-home" "-w" "/opt/rustwide/workdir" "-m" "1610612736" "--user" "0:0" "--network" "none" "ghcr.io/rust-lang/crates-build-env/linux@sha256:2788e3201cd34a07e3172128adcd8b3090168a8e3bcc40d7c032b9dda1df7d1c" "/opt/rustwide/cargo-home/bin/cargo" "+nightly-2024-02-05" "metadata" "--no-deps" "--format-version=1", kill_on_drop: false }`
[INFO] [stdout] 714dfd82dfbb4e0779a5edf6291d8bb556144cd31f78cca8ccd2c4248d94a532
[INFO] running `Command { std: "docker" "start" "-a" "714dfd82dfbb4e0779a5edf6291d8bb556144cd31f78cca8ccd2c4248d94a532", kill_on_drop: false }`
[INFO] running `Command { std: "docker" "inspect" "714dfd82dfbb4e0779a5edf6291d8bb556144cd31f78cca8ccd2c4248d94a532", kill_on_drop: false }`
[INFO] running `Command { std: "docker" "rm" "-f" "714dfd82dfbb4e0779a5edf6291d8bb556144cd31f78cca8ccd2c4248d94a532", kill_on_drop: false }`
[INFO] [stdout] 714dfd82dfbb4e0779a5edf6291d8bb556144cd31f78cca8ccd2c4248d94a532
[INFO] running `Command { std: "docker" "create" "-v" "/var/lib/crater-agent-workspace/builds/worker-0-tc1/target:/opt/rustwide/target:rw,Z" "-v" "/var/lib/crater-agent-workspace/builds/worker-0-tc1/source:/opt/rustwide/workdir:ro,Z" "-v" "/var/lib/crater-agent-workspace/cargo-home:/opt/rustwide/cargo-home:ro,Z" "-v" "/var/lib/crater-agent-workspace/rustup-home:/opt/rustwide/rustup-home:ro,Z" "-e" "SOURCE_DIR=/opt/rustwide/workdir" "-e" "CARGO_TARGET_DIR=/opt/rustwide/target" "-e" "CARGO_INCREMENTAL=0" "-e" "RUST_BACKTRACE=full" "-e" "RUSTFLAGS=--cap-lints=forbid" "-e" "RUSTDOCFLAGS=--cap-lints=forbid" "-e" "CARGO_HOME=/opt/rustwide/cargo-home" "-e" "RUSTUP_HOME=/opt/rustwide/rustup-home" "-w" "/opt/rustwide/workdir" "-m" "1610612736" "--user" "0:0" "--network" "none" "ghcr.io/rust-lang/crates-build-env/linux@sha256:2788e3201cd34a07e3172128adcd8b3090168a8e3bcc40d7c032b9dda1df7d1c" "/opt/rustwide/cargo-home/bin/cargo" "+nightly-2024-02-05" "check" "--frozen" "--all" "--all-targets" "--message-format=json", kill_on_drop: false }`
[INFO] [stdout] 919863ae098c6b58aba2591f8164afeac2febba5b118a7c280abe2569cbd9590
[INFO] running `Command { std: "docker" "start" "-a" "919863ae098c6b58aba2591f8164afeac2febba5b118a7c280abe2569cbd9590", kill_on_drop: false }`
[INFO] [stderr]    Compiling serde v1.0.196
[INFO] [stderr]    Compiling num-traits v0.2.17
[INFO] [stderr]    Compiling unicode-xid v0.0.4
[INFO] [stderr]    Compiling quote v0.3.15
[INFO] [stderr]    Compiling serde_json v1.0.113
[INFO] [stderr]     Checking iana-time-zone v0.1.60
[INFO] [stderr]    Compiling syn v2.0.48
[INFO] [stderr]     Checking itoa v1.0.10
[INFO] [stderr]    Compiling synom v0.11.3
[INFO] [stderr]     Checking ryu v1.0.16
[INFO] [stderr]     Checking assert_matches v1.5.0
[INFO] [stderr]    Compiling syn v0.11.11
[INFO] [stderr]    Compiling rapt_derive v0.1.4
[INFO] [stderr]     Checking chrono v0.4.33
[INFO] [stderr]    Compiling serde_derive v1.0.196
[INFO] [stderr]     Checking rapt v0.1.4 (/opt/rustwide/workdir)
[INFO] [stdout] error[E0463]: can't find crate for `netopt`
[INFO] [stdout]   --> examples/mqtt.rs:56:1
[INFO] [stdout]    |
[INFO] [stdout] 56 | extern crate netopt;
[INFO] [stdout]    | ^^^^^^^^^^^^^^^^^^^^ can't find crate
[INFO] [stdout] 
[INFO] [stdout] 
[INFO] [stdout] error[E0433]: failed to resolve: could not find `mqtt` in `rapt`
[INFO] [stdout]    --> examples/mqtt.rs:59:11
[INFO] [stdout]     |
[INFO] [stdout] 59  | use rapt::mqtt::client::{ClientOptions, ReconnectMethod};
[INFO] [stdout]     |           ^^^^ could not find `mqtt` in `rapt`
[INFO] [stdout]     |
[INFO] [stdout] note: found an item that was configured out
[INFO] [stdout]    --> /opt/rustwide/workdir/src/lib.rs:320:9
[INFO] [stdout]     |
[INFO] [stdout] 320 | pub mod mqtt;
[INFO] [stdout]     |         ^^^^
[INFO] [stdout]     = note: the item is gated behind the `mqtt_publisher` feature
[INFO] [stdout] 
[INFO] [stdout] 
[INFO] [stdout] error[E0432]: unresolved import `rapt::mqtt`
[INFO] [stdout]    --> examples/mqtt.rs:60:12
[INFO] [stdout]     |
[INFO] [stdout] 60  | use rapt::{mqtt, Instrument, Listener};
[INFO] [stdout]     |            ^^^^ no `mqtt` in the root
[INFO] [stdout]     |
[INFO] [stdout] note: found an item that was configured out
[INFO] [stdout]    --> /opt/rustwide/workdir/src/lib.rs:320:9
[INFO] [stdout]     |
[INFO] [stdout] 320 | pub mod mqtt;
[INFO] [stdout]     |         ^^^^
[INFO] [stdout]     = note: the item is gated behind the `mqtt_publisher` feature
[INFO] [stdout] 
[INFO] [stdout] 
[INFO] [stdout] error[E0425]: cannot find value `JsonSerializer` in module `rapt::ser`
[INFO] [stdout]    --> examples/mqtt.rs:104:75
[INFO] [stdout]     |
[INFO] [stdout] 104 |     let publisher_thread = thread::spawn(move || publisher.run(rapt::ser::JsonSerializer));
[INFO] [stdout]     |                                                                           ^^^^^^^^^^^^^^ not found in `rapt::ser`
[INFO] [stdout]     |
[INFO] [stdout] note: found an item that was configured out
[INFO] [stdout]    --> /opt/rustwide/workdir/src/ser.rs:114:12
[INFO] [stdout]     |
[INFO] [stdout] 114 | pub struct JsonSerializer;
[INFO] [stdout]     |            ^^^^^^^^^^^^^^
[INFO] [stdout]     = note: the item is gated behind the `serde_json` feature
[INFO] [stdout] 
[INFO] [stdout] 
[INFO] [stdout] error: aborting due to 4 previous errors
[INFO] [stdout] 
[INFO] [stdout] 
[INFO] [stdout] Some errors have detailed explanations: E0425, E0432, E0433, E0463.
[INFO] [stdout] 
[INFO] [stdout] For more information about an error, try `rustc --explain E0425`.
[INFO] [stdout] 
[INFO] [stderr] error: could not compile `rapt` (example "mqtt") due to 5 previous errors
[INFO] [stderr] warning: build failed, waiting for other jobs to finish...
[INFO] running `Command { std: "docker" "inspect" "919863ae098c6b58aba2591f8164afeac2febba5b118a7c280abe2569cbd9590", kill_on_drop: false }`
[INFO] running `Command { std: "docker" "rm" "-f" "919863ae098c6b58aba2591f8164afeac2febba5b118a7c280abe2569cbd9590", kill_on_drop: false }`
[INFO] [stdout] 919863ae098c6b58aba2591f8164afeac2febba5b118a7c280abe2569cbd9590
