[INFO] fetching crate raider-server 1.2.3...
[INFO] checking raider-server-1.2.3 against nightly-2024-02-05 for check-cfg
[INFO] extracting crate raider-server 1.2.3 into /workspace/builds/worker-5-tc1/source
[INFO] validating manifest of crates.io crate raider-server 1.2.3 on toolchain nightly-2024-02-05
[INFO] running `Command { std: CARGO_HOME="/workspace/cargo-home" RUSTUP_HOME="/workspace/rustup-home" "/workspace/cargo-home/bin/cargo" "+nightly-2024-02-05" "metadata" "--manifest-path" "Cargo.toml" "--no-deps", kill_on_drop: false }`
[INFO] started tweaking crates.io crate raider-server 1.2.3
[INFO] finished tweaking crates.io crate raider-server 1.2.3
[INFO] tweaked toml for crates.io crate raider-server 1.2.3 written to /workspace/builds/worker-5-tc1/source/Cargo.toml
[INFO] crate crates.io crate raider-server 1.2.3 already has a lockfile, it will not be regenerated
[INFO] running `Command { std: CARGO_HOME="/workspace/cargo-home" RUSTUP_HOME="/workspace/rustup-home" "/workspace/cargo-home/bin/cargo" "+nightly-2024-02-05" "fetch" "--manifest-path" "Cargo.toml", kill_on_drop: false }`
[INFO] [stderr]     Updating crates.io index
[INFO] [stderr]  Downloading crates ...
[INFO] [stderr]   Downloaded tinyvec_macros v0.1.0
[INFO] [stderr]   Downloaded thread-id v2.0.0
[INFO] [stderr]   Downloaded percent-encoding v1.0.1
[INFO] [stderr]   Downloaded tinyvec v1.2.0
[INFO] [stderr]   Downloaded validate v0.6.1
[INFO] [stderr]   Downloaded utf8-ranges v0.1.3
[INFO] [stderr]   Downloaded matches v0.1.8
[INFO] [stderr]   Downloaded kernel32-sys v0.2.2
[INFO] [stderr]   Downloaded winapi-build v0.1.1
[INFO] [stderr]   Downloaded slug v0.1.4
[INFO] [stderr]   Downloaded unic-char-property v0.7.0
[INFO] [stderr]   Downloaded unicode-bidi v0.3.5
[INFO] [stderr]   Downloaded mime v0.2.6
[INFO] [stderr]   Downloaded unic-segment v0.7.0
[INFO] [stderr]   Downloaded digest v0.7.6
[INFO] [stderr]   Downloaded url v1.7.2
[INFO] [stderr]   Downloaded subtle v2.4.0
[INFO] [stderr]   Downloaded polyval v0.4.5
[INFO] [stderr]   Downloaded yansi v0.5.0
[INFO] [stderr]   Downloaded aes-gcm v0.8.0
[INFO] [stderr]   Downloaded pin-project v1.0.7
[INFO] [stderr]   Downloaded lazycell v1.3.0
[INFO] [stderr]   Downloaded net2 v0.2.37
[INFO] [stderr]   Downloaded rand_hc v0.3.0
[INFO] [stderr]   Downloaded autocfg v0.1.7
[INFO] [stderr]   Downloaded rocket_codegen v0.4.7
[INFO] [stderr]   Downloaded rand v0.8.3
[INFO] [stderr]   Downloaded clap v2.33.3
[INFO] [stderr]   Downloaded gimli v0.24.0
[INFO] [stderr]   Downloaded sha2 v0.9.5
[INFO] [stderr]   Downloaded diesel v1.4.6
[INFO] [stderr]   Downloaded rocket v0.4.7
[INFO] [stderr]   Downloaded num-traits v0.2.14
[INFO] [stderr]   Downloaded getrandom v0.2.2
[INFO] [stderr]   Downloaded crc32fast v1.2.1
[INFO] [stderr]   Downloaded base64 v0.9.3
[INFO] [stderr]   Downloaded httparse v1.4.1
[INFO] [stderr]   Downloaded hashbrown v0.9.1
[INFO] [stderr]   Downloaded indexmap v1.6.2
[INFO] [stderr]   Downloaded rocket_http v0.4.7
[INFO] [stderr]   Downloaded base64 v0.12.3
[INFO] [stderr]   Downloaded aes-soft v0.6.4
[INFO] [stderr]   Downloaded aesni v0.10.0
[INFO] [stderr]   Downloaded aes v0.6.0
[INFO] [stderr]   Downloaded hyper v0.10.16
[INFO] [stderr]   Downloaded tracing v0.1.26
[INFO] [stderr]   Downloaded pin-project-lite v0.2.6
[INFO] [stderr]   Downloaded crypto-mac v0.10.0
[INFO] [stderr]   Downloaded ppv-lite86 v0.2.10
[INFO] [stderr]   Downloaded wasi v0.10.2+wasi-snapshot-preview1
[INFO] [stderr]   Downloaded rand_core v0.6.2
[INFO] [stderr]   Downloaded cpufeatures v0.1.4
[INFO] [stderr]   Downloaded bufstream v0.1.4
[INFO] [stderr]   Downloaded lettre_email v0.9.4
[INFO] [stderr]   Downloaded r2d2 v0.8.9
[INFO] [stderr]   Downloaded language-tags v0.2.2
[INFO] [stderr]   Downloaded winapi-util v0.1.5
[INFO] [stderr]   Downloaded notify v4.0.17
[INFO] [stderr]   Downloaded aead v0.3.2
[INFO] [stderr]   Downloaded filetime v0.2.14
[INFO] [stderr]   Downloaded openssl-src v111.15.0+1.1.1k
[INFO] [stderr]   Downloaded bumpalo v3.6.1
[INFO] [stderr]   Downloaded mysqlclient-sys v0.2.4
[INFO] [stderr]   Downloaded safemem v0.2.0
[INFO] [stderr]   Downloaded pear_codegen v0.1.4
[INFO] [stderr]   Downloaded block-buffer v0.9.0
[INFO] [stderr]   Downloaded winutil v0.1.1
[INFO] [stderr]   Downloaded scheduled-thread-pool v0.2.5
[INFO] [stderr]   Downloaded unicode-width v0.1.8
[INFO] [stderr]   Downloaded fuchsia-zircon v0.3.3
[INFO] [stderr]   Downloaded pin-project-internal v1.0.7
[INFO] [stderr]   Downloaded hermit-abi v0.1.18
[INFO] [stderr]   Downloaded walkdir v2.3.2
[INFO] [stderr]   Downloaded bitflags v1.2.1
[INFO] [stderr]   Downloaded cipher v0.2.5
[INFO] [stderr]   Downloaded universal-hash v0.4.0
[INFO] [stderr]   Downloaded ghash v0.3.1
[INFO] [stderr]   Downloaded digest v0.9.0
[INFO] [stderr]   Downloaded cookie v0.11.4
[INFO] [stderr]   Downloaded tempfile v3.2.0
[INFO] [stderr]   Downloaded fsevent v0.4.0
[INFO] [stderr]   Downloaded try-lock v0.2.3
[INFO] [stderr]   Downloaded num_cpus v1.13.0
[INFO] [stderr]   Downloaded typeable v0.1.2
[INFO] [stderr]   Downloaded version_check v0.1.5
[INFO] [stderr]   Downloaded unicase v1.4.2
[INFO] [stderr]   Downloaded opaque-debug v0.2.3
[INFO] [stderr]   Downloaded slab v0.4.3
[INFO] [stderr]   Downloaded mio-extras v2.0.6
[INFO] [stderr]   Downloaded same-file v1.0.6
[INFO] [stderr]   Downloaded devise_codegen v0.2.0
[INFO] [stderr]   Downloaded devise_core v0.2.0
[INFO] [stderr]   Downloaded devise v0.2.0
[INFO] [stderr]   Downloaded glob v0.3.0
[INFO] [stderr]   Downloaded cpuid-bool v0.2.0
[INFO] [stderr]   Downloaded hmac v0.10.1
[INFO] [stderr]   Downloaded rand_chacha v0.3.0
[INFO] [stderr]   Downloaded opaque-debug v0.3.0
[INFO] [stderr]   Downloaded safemem v0.3.3
[INFO] [stderr]   Downloaded hostname v0.1.5
[INFO] [stderr]   Downloaded traitobject v0.1.0
[INFO] [stderr]   Downloaded pear v0.1.4
[INFO] [stderr]   Downloaded smallvec v1.6.1
[INFO] [stderr]   Downloaded state v0.4.2
[INFO] [stderr]   Downloaded ws2_32-sys v0.2.1
[INFO] [stderr]   Downloaded miow v0.2.2
[INFO] [stderr]   Downloaded serde_urlencoded v0.7.0
[INFO] [stderr]   Downloaded vcpkg v0.2.12
[INFO] [stderr]   Downloaded openssl-sys v0.9.63
[INFO] [stderr]   Downloaded core-foundation v0.9.1
[INFO] [stderr]   Downloaded security-framework-sys v2.2.0
[INFO] [stderr]   Downloaded openssl-probe v0.1.4
[INFO] [stderr]   Downloaded want v0.3.0
[INFO] [stderr]   Downloaded ipnet v2.3.0
[INFO] [stderr]   Downloaded schannel v0.1.19
[INFO] [stderr]   Downloaded mime v0.3.16
[INFO] [stderr]   Downloaded unicase v2.6.0
[INFO] [stderr]   Downloaded wasm-bindgen-backend v0.2.74
[INFO] [stderr]   Downloaded once_cell v1.7.2
[INFO] [stderr]   Downloaded openssl v0.10.34
[INFO] [stderr]   Downloaded web-sys v0.3.51
[INFO] [stderr]   Downloaded inotify-sys v0.1.5
[INFO] [stderr]   Downloaded inotify v0.7.1
[INFO] [stderr]   Downloaded encoding-index-simpchinese v1.20141219.5
[INFO] [stderr]   Downloaded encoding_rs v0.8.28
[INFO] [stderr]   Downloaded tower-service v0.3.1
[INFO] [stderr]   Downloaded tracing-core v0.1.18
[INFO] [stderr]   Downloaded wasm-bindgen-shared v0.2.74
[INFO] [stderr]   Downloaded fuchsia-zircon-sys v0.3.3
[INFO] [stderr]   Downloaded native-tls v0.2.7
[INFO] [stderr]   Downloaded url v2.2.2
[INFO] [stderr]   Downloaded winreg v0.7.0
[INFO] [stderr]   Downloaded futures-core v0.3.15
[INFO] [stderr]   Downloaded wasm-bindgen-futures v0.4.24
[INFO] [stderr]   Downloaded js-sys v0.3.51
[INFO] [stderr]   Downloaded winapi v0.2.8
[INFO] [stderr]   Downloaded libc v0.2.94
[INFO] [stderr]   Downloaded fsevent-sys v2.0.1
[INFO] [stderr]   Downloaded mime_guess v2.0.3
[INFO] [stderr]   Downloaded pkg-config v0.3.19
[INFO] [stderr]   Downloaded security-framework v2.2.0
[INFO] [stderr]   Downloaded core-foundation-sys v0.8.2
[INFO] [stderr]   Downloaded idna v0.2.3
[INFO] [stderr]   Downloaded wasm-bindgen v0.2.74
[INFO] [stderr]   Downloaded chrono v0.4.19
[INFO] [stderr]   Downloaded object v0.24.0
[INFO] [stderr]   Downloaded regex-syntax v0.6.25
[INFO] [stderr]   Downloaded percent-encoding v2.1.0
[INFO] [stderr]   Downloaded encoding v0.2.33
[INFO] [stderr]   Downloaded encoding-index-japanese v1.20141219.5
[INFO] [stderr]   Downloaded nom v4.2.3
[INFO] [stderr]   Downloaded hkdf v0.10.0
[INFO] [stderr]   Downloaded idna v0.1.5
[INFO] [stderr]   Downloaded form_urlencoded v1.0.1
[INFO] [stderr]   Downloaded wasm-bindgen-macro-support v0.2.74
[INFO] [stderr]   Downloaded wasm-bindgen-macro v0.2.74
[INFO] [stderr]   Downloaded redox_syscall v0.2.8
[INFO] [stderr]   Downloaded encoding-index-tradchinese v1.20141219.5
[INFO] [stderr]   Downloaded futures-util v0.3.15
[INFO] [stderr]   Downloaded aho-corasick v0.7.18
[INFO] [stderr]   Downloaded regex v1.5.4
[INFO] [stderr]   Downloaded syn v1.0.72
[INFO] [stderr]   Downloaded aho-corasick v0.5.3
[INFO] [stderr]   Downloaded base64 v0.13.0
[INFO] [stderr]   Downloaded miniz_oxide v0.4.4
[INFO] [stderr]   Downloaded backtrace v0.3.59
[INFO] [stderr]   Downloaded generic-array v0.14.4
[INFO] [stderr]   Downloaded log v0.4.14
[INFO] [stderr]   Downloaded base64 v0.6.0
[INFO] [stderr]   Downloaded iso_country v0.1.4
[INFO] [stderr]   Downloaded ctr v0.6.0
[INFO] [stderr]   Downloaded num-traits v0.1.43
[INFO] [stderr]   Downloaded encoding-index-korean v1.20141219.5
[INFO] [stderr]   Downloaded regex-syntax v0.3.9
[INFO] [stderr]   Downloaded regex v0.1.80
[INFO] [stderr]   Downloaded log v0.3.9
[INFO] [stderr]   Downloaded encoding-index-singlebyte v1.20141219.5
[INFO] [stderr]   Downloaded email v0.0.20
[INFO] [stderr]   Downloaded base64 v0.10.1
[INFO] [stderr]   Downloaded ascii_utils v0.9.3
[INFO] [stderr]   Downloaded fast_chemail v0.9.6
[INFO] [stderr]   Downloaded lettre v0.9.5
[INFO] [stderr]   Downloaded bigdecimal v0.1.2
[INFO] [stderr]   Downloaded diesel_derives v1.4.1
[INFO] [stderr]   Downloaded num-bigint v0.2.6
[INFO] [stderr]   Downloaded scopeguard v1.1.0
[INFO] [stderr]   Downloaded lock_api v0.4.4
[INFO] [stderr]   Downloaded parking_lot_core v0.8.3
[INFO] [stderr]   Downloaded parking_lot v0.11.1
[INFO] [stderr]   Downloaded rand v0.4.6
[INFO] [stderr]   Downloaded flate2 v1.0.20
[INFO] [stderr]   Downloaded async-compression v0.3.8
[INFO] [stderr]   Downloaded futures-io v0.3.15
[INFO] [stderr]   Downloaded futures-task v0.3.15
[INFO] [stderr]   Downloaded http v0.2.4
[INFO] [stderr]   Downloaded num-integer v0.1.44
[INFO] [stderr]   Downloaded addr2line v0.15.1
[INFO] [stderr]   Downloaded cc v1.0.67
[INFO] [stderr]   Downloaded autocfg v1.0.1
[INFO] [stderr]   Downloaded rustc-demangle v0.1.19
[INFO] [stderr]   Downloaded version_check v0.9.3
[INFO] [stderr]   Downloaded error-chain v0.12.4
[INFO] [stderr]   Downloaded glob v0.2.11
[INFO] [stderr]   Downloaded maplit v1.0.2
[INFO] [stderr]   Downloaded ucd-trie v0.1.3
[INFO] [stderr]   Downloaded pest v2.1.3
[INFO] [stderr]   Downloaded generic-array v0.12.4
[INFO] [stderr]   Downloaded digest v0.8.1
[INFO] [stderr]   Downloaded pest_generator v2.1.3
[INFO] [stderr]   Downloaded pest_derive v2.1.0
[INFO] [stderr]   Downloaded memchr v2.4.0
[INFO] [stderr]   Downloaded itoa v0.4.7
[INFO] [stderr]   Downloaded ryu v1.0.5
[INFO] [stderr]   Downloaded serde_json v1.0.64
[INFO] [stderr]   Downloaded deunicode v0.4.3
[INFO] [stderr]   Downloaded tera v0.11.20
[INFO] [stderr]   Downloaded encoding_index_tests v0.1.4
[INFO] [stderr]   Downloaded instant v0.1.9
[INFO] [stderr]   Downloaded r2d2-diesel v1.0.0
[INFO] [stderr]   Downloaded futures-channel v0.3.15
[INFO] [stderr]   Downloaded futures-sink v0.3.15
[INFO] [stderr]   Downloaded bytes v1.0.1
[INFO] [stderr]   Downloaded humansize v1.1.0
[INFO] [stderr]   Downloaded block-padding v0.1.5
[INFO] [stderr]   Downloaded byte-tools v0.3.1
[INFO] [stderr]   Downloaded block-buffer v0.7.3
[INFO] [stderr]   Downloaded pest_meta v2.1.3
[INFO] [stderr]   Downloaded serde v1.0.126
[INFO] [stderr]   Downloaded byteorder v1.4.3
[INFO] [stderr]   Downloaded sha-1 v0.8.2
[INFO] [stderr]   Downloaded serde_derive v1.0.126
[INFO] [stderr]   Downloaded byte-tools v0.2.0
[INFO] [stderr]   Downloaded toml v0.4.10
[INFO] [stderr]   Downloaded rocket_contrib v0.4.7
[INFO] [stderr]   Downloaded separator v0.3.1
[INFO] [stderr]   Downloaded proc-macro2 v1.0.26
[INFO] [stderr]   Downloaded unicode-xid v0.2.2
[INFO] [stderr]   Downloaded unic-ucd-segment v0.7.0
[INFO] [stderr]   Downloaded sha2 v0.7.1
[INFO] [stderr]   Downloaded time v0.1.43
[INFO] [stderr]   Downloaded unic-char-range v0.7.0
[INFO] [stderr]   Downloaded quote v1.0.9
[INFO] [stderr]   Downloaded block-buffer v0.3.3
[INFO] [stderr]   Downloaded fake-simd v0.1.2
[INFO] [stderr]   Downloaded unic-common v0.7.0
[INFO] [stderr]   Downloaded arrayref v0.3.6
[INFO] [stderr]   Downloaded generic-array v0.9.1
[INFO] [stderr]   Downloaded memchr v0.1.11
[INFO] [stderr]   Downloaded url_serde v0.2.0
[INFO] [stderr]   Downloaded thread_local v0.2.7
[INFO] [stderr]   Downloaded unic-ucd-version v0.7.0
[INFO] [stderr]   Downloaded unicode-normalization v0.1.17
[INFO] [stderr]   Downloaded typenum v1.13.0
[INFO] running `Command { std: "docker" "create" "-v" "/var/lib/crater-agent-workspace/builds/worker-5-tc1/target:/opt/rustwide/target:rw,Z" "-v" "/var/lib/crater-agent-workspace/builds/worker-5-tc1/source:/opt/rustwide/workdir:ro,Z" "-v" "/var/lib/crater-agent-workspace/cargo-home:/opt/rustwide/cargo-home:ro,Z" "-v" "/var/lib/crater-agent-workspace/rustup-home:/opt/rustwide/rustup-home:ro,Z" "-e" "SOURCE_DIR=/opt/rustwide/workdir" "-e" "CARGO_TARGET_DIR=/opt/rustwide/target" "-e" "CARGO_HOME=/opt/rustwide/cargo-home" "-e" "RUSTUP_HOME=/opt/rustwide/rustup-home" "-w" "/opt/rustwide/workdir" "-m" "1610612736" "--user" "0:0" "--network" "none" "ghcr.io/rust-lang/crates-build-env/linux@sha256:2788e3201cd34a07e3172128adcd8b3090168a8e3bcc40d7c032b9dda1df7d1c" "/opt/rustwide/cargo-home/bin/cargo" "+nightly-2024-02-05" "metadata" "--no-deps" "--format-version=1", kill_on_drop: false }`
[INFO] [stdout] 93c83759e8127e653b5d394a807976242a4205dab62d28b2e023f3eb36c4cc61
[INFO] running `Command { std: "docker" "start" "-a" "93c83759e8127e653b5d394a807976242a4205dab62d28b2e023f3eb36c4cc61", kill_on_drop: false }`
[INFO] running `Command { std: "docker" "inspect" "93c83759e8127e653b5d394a807976242a4205dab62d28b2e023f3eb36c4cc61", kill_on_drop: false }`
[INFO] running `Command { std: "docker" "rm" "-f" "93c83759e8127e653b5d394a807976242a4205dab62d28b2e023f3eb36c4cc61", kill_on_drop: false }`
[INFO] [stdout] 93c83759e8127e653b5d394a807976242a4205dab62d28b2e023f3eb36c4cc61
[INFO] running `Command { std: "docker" "create" "-v" "/var/lib/crater-agent-workspace/builds/worker-5-tc1/target:/opt/rustwide/target:rw,Z" "-v" "/var/lib/crater-agent-workspace/builds/worker-5-tc1/source:/opt/rustwide/workdir:ro,Z" "-v" "/var/lib/crater-agent-workspace/cargo-home:/opt/rustwide/cargo-home:ro,Z" "-v" "/var/lib/crater-agent-workspace/rustup-home:/opt/rustwide/rustup-home:ro,Z" "-e" "SOURCE_DIR=/opt/rustwide/workdir" "-e" "CARGO_TARGET_DIR=/opt/rustwide/target" "-e" "CARGO_INCREMENTAL=0" "-e" "RUST_BACKTRACE=full" "-e" "RUSTFLAGS=--cap-lints=forbid" "-e" "RUSTDOCFLAGS=--cap-lints=forbid" "-e" "CARGO_HOME=/opt/rustwide/cargo-home" "-e" "RUSTUP_HOME=/opt/rustwide/rustup-home" "-w" "/opt/rustwide/workdir" "-m" "1610612736" "--user" "0:0" "--network" "none" "ghcr.io/rust-lang/crates-build-env/linux@sha256:2788e3201cd34a07e3172128adcd8b3090168a8e3bcc40d7c032b9dda1df7d1c" "/opt/rustwide/cargo-home/bin/cargo" "+nightly-2024-02-05" "check" "--frozen" "--all" "--all-targets" "--message-format=json", kill_on_drop: false }`
[INFO] [stdout] 927f661eee4cb1551cfe9a614a108a6abcd16a1828f449cde3e26243ddd27cb5
[INFO] running `Command { std: "docker" "start" "-a" "927f661eee4cb1551cfe9a614a108a6abcd16a1828f449cde3e26243ddd27cb5", kill_on_drop: false }`
[INFO] [stderr]    Compiling libc v0.2.94
[INFO] [stderr]    Compiling version_check v0.9.3
[INFO] [stderr]    Compiling autocfg v1.0.1
[INFO] [stderr]    Compiling typenum v1.13.0
[INFO] [stderr]    Compiling log v0.4.14
[INFO] [stderr]    Compiling proc-macro2 v1.0.26
[INFO] [stderr]    Compiling unicode-xid v0.2.2
[INFO] [stderr]    Compiling version_check v0.1.5
[INFO] [stderr]    Compiling memchr v2.4.0
[INFO] [stderr]    Compiling bitflags v1.2.1
[INFO] [stderr]    Compiling generic-array v0.14.4
[INFO] [stderr]    Compiling cc v1.0.67
[INFO] [stderr]    Compiling syn v1.0.72
[INFO] [stderr]    Compiling pkg-config v0.3.19
[INFO] [stderr]     Checking matches v0.1.8
[INFO] [stderr]    Compiling getrandom v0.2.2
[INFO] [stderr]     Checking tinyvec_macros v0.1.0
[INFO] [stderr]    Compiling quote v1.0.9
[INFO] [stderr]    Compiling proc-macro2 v0.4.30
[INFO] [stderr]     Checking tinyvec v1.2.0
[INFO] [stderr]    Compiling unicode-xid v0.1.0
[INFO] [stderr]    Compiling cfg-if v1.0.0
[INFO] [stderr]    Compiling yansi v0.5.0
[INFO] [stderr]     Checking unicode-bidi v0.3.5
[INFO] [stderr]    Compiling num-traits v0.2.14
[INFO] [stderr]    Compiling syn v0.15.44
[INFO] [stderr]    Compiling httparse v1.4.1
[INFO] [stderr]    Compiling openssl-src v111.15.0+1.1.1k
[INFO] [stderr]    Compiling quote v0.6.13
[INFO] [stderr]    Compiling indexmap v1.6.2
[INFO] [stderr]    Compiling serde v1.0.126
[INFO] [stderr]    Compiling subtle v2.4.0
[INFO] [stderr]     Checking byteorder v1.4.3
[INFO] [stderr]     Checking unicode-normalization v0.1.17
[INFO] [stderr]    Compiling futures-core v0.3.15
[INFO] [stderr]     Checking itoa v0.4.7
[INFO] [stderr]     Checking slab v0.4.3
[INFO] [stderr]     Checking cfg-if v0.1.10
[INFO] [stderr]     Checking net2 v0.2.37
[INFO] [stderr]    Compiling openssl-sys v0.9.63
[INFO] [stderr]     Checking iovec v0.1.4
[INFO] [stderr]     Checking time v0.1.43
[INFO] [stderr]     Checking num_cpus v1.13.0
[INFO] [stderr]    Compiling num-integer v0.1.44
[INFO] [stderr]     Checking rand_core v0.4.2
[INFO] [stderr]    Compiling autocfg v0.1.7
[INFO] [stderr]    Compiling opaque-debug v0.3.0
[INFO] [stderr]     Checking mio v0.6.23
[INFO] [stderr]    Compiling unicase v1.4.2
[INFO] [stderr]     Checking idna v0.1.5
[INFO] [stderr]    Compiling cipher v0.2.5
[INFO] [stderr]    Compiling pear_codegen v0.1.4
[INFO] [stderr]    Compiling miniz_oxide v0.4.4
[INFO] [stderr]     Checking percent-encoding v1.0.1
[INFO] [stderr]    Compiling ryu v1.0.5
[INFO] [stderr]     Checking bytes v0.5.6
[INFO] [stderr]     Checking fnv v1.0.7
[INFO] [stderr]     Checking url v1.7.2
[INFO] [stderr]    Compiling universal-hash v0.4.0
[INFO] [stderr]    Compiling digest v0.9.0
[INFO] [stderr]     Checking percent-encoding v2.1.0
[INFO] [stderr]     Checking hashbrown v0.9.1
[INFO] [stderr]     Checking adler v1.0.2
[INFO] [stderr]     Checking pin-project-lite v0.2.6
[INFO] [stderr]    Compiling cpuid-bool v0.2.0
[INFO] [stderr]     Checking encoding_index_tests v0.1.4
[INFO] [stderr]    Compiling openssl v0.10.34
[INFO] [stderr]     Checking smallvec v1.6.1
[INFO] [stderr]     Checking foreign-types-shared v0.1.1
[INFO] [stderr]     Checking foreign-types v0.3.2
[INFO] [stderr]    Compiling polyval v0.4.5
[INFO] [stderr]    Compiling rand_core v0.6.2
[INFO] [stderr]    Compiling aes-soft v0.6.4
[INFO] [stderr]     Checking rand_core v0.3.1
[INFO] [stderr]    Compiling crypto-mac v0.10.0
[INFO] [stderr]    Compiling unicase v2.6.0
[INFO] [stderr]    Compiling winapi-build v0.1.1
[INFO] [stderr]     Checking pin-project-lite v0.1.12
[INFO] [stderr]     Checking safemem v0.3.3
[INFO] [stderr]    Compiling futures-task v0.3.15
[INFO] [stderr]    Compiling native-tls v0.2.7
[INFO] [stderr]     Checking once_cell v1.7.2
[INFO] [stderr]    Compiling serde_json v1.0.64
[INFO] [stderr]    Compiling ppv-lite86 v0.2.10
[INFO] [stderr]     Checking base64 v0.9.3
[INFO] [stderr]     Checking tokio v0.2.25
[INFO] [stderr]    Compiling kernel32-sys v0.2.2
[INFO] [stderr]    Compiling log v0.3.9
[INFO] [stderr]    Compiling rand_chacha v0.3.0
[INFO] [stderr]    Compiling aes v0.6.0
[INFO] [stderr]    Compiling hmac v0.10.1
[INFO] [stderr]    Compiling ghash v0.3.1
[INFO] [stderr]    Compiling ctr v0.6.0
[INFO] [stderr]     Checking chrono v0.4.19
[INFO] [stderr]    Compiling aead v0.3.2
[INFO] [stderr]    Compiling block-buffer v0.9.0
[INFO] [stderr]     Checking tracing-core v0.1.18
[INFO] [stderr]    Compiling futures-util v0.3.15
[INFO] [stderr]    Compiling ucd-trie v0.1.3
[INFO] [stderr]     Checking bytes v1.0.1
[INFO] [stderr]    Compiling cpufeatures v0.1.4
[INFO] [stderr]     Checking openssl-probe v0.1.4
[INFO] [stderr]    Compiling sha2 v0.9.5
[INFO] [stderr]     Checking http v0.2.4
[INFO] [stderr]    Compiling pest v2.1.3
[INFO] [stderr]    Compiling pin-project-internal v1.0.7
[INFO] [stderr]     Checking tracing v0.1.26
[INFO] [stderr]    Compiling devise_core v0.2.0
[INFO] [stdout] error[E0557]: feature has been removed
[INFO] [stdout]  --> /opt/rustwide/cargo-home/registry/src/index.crates.io-6f17d22bba15001f/devise_core-0.2.0/src/lib.rs:2:12
[INFO] [stdout]   |
[INFO] [stdout] 2 | #![feature(crate_visibility_modifier)]
[INFO] [stdout]   |            ^^^^^^^^^^^^^^^^^^^^^^^^^ feature has been removed
[INFO] [stdout]   |
[INFO] [stdout]   = note: removed in favor of `pub(crate)`
[INFO] [stdout] 
[INFO] [stdout] 
[INFO] [stdout] error: expected one of `!` or `::`, found keyword `enum`
[INFO] [stdout]   --> /opt/rustwide/cargo-home/registry/src/index.crates.io-6f17d22bba15001f/devise_core-0.2.0/src/field.rs:52:7
[INFO] [stdout]    |
[INFO] [stdout] 52 | crate enum FieldKind<'p> {
[INFO] [stdout]    |       ^^^^ expected one of `!` or `::`
[INFO] [stdout] 
[INFO] [stdout] 
[INFO] [stdout] error: expected identifier, found keyword `crate`
[INFO] [stdout]   --> /opt/rustwide/cargo-home/registry/src/index.crates.io-6f17d22bba15001f/devise_core-0.2.0/src/generator.rs:69:5
[INFO] [stdout]    |
[INFO] [stdout] 65 | pub struct DeriveGenerator {
[INFO] [stdout]    |            --------------- while parsing this struct
[INFO] [stdout] ...
[INFO] [stdout] 69 |     crate generic_support: GenericSupport,
[INFO] [stdout]    |     ^^^^^ expected identifier, found keyword
[INFO] [stdout] 
[INFO] [stdout] 
[INFO] [stdout] error: expected one of `!` or `::`, found keyword `fn`
[INFO] [stdout]    --> /opt/rustwide/cargo-home/registry/src/index.crates.io-6f17d22bba15001f/devise_core-0.2.0/src/generator.rs:28:15
[INFO] [stdout]     |
[INFO] [stdout] 28  |           crate fn push_default_mappers(&mut self) {
[INFO] [stdout]     |                 ^^ expected one of `!` or `::`
[INFO] [stdout] ...
[INFO] [stdout] 193 | /     mappers! {
[INFO] [stdout] 194 | |         (map_struct, try_map_struct, struct_mapper): Struct, struct_mappers,
[INFO] [stdout] 195 | |         (map_enum, try_map_enum, enum_mapper): Enum, enum_mappers,
[INFO] [stdout] 196 | |         (map_variant, try_map_variant, variant_mapper): Variant, variant_mappers,
[INFO] [stdout] 197 | |         (map_fields, try_map_fields, fields_mapper): Fields, fields_mappers,
[INFO] [stdout] 198 | |         (map_field, try_map_field, field_mapper): Field, field_mappers
[INFO] [stdout] 199 | |     }
[INFO] [stdout]     | |_____- in this macro invocation
[INFO] [stdout]     |
[INFO] [stdout]     = note: this error originates in the macro `mappers` (in Nightly builds, run with -Z macro-backtrace for more info)
[INFO] [stdout] 
[INFO] [stdout] 
[INFO] [stdout] error[E0432]: unresolved imports `field::Field`, `field::Fields`
[INFO] [stdout]  --> /opt/rustwide/cargo-home/registry/src/index.crates.io-6f17d22bba15001f/devise_core-0.2.0/src/generator.rs:8:13
[INFO] [stdout]   |
[INFO] [stdout] 8 | use field::{Field, Fields};
[INFO] [stdout]   |             ^^^^^  ^^^^^^ no `Fields` in `field`
[INFO] [stdout]   |             |
[INFO] [stdout]   |             no `Field` in `field`
[INFO] [stdout]   |
[INFO] [stdout]   = help: consider importing one of these items instead:
[INFO] [stdout]           syn::Expr::Field
[INFO] [stdout]           syn::Field
[INFO] [stdout]   = help: consider importing this enum instead:
[INFO] [stdout]           syn::Fields
[INFO] [stdout] 
[INFO] [stdout] 
[INFO] [stdout] error[E0432]: unresolved imports `field::Field`, `field::FieldParent`, `field::Fields`
[INFO] [stdout]  --> /opt/rustwide/cargo-home/registry/src/index.crates.io-6f17d22bba15001f/devise_core-0.2.0/src/derived.rs:5:13
[INFO] [stdout]   |
[INFO] [stdout] 5 | use field::{Field, FieldParent, Fields};
[INFO] [stdout]   |             ^^^^^  ^^^^^^^^^^^  ^^^^^^ no `Fields` in `field`
[INFO] [stdout]   |             |      |
[INFO] [stdout]   |             |      no `FieldParent` in `field`
[INFO] [stdout]   |             no `Field` in `field`
[INFO] [stdout]   |
[INFO] [stdout]   = help: consider importing one of these items instead:
[INFO] [stdout]           syn::Expr::Field
[INFO] [stdout]           syn::Field
[INFO] [stdout]   = help: consider importing this enum instead:
[INFO] [stdout]           syn::Fields
[INFO] [stdout] 
[INFO] [stdout] 
[INFO] [stderr]    Compiling aes-gcm v0.8.0
[INFO] [stdout] error: aborting due to 6 previous errors
[INFO] [stdout] 
[INFO] [stdout] 
[INFO] [stdout] Some errors have detailed explanations: E0432, E0557.
[INFO] [stdout] 
[INFO] [stdout] For more information about an error, try `rustc --explain E0432`.
[INFO] [stdout] 
[INFO] [stderr] error: could not compile `devise_core` (lib) due to 7 previous errors
[INFO] [stderr] warning: build failed, waiting for other jobs to finish...
[INFO] running `Command { std: "docker" "inspect" "927f661eee4cb1551cfe9a614a108a6abcd16a1828f449cde3e26243ddd27cb5", kill_on_drop: false }`
[INFO] running `Command { std: "docker" "rm" "-f" "927f661eee4cb1551cfe9a614a108a6abcd16a1828f449cde3e26243ddd27cb5", kill_on_drop: false }`
[INFO] [stdout] 927f661eee4cb1551cfe9a614a108a6abcd16a1828f449cde3e26243ddd27cb5
