[INFO] fetching crate rafx-plugins 0.0.14...
[INFO] checking rafx-plugins-0.0.14 against nightly-2024-02-05 for check-cfg
[INFO] extracting crate rafx-plugins 0.0.14 into /workspace/builds/worker-1-tc1/source
[INFO] validating manifest of crates.io crate rafx-plugins 0.0.14 on toolchain nightly-2024-02-05
[INFO] running `Command { std: CARGO_HOME="/workspace/cargo-home" RUSTUP_HOME="/workspace/rustup-home" "/workspace/cargo-home/bin/cargo" "+nightly-2024-02-05" "metadata" "--manifest-path" "Cargo.toml" "--no-deps", kill_on_drop: false }`
[INFO] started tweaking crates.io crate rafx-plugins 0.0.14
[INFO] finished tweaking crates.io crate rafx-plugins 0.0.14
[INFO] tweaked toml for crates.io crate rafx-plugins 0.0.14 written to /workspace/builds/worker-1-tc1/source/Cargo.toml
[INFO] running `Command { std: CARGO_HOME="/workspace/cargo-home" RUSTUP_HOME="/workspace/rustup-home" "/workspace/cargo-home/bin/cargo" "+nightly-2024-02-05" "generate-lockfile" "--manifest-path" "Cargo.toml", kill_on_drop: false }`
[INFO] [stderr]     Updating crates.io index
[INFO] running `Command { std: CARGO_HOME="/workspace/cargo-home" RUSTUP_HOME="/workspace/rustup-home" "/workspace/cargo-home/bin/cargo" "+nightly-2024-02-05" "fetch" "--manifest-path" "Cargo.toml", kill_on_drop: false }`
[INFO] [stderr]  Downloading crates ...
[INFO] [stderr]   Downloaded profiling-procmacros v1.0.14
[INFO] [stderr]   Downloaded distill-serde-importable-derive v0.0.3
[INFO] [stderr]   Downloaded distill-core v0.0.3
[INFO] [stderr]   Downloaded rafx v0.0.14
[INFO] [stderr]   Downloaded rafx-base v0.0.14
[INFO] [stderr]   Downloaded path-slash v0.1.5
[INFO] [stderr]   Downloaded gltf-json v0.16.0
[INFO] [stderr]   Downloaded rectangle-pack v0.2.2
[INFO] [stderr]   Downloaded emath v0.12.0
[INFO] [stderr]   Downloaded capnp v0.14.11
[INFO] [stderr]   Downloaded ttf-parser v0.8.3
[INFO] [stderr]   Downloaded legion v0.4.0
[INFO] [stderr]   Downloaded epaint v0.12.0
[INFO] [stderr]   Downloaded fontdue v0.4.0
[INFO] [stderr]   Downloaded distill-downstream-lmdb-sys v0.8.0-windows-fix
[INFO] [stderr]   Downloaded rafx-framework v0.0.14
[INFO] [stderr]   Downloaded rafx-api v0.0.14
[INFO] [stderr]   Downloaded egui v0.12.0
[INFO] [stderr]   Downloaded distill-schema v0.0.3
[INFO] [stderr]   Downloaded rafx-assets v0.0.14
[INFO] [stderr]   Downloaded gltf v0.16.0
[INFO] [stderr]   Downloaded capnp-rpc v0.14.1
[INFO] [stderr]   Downloaded distill-daemon v0.0.3
[INFO] [stderr]   Downloaded distill-downstream-lmdb-rkv v0.11.0-windows-fix
[INFO] [stderr]   Downloaded distill-loader v0.0.3
[INFO] [stderr]   Downloaded distill v0.0.3
[INFO] [stderr]   Downloaded rafx-renderer v0.0.14
[INFO] [stderr]   Downloaded distill-importer v0.0.3
[INFO] [stderr]   Downloaded capnp-futures v0.14.3
[INFO] [stderr]   Downloaded scoped-tls-hkt v0.1.4
[INFO] [stderr]   Downloaded gltf-derive v0.16.0
[INFO] [stderr]   Downloaded rafx-visibility v0.0.14
[INFO] [stderr]   Downloaded ldtk_rust v0.4.1
[INFO] running `Command { std: "docker" "create" "-v" "/var/lib/crater-agent-workspace/builds/worker-1-tc1/target:/opt/rustwide/target:rw,Z" "-v" "/var/lib/crater-agent-workspace/builds/worker-1-tc1/source:/opt/rustwide/workdir:ro,Z" "-v" "/var/lib/crater-agent-workspace/cargo-home:/opt/rustwide/cargo-home:ro,Z" "-v" "/var/lib/crater-agent-workspace/rustup-home:/opt/rustwide/rustup-home:ro,Z" "-e" "SOURCE_DIR=/opt/rustwide/workdir" "-e" "CARGO_TARGET_DIR=/opt/rustwide/target" "-e" "CARGO_HOME=/opt/rustwide/cargo-home" "-e" "RUSTUP_HOME=/opt/rustwide/rustup-home" "-w" "/opt/rustwide/workdir" "-m" "1610612736" "--user" "0:0" "--network" "none" "ghcr.io/rust-lang/crates-build-env/linux@sha256:2788e3201cd34a07e3172128adcd8b3090168a8e3bcc40d7c032b9dda1df7d1c" "/opt/rustwide/cargo-home/bin/cargo" "+nightly-2024-02-05" "metadata" "--no-deps" "--format-version=1", kill_on_drop: false }`
[INFO] [stdout] 3ea6442dcb4e7eb238eb87524c160efce00e92c1d486df52c126c9d072d0cc49
[INFO] running `Command { std: "docker" "start" "-a" "3ea6442dcb4e7eb238eb87524c160efce00e92c1d486df52c126c9d072d0cc49", kill_on_drop: false }`
[INFO] running `Command { std: "docker" "inspect" "3ea6442dcb4e7eb238eb87524c160efce00e92c1d486df52c126c9d072d0cc49", kill_on_drop: false }`
[INFO] running `Command { std: "docker" "rm" "-f" "3ea6442dcb4e7eb238eb87524c160efce00e92c1d486df52c126c9d072d0cc49", kill_on_drop: false }`
[INFO] [stdout] 3ea6442dcb4e7eb238eb87524c160efce00e92c1d486df52c126c9d072d0cc49
[INFO] running `Command { std: "docker" "create" "-v" "/var/lib/crater-agent-workspace/builds/worker-1-tc1/target:/opt/rustwide/target:rw,Z" "-v" "/var/lib/crater-agent-workspace/builds/worker-1-tc1/source:/opt/rustwide/workdir:ro,Z" "-v" "/var/lib/crater-agent-workspace/cargo-home:/opt/rustwide/cargo-home:ro,Z" "-v" "/var/lib/crater-agent-workspace/rustup-home:/opt/rustwide/rustup-home:ro,Z" "-e" "SOURCE_DIR=/opt/rustwide/workdir" "-e" "CARGO_TARGET_DIR=/opt/rustwide/target" "-e" "CARGO_INCREMENTAL=0" "-e" "RUST_BACKTRACE=full" "-e" "RUSTFLAGS=--cap-lints=forbid" "-e" "RUSTDOCFLAGS=--cap-lints=forbid" "-e" "CARGO_HOME=/opt/rustwide/cargo-home" "-e" "RUSTUP_HOME=/opt/rustwide/rustup-home" "-w" "/opt/rustwide/workdir" "-m" "1610612736" "--user" "0:0" "--network" "none" "ghcr.io/rust-lang/crates-build-env/linux@sha256:2788e3201cd34a07e3172128adcd8b3090168a8e3bcc40d7c032b9dda1df7d1c" "/opt/rustwide/cargo-home/bin/cargo" "+nightly-2024-02-05" "check" "--frozen" "--all" "--all-targets" "--message-format=json", kill_on_drop: false }`
[INFO] [stdout] 15918032fb1c8ec6e858bb9f43f256ba5c1bf1bbc32fd2fa3f4500c72a86eb0a
[INFO] running `Command { std: "docker" "start" "-a" "15918032fb1c8ec6e858bb9f43f256ba5c1bf1bbc32fd2fa3f4500c72a86eb0a", kill_on_drop: false }`
[INFO] [stderr]    Compiling serde v1.0.196
[INFO] [stderr]    Compiling crossbeam-utils v0.8.19
[INFO] [stderr]     Checking futures-core v0.3.30
[INFO] [stderr]     Checking pin-project-lite v0.2.13
[INFO] [stderr]    Compiling libc v0.2.153
[INFO] [stderr]    Compiling syn v2.0.48
[INFO] [stderr]    Compiling syn v1.0.109
[INFO] [stderr]     Checking futures-io v0.3.30
[INFO] [stderr]     Checking futures-sink v0.3.30
[INFO] [stderr]     Checking memchr v2.7.1
[INFO] [stderr]     Checking futures-task v0.3.30
[INFO] [stderr]     Checking futures-channel v0.3.30
[INFO] [stderr]     Checking getrandom v0.2.12
[INFO] [stderr]    Compiling num-traits v0.2.17
[INFO] [stderr]    Compiling rayon-core v1.12.1
[INFO] [stderr]     Checking uuid v0.8.2
[INFO] [stderr]    Compiling num-integer v0.1.45
[INFO] [stderr]     Checking instant v0.1.12
[INFO] [stderr]     Checking capnp v0.14.11
[INFO] [stderr]     Checking dunce v1.0.4
[INFO] [stderr]    Compiling pkg-config v0.3.29
[INFO] [stderr]     Checking crossbeam-epoch v0.9.18
[INFO] [stderr]     Checking crossbeam-channel v0.5.11
[INFO] [stderr]    Compiling cc v1.0.83
[INFO] [stderr]     Checking crossbeam-deque v0.8.5
[INFO] [stderr]     Checking path-slash v0.1.5
[INFO] [stderr]     Checking either v1.9.0
[INFO] [stderr]     Checking once_cell v1.19.0
[INFO] [stderr]     Checking path-clean v0.1.0
[INFO] [stderr]     Checking socket2 v0.5.5
[INFO] [stderr]     Checking mio v0.8.10
[INFO] [stderr]    Compiling miniz_oxide v0.4.4
[INFO] [stderr]     Checking bytes v1.5.0
[INFO] [stderr]    Compiling crc32fast v1.3.2
[INFO] [stderr]    Compiling parking_lot_core v0.8.6
[INFO] [stderr]     Checking adler32 v1.2.0
[INFO] [stderr]    Compiling slotmap v1.0.7
[INFO] [stderr]     Checking rayon v1.8.1
[INFO] [stderr]     Checking inotify-sys v0.1.5
[INFO] [stderr]    Compiling num-rational v0.3.2
[INFO] [stderr]    Compiling num-iter v0.1.43
[INFO] [stderr]     Checking base64 v0.13.1
[INFO] [stderr]     Checking lazycell v1.3.0
[INFO] [stderr]     Checking weezl v0.1.8
[INFO] [stderr]     Checking cty v0.2.2
[INFO] [stderr]     Checking event-listener v2.5.3
[INFO] [stderr]     Checking raw-window-handle v0.4.3
[INFO] [stderr]     Checking deflate v0.8.6
[INFO] [stderr]     Checking walkdir v2.4.0
[INFO] [stderr]    Compiling distill-downstream-lmdb-sys v0.8.0-windows-fix
[INFO] [stderr]     Checking inotify v0.7.1
[INFO] [stderr]     Checking miniz_oxide v0.3.7
[INFO] [stderr]     Checking thread_local v1.1.7
[INFO] [stderr]     Checking concurrent-queue v2.4.0
[INFO] [stderr]     Checking dashmap v4.0.2
[INFO] [stderr]     Checking filetime v0.2.23
[INFO] [stderr]     Checking memmap v0.7.0
[INFO] [stderr]     Checking color_quant v1.1.0
[INFO] [stderr]     Checking downcast-rs v1.2.0
[INFO] [stderr]     Checking async-channel v1.9.0
[INFO] [stderr]     Checking png v0.16.8
[INFO] [stderr]     Checking gif v0.11.4
[INFO] [stderr]     Checking parking_lot v0.11.2
[INFO] [stderr]     Checking raw-window-handle v0.3.4
[INFO] [stderr]     Checking async-lock v2.8.0
[INFO] [stderr]     Checking rustc-hash v1.1.0
[INFO] [stderr]    Compiling serde_json v1.0.113
[INFO] [stderr]     Checking scoped_threadpool v0.1.9
[INFO] [stderr]     Checking bytemuck v1.14.1
[INFO] [stderr]     Checking jpeg-decoder v0.1.22
[INFO] [stderr]     Checking waker-fn v1.1.1
[INFO] [stderr]     Checking itoa v1.0.10
[INFO] [stderr]     Checking fastrand v1.9.0
[INFO] [stderr]     Checking parking v2.2.0
[INFO] [stderr]     Checking ryu v1.0.16
[INFO] [stderr]     Checking arrayvec v0.5.2
[INFO] [stderr]    Compiling hashbrown v0.8.2
[INFO] [stderr]     Checking futures-lite v1.13.0
[INFO] [stderr]    Compiling inflections v1.1.1
[INFO] [stderr]     Checking tiff v0.6.1
[INFO] [stderr]     Checking ahash v0.3.8
[INFO] [stderr]     Checking ttf-parser v0.8.3
[INFO] [stderr]     Checking base64 v0.12.3
[INFO] [stderr]     Checking itertools v0.8.2
[INFO] [stderr]     Checking image v0.23.14
[INFO] [stderr]     Checking rectangle-pack v0.2.2
[INFO] [stderr]    Compiling type-uuid-derive v0.1.2
[INFO] [stderr]    Compiling ctor v0.1.26
[INFO] [stderr]    Compiling typetag-impl v0.1.8
[INFO] [stderr]    Compiling distill-serde-importable-derive v0.0.3
[INFO] [stderr]    Compiling gltf-derive v0.16.0
[INFO] [stderr]    Compiling serde_derive v1.0.196
[INFO] [stderr]    Compiling futures-macro v0.3.30
[INFO] [stderr]     Checking type-uuid v0.1.2
[INFO] [stderr]    Compiling ghost v0.1.17
[INFO] [stderr]    Compiling tokio-macros v2.2.0
[INFO] [stderr]    Compiling profiling-procmacros v1.0.14
[INFO] [stderr]    Compiling pin-project-internal v1.1.4
[INFO] [stderr]     Checking distill-downstream-lmdb-rkv v0.11.0-windows-fix
[INFO] [stderr]     Checking fontdue v0.4.0
[INFO] [stderr]     Checking inventory v0.2.3
[INFO] [stderr]     Checking profiling v1.0.14
[INFO] [stderr]     Checking tokio v1.36.0
[INFO] [stderr]     Checking futures-util v0.3.30
[INFO] [stderr]     Checking pin-project v1.1.4
[INFO] [stderr]     Checking futures-executor v0.3.30
[INFO] [stderr]     Checking futures v0.3.30
[INFO] [stderr]     Checking capnp-futures v0.14.3
[INFO] [stderr]     Checking capnp-rpc v0.14.1
[INFO] [stderr]     Checking log v0.4.20
[INFO] [stderr]     Checking distill-core v0.0.3
[INFO] [stderr]     Checking erased-serde v0.3.31
[INFO] [stderr]     Checking ron v0.6.6
[INFO] [stderr]     Checking glam v0.13.1
[INFO] [stderr]     Checking bincode v1.3.3
[INFO] [stderr]     Checking serde_bytes v0.11.14
[INFO] [stderr]     Checking mio v0.6.23
[INFO] [stderr]     Checking tokio-util v0.6.10
[INFO] [stderr]     Checking distill-schema v0.0.3
[INFO] [stderr]     Checking rafx-base v0.0.14
[INFO] [stderr]     Checking typetag v0.1.8
[INFO] [stderr]     Checking rafx-api v0.0.14
[INFO] [stderr]     Checking mio-extras v2.0.6
[INFO] [stderr]     Checking gltf-json v0.16.0
[INFO] [stderr]     Checking ldtk_rust v0.4.1
[INFO] [stderr]     Checking notify v4.0.17
[INFO] [stderr]     Checking distill-importer v0.0.3
[INFO] [stderr]     Checking distill-loader v0.0.3
[INFO] [stderr]     Checking distill-daemon v0.0.3
[INFO] [stderr]     Checking rafx-visibility v0.0.14
[INFO] [stderr]     Checking rafx-framework v0.0.14
[INFO] [stderr]     Checking distill v0.0.3
[INFO] [stderr]     Checking gltf v0.16.0
[INFO] [stderr]     Checking rafx-assets v0.0.14
[INFO] [stderr]     Checking rafx-renderer v0.0.14
[INFO] [stderr]     Checking rafx v0.0.14
[INFO] [stderr]     Checking rafx-plugins v0.0.14 (/opt/rustwide/workdir)
[INFO] [stdout] error[E0432]: unresolved import `legion`
[INFO] [stdout]  --> src/features/mesh/jobs/extract.rs:7:5
[INFO] [stdout]   |
[INFO] [stdout] 7 | use legion::{Entity, EntityStore, IntoQuery, Read, World};
[INFO] [stdout]   |     ^^^^^^ use of undeclared crate or module `legion`
[INFO] [stdout] 
[INFO] [stdout] 
[INFO] [stdout] error[E0432]: unresolved import `legion`
[INFO] [stdout]  --> src/features/mesh/shadow_map_resource.rs:8:5
[INFO] [stdout]   |
[INFO] [stdout] 8 | use legion::*;
[INFO] [stdout]   |     ^^^^^^ use of undeclared crate or module `legion`
[INFO] [stdout] 
[INFO] [stdout] 
[INFO] [stdout] error[E0432]: unresolved import `legion`
[INFO] [stdout]  --> src/features/sprite/jobs/extract.rs:5:5
[INFO] [stdout]   |
[INFO] [stdout] 5 | use legion::{EntityStore, World};
[INFO] [stdout]   |     ^^^^^^ use of undeclared crate or module `legion`
[INFO] [stdout] 
[INFO] [stdout] 
[INFO] [stdout] error[E0412]: cannot find type `World` in this scope
[INFO] [stdout]    --> src/features/mesh/shadow_map_resource.rs:147:49
[INFO] [stdout]     |
[INFO] [stdout] 147 |     let world_fetch = extract_resources.fetch::<World>();
[INFO] [stdout]     |                                                 ^^^^^ not found in this scope
[INFO] [stdout]     |
[INFO] [stdout] help: you might be missing a type parameter
[INFO] [stdout]     |
[INFO] [stdout] 143 | fn calculate_shadow_map_views<World>(
[INFO] [stdout]     |                              +++++++
[INFO] [stdout] 
[INFO] [stdout] 
[INFO] [stdout] error[E0412]: cannot find type `Entity` in this scope
[INFO] [stdout]    --> src/features/mesh/shadow_map_resource.rs:174:23
[INFO] [stdout]     |
[INFO] [stdout] 174 |     let mut query = <(Entity, Read<SpotLightComponent>, Read<TransformComponent>)>::query();
[INFO] [stdout]     |                       ^^^^^^ not found in this scope
[INFO] [stdout] 
[INFO] [stdout] 
[INFO] [stdout] error[E0412]: cannot find type `Read` in this scope
[INFO] [stdout]    --> src/features/mesh/shadow_map_resource.rs:174:31
[INFO] [stdout]     |
[INFO] [stdout] 174 |     let mut query = <(Entity, Read<SpotLightComponent>, Read<TransformComponent>)>::query();
[INFO] [stdout]     |                               ^^^^ not found in this scope
[INFO] [stdout]     |
[INFO] [stdout] help: consider importing one of these items
[INFO] [stdout]     |
[INFO] [stdout] 1   + use serde_json::de::Read;
[INFO] [stdout]     |
[INFO] [stdout] 1   + use std::io::Read;
[INFO] [stdout]     |
[INFO] [stdout] 
[INFO] [stdout] 
[INFO] [stdout] error[E0412]: cannot find type `Read` in this scope
[INFO] [stdout]    --> src/features/mesh/shadow_map_resource.rs:174:57
[INFO] [stdout]     |
[INFO] [stdout] 174 |     let mut query = <(Entity, Read<SpotLightComponent>, Read<TransformComponent>)>::query();
[INFO] [stdout]     |                                                         ^^^^ not found in this scope
[INFO] [stdout]     |
[INFO] [stdout] help: consider importing one of these items
[INFO] [stdout]     |
[INFO] [stdout] 1   + use serde_json::de::Read;
[INFO] [stdout]     |
[INFO] [stdout] 1   + use std::io::Read;
[INFO] [stdout]     |
[INFO] [stdout] 
[INFO] [stdout] 
[INFO] [stdout] error[E0412]: cannot find type `Entity` in this scope
[INFO] [stdout]    --> src/features/mesh/shadow_map_resource.rs:218:23
[INFO] [stdout]     |
[INFO] [stdout] 218 |     let mut query = <(Entity, Read<DirectionalLightComponent>)>::query();
[INFO] [stdout]     |                       ^^^^^^ not found in this scope
[INFO] [stdout] 
[INFO] [stdout] 
[INFO] [stdout] error[E0412]: cannot find type `Read` in this scope
[INFO] [stdout]    --> src/features/mesh/shadow_map_resource.rs:218:31
[INFO] [stdout]     |
[INFO] [stdout] 218 |     let mut query = <(Entity, Read<DirectionalLightComponent>)>::query();
[INFO] [stdout]     |                               ^^^^ not found in this scope
[INFO] [stdout]     |
[INFO] [stdout] help: consider importing one of these items
[INFO] [stdout]     |
[INFO] [stdout] 1   + use serde_json::de::Read;
[INFO] [stdout]     |
[INFO] [stdout] 1   + use std::io::Read;
[INFO] [stdout]     |
[INFO] [stdout] 
[INFO] [stdout] 
[INFO] [stdout] error[E0412]: cannot find type `Entity` in this scope
[INFO] [stdout]    --> src/features/mesh/shadow_map_resource.rs:278:23
[INFO] [stdout]     |
[INFO] [stdout] 278 |     let mut query = <(Entity, Read<PointLightComponent>, Read<TransformComponent>)>::query();
[INFO] [stdout]     |                       ^^^^^^ not found in this scope
[INFO] [stdout] 
[INFO] [stdout] 
[INFO] [stdout] error[E0412]: cannot find type `Read` in this scope
[INFO] [stdout]    --> src/features/mesh/shadow_map_resource.rs:278:31
[INFO] [stdout]     |
[INFO] [stdout] 278 |     let mut query = <(Entity, Read<PointLightComponent>, Read<TransformComponent>)>::query();
[INFO] [stdout]     |                               ^^^^ not found in this scope
[INFO] [stdout]     |
[INFO] [stdout] help: consider importing one of these items
[INFO] [stdout]     |
[INFO] [stdout] 1   + use serde_json::de::Read;
[INFO] [stdout]     |
[INFO] [stdout] 1   + use std::io::Read;
[INFO] [stdout]     |
[INFO] [stdout] 
[INFO] [stdout] 
[INFO] [stdout] error[E0412]: cannot find type `Read` in this scope
[INFO] [stdout]    --> src/features/mesh/shadow_map_resource.rs:278:58
[INFO] [stdout]     |
[INFO] [stdout] 278 |     let mut query = <(Entity, Read<PointLightComponent>, Read<TransformComponent>)>::query();
[INFO] [stdout]     |                                                          ^^^^ not found in this scope
[INFO] [stdout]     |
[INFO] [stdout] help: consider importing one of these items
[INFO] [stdout]     |
[INFO] [stdout] 1   + use serde_json::de::Read;
[INFO] [stdout]     |
[INFO] [stdout] 1   + use std::io::Read;
[INFO] [stdout]     |
[INFO] [stdout] 
[INFO] [stdout] 
[INFO] [stdout] error[E0432]: unresolved import `legion`
[INFO] [stdout]  --> src/features/mesh/jobs/extract.rs:7:5
[INFO] [stdout]   |
[INFO] [stdout] 7 | use legion::{Entity, EntityStore, IntoQuery, Read, World};
[INFO] [stdout]   |     ^^^^^^ use of undeclared crate or module `legion`
[INFO] [stdout] 
[INFO] [stdout] 
[INFO] [stdout] error[E0432]: unresolved import `legion`
[INFO] [stdout]  --> src/features/mesh/shadow_map_resource.rs:8:5
[INFO] [stdout]   |
[INFO] [stdout] 8 | use legion::*;
[INFO] [stdout]   |     ^^^^^^ use of undeclared crate or module `legion`
[INFO] [stdout] 
[INFO] [stdout] 
[INFO] [stdout] error[E0432]: unresolved import `legion`
[INFO] [stdout]  --> src/features/sprite/jobs/extract.rs:5:5
[INFO] [stdout]   |
[INFO] [stdout] 5 | use legion::{EntityStore, World};
[INFO] [stdout]   |     ^^^^^^ use of undeclared crate or module `legion`
[INFO] [stdout] 
[INFO] [stdout] 
[INFO] [stdout] error[E0412]: cannot find type `World` in this scope
[INFO] [stdout]    --> src/features/mesh/shadow_map_resource.rs:147:49
[INFO] [stdout]     |
[INFO] [stdout] 147 |     let world_fetch = extract_resources.fetch::<World>();
[INFO] [stdout]     |                                                 ^^^^^ not found in this scope
[INFO] [stdout]     |
[INFO] [stdout] help: you might be missing a type parameter
[INFO] [stdout]     |
[INFO] [stdout] 143 | fn calculate_shadow_map_views<World>(
[INFO] [stdout]     |                              +++++++
[INFO] [stdout] 
[INFO] [stdout] 
[INFO] [stdout] error[E0412]: cannot find type `Entity` in this scope
[INFO] [stdout]    --> src/features/mesh/shadow_map_resource.rs:174:23
[INFO] [stdout]     |
[INFO] [stdout] 174 |     let mut query = <(Entity, Read<SpotLightComponent>, Read<TransformComponent>)>::query();
[INFO] [stdout]     |                       ^^^^^^ not found in this scope
[INFO] [stdout] 
[INFO] [stdout] 
[INFO] [stdout] error[E0412]: cannot find type `Read` in this scope
[INFO] [stdout]    --> src/features/mesh/shadow_map_resource.rs:174:31
[INFO] [stdout]     |
[INFO] [stdout] 174 |     let mut query = <(Entity, Read<SpotLightComponent>, Read<TransformComponent>)>::query();
[INFO] [stdout]     |                               ^^^^ not found in this scope
[INFO] [stdout]     |
[INFO] [stdout] help: consider importing one of these items
[INFO] [stdout]     |
[INFO] [stdout] 1   + use serde_json::de::Read;
[INFO] [stdout]     |
[INFO] [stdout] 1   + use std::io::Read;
[INFO] [stdout]     |
[INFO] [stdout] 
[INFO] [stdout] 
[INFO] [stdout] error[E0412]: cannot find type `Read` in this scope
[INFO] [stdout]    --> src/features/mesh/shadow_map_resource.rs:174:57
[INFO] [stdout]     |
[INFO] [stdout] 174 |     let mut query = <(Entity, Read<SpotLightComponent>, Read<TransformComponent>)>::query();
[INFO] [stdout]     |                                                         ^^^^ not found in this scope
[INFO] [stdout]     |
[INFO] [stdout] help: consider importing one of these items
[INFO] [stdout]     |
[INFO] [stdout] 1   + use serde_json::de::Read;
[INFO] [stdout]     |
[INFO] [stdout] 1   + use std::io::Read;
[INFO] [stdout]     |
[INFO] [stdout] 
[INFO] [stdout] 
[INFO] [stdout] error[E0412]: cannot find type `Entity` in this scope
[INFO] [stdout]    --> src/features/mesh/shadow_map_resource.rs:218:23
[INFO] [stdout]     |
[INFO] [stdout] 218 |     let mut query = <(Entity, Read<DirectionalLightComponent>)>::query();
[INFO] [stdout]     |                       ^^^^^^ not found in this scope
[INFO] [stdout] 
[INFO] [stdout] 
[INFO] [stdout] error[E0412]: cannot find type `Read` in this scope
[INFO] [stdout]    --> src/features/mesh/shadow_map_resource.rs:218:31
[INFO] [stdout]     |
[INFO] [stdout] 218 |     let mut query = <(Entity, Read<DirectionalLightComponent>)>::query();
[INFO] [stdout]     |                               ^^^^ not found in this scope
[INFO] [stdout]     |
[INFO] [stdout] help: consider importing one of these items
[INFO] [stdout]     |
[INFO] [stdout] 1   + use serde_json::de::Read;
[INFO] [stdout]     |
[INFO] [stdout] 1   + use std::io::Read;
[INFO] [stdout]     |
[INFO] [stdout] 
[INFO] [stdout] 
[INFO] [stdout] error[E0412]: cannot find type `Entity` in this scope
[INFO] [stdout]    --> src/features/mesh/shadow_map_resource.rs:278:23
[INFO] [stdout]     |
[INFO] [stdout] 278 |     let mut query = <(Entity, Read<PointLightComponent>, Read<TransformComponent>)>::query();
[INFO] [stdout]     |                       ^^^^^^ not found in this scope
[INFO] [stdout] 
[INFO] [stdout] 
[INFO] [stdout] error[E0412]: cannot find type `Read` in this scope
[INFO] [stdout]    --> src/features/mesh/shadow_map_resource.rs:278:31
[INFO] [stdout]     |
[INFO] [stdout] 278 |     let mut query = <(Entity, Read<PointLightComponent>, Read<TransformComponent>)>::query();
[INFO] [stdout]     |                               ^^^^ not found in this scope
[INFO] [stdout]     |
[INFO] [stdout] help: consider importing one of these items
[INFO] [stdout]     |
[INFO] [stdout] 1   + use serde_json::de::Read;
[INFO] [stdout]     |
[INFO] [stdout] 1   + use std::io::Read;
[INFO] [stdout]     |
[INFO] [stdout] 
[INFO] [stdout] 
[INFO] [stdout] error[E0412]: cannot find type `Read` in this scope
[INFO] [stdout]    --> src/features/mesh/shadow_map_resource.rs:278:58
[INFO] [stdout]     |
[INFO] [stdout] 278 |     let mut query = <(Entity, Read<PointLightComponent>, Read<TransformComponent>)>::query();
[INFO] [stdout]     |                                                          ^^^^ not found in this scope
[INFO] [stdout]     |
[INFO] [stdout] help: consider importing one of these items
[INFO] [stdout]     |
[INFO] [stdout] 1   + use serde_json::de::Read;
[INFO] [stdout]     |
[INFO] [stdout] 1   + use std::io::Read;
[INFO] [stdout]     |
[INFO] [stdout] 
[INFO] [stdout] 
[INFO] [stdout] error: aborting due to 12 previous errors
[INFO] [stdout] 
[INFO] [stdout] 
[INFO] [stdout] Some errors have detailed explanations: E0412, E0432.
[INFO] [stdout] 
[INFO] [stdout] For more information about an error, try `rustc --explain E0412`.
[INFO] [stdout] 
[INFO] [stderr] error: could not compile `rafx-plugins` (lib) due to 13 previous errors
[INFO] [stderr] warning: build failed, waiting for other jobs to finish...
[INFO] [stdout] error: aborting due to 12 previous errors
[INFO] [stdout] 
[INFO] [stdout] 
[INFO] [stdout] Some errors have detailed explanations: E0412, E0432.
[INFO] [stdout] 
[INFO] [stdout] For more information about an error, try `rustc --explain E0412`.
[INFO] [stdout] 
[INFO] [stderr] error: could not compile `rafx-plugins` (lib test) due to 13 previous errors
[INFO] running `Command { std: "docker" "inspect" "15918032fb1c8ec6e858bb9f43f256ba5c1bf1bbc32fd2fa3f4500c72a86eb0a", kill_on_drop: false }`
[INFO] running `Command { std: "docker" "rm" "-f" "15918032fb1c8ec6e858bb9f43f256ba5c1bf1bbc32fd2fa3f4500c72a86eb0a", kill_on_drop: false }`
[INFO] [stdout] 15918032fb1c8ec6e858bb9f43f256ba5c1bf1bbc32fd2fa3f4500c72a86eb0a
