[INFO] fetching crate raft-engine 0.4.1...
[INFO] checking raft-engine-0.4.1 against nightly-2024-02-05 for check-cfg
[INFO] extracting crate raft-engine 0.4.1 into /workspace/builds/worker-3-tc1/source
[INFO] validating manifest of crates.io crate raft-engine 0.4.1 on toolchain nightly-2024-02-05
[INFO] running `Command { std: CARGO_HOME="/workspace/cargo-home" RUSTUP_HOME="/workspace/rustup-home" "/workspace/cargo-home/bin/cargo" "+nightly-2024-02-05" "metadata" "--manifest-path" "Cargo.toml" "--no-deps", kill_on_drop: false }`
[INFO] started tweaking crates.io crate raft-engine 0.4.1
[INFO] removed 0 missing examples
[INFO] removed 0 missing tests
[INFO] finished tweaking crates.io crate raft-engine 0.4.1
[INFO] tweaked toml for crates.io crate raft-engine 0.4.1 written to /workspace/builds/worker-3-tc1/source/Cargo.toml
[INFO] crate crates.io crate raft-engine 0.4.1 already has a lockfile, it will not be regenerated
[INFO] running `Command { std: CARGO_HOME="/workspace/cargo-home" RUSTUP_HOME="/workspace/rustup-home" "/workspace/cargo-home/bin/cargo" "+nightly-2024-02-05" "fetch" "--manifest-path" "Cargo.toml", kill_on_drop: false }`
[INFO] [stderr]     Updating crates.io index
[INFO] [stderr]  Downloading crates ...
[INFO] [stderr]   Downloaded rhai_codegen v1.5.0
[INFO] [stderr]   Downloaded ctor v0.2.4
[INFO] [stderr]   Downloaded rhai v1.15.1
[INFO] running `Command { std: "docker" "create" "-v" "/var/lib/crater-agent-workspace/builds/worker-3-tc1/target:/opt/rustwide/target:rw,Z" "-v" "/var/lib/crater-agent-workspace/builds/worker-3-tc1/source:/opt/rustwide/workdir:ro,Z" "-v" "/var/lib/crater-agent-workspace/cargo-home:/opt/rustwide/cargo-home:ro,Z" "-v" "/var/lib/crater-agent-workspace/rustup-home:/opt/rustwide/rustup-home:ro,Z" "-e" "SOURCE_DIR=/opt/rustwide/workdir" "-e" "CARGO_TARGET_DIR=/opt/rustwide/target" "-e" "CARGO_HOME=/opt/rustwide/cargo-home" "-e" "RUSTUP_HOME=/opt/rustwide/rustup-home" "-w" "/opt/rustwide/workdir" "-m" "1610612736" "--user" "0:0" "--network" "none" "ghcr.io/rust-lang/crates-build-env/linux@sha256:2788e3201cd34a07e3172128adcd8b3090168a8e3bcc40d7c032b9dda1df7d1c" "/opt/rustwide/cargo-home/bin/cargo" "+nightly-2024-02-05" "metadata" "--no-deps" "--format-version=1", kill_on_drop: false }`
[INFO] [stdout] c60df2f895247e981c23410d2dc2724ef5059a8a5ced2ebb73481770658fa2bf
[INFO] running `Command { std: "docker" "start" "-a" "c60df2f895247e981c23410d2dc2724ef5059a8a5ced2ebb73481770658fa2bf", kill_on_drop: false }`
[INFO] running `Command { std: "docker" "inspect" "c60df2f895247e981c23410d2dc2724ef5059a8a5ced2ebb73481770658fa2bf", kill_on_drop: false }`
[INFO] running `Command { std: "docker" "rm" "-f" "c60df2f895247e981c23410d2dc2724ef5059a8a5ced2ebb73481770658fa2bf", kill_on_drop: false }`
[INFO] [stdout] c60df2f895247e981c23410d2dc2724ef5059a8a5ced2ebb73481770658fa2bf
[INFO] running `Command { std: "docker" "create" "-v" "/var/lib/crater-agent-workspace/builds/worker-3-tc1/target:/opt/rustwide/target:rw,Z" "-v" "/var/lib/crater-agent-workspace/builds/worker-3-tc1/source:/opt/rustwide/workdir:ro,Z" "-v" "/var/lib/crater-agent-workspace/cargo-home:/opt/rustwide/cargo-home:ro,Z" "-v" "/var/lib/crater-agent-workspace/rustup-home:/opt/rustwide/rustup-home:ro,Z" "-e" "SOURCE_DIR=/opt/rustwide/workdir" "-e" "CARGO_TARGET_DIR=/opt/rustwide/target" "-e" "CARGO_INCREMENTAL=0" "-e" "RUST_BACKTRACE=full" "-e" "RUSTFLAGS=--cap-lints=forbid" "-e" "RUSTDOCFLAGS=--cap-lints=forbid" "-e" "CARGO_HOME=/opt/rustwide/cargo-home" "-e" "RUSTUP_HOME=/opt/rustwide/rustup-home" "-w" "/opt/rustwide/workdir" "-m" "1610612736" "--user" "0:0" "--network" "none" "ghcr.io/rust-lang/crates-build-env/linux@sha256:2788e3201cd34a07e3172128adcd8b3090168a8e3bcc40d7c032b9dda1df7d1c" "/opt/rustwide/cargo-home/bin/cargo" "+nightly-2024-02-05" "check" "--frozen" "--all" "--all-targets" "--message-format=json", kill_on_drop: false }`
[INFO] [stdout] d312ac90371a84bcb84ba00f9581b3c7da9413c94fd11adfd62be4990dfadafe
[INFO] running `Command { std: "docker" "start" "-a" "d312ac90371a84bcb84ba00f9581b3c7da9413c94fd11adfd62be4990dfadafe", kill_on_drop: false }`
[INFO] [stderr]    Compiling libc v0.2.147
[INFO] [stderr]    Compiling serde v1.0.188
[INFO] [stderr]     Checking scopeguard v1.2.0
[INFO] [stderr]    Compiling once_cell v1.18.0
[INFO] [stderr]    Compiling ahash v0.8.3
[INFO] [stderr]    Compiling libm v0.2.7
[INFO] [stderr]    Compiling num-traits v0.2.16
[INFO] [stderr]     Checking memchr v2.6.2
[INFO] [stderr]    Compiling syn v1.0.109
[INFO] [stderr]    Compiling quote v1.0.33
[INFO] [stderr]     Checking crossbeam-channel v0.5.8
[INFO] [stderr]    Compiling rayon-core v1.11.0
[INFO] [stderr]     Checking allocator-api2 v0.2.16
[INFO] [stderr]    Compiling rustix v0.38.10
[INFO] [stderr]     Checking smallvec v1.11.0
[INFO] [stderr]     Checking crossbeam-epoch v0.9.15
[INFO] [stderr]    Compiling smartstring v1.0.1
[INFO] [stderr]    Compiling serde_json v1.0.105
[INFO] [stderr]     Checking linux-raw-sys v0.4.5
[INFO] [stderr]    Compiling syn v2.0.29
[INFO] [stderr]    Compiling protobuf v2.28.0
[INFO] [stderr]     Checking bitflags v2.4.0
[INFO] [stderr]     Checking crossbeam-deque v0.8.3
[INFO] [stderr]     Checking regex-syntax v0.7.5
[INFO] [stderr]    Compiling thiserror v1.0.47
[INFO] [stderr]    Compiling crossbeam-queue v0.3.8
[INFO] [stderr]     Checking lock_api v0.4.10
[INFO] [stderr]     Checking log v0.4.20
[INFO] [stderr]     Checking os_str_bytes v6.5.1
[INFO] [stderr]     Checking plotters-backend v0.3.5
[INFO] [stderr]     Checking aho-corasick v1.0.5
[INFO] [stderr]     Checking ciborium-io v0.2.1
[INFO] [stderr]    Compiling prometheus v0.13.3
[INFO] [stderr]     Checking clap_lex v0.2.4
[INFO] [stderr]     Checking ciborium-ll v0.2.1
[INFO] [stderr]     Checking plotters-svg v0.3.5
[INFO] [stderr]     Checking winnow v0.5.15
[INFO] [stderr]     Checking cast v0.3.0
[INFO] [stderr]     Checking walkdir v2.3.3
[INFO] [stderr]     Checking crossbeam v0.8.2
[INFO] [stderr]     Checking clap v3.2.25
[INFO] [stderr]     Checking oorandom v11.1.3
[INFO] [stderr]     Checking anes v0.1.6
[INFO] [stderr]     Checking criterion-plot v0.5.0
[INFO] [stderr]     Checking termcolor v1.2.0
[INFO] [stderr]     Checking if_chain v1.0.2
[INFO] [stderr]     Checking fastrand v2.0.0
[INFO] [stderr]     Checking regex-automata v0.3.7
[INFO] [stderr]     Checking plotters v0.3.5
[INFO] [stderr]     Checking getrandom v0.2.10
[INFO] [stderr]     Checking num_cpus v1.16.0
[INFO] [stderr]     Checking parking_lot_core v0.9.8
[INFO] [stderr]     Checking nix v0.26.4
[INFO] [stderr]     Checking fs2 v0.4.3
[INFO] [stderr]     Checking atty v0.2.14
[INFO] [stderr]    Compiling cc v1.0.83
[INFO] [stderr]     Checking rand_core v0.6.4
[INFO] [stderr]     Checking parking_lot v0.12.1
[INFO] [stderr]    Compiling const-random-macro v0.1.15
[INFO] [stderr]     Checking rand_chacha v0.3.1
[INFO] [stderr]     Checking rand v0.8.5
[INFO] [stderr]     Checking is-terminal v0.4.9
[INFO] [stderr]     Checking tempfile v3.8.0
[INFO] [stderr]     Checking rayon v1.7.0
[INFO] [stderr]     Checking const-random v0.1.15
[INFO] [stderr]     Checking hashbrown v0.14.0
[INFO] [stderr]    Compiling lz4-sys v1.9.4
[INFO] [stderr]     Checking fail v0.5.1
[INFO] [stderr]     Checking rand_distr v0.4.3
[INFO] [stderr]     Checking indexmap v2.0.0
[INFO] [stderr]     Checking regex v1.9.4
[INFO] [stderr]     Checking env_logger v0.10.0
[INFO] [stderr]    Compiling rhai_codegen v1.5.0
[INFO] [stderr]    Compiling prometheus-static-metric v0.5.1
[INFO] [stderr]    Compiling serde_derive v1.0.188
[INFO] [stderr]    Compiling thiserror-impl v1.0.47
[INFO] [stderr]    Compiling strum_macros v0.25.2
[INFO] [stderr]    Compiling serde_repr v0.1.16
[INFO] [stderr]    Compiling num-derive v0.4.0
[INFO] [stderr]    Compiling ctor v0.2.4
[INFO] [stderr]     Checking rhai v1.15.1
[INFO] [stderr]     Checking strum v0.25.0
[INFO] [stderr]     Checking serde_spanned v0.6.3
[INFO] [stderr]     Checking toml_datetime v0.6.3
[INFO] [stderr]     Checking ciborium v0.2.1
[INFO] [stderr]     Checking toml_edit v0.20.0
[INFO] [stderr]     Checking tinytemplate v1.2.1
[INFO] [stderr]     Checking criterion v0.4.0
[INFO] [stderr]     Checking toml v0.8.0
[INFO] [stderr]     Checking raft-engine v0.4.1 (/opt/rustwide/workdir)
[INFO] [stdout] error[E0433]: failed to resolve: use of undeclared crate or module `kvproto`
[INFO] [stdout]    --> src/engine.rs:635:9
[INFO] [stdout]     |
[INFO] [stdout] 635 |     use kvproto::raft_serverpb::RaftLocalState;
[INFO] [stdout]     |         ^^^^^^^ use of undeclared crate or module `kvproto`
[INFO] [stdout] 
[INFO] [stdout] 
[INFO] [stdout] error[E0433]: failed to resolve: use of undeclared crate or module `raft`
[INFO] [stdout]    --> src/engine.rs:636:9
[INFO] [stdout]     |
[INFO] [stdout] 636 |     use raft::eraftpb::Entry;
[INFO] [stdout]     |         ^^^^ use of undeclared crate or module `raft`
[INFO] [stdout] 
[INFO] [stdout] 
[INFO] [stdout] error[E0433]: failed to resolve: use of undeclared crate or module `raft`
[INFO] [stdout]    --> src/file_pipe_log/mod.rs:177:13
[INFO] [stdout]     |
[INFO] [stdout] 177 |         use raft::eraftpb::Entry;
[INFO] [stdout]     |             ^^^^ use of undeclared crate or module `raft`
[INFO] [stdout] 
[INFO] [stdout] 
[INFO] [stdout] error[E0433]: failed to resolve: use of undeclared crate or module `raft`
[INFO] [stdout]     --> src/log_batch.rs:1116:9
[INFO] [stdout]      |
[INFO] [stdout] 1116 |     use raft::eraftpb::Entry;
[INFO] [stdout]      |         ^^^^ use of undeclared crate or module `raft`
[INFO] [stdout] 
[INFO] [stdout] 
[INFO] [stdout] error[E0433]: failed to resolve: use of undeclared crate or module `raft`
[INFO] [stdout]  --> src/test_util.rs:5:5
[INFO] [stdout]   |
[INFO] [stdout] 5 | use raft::eraftpb::Entry;
[INFO] [stdout]   |     ^^^^ use of undeclared crate or module `raft`
[INFO] [stdout] 
[INFO] [stdout] 
[INFO] [stdout] error[E0433]: failed to resolve: use of undeclared crate or module `raft`
[INFO] [stdout]    --> src/lib.rs:223:9
[INFO] [stdout]     |
[INFO] [stdout] 223 |     use raft::eraftpb::Entry;
[INFO] [stdout]     |         ^^^^ use of undeclared crate or module `raft`
[INFO] [stdout] 
[INFO] [stdout] 
[INFO] [stdout] warning: use of deprecated function `protobuf::parse_from_bytes`: Use Message::parse_from_bytes instead
[INFO] [stdout]   --> src/engine.rs:11:16
[INFO] [stdout]    |
[INFO] [stdout] 11 | use protobuf::{parse_from_bytes, Message};
[INFO] [stdout]    |                ^^^^^^^^^^^^^^^^
[INFO] [stdout]    |
[INFO] [stdout]    = note: `#[warn(deprecated)]` on by default
[INFO] [stdout] 
[INFO] [stdout] 
[INFO] [stdout] warning: use of deprecated function `protobuf::parse_from_bytes`: Use Message::parse_from_bytes instead
[INFO] [stdout]    --> src/engine.rs:596:17
[INFO] [stdout]     |
[INFO] [stdout] 596 |         let e = parse_from_bytes(
[INFO] [stdout]     |                 ^^^^^^^^^^^^^^^^
[INFO] [stdout] 
[INFO] [stdout] 
[INFO] [stdout] warning: use of deprecated function `protobuf::parse_from_bytes`: Use Message::parse_from_bytes instead
[INFO] [stdout]    --> src/engine.rs:241:32
[INFO] [stdout]     |
[INFO] [stdout] 241 |                 return Ok(Some(parse_from_bytes(&value)?));
[INFO] [stdout]     |                                ^^^^^^^^^^^^^^^^
[INFO] [stdout] 
[INFO] [stdout] 
[INFO] [stdout] warning: use of deprecated function `protobuf::parse_from_bytes`: Use Message::parse_from_bytes instead
[INFO] [stdout]    --> src/engine.rs:270:28
[INFO] [stdout]     |
[INFO] [stdout] 270 |             if let Ok(v) = parse_from_bytes(raw_v) {
[INFO] [stdout]     |                            ^^^^^^^^^^^^^^^^
[INFO] [stdout] 
[INFO] [stdout] 
[INFO] [stdout] warning: use of deprecated function `protobuf::parse_from_bytes`: Use Message::parse_from_bytes instead
[INFO] [stdout]   --> src/engine.rs:11:16
[INFO] [stdout]    |
[INFO] [stdout] 11 | use protobuf::{parse_from_bytes, Message};
[INFO] [stdout]    |                ^^^^^^^^^^^^^^^^
[INFO] [stdout]    |
[INFO] [stdout]    = note: `#[warn(deprecated)]` on by default
[INFO] [stdout] 
[INFO] [stdout] 
[INFO] [stdout] warning: use of deprecated function `protobuf::parse_from_bytes`: Use Message::parse_from_bytes instead
[INFO] [stdout]    --> src/engine.rs:596:17
[INFO] [stdout]     |
[INFO] [stdout] 596 |         let e = parse_from_bytes(
[INFO] [stdout]     |                 ^^^^^^^^^^^^^^^^
[INFO] [stdout] 
[INFO] [stdout] 
[INFO] [stdout] warning: use of deprecated function `protobuf::parse_from_bytes`: Use Message::parse_from_bytes instead
[INFO] [stdout]    --> src/engine.rs:241:32
[INFO] [stdout]     |
[INFO] [stdout] 241 |                 return Ok(Some(parse_from_bytes(&value)?));
[INFO] [stdout]     |                                ^^^^^^^^^^^^^^^^
[INFO] [stdout] 
[INFO] [stdout] 
[INFO] [stdout] warning: use of deprecated function `protobuf::parse_from_bytes`: Use Message::parse_from_bytes instead
[INFO] [stdout]    --> src/engine.rs:270:28
[INFO] [stdout]     |
[INFO] [stdout] 270 |             if let Ok(v) = parse_from_bytes(raw_v) {
[INFO] [stdout]     |                            ^^^^^^^^^^^^^^^^
[INFO] [stdout] 
[INFO] [stdout] 
[INFO] [stdout] warning: use of deprecated function `protobuf::parse_from_bytes`: Use Message::parse_from_bytes instead
[INFO] [stdout]     --> src/log_batch.rs:1115:19
[INFO] [stdout]      |
[INFO] [stdout] 1115 |     use protobuf::parse_from_bytes;
[INFO] [stdout]      |                   ^^^^^^^^^^^^^^^^
[INFO] [stdout] 
[INFO] [stdout] 
[INFO] [stdout] warning: use of deprecated function `protobuf::parse_from_bytes`: Use Message::parse_from_bytes instead
[INFO] [stdout]     --> src/log_batch.rs:1130:17
[INFO] [stdout]      |
[INFO] [stdout] 1130 |                 parse_from_bytes(
[INFO] [stdout]      |                 ^^^^^^^^^^^^^^^^
[INFO] [stdout] 
[INFO] [stdout] 
[INFO] [stdout] error: aborting due to 6 previous errors; 6 warnings emitted
[INFO] [stdout] 
[INFO] [stdout] 
[INFO] [stdout] For more information about this error, try `rustc --explain E0433`.
[INFO] [stdout] 
[INFO] [stderr] error: could not compile `raft-engine` (lib test) due to 7 previous errors; 6 warnings emitted
[INFO] [stderr] warning: build failed, waiting for other jobs to finish...
[INFO] [stdout] warning: 4 warnings emitted
[INFO] [stdout] 
[INFO] [stdout] 
[INFO] running `Command { std: "docker" "inspect" "d312ac90371a84bcb84ba00f9581b3c7da9413c94fd11adfd62be4990dfadafe", kill_on_drop: false }`
[INFO] running `Command { std: "docker" "rm" "-f" "d312ac90371a84bcb84ba00f9581b3c7da9413c94fd11adfd62be4990dfadafe", kill_on_drop: false }`
[INFO] [stdout] d312ac90371a84bcb84ba00f9581b3c7da9413c94fd11adfd62be4990dfadafe
[INFO] checking raft-engine-0.4.1 against nightly-2024-02-05+rustflags=-Dunexpected_cfgs+cargoflags=-Zcheck-cfg for check-cfg
[INFO] extracting crate raft-engine 0.4.1 into /workspace/builds/worker-3-tc2/source
[INFO] validating manifest of crates.io crate raft-engine 0.4.1 on toolchain nightly-2024-02-05
[INFO] running `Command { std: CARGO_HOME="/workspace/cargo-home" RUSTUP_HOME="/workspace/rustup-home" "/workspace/cargo-home/bin/cargo" "+nightly-2024-02-05" "metadata" "--manifest-path" "Cargo.toml" "--no-deps", kill_on_drop: false }`
[INFO] started tweaking crates.io crate raft-engine 0.4.1
[INFO] removed 0 missing examples
[INFO] removed 0 missing tests
[INFO] finished tweaking crates.io crate raft-engine 0.4.1
[INFO] tweaked toml for crates.io crate raft-engine 0.4.1 written to /workspace/builds/worker-3-tc2/source/Cargo.toml
[INFO] crate crates.io crate raft-engine 0.4.1 already has a lockfile, it will not be regenerated
[INFO] running `Command { std: CARGO_HOME="/workspace/cargo-home" RUSTUP_HOME="/workspace/rustup-home" "/workspace/cargo-home/bin/cargo" "+nightly-2024-02-05" "fetch" "--manifest-path" "Cargo.toml", kill_on_drop: false }`
[INFO] running `Command { std: "docker" "create" "-v" "/var/lib/crater-agent-workspace/builds/worker-3-tc2/target:/opt/rustwide/target:rw,Z" "-v" "/var/lib/crater-agent-workspace/builds/worker-3-tc2/source:/opt/rustwide/workdir:ro,Z" "-v" "/var/lib/crater-agent-workspace/cargo-home:/opt/rustwide/cargo-home:ro,Z" "-v" "/var/lib/crater-agent-workspace/rustup-home:/opt/rustwide/rustup-home:ro,Z" "-e" "SOURCE_DIR=/opt/rustwide/workdir" "-e" "CARGO_TARGET_DIR=/opt/rustwide/target" "-e" "CARGO_HOME=/opt/rustwide/cargo-home" "-e" "RUSTUP_HOME=/opt/rustwide/rustup-home" "-w" "/opt/rustwide/workdir" "-m" "1610612736" "--user" "0:0" "--network" "none" "ghcr.io/rust-lang/crates-build-env/linux@sha256:2788e3201cd34a07e3172128adcd8b3090168a8e3bcc40d7c032b9dda1df7d1c" "/opt/rustwide/cargo-home/bin/cargo" "+nightly-2024-02-05" "metadata" "--no-deps" "--format-version=1", kill_on_drop: false }`
[INFO] [stdout] 8261c2950c055e60eaaa672fe6819052c5f3ae38fba4a224168777ffa0c93b55
[INFO] running `Command { std: "docker" "start" "-a" "8261c2950c055e60eaaa672fe6819052c5f3ae38fba4a224168777ffa0c93b55", kill_on_drop: false }`
[INFO] running `Command { std: "docker" "inspect" "8261c2950c055e60eaaa672fe6819052c5f3ae38fba4a224168777ffa0c93b55", kill_on_drop: false }`
[INFO] running `Command { std: "docker" "rm" "-f" "8261c2950c055e60eaaa672fe6819052c5f3ae38fba4a224168777ffa0c93b55", kill_on_drop: false }`
[INFO] [stdout] 8261c2950c055e60eaaa672fe6819052c5f3ae38fba4a224168777ffa0c93b55
[INFO] running `Command { std: "docker" "create" "-v" "/var/lib/crater-agent-workspace/builds/worker-3-tc2/target:/opt/rustwide/target:rw,Z" "-v" "/var/lib/crater-agent-workspace/builds/worker-3-tc2/source:/opt/rustwide/workdir:ro,Z" "-v" "/var/lib/crater-agent-workspace/cargo-home:/opt/rustwide/cargo-home:ro,Z" "-v" "/var/lib/crater-agent-workspace/rustup-home:/opt/rustwide/rustup-home:ro,Z" "-e" "SOURCE_DIR=/opt/rustwide/workdir" "-e" "CARGO_TARGET_DIR=/opt/rustwide/target" "-e" "CARGO_INCREMENTAL=0" "-e" "RUST_BACKTRACE=full" "-e" "RUSTFLAGS=--cap-lints=forbid -Dunexpected_cfgs" "-e" "RUSTDOCFLAGS=--cap-lints=forbid" "-e" "CARGO_HOME=/opt/rustwide/cargo-home" "-e" "RUSTUP_HOME=/opt/rustwide/rustup-home" "-w" "/opt/rustwide/workdir" "-m" "1610612736" "--user" "0:0" "--network" "none" "ghcr.io/rust-lang/crates-build-env/linux@sha256:2788e3201cd34a07e3172128adcd8b3090168a8e3bcc40d7c032b9dda1df7d1c" "/opt/rustwide/cargo-home/bin/cargo" "+nightly-2024-02-05" "check" "--frozen" "--all" "--all-targets" "--message-format=json" "-Zcheck-cfg", kill_on_drop: false }`
[INFO] [stdout] 9e20e073640a06ded93098c53206b1241b1a68b7dca80ede4a2104bfa3b36117
[INFO] running `Command { std: "docker" "start" "-a" "9e20e073640a06ded93098c53206b1241b1a68b7dca80ede4a2104bfa3b36117", kill_on_drop: false }`
[INFO] [stderr]    Compiling libc v0.2.147
[INFO] [stderr]    Compiling serde v1.0.188
[INFO] [stderr]     Checking scopeguard v1.2.0
[INFO] [stderr]    Compiling once_cell v1.18.0
[INFO] [stderr]    Compiling ahash v0.8.3
[INFO] [stderr]    Compiling libm v0.2.7
[INFO] [stderr]    Compiling num-traits v0.2.16
[INFO] [stderr]     Checking memchr v2.6.2
[INFO] [stderr]    Compiling syn v1.0.109
[INFO] [stderr]    Compiling quote v1.0.33
[INFO] [stderr]     Checking crossbeam-channel v0.5.8
[INFO] [stderr]     Checking allocator-api2 v0.2.16
[INFO] [stderr]     Checking smallvec v1.11.0
[INFO] [stderr]    Compiling rustix v0.38.10
[INFO] [stderr]    Compiling rayon-core v1.11.0
[INFO] [stderr]     Checking crossbeam-epoch v0.9.15
[INFO] [stderr]    Compiling smartstring v1.0.1
[INFO] [stderr]    Compiling thiserror v1.0.47
[INFO] [stderr]    Compiling syn v2.0.29
[INFO] [stderr]     Checking bitflags v2.4.0
[INFO] [stderr]     Checking crossbeam-deque v0.8.3
[INFO] [stderr]    Compiling protobuf v2.28.0
[INFO] [stderr]     Checking regex-syntax v0.7.5
[INFO] [stderr]     Checking linux-raw-sys v0.4.5
[INFO] [stderr]    Compiling crossbeam-queue v0.3.8
[INFO] [stderr]    Compiling serde_json v1.0.105
[INFO] [stderr]     Checking lock_api v0.4.10
[INFO] [stderr]     Checking aho-corasick v1.0.5
[INFO] [stderr]     Checking os_str_bytes v6.5.1
[INFO] [stderr]     Checking log v0.4.20
[INFO] [stderr]     Checking ciborium-io v0.2.1
[INFO] [stderr]     Checking plotters-backend v0.3.5
[INFO] [stderr]    Compiling prometheus v0.13.3
[INFO] [stderr]     Checking ciborium-ll v0.2.1
[INFO] [stderr]     Checking clap_lex v0.2.4
[INFO] [stderr]     Checking winnow v0.5.15
[INFO] [stderr]     Checking plotters-svg v0.3.5
[INFO] [stderr]     Checking cast v0.3.0
[INFO] [stderr]     Checking walkdir v2.3.3
[INFO] [stderr]     Checking clap v3.2.25
[INFO] [stderr]     Checking crossbeam v0.8.2
[INFO] [stderr]     Checking termcolor v1.2.0
[INFO] [stderr]     Checking oorandom v11.1.3
[INFO] [stderr]     Checking fastrand v2.0.0
[INFO] [stderr]     Checking anes v0.1.6
[INFO] [stderr]     Checking if_chain v1.0.2
[INFO] [stderr]     Checking criterion-plot v0.5.0
[INFO] [stderr]     Checking regex-automata v0.3.7
[INFO] [stderr]     Checking getrandom v0.2.10
[INFO] [stderr]     Checking num_cpus v1.16.0
[INFO] [stderr]     Checking parking_lot_core v0.9.8
[INFO] [stderr]     Checking nix v0.26.4
[INFO] [stderr]     Checking atty v0.2.14
[INFO] [stderr]     Checking fs2 v0.4.3
[INFO] [stderr]     Checking plotters v0.3.5
[INFO] [stderr]     Checking rand_core v0.6.4
[INFO] [stderr]    Compiling cc v1.0.83
[INFO] [stderr]     Checking parking_lot v0.12.1
[INFO] [stderr]     Checking rand_chacha v0.3.1
[INFO] [stderr]    Compiling const-random-macro v0.1.15
[INFO] [stderr]     Checking rand v0.8.5
[INFO] [stderr]     Checking rayon v1.7.0
[INFO] [stderr]     Checking const-random v0.1.15
[INFO] [stderr]     Checking hashbrown v0.14.0
[INFO] [stderr]    Compiling lz4-sys v1.9.4
[INFO] [stderr]     Checking fail v0.5.1
[INFO] [stderr]     Checking rand_distr v0.4.3
[INFO] [stderr]     Checking is-terminal v0.4.9
[INFO] [stderr]     Checking tempfile v3.8.0
[INFO] [stderr]     Checking indexmap v2.0.0
[INFO] [stderr]     Checking regex v1.9.4
[INFO] [stderr]     Checking env_logger v0.10.0
[INFO] [stderr]    Compiling serde_derive v1.0.188
[INFO] [stderr]    Compiling thiserror-impl v1.0.47
[INFO] [stderr]    Compiling strum_macros v0.25.2
[INFO] [stderr]    Compiling num-derive v0.4.0
[INFO] [stderr]    Compiling serde_repr v0.1.16
[INFO] [stderr]    Compiling ctor v0.2.4
[INFO] [stderr]    Compiling rhai_codegen v1.5.0
[INFO] [stderr]    Compiling prometheus-static-metric v0.5.1
[INFO] [stderr]     Checking rhai v1.15.1
[INFO] [stderr]     Checking strum v0.25.0
[INFO] [stderr]     Checking toml_datetime v0.6.3
[INFO] [stderr]     Checking serde_spanned v0.6.3
[INFO] [stderr]     Checking ciborium v0.2.1
[INFO] [stderr]     Checking toml_edit v0.20.0
[INFO] [stderr]     Checking tinytemplate v1.2.1
[INFO] [stderr]     Checking criterion v0.4.0
[INFO] [stderr]     Checking toml v0.8.0
[INFO] [stderr]     Checking raft-engine v0.4.1 (/opt/rustwide/workdir)
[INFO] [stdout] error[E0433]: failed to resolve: use of undeclared crate or module `kvproto`
[INFO] [stdout]    --> src/engine.rs:635:9
[INFO] [stdout]     |
[INFO] [stdout] 635 |     use kvproto::raft_serverpb::RaftLocalState;
[INFO] [stdout]     |         ^^^^^^^ use of undeclared crate or module `kvproto`
[INFO] [stdout] 
[INFO] [stdout] 
[INFO] [stdout] error[E0433]: failed to resolve: use of undeclared crate or module `raft`
[INFO] [stdout]    --> src/engine.rs:636:9
[INFO] [stdout]     |
[INFO] [stdout] 636 |     use raft::eraftpb::Entry;
[INFO] [stdout]     |         ^^^^ use of undeclared crate or module `raft`
[INFO] [stdout] 
[INFO] [stdout] 
[INFO] [stdout] error[E0433]: failed to resolve: use of undeclared crate or module `raft`
[INFO] [stdout]    --> src/file_pipe_log/mod.rs:177:13
[INFO] [stdout]     |
[INFO] [stdout] 177 |         use raft::eraftpb::Entry;
[INFO] [stdout]     |             ^^^^ use of undeclared crate or module `raft`
[INFO] [stdout] 
[INFO] [stdout] 
[INFO] [stdout] error[E0433]: failed to resolve: use of undeclared crate or module `raft`
[INFO] [stdout]     --> src/log_batch.rs:1116:9
[INFO] [stdout]      |
[INFO] [stdout] 1116 |     use raft::eraftpb::Entry;
[INFO] [stdout]      |         ^^^^ use of undeclared crate or module `raft`
[INFO] [stdout] 
[INFO] [stdout] 
[INFO] [stdout] error[E0433]: failed to resolve: use of undeclared crate or module `raft`
[INFO] [stdout]  --> src/test_util.rs:5:5
[INFO] [stdout]   |
[INFO] [stdout] 5 | use raft::eraftpb::Entry;
[INFO] [stdout]   |     ^^^^ use of undeclared crate or module `raft`
[INFO] [stdout] 
[INFO] [stdout] 
[INFO] [stdout] error[E0433]: failed to resolve: use of undeclared crate or module `raft`
[INFO] [stdout]    --> src/lib.rs:223:9
[INFO] [stdout]     |
[INFO] [stdout] 223 |     use raft::eraftpb::Entry;
[INFO] [stdout]     |         ^^^^ use of undeclared crate or module `raft`
[INFO] [stdout] 
[INFO] [stdout] 
[INFO] [stdout] warning: use of deprecated function `protobuf::parse_from_bytes`: Use Message::parse_from_bytes instead
[INFO] [stdout]   --> src/engine.rs:11:16
[INFO] [stdout]    |
[INFO] [stdout] 11 | use protobuf::{parse_from_bytes, Message};
[INFO] [stdout]    |                ^^^^^^^^^^^^^^^^
[INFO] [stdout]    |
[INFO] [stdout]    = note: `#[warn(deprecated)]` on by default
[INFO] [stdout] 
[INFO] [stdout] 
[INFO] [stdout] warning: use of deprecated function `protobuf::parse_from_bytes`: Use Message::parse_from_bytes instead
[INFO] [stdout]    --> src/engine.rs:596:17
[INFO] [stdout]     |
[INFO] [stdout] 596 |         let e = parse_from_bytes(
[INFO] [stdout]     |                 ^^^^^^^^^^^^^^^^
[INFO] [stdout] 
[INFO] [stdout] 
[INFO] [stdout] warning: use of deprecated function `protobuf::parse_from_bytes`: Use Message::parse_from_bytes instead
[INFO] [stdout]    --> src/engine.rs:241:32
[INFO] [stdout]     |
[INFO] [stdout] 241 |                 return Ok(Some(parse_from_bytes(&value)?));
[INFO] [stdout]     |                                ^^^^^^^^^^^^^^^^
[INFO] [stdout] 
[INFO] [stdout] 
[INFO] [stdout] warning: use of deprecated function `protobuf::parse_from_bytes`: Use Message::parse_from_bytes instead
[INFO] [stdout]    --> src/engine.rs:270:28
[INFO] [stdout]     |
[INFO] [stdout] 270 |             if let Ok(v) = parse_from_bytes(raw_v) {
[INFO] [stdout]     |                            ^^^^^^^^^^^^^^^^
[INFO] [stdout] 
[INFO] [stdout] 
[INFO] [stdout] warning: use of deprecated function `protobuf::parse_from_bytes`: Use Message::parse_from_bytes instead
[INFO] [stdout]   --> src/engine.rs:11:16
[INFO] [stdout]    |
[INFO] [stdout] 11 | use protobuf::{parse_from_bytes, Message};
[INFO] [stdout]    |                ^^^^^^^^^^^^^^^^
[INFO] [stdout]    |
[INFO] [stdout]    = note: `#[warn(deprecated)]` on by default
[INFO] [stdout] 
[INFO] [stdout] 
[INFO] [stdout] warning: use of deprecated function `protobuf::parse_from_bytes`: Use Message::parse_from_bytes instead
[INFO] [stdout]    --> src/engine.rs:596:17
[INFO] [stdout]     |
[INFO] [stdout] 596 |         let e = parse_from_bytes(
[INFO] [stdout]     |                 ^^^^^^^^^^^^^^^^
[INFO] [stdout] 
[INFO] [stdout] 
[INFO] [stdout] warning: use of deprecated function `protobuf::parse_from_bytes`: Use Message::parse_from_bytes instead
[INFO] [stdout]    --> src/engine.rs:241:32
[INFO] [stdout]     |
[INFO] [stdout] 241 |                 return Ok(Some(parse_from_bytes(&value)?));
[INFO] [stdout]     |                                ^^^^^^^^^^^^^^^^
[INFO] [stdout] 
[INFO] [stdout] 
[INFO] [stdout] warning: use of deprecated function `protobuf::parse_from_bytes`: Use Message::parse_from_bytes instead
[INFO] [stdout]    --> src/engine.rs:270:28
[INFO] [stdout]     |
[INFO] [stdout] 270 |             if let Ok(v) = parse_from_bytes(raw_v) {
[INFO] [stdout]     |                            ^^^^^^^^^^^^^^^^
[INFO] [stdout] 
[INFO] [stdout] 
[INFO] [stdout] warning: use of deprecated function `protobuf::parse_from_bytes`: Use Message::parse_from_bytes instead
[INFO] [stdout]     --> src/log_batch.rs:1115:19
[INFO] [stdout]      |
[INFO] [stdout] 1115 |     use protobuf::parse_from_bytes;
[INFO] [stdout]      |                   ^^^^^^^^^^^^^^^^
[INFO] [stdout] 
[INFO] [stdout] 
[INFO] [stdout] warning: use of deprecated function `protobuf::parse_from_bytes`: Use Message::parse_from_bytes instead
[INFO] [stdout]     --> src/log_batch.rs:1130:17
[INFO] [stdout]      |
[INFO] [stdout] 1130 |                 parse_from_bytes(
[INFO] [stdout]      |                 ^^^^^^^^^^^^^^^^
[INFO] [stdout] 
[INFO] [stdout] 
[INFO] [stdout] error: aborting due to 6 previous errors; 6 warnings emitted
[INFO] [stdout] 
[INFO] [stdout] 
[INFO] [stdout] For more information about this error, try `rustc --explain E0433`.
[INFO] [stdout] 
[INFO] [stderr] error: could not compile `raft-engine` (lib test) due to 7 previous errors; 6 warnings emitted
[INFO] [stderr] warning: build failed, waiting for other jobs to finish...
[INFO] [stdout] warning: 4 warnings emitted
[INFO] [stdout] 
[INFO] [stdout] 
[INFO] running `Command { std: "docker" "inspect" "9e20e073640a06ded93098c53206b1241b1a68b7dca80ede4a2104bfa3b36117", kill_on_drop: false }`
[INFO] running `Command { std: "docker" "rm" "-f" "9e20e073640a06ded93098c53206b1241b1a68b7dca80ede4a2104bfa3b36117", kill_on_drop: false }`
[INFO] [stdout] 9e20e073640a06ded93098c53206b1241b1a68b7dca80ede4a2104bfa3b36117
