[INFO] fetching crate radio-sx128x 0.18.0...
[INFO] checking radio-sx128x-0.18.0 against nightly-2024-02-05 for check-cfg
[INFO] extracting crate radio-sx128x 0.18.0 into /workspace/builds/worker-0-tc1/source
[INFO] validating manifest of crates.io crate radio-sx128x 0.18.0 on toolchain nightly-2024-02-05
[INFO] running `Command { std: CARGO_HOME="/workspace/cargo-home" RUSTUP_HOME="/workspace/rustup-home" "/workspace/cargo-home/bin/cargo" "+nightly-2024-02-05" "metadata" "--manifest-path" "Cargo.toml" "--no-deps", kill_on_drop: false }`
[INFO] removed /workspace/builds/worker-0-tc1/source/.cargo/config
[INFO] started tweaking crates.io crate radio-sx128x 0.18.0
[INFO] finished tweaking crates.io crate radio-sx128x 0.18.0
[INFO] tweaked toml for crates.io crate radio-sx128x 0.18.0 written to /workspace/builds/worker-0-tc1/source/Cargo.toml
[INFO] crate crates.io crate radio-sx128x 0.18.0 already has a lockfile, it will not be regenerated
[INFO] running `Command { std: CARGO_HOME="/workspace/cargo-home" RUSTUP_HOME="/workspace/rustup-home" "/workspace/cargo-home/bin/cargo" "+nightly-2024-02-05" "fetch" "--manifest-path" "Cargo.toml", kill_on_drop: false }`
[INFO] [stderr]     Updating crates.io index
[INFO] [stderr]  Downloading crates ...
[INFO] [stderr]   Downloaded embedded-hal v1.0.0-alpha.7
[INFO] [stderr]   Downloaded simplelog v0.9.0
[INFO] [stderr]   Downloaded derive-into-owned v0.1.0
[INFO] [stderr]   Downloaded rolling-stats v0.5.0
[INFO] [stderr]   Downloaded radio v0.11.0
[INFO] [stderr]   Downloaded driver-cp2130 v1.0.0-alpha.5
[INFO] [stderr]   Downloaded defmt v0.3.1
[INFO] [stderr]   Downloaded linux-embedded-hal v0.4.0-alpha.2
[INFO] [stderr]   Downloaded defmt-macros v0.3.2
[INFO] [stderr]   Downloaded libusb1-sys v0.6.0
[INFO] [stderr]   Downloaded crc16 v0.4.0
[INFO] [stderr]   Downloaded driver-pal v0.8.0-alpha.6
[INFO] [stderr]   Downloaded defmt-parser v0.3.1
[INFO] [stderr]   Downloaded simplelog v0.8.0
[INFO] [stderr]   Downloaded pcap-file v1.1.1
[INFO] [stderr]   Downloaded synstructure v0.12.5
[INFO] [stderr]   Downloaded sharded-slab v0.1.3
[INFO] [stderr]   Downloaded rusb v0.9.0
[INFO] running `Command { std: "docker" "create" "-v" "/var/lib/crater-agent-workspace/builds/worker-0-tc1/target:/opt/rustwide/target:rw,Z" "-v" "/var/lib/crater-agent-workspace/builds/worker-0-tc1/source:/opt/rustwide/workdir:ro,Z" "-v" "/var/lib/crater-agent-workspace/cargo-home:/opt/rustwide/cargo-home:ro,Z" "-v" "/var/lib/crater-agent-workspace/rustup-home:/opt/rustwide/rustup-home:ro,Z" "-e" "SOURCE_DIR=/opt/rustwide/workdir" "-e" "CARGO_TARGET_DIR=/opt/rustwide/target" "-e" "CARGO_HOME=/opt/rustwide/cargo-home" "-e" "RUSTUP_HOME=/opt/rustwide/rustup-home" "-w" "/opt/rustwide/workdir" "-m" "1610612736" "--user" "0:0" "--network" "none" "ghcr.io/rust-lang/crates-build-env/linux@sha256:2788e3201cd34a07e3172128adcd8b3090168a8e3bcc40d7c032b9dda1df7d1c" "/opt/rustwide/cargo-home/bin/cargo" "+nightly-2024-02-05" "metadata" "--no-deps" "--format-version=1", kill_on_drop: false }`
[INFO] [stdout] 8a9ef59c7430c3271398ea193870430b7151a17fdb09a9840ec0ec04911679ad
[INFO] running `Command { std: "docker" "start" "-a" "8a9ef59c7430c3271398ea193870430b7151a17fdb09a9840ec0ec04911679ad", kill_on_drop: false }`
[INFO] running `Command { std: "docker" "inspect" "8a9ef59c7430c3271398ea193870430b7151a17fdb09a9840ec0ec04911679ad", kill_on_drop: false }`
[INFO] running `Command { std: "docker" "rm" "-f" "8a9ef59c7430c3271398ea193870430b7151a17fdb09a9840ec0ec04911679ad", kill_on_drop: false }`
[INFO] [stdout] 8a9ef59c7430c3271398ea193870430b7151a17fdb09a9840ec0ec04911679ad
[INFO] running `Command { std: "docker" "create" "-v" "/var/lib/crater-agent-workspace/builds/worker-0-tc1/target:/opt/rustwide/target:rw,Z" "-v" "/var/lib/crater-agent-workspace/builds/worker-0-tc1/source:/opt/rustwide/workdir:ro,Z" "-v" "/var/lib/crater-agent-workspace/cargo-home:/opt/rustwide/cargo-home:ro,Z" "-v" "/var/lib/crater-agent-workspace/rustup-home:/opt/rustwide/rustup-home:ro,Z" "-e" "SOURCE_DIR=/opt/rustwide/workdir" "-e" "CARGO_TARGET_DIR=/opt/rustwide/target" "-e" "CARGO_INCREMENTAL=0" "-e" "RUST_BACKTRACE=full" "-e" "RUSTFLAGS=--cap-lints=forbid" "-e" "RUSTDOCFLAGS=--cap-lints=forbid" "-e" "CARGO_HOME=/opt/rustwide/cargo-home" "-e" "RUSTUP_HOME=/opt/rustwide/rustup-home" "-w" "/opt/rustwide/workdir" "-m" "1610612736" "--user" "0:0" "--network" "none" "ghcr.io/rust-lang/crates-build-env/linux@sha256:2788e3201cd34a07e3172128adcd8b3090168a8e3bcc40d7c032b9dda1df7d1c" "/opt/rustwide/cargo-home/bin/cargo" "+nightly-2024-02-05" "check" "--frozen" "--all" "--all-targets" "--message-format=json", kill_on_drop: false }`
[INFO] [stdout] 1151f3faa06f38298b3deb3f06df1a7cba71b28483ebc0cfb61b8e6c12b25caf
[INFO] running `Command { std: "docker" "start" "-a" "1151f3faa06f38298b3deb3f06df1a7cba71b28483ebc0cfb61b8e6c12b25caf", kill_on_drop: false }`
[INFO] [stderr]    Compiling libc v0.2.103
[INFO] [stderr]    Compiling autocfg v1.0.1
[INFO] [stderr]    Compiling proc-macro2 v1.0.29
[INFO] [stderr]    Compiling unicode-xid v0.2.2
[INFO] [stderr]    Compiling syn v1.0.80
[INFO] [stderr]    Compiling cc v1.0.71
[INFO] [stderr]    Compiling version_check v0.9.3
[INFO] [stderr]     Checking lazy_static v1.4.0
[INFO] [stderr]    Compiling log v0.4.14
[INFO] [stderr]    Compiling serde_derive v1.0.130
[INFO] [stderr]    Compiling memchr v2.4.1
[INFO] [stderr]    Compiling proc-macro-error-attr v1.0.4
[INFO] [stderr]    Compiling num-traits v0.2.14
[INFO] [stderr]    Compiling memoffset v0.6.4
[INFO] [stderr]    Compiling num-integer v0.1.44
[INFO] [stderr]    Compiling miniz_oxide v0.4.4
[INFO] [stderr]    Compiling proc-macro-error v1.0.4
[INFO] [stderr]    Compiling serde v1.0.130
[INFO] [stderr]    Compiling quote v1.0.10
[INFO] [stderr]    Compiling pkg-config v0.3.20
[INFO] [stderr]     Checking unicode-width v0.1.9
[INFO] [stderr]     Checking gimli v0.25.0
[INFO] [stderr]    Compiling backtrace v0.3.61
[INFO] [stderr]    Compiling libusb1-sys v0.6.0
[INFO] [stderr]    Compiling unicode-segmentation v1.8.0
[INFO] [stderr]     Checking time v0.1.43
[INFO] [stderr]     Checking atty v0.2.14
[INFO] [stderr]     Checking nix v0.23.1
[INFO] [stderr]     Checking getrandom v0.2.3
[INFO] [stderr]    Compiling heck v0.3.3
[INFO] [stderr]     Checking chrono v0.4.19
[INFO] [stderr]     Checking object v0.26.2
[INFO] [stderr]     Checking textwrap v0.11.0
[INFO] [stderr]     Checking nb v1.0.0
[INFO] [stderr]     Checking rustc-demangle v0.1.21
[INFO] [stderr]     Checking termcolor v1.1.2
[INFO] [stderr]    Compiling unicode-xid v0.0.4
[INFO] [stderr]    Compiling failure_derive v0.1.8
[INFO] [stderr]     Checking vec_map v0.8.2
[INFO] [stderr]    Compiling synom v0.11.3
[INFO] [stderr]     Checking clap v2.33.3
[INFO] [stderr]     Checking embedded-hal v1.0.0-alpha.7
[INFO] [stderr]     Checking rand_core v0.6.3
[INFO] [stderr]     Checking tracing-core v0.1.21
[INFO] [stderr]    Compiling ryu v1.0.5
[INFO] [stderr]     Checking ppv-lite86 v0.2.10
[INFO] [stderr]    Compiling rustversion v1.0.6
[INFO] [stderr]    Compiling quote v0.3.15
[INFO] [stderr]    Compiling rusb v0.9.0
[INFO] [stderr]     Checking regex-syntax v0.6.25
[INFO] [stderr]    Compiling syn v0.11.11
[INFO] [stderr]     Checking addr2line v0.16.0
[INFO] [stderr]     Checking rand_chacha v0.3.1
[INFO] [stderr]     Checking termios v0.2.2
[INFO] [stderr]     Checking serial-core v0.4.0
[INFO] [stderr]     Checking ioctl-rs v0.1.6
[INFO] [stderr]    Compiling serde_json v1.0.68
[INFO] [stderr]     Checking serial-unix v0.4.0
[INFO] [stderr]     Checking rand v0.8.4
[INFO] [stderr]     Checking simplelog v0.9.0
[INFO] [stderr]    Compiling heck v0.4.0
[INFO] [stderr]     Checking cast v0.3.0
[INFO] [stderr]    Compiling derive-into-owned v0.1.0
[INFO] [stderr]     Checking pin-project-lite v0.2.7
[INFO] [stderr]     Checking hex v0.4.3
[INFO] [stderr]     Checking once_cell v1.8.0
[INFO] [stderr]     Checking itoa v0.4.8
[INFO] [stderr]    Compiling crc16 v0.4.0
[INFO] [stderr]     Checking thread_local v1.1.3
[INFO] [stderr]     Checking tracing-log v0.1.2
[INFO] [stderr]     Checking regex-automata v0.1.10
[INFO] [stderr]     Checking regex v1.5.4
[INFO] [stderr]     Checking simplelog v0.8.0
[INFO] [stderr]    Compiling synstructure v0.12.5
[INFO] [stderr]     Checking gpio-cdev v0.5.1
[INFO] [stderr]     Checking spidev v0.5.1
[INFO] [stderr]     Checking sysfs_gpio v0.6.1
[INFO] [stderr]     Checking i2cdev v0.5.1
[INFO] [stderr]     Checking rolling-stats v0.5.0
[INFO] [stderr]     Checking sharded-slab v0.1.3
[INFO] [stderr]     Checking ansi_term v0.12.1
[INFO] [stderr]     Checking smallvec v1.7.0
[INFO] [stderr]     Checking humantime v2.1.0
[INFO] [stderr]     Checking linux-embedded-hal v0.4.0-alpha.2
[INFO] [stderr]     Checking matchers v0.0.1
[INFO] [stderr]     Checking color-backtrace v0.5.1
[INFO] [stderr]    Compiling structopt-derive v0.4.16
[INFO] [stderr]    Compiling thiserror-impl v1.0.30
[INFO] [stderr]    Compiling tracing-attributes v0.1.18
[INFO] [stderr]    Compiling strum_macros v0.24.0
[INFO] [stderr]     Checking failure v0.1.8
[INFO] [stderr]     Checking tracing v0.1.29
[INFO] [stderr]     Checking structopt v0.3.23
[INFO] [stderr]     Checking driver-cp2130 v1.0.0-alpha.5
[INFO] [stderr]     Checking thiserror v1.0.30
[INFO] [stderr]     Checking pcap-file v1.1.1
[INFO] [stderr]     Checking strum v0.24.0
[INFO] [stderr]     Checking radio v0.11.0
[INFO] [stderr]     Checking toml v0.5.8
[INFO] [stderr]     Checking tracing-serde v0.1.2
[INFO] [stderr]     Checking tracing-subscriber v0.2.25
[INFO] [stderr]     Checking driver-pal v0.8.0-alpha.6
[INFO] [stderr]     Checking radio-sx128x v0.18.0 (/opt/rustwide/workdir)
[INFO] [stdout] warning: unused import: `Mock`
[INFO] [stdout]  --> src/tests/vectors.rs:4:28
[INFO] [stdout]   |
[INFO] [stdout] 4 | pub use driver_pal::mock::{Mock, MockTransaction as Mt};
[INFO] [stdout]   |                            ^^^^
[INFO] [stdout]   |
[INFO] [stdout]   = note: `#[warn(unused_imports)]` on by default
[INFO] [stdout] 
[INFO] [stdout] 
[INFO] [stdout] warning: unused import: `Transactional`
[INFO] [stdout]   --> src/base.rs:12:35
[INFO] [stdout]    |
[INFO] [stdout] 12 | use embedded_hal::spi::blocking::{Transactional, Operation};
[INFO] [stdout]    |                                   ^^^^^^^^^^^^^
[INFO] [stdout]    |
[INFO] [stdout]    = note: `#[warn(unused_imports)]` on by default
[INFO] [stdout] 
[INFO] [stdout] 
[INFO] [stdout] error[E0107]: struct takes 1 generic argument but 4 generic arguments were supplied
[INFO] [stdout]     --> src/lib.rs:1119:25
[INFO] [stdout]      |
[INFO] [stdout] 1119 |         let mut radio = Sx128x::<Spi, _, _, _>::build(spi.clone());
[INFO] [stdout]      |                         ^^^^^^        ------- help: remove these generic arguments
[INFO] [stdout]      |                         |
[INFO] [stdout]      |                         expected 1 generic argument
[INFO] [stdout]      |
[INFO] [stdout] note: struct defined here, with 1 generic parameter: `Base`
[INFO] [stdout]     --> src/lib.rs:47:12
[INFO] [stdout]      |
[INFO] [stdout] 47   | pub struct Sx128x<Base> {
[INFO] [stdout]      |            ^^^^^^ ----
[INFO] [stdout] 
[INFO] [stdout] 
[INFO] [stdout] error[E0599]: the function or associated item `build` exists for struct `Sx128x<Spi>`, but its trait bounds were not satisfied
[INFO] [stdout]     --> src/lib.rs:1119:49
[INFO] [stdout]      |
[INFO] [stdout] 47   | pub struct Sx128x<Base> {
[INFO] [stdout]      | ----------------------- function or associated item `build` not found for this struct
[INFO] [stdout] ...
[INFO] [stdout] 1119 |         let mut radio = Sx128x::<Spi, _, _, _>::build(spi.clone());
[INFO] [stdout]      |                                                 ^^^^^ function or associated item cannot be called on `Sx128x<Spi>` due to unsatisfied trait bounds
[INFO] [stdout]      |
[INFO] [stdout]     ::: /opt/rustwide/cargo-home/registry/src/index.crates.io-6f17d22bba15001f/driver-pal-0.8.0-alpha.6/src/mock.rs:36:1
[INFO] [stdout]      |
[INFO] [stdout] 36   | pub struct Spi {
[INFO] [stdout]      | -------------- doesn't satisfy `driver_pal::mock::Spi: base::Hal`
[INFO] [stdout]      |
[INFO] [stdout] note: trait bound `driver_pal::mock::Spi: base::Hal` was not satisfied
[INFO] [stdout]     --> src/lib.rs:199:10
[INFO] [stdout]      |
[INFO] [stdout] 197  | impl<Hal> Sx128x<Hal>
[INFO] [stdout]      |           -----------
[INFO] [stdout] 198  | where
[INFO] [stdout] 199  |     Hal: base::Hal,
[INFO] [stdout]      |          ^^^^^^^^^ unsatisfied trait bound introduced here
[INFO] [stdout] 
[INFO] [stdout] 
[INFO] [stdout] error[E0107]: struct takes 1 generic argument but 4 generic arguments were supplied
[INFO] [stdout]     --> src/lib.rs:1131:25
[INFO] [stdout]      |
[INFO] [stdout] 1131 |         let mut radio = Sx128x::<Spi, _, _, _>::build(spi.clone());
[INFO] [stdout]      |                         ^^^^^^        ------- help: remove these generic arguments
[INFO] [stdout]      |                         |
[INFO] [stdout]      |                         expected 1 generic argument
[INFO] [stdout]      |
[INFO] [stdout] note: struct defined here, with 1 generic parameter: `Base`
[INFO] [stdout]     --> src/lib.rs:47:12
[INFO] [stdout]      |
[INFO] [stdout] 47   | pub struct Sx128x<Base> {
[INFO] [stdout]      |            ^^^^^^ ----
[INFO] [stdout] 
[INFO] [stdout] 
[INFO] [stdout] error[E0599]: the function or associated item `build` exists for struct `Sx128x<Spi>`, but its trait bounds were not satisfied
[INFO] [stdout]     --> src/lib.rs:1131:49
[INFO] [stdout]      |
[INFO] [stdout] 47   | pub struct Sx128x<Base> {
[INFO] [stdout]      | ----------------------- function or associated item `build` not found for this struct
[INFO] [stdout] ...
[INFO] [stdout] 1131 |         let mut radio = Sx128x::<Spi, _, _, _>::build(spi.clone());
[INFO] [stdout]      |                                                 ^^^^^ function or associated item cannot be called on `Sx128x<Spi>` due to unsatisfied trait bounds
[INFO] [stdout]      |
[INFO] [stdout]     ::: /opt/rustwide/cargo-home/registry/src/index.crates.io-6f17d22bba15001f/driver-pal-0.8.0-alpha.6/src/mock.rs:36:1
[INFO] [stdout]      |
[INFO] [stdout] 36   | pub struct Spi {
[INFO] [stdout]      | -------------- doesn't satisfy `driver_pal::mock::Spi: base::Hal`
[INFO] [stdout]      |
[INFO] [stdout] note: trait bound `driver_pal::mock::Spi: base::Hal` was not satisfied
[INFO] [stdout]     --> src/lib.rs:199:10
[INFO] [stdout]      |
[INFO] [stdout] 197  | impl<Hal> Sx128x<Hal>
[INFO] [stdout]      |           -----------
[INFO] [stdout] 198  | where
[INFO] [stdout] 199  |     Hal: base::Hal,
[INFO] [stdout]      |          ^^^^^^^^^ unsatisfied trait bound introduced here
[INFO] [stdout] 
[INFO] [stdout] 
[INFO] [stdout] error[E0107]: struct takes 1 generic argument but 4 generic arguments were supplied
[INFO] [stdout]     --> src/lib.rs:1143:25
[INFO] [stdout]      |
[INFO] [stdout] 1143 |         let mut radio = Sx128x::<Spi, _, _, _>::build(spi.clone());
[INFO] [stdout]      |                         ^^^^^^        ------- help: remove these generic arguments
[INFO] [stdout]      |                         |
[INFO] [stdout]      |                         expected 1 generic argument
[INFO] [stdout]      |
[INFO] [stdout] note: struct defined here, with 1 generic parameter: `Base`
[INFO] [stdout]     --> src/lib.rs:47:12
[INFO] [stdout]      |
[INFO] [stdout] 47   | pub struct Sx128x<Base> {
[INFO] [stdout]      |            ^^^^^^ ----
[INFO] [stdout] 
[INFO] [stdout] 
[INFO] [stdout] error[E0599]: the function or associated item `build` exists for struct `Sx128x<Spi>`, but its trait bounds were not satisfied
[INFO] [stdout]     --> src/lib.rs:1143:49
[INFO] [stdout]      |
[INFO] [stdout] 47   | pub struct Sx128x<Base> {
[INFO] [stdout]      | ----------------------- function or associated item `build` not found for this struct
[INFO] [stdout] ...
[INFO] [stdout] 1143 |         let mut radio = Sx128x::<Spi, _, _, _>::build(spi.clone());
[INFO] [stdout]      |                                                 ^^^^^ function or associated item cannot be called on `Sx128x<Spi>` due to unsatisfied trait bounds
[INFO] [stdout]      |
[INFO] [stdout]     ::: /opt/rustwide/cargo-home/registry/src/index.crates.io-6f17d22bba15001f/driver-pal-0.8.0-alpha.6/src/mock.rs:36:1
[INFO] [stdout]      |
[INFO] [stdout] 36   | pub struct Spi {
[INFO] [stdout]      | -------------- doesn't satisfy `driver_pal::mock::Spi: base::Hal`
[INFO] [stdout]      |
[INFO] [stdout] note: trait bound `driver_pal::mock::Spi: base::Hal` was not satisfied
[INFO] [stdout]     --> src/lib.rs:199:10
[INFO] [stdout]      |
[INFO] [stdout] 197  | impl<Hal> Sx128x<Hal>
[INFO] [stdout]      |           -----------
[INFO] [stdout] 198  | where
[INFO] [stdout] 199  |     Hal: base::Hal,
[INFO] [stdout]      |          ^^^^^^^^^ unsatisfied trait bound introduced here
[INFO] [stdout] 
[INFO] [stdout] 
[INFO] [stdout] error[E0107]: struct takes 1 generic argument but 4 generic arguments were supplied
[INFO] [stdout]     --> src/lib.rs:1156:25
[INFO] [stdout]      |
[INFO] [stdout] 1156 |         let mut radio = Sx128x::<Spi, _, _, _>::build(spi.clone());
[INFO] [stdout]      |                         ^^^^^^        ------- help: remove these generic arguments
[INFO] [stdout]      |                         |
[INFO] [stdout]      |                         expected 1 generic argument
[INFO] [stdout]      |
[INFO] [stdout] note: struct defined here, with 1 generic parameter: `Base`
[INFO] [stdout]     --> src/lib.rs:47:12
[INFO] [stdout]      |
[INFO] [stdout] 47   | pub struct Sx128x<Base> {
[INFO] [stdout]      |            ^^^^^^ ----
[INFO] [stdout] 
[INFO] [stdout] 
[INFO] [stdout] error[E0599]: the function or associated item `build` exists for struct `Sx128x<Spi>`, but its trait bounds were not satisfied
[INFO] [stdout]     --> src/lib.rs:1156:49
[INFO] [stdout]      |
[INFO] [stdout] 47   | pub struct Sx128x<Base> {
[INFO] [stdout]      | ----------------------- function or associated item `build` not found for this struct
[INFO] [stdout] ...
[INFO] [stdout] 1156 |         let mut radio = Sx128x::<Spi, _, _, _>::build(spi.clone());
[INFO] [stdout]      |                                                 ^^^^^ function or associated item cannot be called on `Sx128x<Spi>` due to unsatisfied trait bounds
[INFO] [stdout]      |
[INFO] [stdout]     ::: /opt/rustwide/cargo-home/registry/src/index.crates.io-6f17d22bba15001f/driver-pal-0.8.0-alpha.6/src/mock.rs:36:1
[INFO] [stdout]      |
[INFO] [stdout] 36   | pub struct Spi {
[INFO] [stdout]      | -------------- doesn't satisfy `driver_pal::mock::Spi: base::Hal`
[INFO] [stdout]      |
[INFO] [stdout] note: trait bound `driver_pal::mock::Spi: base::Hal` was not satisfied
[INFO] [stdout]     --> src/lib.rs:199:10
[INFO] [stdout]      |
[INFO] [stdout] 197  | impl<Hal> Sx128x<Hal>
[INFO] [stdout]      |           -----------
[INFO] [stdout] 198  | where
[INFO] [stdout] 199  |     Hal: base::Hal,
[INFO] [stdout]      |          ^^^^^^^^^ unsatisfied trait bound introduced here
[INFO] [stdout] 
[INFO] [stdout] 
[INFO] [stdout] warning: unused import: `radio::State`
[INFO] [stdout]     --> src/lib.rs:1110:9
[INFO] [stdout]      |
[INFO] [stdout] 1110 |     use radio::State as _;
[INFO] [stdout]      |         ^^^^^^^^^^^^
[INFO] [stdout] 
[INFO] [stdout] 
[INFO] [stdout] warning: unused import: `Transactional`
[INFO] [stdout]   --> src/base.rs:12:35
[INFO] [stdout]    |
[INFO] [stdout] 12 | use embedded_hal::spi::blocking::{Transactional, Operation};
[INFO] [stdout]    |                                   ^^^^^^^^^^^^^
[INFO] [stdout] 
[INFO] [stdout] 
[INFO] [stdout] warning: unused import: `crate::base::Hal`
[INFO] [stdout]     --> src/lib.rs:1104:9
[INFO] [stdout]      |
[INFO] [stdout] 1104 |     use crate::base::Hal;
[INFO] [stdout]      |         ^^^^^^^^^^^^^^^^
[INFO] [stdout] 
[INFO] [stdout] 
[INFO] [stdout] error: aborting due to 8 previous errors; 4 warnings emitted
[INFO] [stdout] 
[INFO] [stdout] 
[INFO] [stdout] Some errors have detailed explanations: E0107, E0599.
[INFO] [stdout] 
[INFO] [stdout] For more information about an error, try `rustc --explain E0107`.
[INFO] [stdout] 
[INFO] [stderr] error: could not compile `radio-sx128x` (lib test) due to 9 previous errors; 4 warnings emitted
[INFO] [stderr] warning: build failed, waiting for other jobs to finish...
[INFO] [stdout] warning: 1 warning emitted
[INFO] [stdout] 
[INFO] [stdout] 
[INFO] running `Command { std: "docker" "inspect" "1151f3faa06f38298b3deb3f06df1a7cba71b28483ebc0cfb61b8e6c12b25caf", kill_on_drop: false }`
[INFO] running `Command { std: "docker" "rm" "-f" "1151f3faa06f38298b3deb3f06df1a7cba71b28483ebc0cfb61b8e6c12b25caf", kill_on_drop: false }`
[INFO] [stdout] 1151f3faa06f38298b3deb3f06df1a7cba71b28483ebc0cfb61b8e6c12b25caf
[INFO] checking radio-sx128x-0.18.0 against nightly-2024-02-05+rustflags=-Dunexpected_cfgs+cargoflags=-Zcheck-cfg for check-cfg
[INFO] extracting crate radio-sx128x 0.18.0 into /workspace/builds/worker-0-tc2/source
[INFO] validating manifest of crates.io crate radio-sx128x 0.18.0 on toolchain nightly-2024-02-05
[INFO] running `Command { std: CARGO_HOME="/workspace/cargo-home" RUSTUP_HOME="/workspace/rustup-home" "/workspace/cargo-home/bin/cargo" "+nightly-2024-02-05" "metadata" "--manifest-path" "Cargo.toml" "--no-deps", kill_on_drop: false }`
[INFO] removed /workspace/builds/worker-0-tc2/source/.cargo/config
[INFO] started tweaking crates.io crate radio-sx128x 0.18.0
[INFO] finished tweaking crates.io crate radio-sx128x 0.18.0
[INFO] tweaked toml for crates.io crate radio-sx128x 0.18.0 written to /workspace/builds/worker-0-tc2/source/Cargo.toml
[INFO] crate crates.io crate radio-sx128x 0.18.0 already has a lockfile, it will not be regenerated
[INFO] running `Command { std: CARGO_HOME="/workspace/cargo-home" RUSTUP_HOME="/workspace/rustup-home" "/workspace/cargo-home/bin/cargo" "+nightly-2024-02-05" "fetch" "--manifest-path" "Cargo.toml", kill_on_drop: false }`
[INFO] running `Command { std: "docker" "create" "-v" "/var/lib/crater-agent-workspace/builds/worker-0-tc2/target:/opt/rustwide/target:rw,Z" "-v" "/var/lib/crater-agent-workspace/builds/worker-0-tc2/source:/opt/rustwide/workdir:ro,Z" "-v" "/var/lib/crater-agent-workspace/cargo-home:/opt/rustwide/cargo-home:ro,Z" "-v" "/var/lib/crater-agent-workspace/rustup-home:/opt/rustwide/rustup-home:ro,Z" "-e" "SOURCE_DIR=/opt/rustwide/workdir" "-e" "CARGO_TARGET_DIR=/opt/rustwide/target" "-e" "CARGO_HOME=/opt/rustwide/cargo-home" "-e" "RUSTUP_HOME=/opt/rustwide/rustup-home" "-w" "/opt/rustwide/workdir" "-m" "1610612736" "--user" "0:0" "--network" "none" "ghcr.io/rust-lang/crates-build-env/linux@sha256:2788e3201cd34a07e3172128adcd8b3090168a8e3bcc40d7c032b9dda1df7d1c" "/opt/rustwide/cargo-home/bin/cargo" "+nightly-2024-02-05" "metadata" "--no-deps" "--format-version=1", kill_on_drop: false }`
[INFO] [stdout] 54ac90b9cc704dba6e2831500b81403eeb9c464e1b5ed2c1775e86c9ea705867
[INFO] running `Command { std: "docker" "start" "-a" "54ac90b9cc704dba6e2831500b81403eeb9c464e1b5ed2c1775e86c9ea705867", kill_on_drop: false }`
[INFO] running `Command { std: "docker" "inspect" "54ac90b9cc704dba6e2831500b81403eeb9c464e1b5ed2c1775e86c9ea705867", kill_on_drop: false }`
[INFO] running `Command { std: "docker" "rm" "-f" "54ac90b9cc704dba6e2831500b81403eeb9c464e1b5ed2c1775e86c9ea705867", kill_on_drop: false }`
[INFO] [stdout] 54ac90b9cc704dba6e2831500b81403eeb9c464e1b5ed2c1775e86c9ea705867
[INFO] running `Command { std: "docker" "create" "-v" "/var/lib/crater-agent-workspace/builds/worker-0-tc2/target:/opt/rustwide/target:rw,Z" "-v" "/var/lib/crater-agent-workspace/builds/worker-0-tc2/source:/opt/rustwide/workdir:ro,Z" "-v" "/var/lib/crater-agent-workspace/cargo-home:/opt/rustwide/cargo-home:ro,Z" "-v" "/var/lib/crater-agent-workspace/rustup-home:/opt/rustwide/rustup-home:ro,Z" "-e" "SOURCE_DIR=/opt/rustwide/workdir" "-e" "CARGO_TARGET_DIR=/opt/rustwide/target" "-e" "CARGO_INCREMENTAL=0" "-e" "RUST_BACKTRACE=full" "-e" "RUSTFLAGS=--cap-lints=forbid -Dunexpected_cfgs" "-e" "RUSTDOCFLAGS=--cap-lints=forbid" "-e" "CARGO_HOME=/opt/rustwide/cargo-home" "-e" "RUSTUP_HOME=/opt/rustwide/rustup-home" "-w" "/opt/rustwide/workdir" "-m" "1610612736" "--user" "0:0" "--network" "none" "ghcr.io/rust-lang/crates-build-env/linux@sha256:2788e3201cd34a07e3172128adcd8b3090168a8e3bcc40d7c032b9dda1df7d1c" "/opt/rustwide/cargo-home/bin/cargo" "+nightly-2024-02-05" "check" "--frozen" "--all" "--all-targets" "--message-format=json" "-Zcheck-cfg", kill_on_drop: false }`
[INFO] [stdout] db78efa28cf698dc376368b7ab3ab48d7a5b050274f17561ca2fb9d84b3c0db0
[INFO] running `Command { std: "docker" "start" "-a" "db78efa28cf698dc376368b7ab3ab48d7a5b050274f17561ca2fb9d84b3c0db0", kill_on_drop: false }`
[INFO] [stderr]    Compiling libc v0.2.103
[INFO] [stderr]    Compiling autocfg v1.0.1
[INFO] [stderr]    Compiling proc-macro2 v1.0.29
[INFO] [stderr]    Compiling unicode-xid v0.2.2
[INFO] [stderr]    Compiling syn v1.0.80
[INFO] [stderr]    Compiling cc v1.0.71
[INFO] [stderr]    Compiling version_check v0.9.3
[INFO] [stderr]     Checking lazy_static v1.4.0
[INFO] [stderr]    Compiling log v0.4.14
[INFO] [stderr]    Compiling serde_derive v1.0.130
[INFO] [stderr]    Compiling memchr v2.4.1
[INFO] [stderr]    Compiling num-traits v0.2.14
[INFO] [stderr]    Compiling memoffset v0.6.4
[INFO] [stderr]    Compiling num-integer v0.1.44
[INFO] [stderr]    Compiling proc-macro-error-attr v1.0.4
[INFO] [stderr]    Compiling proc-macro-error v1.0.4
[INFO] [stderr]    Compiling quote v1.0.10
[INFO] [stderr]    Compiling miniz_oxide v0.4.4
[INFO] [stderr]    Compiling pkg-config v0.3.20
[INFO] [stderr]    Compiling serde v1.0.130
[INFO] [stderr]    Compiling backtrace v0.3.61
[INFO] [stderr]     Checking time v0.1.43
[INFO] [stderr]     Checking atty v0.2.14
[INFO] [stderr]     Checking nix v0.23.1
[INFO] [stderr]     Checking gimli v0.25.0
[INFO] [stderr]     Checking unicode-width v0.1.9
[INFO] [stderr]    Compiling libusb1-sys v0.6.0
[INFO] [stderr]     Checking chrono v0.4.19
[INFO] [stderr]    Compiling unicode-segmentation v1.8.0
[INFO] [stderr]     Checking textwrap v0.11.0
[INFO] [stderr]     Checking object v0.26.2
[INFO] [stderr]     Checking getrandom v0.2.3
[INFO] [stderr]    Compiling heck v0.3.3
[INFO] [stderr]     Checking nb v1.0.0
[INFO] [stderr]     Checking vec_map v0.8.2
[INFO] [stderr]     Checking termcolor v1.1.2
[INFO] [stderr]    Compiling unicode-xid v0.0.4
[INFO] [stderr]    Compiling failure_derive v0.1.8
[INFO] [stderr]     Checking rustc-demangle v0.1.21
[INFO] [stderr]     Checking clap v2.33.3
[INFO] [stderr]    Compiling synom v0.11.3
[INFO] [stderr]     Checking embedded-hal v1.0.0-alpha.7
[INFO] [stderr]     Checking rand_core v0.6.3
[INFO] [stderr]     Checking tracing-core v0.1.21
[INFO] [stderr]    Compiling quote v0.3.15
[INFO] [stderr]    Compiling rustversion v1.0.6
[INFO] [stderr]    Compiling rusb v0.9.0
[INFO] [stderr]     Checking regex-syntax v0.6.25
[INFO] [stderr]     Checking ppv-lite86 v0.2.10
[INFO] [stderr]    Compiling ryu v1.0.5
[INFO] [stderr]     Checking addr2line v0.16.0
[INFO] [stderr]     Checking rand_chacha v0.3.1
[INFO] [stderr]    Compiling syn v0.11.11
[INFO] [stderr]     Checking serial-core v0.4.0
[INFO] [stderr]     Checking termios v0.2.2
[INFO] [stderr]     Checking ioctl-rs v0.1.6
[INFO] [stderr]    Compiling serde_json v1.0.68
[INFO] [stderr]     Checking serial-unix v0.4.0
[INFO] [stderr]     Checking sysfs_gpio v0.6.1
[INFO] [stderr]     Checking i2cdev v0.5.1
[INFO] [stderr]     Checking spidev v0.5.1
[INFO] [stderr]    Compiling synstructure v0.12.5
[INFO] [stderr]     Checking gpio-cdev v0.5.1
[INFO] [stderr]     Checking rand v0.8.4
[INFO] [stderr]     Checking simplelog v0.9.0
[INFO] [stderr]     Checking regex-automata v0.1.10
[INFO] [stderr]     Checking once_cell v1.8.0
[INFO] [stderr]     Checking hex v0.4.3
[INFO] [stderr]     Checking cast v0.3.0
[INFO] [stderr]    Compiling derive-into-owned v0.1.0
[INFO] [stderr]    Compiling crc16 v0.4.0
[INFO] [stderr]    Compiling heck v0.4.0
[INFO] [stderr]     Checking itoa v0.4.8
[INFO] [stderr]     Checking pin-project-lite v0.2.7
[INFO] [stderr]     Checking linux-embedded-hal v0.4.0-alpha.2
[INFO] [stderr]     Checking thread_local v1.1.3
[INFO] [stderr]     Checking regex v1.5.4
[INFO] [stderr]     Checking tracing-log v0.1.2
[INFO] [stderr]     Checking simplelog v0.8.0
[INFO] [stderr]     Checking matchers v0.0.1
[INFO] [stderr]     Checking rolling-stats v0.5.0
[INFO] [stderr]     Checking sharded-slab v0.1.3
[INFO] [stderr]     Checking humantime v2.1.0
[INFO] [stderr]     Checking ansi_term v0.12.1
[INFO] [stderr]     Checking smallvec v1.7.0
[INFO] [stderr]     Checking color-backtrace v0.5.1
[INFO] [stderr]    Compiling structopt-derive v0.4.16
[INFO] [stderr]    Compiling thiserror-impl v1.0.30
[INFO] [stderr]    Compiling tracing-attributes v0.1.18
[INFO] [stderr]    Compiling strum_macros v0.24.0
[INFO] [stderr]     Checking failure v0.1.8
[INFO] [stderr]     Checking tracing v0.1.29
[INFO] [stderr]     Checking thiserror v1.0.30
[INFO] [stderr]     Checking pcap-file v1.1.1
[INFO] [stderr]     Checking structopt v0.3.23
[INFO] [stderr]     Checking driver-cp2130 v1.0.0-alpha.5
[INFO] [stderr]     Checking strum v0.24.0
[INFO] [stderr]     Checking radio v0.11.0
[INFO] [stderr]     Checking tracing-serde v0.1.2
[INFO] [stderr]     Checking toml v0.5.8
[INFO] [stderr]     Checking tracing-subscriber v0.2.25
[INFO] [stderr]     Checking driver-pal v0.8.0-alpha.6
[INFO] [stderr]     Checking radio-sx128x v0.18.0 (/opt/rustwide/workdir)
[INFO] [stdout] error: unexpected `cfg` condition value: `poll_irq`
[INFO] [stdout]    --> src/lib.rs:903:15
[INFO] [stdout]     |
[INFO] [stdout] 903 |         #[cfg(feature = "poll_irq")]
[INFO] [stdout]     |               ^^^^^^^^^^----------
[INFO] [stdout]     |                         |
[INFO] [stdout]     |                         help: there is a expected value with a similar name: `"poll-irq"`
[INFO] [stdout]     |
[INFO] [stdout]     = note: expected values for `feature` are: `crc16`, `default`, `defmt`, `defmt-debug`, `defmt-default`, `defmt-error`, `defmt-info`, `defmt-trace`, `defmt-warn`, `driver-pal`, `hex`, `humantime`, `patch-unknown-state`, `poll-irq`, `serde`, `std`, `structopt`, `tests`, `thiserror`, `tracing`, `tracing-subscriber`, `util`
[INFO] [stdout]     = help: consider adding `poll_irq` as a feature in `Cargo.toml`
[INFO] [stdout]     = note: see <https://doc.rust-lang.org/nightly/cargo/reference/unstable.html#check-cfg> for more information about checking conditional configuration
[INFO] [stdout]     = note: requested on the command line with `-D unexpected-cfgs`
[INFO] [stdout] 
[INFO] [stdout] 
[INFO] [stdout] error: unexpected `cfg` condition value: `poll_irq`
[INFO] [stdout]     --> src/lib.rs:1020:15
[INFO] [stdout]      |
[INFO] [stdout] 1020 |         #[cfg(feature = "poll_irq")]
[INFO] [stdout]      |               ^^^^^^^^^^----------
[INFO] [stdout]      |                         |
[INFO] [stdout]      |                         help: there is a expected value with a similar name: `"poll-irq"`
[INFO] [stdout]      |
[INFO] [stdout]      = note: expected values for `feature` are: `crc16`, `default`, `defmt`, `defmt-debug`, `defmt-default`, `defmt-error`, `defmt-info`, `defmt-trace`, `defmt-warn`, `driver-pal`, `hex`, `humantime`, `patch-unknown-state`, `poll-irq`, `serde`, `std`, `structopt`, `tests`, `thiserror`, `tracing`, `tracing-subscriber`, `util`
[INFO] [stdout]      = help: consider adding `poll_irq` as a feature in `Cargo.toml`
[INFO] [stdout]      = note: see <https://doc.rust-lang.org/nightly/cargo/reference/unstable.html#check-cfg> for more information about checking conditional configuration
[INFO] [stdout] 
[INFO] [stdout] 
[INFO] [stdout] error: unexpected `cfg` condition value: `poll_irq`
[INFO] [stdout]    --> src/lib.rs:903:15
[INFO] [stdout]     |
[INFO] [stdout] 903 |         #[cfg(feature = "poll_irq")]
[INFO] [stdout]     |               ^^^^^^^^^^----------
[INFO] [stdout]     |                         |
[INFO] [stdout]     |                         help: there is a expected value with a similar name: `"poll-irq"`
[INFO] [stdout]     |
[INFO] [stdout]     = note: expected values for `feature` are: `crc16`, `default`, `defmt`, `defmt-debug`, `defmt-default`, `defmt-error`, `defmt-info`, `defmt-trace`, `defmt-warn`, `driver-pal`, `hex`, `humantime`, `patch-unknown-state`, `poll-irq`, `serde`, `std`, `structopt`, `tests`, `thiserror`, `tracing`, `tracing-subscriber`, `util`
[INFO] [stdout]     = help: consider adding `poll_irq` as a feature in `Cargo.toml`
[INFO] [stdout]     = note: see <https://doc.rust-lang.org/nightly/cargo/reference/unstable.html#check-cfg> for more information about checking conditional configuration
[INFO] [stdout]     = note: requested on the command line with `-D unexpected-cfgs`
[INFO] [stdout] 
[INFO] [stdout] 
[INFO] [stdout] error: unexpected `cfg` condition value: `poll_irq`
[INFO] [stdout]     --> src/lib.rs:1020:15
[INFO] [stdout]      |
[INFO] [stdout] 1020 |         #[cfg(feature = "poll_irq")]
[INFO] [stdout]      |               ^^^^^^^^^^----------
[INFO] [stdout]      |                         |
[INFO] [stdout]      |                         help: there is a expected value with a similar name: `"poll-irq"`
[INFO] [stdout]      |
[INFO] [stdout]      = note: expected values for `feature` are: `crc16`, `default`, `defmt`, `defmt-debug`, `defmt-default`, `defmt-error`, `defmt-info`, `defmt-trace`, `defmt-warn`, `driver-pal`, `hex`, `humantime`, `patch-unknown-state`, `poll-irq`, `serde`, `std`, `structopt`, `tests`, `thiserror`, `tracing`, `tracing-subscriber`, `util`
[INFO] [stdout]      = help: consider adding `poll_irq` as a feature in `Cargo.toml`
[INFO] [stdout]      = note: see <https://doc.rust-lang.org/nightly/cargo/reference/unstable.html#check-cfg> for more information about checking conditional configuration
[INFO] [stdout] 
[INFO] [stdout] 
[INFO] [stdout] warning: unused import: `Mock`
[INFO] [stdout]  --> src/tests/vectors.rs:4:28
[INFO] [stdout]   |
[INFO] [stdout] 4 | pub use driver_pal::mock::{Mock, MockTransaction as Mt};
[INFO] [stdout]   |                            ^^^^
[INFO] [stdout]   |
[INFO] [stdout]   = note: `#[warn(unused_imports)]` on by default
[INFO] [stdout] 
[INFO] [stdout] 
[INFO] [stdout] warning: unused import: `Transactional`
[INFO] [stdout]   --> src/base.rs:12:35
[INFO] [stdout]    |
[INFO] [stdout] 12 | use embedded_hal::spi::blocking::{Transactional, Operation};
[INFO] [stdout]    |                                   ^^^^^^^^^^^^^
[INFO] [stdout]    |
[INFO] [stdout]    = note: `#[warn(unused_imports)]` on by default
[INFO] [stdout] 
[INFO] [stdout] 
[INFO] [stdout] error[E0107]: struct takes 1 generic argument but 4 generic arguments were supplied
[INFO] [stdout]     --> src/lib.rs:1119:25
[INFO] [stdout]      |
[INFO] [stdout] 1119 |         let mut radio = Sx128x::<Spi, _, _, _>::build(spi.clone());
[INFO] [stdout]      |                         ^^^^^^        ------- help: remove these generic arguments
[INFO] [stdout]      |                         |
[INFO] [stdout]      |                         expected 1 generic argument
[INFO] [stdout]      |
[INFO] [stdout] note: struct defined here, with 1 generic parameter: `Base`
[INFO] [stdout]     --> src/lib.rs:47:12
[INFO] [stdout]      |
[INFO] [stdout] 47   | pub struct Sx128x<Base> {
[INFO] [stdout]      |            ^^^^^^ ----
[INFO] [stdout] 
[INFO] [stdout] 
[INFO] [stdout] error[E0599]: the function or associated item `build` exists for struct `Sx128x<Spi>`, but its trait bounds were not satisfied
[INFO] [stdout]     --> src/lib.rs:1119:49
[INFO] [stdout]      |
[INFO] [stdout] 47   | pub struct Sx128x<Base> {
[INFO] [stdout]      | ----------------------- function or associated item `build` not found for this struct
[INFO] [stdout] ...
[INFO] [stdout] 1119 |         let mut radio = Sx128x::<Spi, _, _, _>::build(spi.clone());
[INFO] [stdout]      |                                                 ^^^^^ function or associated item cannot be called on `Sx128x<Spi>` due to unsatisfied trait bounds
[INFO] [stdout]      |
[INFO] [stdout]     ::: /opt/rustwide/cargo-home/registry/src/index.crates.io-6f17d22bba15001f/driver-pal-0.8.0-alpha.6/src/mock.rs:36:1
[INFO] [stdout]      |
[INFO] [stdout] 36   | pub struct Spi {
[INFO] [stdout]      | -------------- doesn't satisfy `driver_pal::mock::Spi: base::Hal`
[INFO] [stdout]      |
[INFO] [stdout] note: trait bound `driver_pal::mock::Spi: base::Hal` was not satisfied
[INFO] [stdout]     --> src/lib.rs:199:10
[INFO] [stdout]      |
[INFO] [stdout] 197  | impl<Hal> Sx128x<Hal>
[INFO] [stdout]      |           -----------
[INFO] [stdout] 198  | where
[INFO] [stdout] 199  |     Hal: base::Hal,
[INFO] [stdout]      |          ^^^^^^^^^ unsatisfied trait bound introduced here
[INFO] [stdout] 
[INFO] [stdout] 
[INFO] [stdout] error[E0107]: struct takes 1 generic argument but 4 generic arguments were supplied
[INFO] [stdout]     --> src/lib.rs:1131:25
[INFO] [stdout]      |
[INFO] [stdout] 1131 |         let mut radio = Sx128x::<Spi, _, _, _>::build(spi.clone());
[INFO] [stdout]      |                         ^^^^^^        ------- help: remove these generic arguments
[INFO] [stdout]      |                         |
[INFO] [stdout]      |                         expected 1 generic argument
[INFO] [stdout]      |
[INFO] [stdout] note: struct defined here, with 1 generic parameter: `Base`
[INFO] [stdout]     --> src/lib.rs:47:12
[INFO] [stdout]      |
[INFO] [stdout] 47   | pub struct Sx128x<Base> {
[INFO] [stdout]      |            ^^^^^^ ----
[INFO] [stdout] 
[INFO] [stdout] 
[INFO] [stdout] error[E0599]: the function or associated item `build` exists for struct `Sx128x<Spi>`, but its trait bounds were not satisfied
[INFO] [stdout]     --> src/lib.rs:1131:49
[INFO] [stdout]      |
[INFO] [stdout] 47   | pub struct Sx128x<Base> {
[INFO] [stdout]      | ----------------------- function or associated item `build` not found for this struct
[INFO] [stdout] ...
[INFO] [stdout] 1131 |         let mut radio = Sx128x::<Spi, _, _, _>::build(spi.clone());
[INFO] [stdout]      |                                                 ^^^^^ function or associated item cannot be called on `Sx128x<Spi>` due to unsatisfied trait bounds
[INFO] [stdout]      |
[INFO] [stdout]     ::: /opt/rustwide/cargo-home/registry/src/index.crates.io-6f17d22bba15001f/driver-pal-0.8.0-alpha.6/src/mock.rs:36:1
[INFO] [stdout]      |
[INFO] [stdout] 36   | pub struct Spi {
[INFO] [stdout]      | -------------- doesn't satisfy `driver_pal::mock::Spi: base::Hal`
[INFO] [stdout]      |
[INFO] [stdout] note: trait bound `driver_pal::mock::Spi: base::Hal` was not satisfied
[INFO] [stdout]     --> src/lib.rs:199:10
[INFO] [stdout]      |
[INFO] [stdout] 197  | impl<Hal> Sx128x<Hal>
[INFO] [stdout]      |           -----------
[INFO] [stdout] 198  | where
[INFO] [stdout] 199  |     Hal: base::Hal,
[INFO] [stdout]      |          ^^^^^^^^^ unsatisfied trait bound introduced here
[INFO] [stdout] 
[INFO] [stdout] 
[INFO] [stdout] error[E0107]: struct takes 1 generic argument but 4 generic arguments were supplied
[INFO] [stdout]     --> src/lib.rs:1143:25
[INFO] [stdout]      |
[INFO] [stdout] 1143 |         let mut radio = Sx128x::<Spi, _, _, _>::build(spi.clone());
[INFO] [stdout]      |                         ^^^^^^        ------- help: remove these generic arguments
[INFO] [stdout]      |                         |
[INFO] [stdout]      |                         expected 1 generic argument
[INFO] [stdout]      |
[INFO] [stdout] note: struct defined here, with 1 generic parameter: `Base`
[INFO] [stdout]     --> src/lib.rs:47:12
[INFO] [stdout]      |
[INFO] [stdout] 47   | pub struct Sx128x<Base> {
[INFO] [stdout]      |            ^^^^^^ ----
[INFO] [stdout] 
[INFO] [stdout] 
[INFO] [stdout] error[E0599]: the function or associated item `build` exists for struct `Sx128x<Spi>`, but its trait bounds were not satisfied
[INFO] [stdout]     --> src/lib.rs:1143:49
[INFO] [stdout]      |
[INFO] [stdout] 47   | pub struct Sx128x<Base> {
[INFO] [stdout]      | ----------------------- function or associated item `build` not found for this struct
[INFO] [stdout] ...
[INFO] [stdout] 1143 |         let mut radio = Sx128x::<Spi, _, _, _>::build(spi.clone());
[INFO] [stdout]      |                                                 ^^^^^ function or associated item cannot be called on `Sx128x<Spi>` due to unsatisfied trait bounds
[INFO] [stdout]      |
[INFO] [stdout]     ::: /opt/rustwide/cargo-home/registry/src/index.crates.io-6f17d22bba15001f/driver-pal-0.8.0-alpha.6/src/mock.rs:36:1
[INFO] [stdout]      |
[INFO] [stdout] 36   | pub struct Spi {
[INFO] [stdout]      | -------------- doesn't satisfy `driver_pal::mock::Spi: base::Hal`
[INFO] [stdout]      |
[INFO] [stdout] note: trait bound `driver_pal::mock::Spi: base::Hal` was not satisfied
[INFO] [stdout]     --> src/lib.rs:199:10
[INFO] [stdout]      |
[INFO] [stdout] 197  | impl<Hal> Sx128x<Hal>
[INFO] [stdout]      |           -----------
[INFO] [stdout] 198  | where
[INFO] [stdout] 199  |     Hal: base::Hal,
[INFO] [stdout]      |          ^^^^^^^^^ unsatisfied trait bound introduced here
[INFO] [stdout] 
[INFO] [stdout] 
[INFO] [stdout] error[E0107]: struct takes 1 generic argument but 4 generic arguments were supplied
[INFO] [stdout]     --> src/lib.rs:1156:25
[INFO] [stdout]      |
[INFO] [stdout] 1156 |         let mut radio = Sx128x::<Spi, _, _, _>::build(spi.clone());
[INFO] [stdout]      |                         ^^^^^^        ------- help: remove these generic arguments
[INFO] [stdout]      |                         |
[INFO] [stdout]      |                         expected 1 generic argument
[INFO] [stdout]      |
[INFO] [stdout] note: struct defined here, with 1 generic parameter: `Base`
[INFO] [stdout]     --> src/lib.rs:47:12
[INFO] [stdout]      |
[INFO] [stdout] 47   | pub struct Sx128x<Base> {
[INFO] [stdout]      |            ^^^^^^ ----
[INFO] [stdout] 
[INFO] [stdout] 
[INFO] [stdout] error[E0599]: the function or associated item `build` exists for struct `Sx128x<Spi>`, but its trait bounds were not satisfied
[INFO] [stdout]     --> src/lib.rs:1156:49
[INFO] [stdout]      |
[INFO] [stdout] 47   | pub struct Sx128x<Base> {
[INFO] [stdout]      | ----------------------- function or associated item `build` not found for this struct
[INFO] [stdout] ...
[INFO] [stdout] 1156 |         let mut radio = Sx128x::<Spi, _, _, _>::build(spi.clone());
[INFO] [stdout]      |                                                 ^^^^^ function or associated item cannot be called on `Sx128x<Spi>` due to unsatisfied trait bounds
[INFO] [stdout]      |
[INFO] [stdout]     ::: /opt/rustwide/cargo-home/registry/src/index.crates.io-6f17d22bba15001f/driver-pal-0.8.0-alpha.6/src/mock.rs:36:1
[INFO] [stdout]      |
[INFO] [stdout] 36   | pub struct Spi {
[INFO] [stdout]      | -------------- doesn't satisfy `driver_pal::mock::Spi: base::Hal`
[INFO] [stdout]      |
[INFO] [stdout] note: trait bound `driver_pal::mock::Spi: base::Hal` was not satisfied
[INFO] [stdout]     --> src/lib.rs:199:10
[INFO] [stdout]      |
[INFO] [stdout] 197  | impl<Hal> Sx128x<Hal>
[INFO] [stdout]      |           -----------
[INFO] [stdout] 198  | where
[INFO] [stdout] 199  |     Hal: base::Hal,
[INFO] [stdout]      |          ^^^^^^^^^ unsatisfied trait bound introduced here
[INFO] [stdout] 
[INFO] [stdout] 
[INFO] [stdout] warning: unused import: `radio::State`
[INFO] [stdout]     --> src/lib.rs:1110:9
[INFO] [stdout]      |
[INFO] [stdout] 1110 |     use radio::State as _;
[INFO] [stdout]      |         ^^^^^^^^^^^^
[INFO] [stdout] 
[INFO] [stdout] 
[INFO] [stdout] warning: unused import: `Transactional`
[INFO] [stdout]   --> src/base.rs:12:35
[INFO] [stdout]    |
[INFO] [stdout] 12 | use embedded_hal::spi::blocking::{Transactional, Operation};
[INFO] [stdout]    |                                   ^^^^^^^^^^^^^
[INFO] [stdout] 
[INFO] [stdout] 
[INFO] [stdout] warning: unused import: `crate::base::Hal`
[INFO] [stdout]     --> src/lib.rs:1104:9
[INFO] [stdout]      |
[INFO] [stdout] 1104 |     use crate::base::Hal;
[INFO] [stdout]      |         ^^^^^^^^^^^^^^^^
[INFO] [stdout] 
[INFO] [stdout] 
[INFO] [stdout] error: aborting due to 10 previous errors; 4 warnings emitted
[INFO] [stdout] 
[INFO] [stdout] 
[INFO] [stdout] Some errors have detailed explanations: E0107, E0599.
[INFO] [stdout] 
[INFO] [stdout] For more information about an error, try `rustc --explain E0107`.
[INFO] [stdout] 
[INFO] [stderr] error: could not compile `radio-sx128x` (lib test) due to 11 previous errors; 4 warnings emitted
[INFO] [stderr] warning: build failed, waiting for other jobs to finish...
[INFO] [stdout] error: aborting due to 2 previous errors; 1 warning emitted
[INFO] [stdout] 
[INFO] [stdout] 
[INFO] [stderr] error: could not compile `radio-sx128x` (lib) due to 3 previous errors; 1 warning emitted
[INFO] running `Command { std: "docker" "inspect" "db78efa28cf698dc376368b7ab3ab48d7a5b050274f17561ca2fb9d84b3c0db0", kill_on_drop: false }`
[INFO] running `Command { std: "docker" "rm" "-f" "db78efa28cf698dc376368b7ab3ab48d7a5b050274f17561ca2fb9d84b3c0db0", kill_on_drop: false }`
[INFO] [stdout] db78efa28cf698dc376368b7ab3ab48d7a5b050274f17561ca2fb9d84b3c0db0
