[INFO] fetching crate ra_ap_hir_ty 0.0.187...
[INFO] checking ra_ap_hir_ty-0.0.187 against nightly-2024-02-05 for check-cfg
[INFO] extracting crate ra_ap_hir_ty 0.0.187 into /workspace/builds/worker-0-tc1/source
[INFO] validating manifest of crates.io crate ra_ap_hir_ty 0.0.187 on toolchain nightly-2024-02-05
[INFO] running `Command { std: CARGO_HOME="/workspace/cargo-home" RUSTUP_HOME="/workspace/rustup-home" "/workspace/cargo-home/bin/cargo" "+nightly-2024-02-05" "metadata" "--manifest-path" "Cargo.toml" "--no-deps", kill_on_drop: false }`
[INFO] started tweaking crates.io crate ra_ap_hir_ty 0.0.187
[INFO] finished tweaking crates.io crate ra_ap_hir_ty 0.0.187
[INFO] tweaked toml for crates.io crate ra_ap_hir_ty 0.0.187 written to /workspace/builds/worker-0-tc1/source/Cargo.toml
[INFO] running `Command { std: CARGO_HOME="/workspace/cargo-home" RUSTUP_HOME="/workspace/rustup-home" "/workspace/cargo-home/bin/cargo" "+nightly-2024-02-05" "generate-lockfile" "--manifest-path" "Cargo.toml", kill_on_drop: false }`
[INFO] [stderr]     Updating crates.io index
[INFO] running `Command { std: CARGO_HOME="/workspace/cargo-home" RUSTUP_HOME="/workspace/rustup-home" "/workspace/cargo-home/bin/cargo" "+nightly-2024-02-05" "fetch" "--manifest-path" "Cargo.toml", kill_on_drop: false }`
[INFO] [stderr]  Downloading crates ...
[INFO] [stderr]   Downloaded ra-ap-rustc_lexer v0.20.0
[INFO] [stderr]   Downloaded ra_ap_text_edit v0.0.187
[INFO] [stderr]   Downloaded chalk-recursive v0.95.0
[INFO] [stderr]   Downloaded unicode-properties v0.1.1
[INFO] [stderr]   Downloaded rust-analyzer-salsa-macros v0.17.0-pre.6
[INFO] [stderr]   Downloaded ra_ap_limit v0.0.187
[INFO] [stderr]   Downloaded ra_ap_stdx v0.0.187
[INFO] [stderr]   Downloaded ra_ap_syntax v0.0.187
[INFO] [stderr]   Downloaded ra-ap-rustc_parse_format v0.20.0
[INFO] [stderr]   Downloaded ra_ap_rustc-dependencies v0.0.187
[INFO] [stderr]   Downloaded ra_ap_test_utils v0.0.187
[INFO] [stderr]   Downloaded ra_ap_paths v0.0.187
[INFO] [stderr]   Downloaded ra_ap_vfs v0.0.187
[INFO] [stderr]   Downloaded chalk-ir v0.95.0
[INFO] [stderr]   Downloaded ra_ap_base_db v0.0.187
[INFO] [stderr]   Downloaded ra_ap_hir_expand v0.0.187
[INFO] [stderr]   Downloaded ra_ap_parser v0.0.187
[INFO] [stderr]   Downloaded rust-analyzer-salsa v0.17.0-pre.6
[INFO] [stderr]   Downloaded ra_ap_mbe v0.0.187
[INFO] [stderr]   Downloaded chalk-solve v0.95.0
[INFO] [stderr]   Downloaded ra_ap_hir_def v0.0.187
[INFO] [stderr]   Downloaded ra_ap_cfg v0.0.187
[INFO] [stderr]   Downloaded ra_ap_tt v0.0.187
[INFO] [stderr]   Downloaded ra_ap_intern v0.0.187
[INFO] [stderr]   Downloaded cov-mark v2.0.0-pre.1
[INFO] [stderr]   Downloaded chalk-derive v0.95.0
[INFO] [stderr]   Downloaded ra_ap_profile v0.0.187
[INFO] [stderr]   Downloaded ra-ap-rustc_abi v0.20.0
[INFO] [stderr]   Downloaded ra-ap-rustc_index_macros v0.20.0
[INFO] [stderr]   Downloaded ra-ap-rustc_index v0.20.0
[INFO] running `Command { std: "docker" "create" "-v" "/var/lib/crater-agent-workspace/builds/worker-0-tc1/target:/opt/rustwide/target:rw,Z" "-v" "/var/lib/crater-agent-workspace/builds/worker-0-tc1/source:/opt/rustwide/workdir:ro,Z" "-v" "/var/lib/crater-agent-workspace/cargo-home:/opt/rustwide/cargo-home:ro,Z" "-v" "/var/lib/crater-agent-workspace/rustup-home:/opt/rustwide/rustup-home:ro,Z" "-e" "SOURCE_DIR=/opt/rustwide/workdir" "-e" "CARGO_TARGET_DIR=/opt/rustwide/target" "-e" "CARGO_HOME=/opt/rustwide/cargo-home" "-e" "RUSTUP_HOME=/opt/rustwide/rustup-home" "-w" "/opt/rustwide/workdir" "-m" "1610612736" "--user" "0:0" "--network" "none" "ghcr.io/rust-lang/crates-build-env/linux@sha256:2788e3201cd34a07e3172128adcd8b3090168a8e3bcc40d7c032b9dda1df7d1c" "/opt/rustwide/cargo-home/bin/cargo" "+nightly-2024-02-05" "metadata" "--no-deps" "--format-version=1", kill_on_drop: false }`
[INFO] [stdout] ca9e7cf34078c3b10e74222849d999be88535c30fd9f80f83f92c15a689f22af
[INFO] running `Command { std: "docker" "start" "-a" "ca9e7cf34078c3b10e74222849d999be88535c30fd9f80f83f92c15a689f22af", kill_on_drop: false }`
[INFO] running `Command { std: "docker" "inspect" "ca9e7cf34078c3b10e74222849d999be88535c30fd9f80f83f92c15a689f22af", kill_on_drop: false }`
[INFO] running `Command { std: "docker" "rm" "-f" "ca9e7cf34078c3b10e74222849d999be88535c30fd9f80f83f92c15a689f22af", kill_on_drop: false }`
[INFO] [stdout] ca9e7cf34078c3b10e74222849d999be88535c30fd9f80f83f92c15a689f22af
[INFO] running `Command { std: "docker" "create" "-v" "/var/lib/crater-agent-workspace/builds/worker-0-tc1/target:/opt/rustwide/target:rw,Z" "-v" "/var/lib/crater-agent-workspace/builds/worker-0-tc1/source:/opt/rustwide/workdir:ro,Z" "-v" "/var/lib/crater-agent-workspace/cargo-home:/opt/rustwide/cargo-home:ro,Z" "-v" "/var/lib/crater-agent-workspace/rustup-home:/opt/rustwide/rustup-home:ro,Z" "-e" "SOURCE_DIR=/opt/rustwide/workdir" "-e" "CARGO_TARGET_DIR=/opt/rustwide/target" "-e" "CARGO_INCREMENTAL=0" "-e" "RUST_BACKTRACE=full" "-e" "RUSTFLAGS=--cap-lints=forbid" "-e" "RUSTDOCFLAGS=--cap-lints=forbid" "-e" "CARGO_HOME=/opt/rustwide/cargo-home" "-e" "RUSTUP_HOME=/opt/rustwide/rustup-home" "-w" "/opt/rustwide/workdir" "-m" "1610612736" "--user" "0:0" "--network" "none" "ghcr.io/rust-lang/crates-build-env/linux@sha256:2788e3201cd34a07e3172128adcd8b3090168a8e3bcc40d7c032b9dda1df7d1c" "/opt/rustwide/cargo-home/bin/cargo" "+nightly-2024-02-05" "check" "--frozen" "--all" "--all-targets" "--message-format=json", kill_on_drop: false }`
[INFO] [stdout] 0dae012c154a8c2661f893fef649afb631a8f8a01fd85a02894caa0b6f47d7bb
[INFO] running `Command { std: "docker" "start" "-a" "0dae012c154a8c2661f893fef649afb631a8f8a01fd85a02894caa0b6f47d7bb", kill_on_drop: false }`
[INFO] [stderr]     Checking smallvec v1.13.1
[INFO] [stderr]    Compiling crossbeam-utils v0.8.19
[INFO] [stderr]     Checking tracing-core v0.1.32
[INFO] [stderr]     Checking hashbrown v0.14.3
[INFO] [stderr]    Compiling syn v2.0.48
[INFO] [stderr]     Checking hashbrown v0.12.3
[INFO] [stderr]     Checking always-assert v0.1.3
[INFO] [stderr]    Compiling serde v1.0.196
[INFO] [stderr]     Checking jod-thread v0.1.2
[INFO] [stderr]     Checking parking_lot_core v0.9.9
[INFO] [stderr]     Checking either v1.9.0
[INFO] [stderr]     Checking unicode-properties v0.1.1
[INFO] [stderr]     Checking perf-event-open-sys v1.0.1
[INFO] [stderr]     Checking itertools v0.12.1
[INFO] [stderr]     Checking ra-ap-rustc_lexer v0.20.0
[INFO] [stderr]     Checking dashmap v5.4.0
[INFO] [stderr]     Checking indexmap v2.2.2
[INFO] [stderr]    Compiling memoffset v0.9.0
[INFO] [stderr]     Checking text-size v1.1.1
[INFO] [stderr]     Checking crossbeam-channel v0.5.11
[INFO] [stderr]     Checking perf-event v0.4.7
[INFO] [stderr]     Checking countme v3.0.1
[INFO] [stderr]     Checking la-arena v0.3.1
[INFO] [stderr]     Checking smol_str v0.2.1
[INFO] [stderr]     Checking ra_ap_profile v0.0.187
[INFO] [stderr]     Checking ra_ap_limit v0.0.187
[INFO] [stderr]     Checking ra_ap_stdx v0.0.187
[INFO] [stderr]    Compiling fst v0.4.7
[INFO] [stderr]     Checking drop_bomb v0.1.5
[INFO] [stderr]     Checking rowan v0.15.15
[INFO] [stderr]     Checking cov-mark v2.0.0-pre.1
[INFO] [stderr]    Compiling heck v0.4.1
[INFO] [stderr]     Checking ra_ap_tt v0.0.187
[INFO] [stderr]     Checking parking_lot v0.12.1
[INFO] [stderr]     Checking nohash-hasher v0.2.0
[INFO] [stderr]     Checking ra_ap_paths v0.0.187
[INFO] [stderr]     Checking oorandom v11.1.3
[INFO] [stderr]     Checking ra_ap_test_utils v0.0.187
[INFO] [stderr]     Checking ra_ap_cfg v0.0.187
[INFO] [stderr]     Checking petgraph v0.6.4
[INFO] [stderr]     Checking ena v0.14.2
[INFO] [stderr]     Checking typed-arena v2.0.2
[INFO] [stderr]     Checking ra_ap_text_edit v0.0.187
[INFO] [stderr]     Checking ra_ap_vfs v0.0.187
[INFO] [stderr]     Checking triomphe v0.1.11
[INFO] [stderr]     Checking ra_ap_intern v0.0.187
[INFO] [stderr]    Compiling synstructure v0.13.1
[INFO] [stderr]    Compiling tracing-attributes v0.1.27
[INFO] [stderr]    Compiling ra-ap-rustc_index_macros v0.20.0
[INFO] [stderr]    Compiling rust-analyzer-salsa-macros v0.17.0-pre.6
[INFO] [stderr]    Compiling chalk-derive v0.95.0
[INFO] [stderr]     Checking ra-ap-rustc_index v0.20.0
[INFO] [stderr]     Checking ra-ap-rustc_parse_format v0.20.0
[INFO] [stderr]     Checking chalk-ir v0.95.0
[INFO] [stderr]     Checking tracing v0.1.40
[INFO] [stderr]     Checking ra-ap-rustc_abi v0.20.0
[INFO] [stderr]     Checking rust-analyzer-salsa v0.17.0-pre.6
[INFO] [stderr]     Checking ra_ap_rustc-dependencies v0.0.187
[INFO] [stderr]     Checking ra_ap_parser v0.0.187
[INFO] [stderr]     Checking chalk-solve v0.95.0
[INFO] [stderr]     Checking ra_ap_syntax v0.0.187
[INFO] [stderr]     Checking ra_ap_base_db v0.0.187
[INFO] [stderr]     Checking ra_ap_mbe v0.0.187
[INFO] [stderr]     Checking chalk-recursive v0.95.0
[INFO] [stderr]     Checking ra_ap_hir_expand v0.0.187
[INFO] [stderr]     Checking ra_ap_hir_def v0.0.187
[INFO] [stderr]     Checking ra_ap_hir_ty v0.0.187 (/opt/rustwide/workdir)
[INFO] [stdout] error[E0432]: unresolved import `test_utils`
[INFO] [stdout]  --> src/consteval/tests.rs:4:5
[INFO] [stdout]   |
[INFO] [stdout] 4 | use test_utils::skip_slow_tests;
[INFO] [stdout]   |     ^^^^^^^^^^ use of undeclared crate or module `test_utils`
[INFO] [stdout] 
[INFO] [stdout] 
[INFO] [stdout] error[E0432]: unresolved import `expect_test`
[INFO] [stdout]    --> src/diagnostics/decl_check/case_conv.rs:100:9
[INFO] [stdout]     |
[INFO] [stdout] 100 |     use expect_test::{expect, Expect};
[INFO] [stdout]     |         ^^^^^^^^^^^ use of undeclared crate or module `expect_test`
[INFO] [stdout] 
[INFO] [stdout] 
[INFO] [stdout] error[E0432]: unresolved import `expect_test`
[INFO] [stdout]  --> src/tests/never_type.rs:1:5
[INFO] [stdout]   |
[INFO] [stdout] 1 | use expect_test::expect;
[INFO] [stdout]   |     ^^^^^^^^^^^ use of undeclared crate or module `expect_test`
[INFO] [stdout] 
[INFO] [stdout] 
[INFO] [stdout] error[E0432]: unresolved import `expect_test`
[INFO] [stdout]  --> src/tests/regression.rs:1:5
[INFO] [stdout]   |
[INFO] [stdout] 1 | use expect_test::expect;
[INFO] [stdout]   |     ^^^^^^^^^^^ use of undeclared crate or module `expect_test`
[INFO] [stdout] 
[INFO] [stdout] 
[INFO] [stdout] error[E0432]: unresolved import `expect_test`
[INFO] [stdout]  --> src/tests/simple.rs:1:5
[INFO] [stdout]   |
[INFO] [stdout] 1 | use expect_test::expect;
[INFO] [stdout]   |     ^^^^^^^^^^^ use of undeclared crate or module `expect_test`
[INFO] [stdout] 
[INFO] [stdout] 
[INFO] [stdout] error[E0432]: unresolved import `expect_test`
[INFO] [stdout]  --> src/tests/patterns.rs:1:5
[INFO] [stdout]   |
[INFO] [stdout] 1 | use expect_test::expect;
[INFO] [stdout]   |     ^^^^^^^^^^^ use of undeclared crate or module `expect_test`
[INFO] [stdout] 
[INFO] [stdout] 
[INFO] [stdout] error[E0432]: unresolved import `expect_test`
[INFO] [stdout]  --> src/tests/traits.rs:2:5
[INFO] [stdout]   |
[INFO] [stdout] 2 | use expect_test::expect;
[INFO] [stdout]   |     ^^^^^^^^^^^ use of undeclared crate or module `expect_test`
[INFO] [stdout] 
[INFO] [stdout] 
[INFO] [stdout] error[E0432]: unresolved import `expect_test`
[INFO] [stdout]  --> src/tests/method_resolution.rs:1:5
[INFO] [stdout]   |
[INFO] [stdout] 1 | use expect_test::expect;
[INFO] [stdout]   |     ^^^^^^^^^^^ use of undeclared crate or module `expect_test`
[INFO] [stdout] 
[INFO] [stdout] 
[INFO] [stdout] error[E0432]: unresolved import `expect_test`
[INFO] [stdout]  --> src/tests/macros.rs:1:5
[INFO] [stdout]   |
[INFO] [stdout] 1 | use expect_test::expect;
[INFO] [stdout]   |     ^^^^^^^^^^^ use of undeclared crate or module `expect_test`
[INFO] [stdout] 
[INFO] [stdout] 
[INFO] [stdout] error[E0432]: unresolved import `test_utils`
[INFO] [stdout]  --> src/tests/macros.rs:2:5
[INFO] [stdout]   |
[INFO] [stdout] 2 | use test_utils::{bench, bench_fixture, skip_slow_tests};
[INFO] [stdout]   |     ^^^^^^^^^^ use of undeclared crate or module `test_utils`
[INFO] [stdout] 
[INFO] [stdout] 
[INFO] [stdout] error[E0433]: failed to resolve: use of undeclared crate or module `tracing_subscriber`
[INFO] [stdout]   --> src/tests.rs:33:5
[INFO] [stdout]    |
[INFO] [stdout] 33 | use tracing_subscriber::{layer::SubscriberExt, Registry};
[INFO] [stdout]    |     ^^^^^^^^^^^^^^^^^^ use of undeclared crate or module `tracing_subscriber`
[INFO] [stdout] 
[INFO] [stdout] 
[INFO] [stdout] error[E0432]: unresolved import `expect_test`
[INFO] [stdout]   --> src/tests.rs:16:5
[INFO] [stdout]    |
[INFO] [stdout] 16 | use expect_test::Expect;
[INFO] [stdout]    |     ^^^^^^^^^^^ use of undeclared crate or module `expect_test`
[INFO] [stdout] 
[INFO] [stdout] 
[INFO] [stdout] error[E0432]: unresolved import `tracing_subscriber`
[INFO] [stdout]   --> src/tests.rs:33:5
[INFO] [stdout]    |
[INFO] [stdout] 33 | use tracing_subscriber::{layer::SubscriberExt, Registry};
[INFO] [stdout]    |     ^^^^^^^^^^^^^^^^^^ use of undeclared crate or module `tracing_subscriber`
[INFO] [stdout] 
[INFO] [stdout] 
[INFO] [stdout] error[E0432]: unresolved import `tracing_tree`
[INFO] [stdout]   --> src/tests.rs:34:5
[INFO] [stdout]    |
[INFO] [stdout] 34 | use tracing_tree::HierarchicalLayer;
[INFO] [stdout]    |     ^^^^^^^^^^^^ use of undeclared crate or module `tracing_tree`
[INFO] [stdout] 
[INFO] [stdout] 
[INFO] [stdout] error[E0432]: unresolved import `test_utils`
[INFO] [stdout]   --> src/test_db.rs:14:5
[INFO] [stdout]    |
[INFO] [stdout] 14 | use test_utils::extract_annotations;
[INFO] [stdout]    |     ^^^^^^^^^^ use of undeclared crate or module `test_utils`
[INFO] [stdout] 
[INFO] [stdout] 
[INFO] [stdout] error[E0433]: failed to resolve: use of undeclared crate or module `project_model`
[INFO] [stdout]   --> src/layout/tests.rs:19:5
[INFO] [stdout]    |
[INFO] [stdout] 19 |     project_model::target_data_layout::get(None, None, &HashMap::default()).unwrap()
[INFO] [stdout]    |     ^^^^^^^^^^^^^ use of undeclared crate or module `project_model`
[INFO] [stdout] 
[INFO] [stdout] 
[INFO] [stdout] error[E0433]: failed to resolve: use of undeclared crate or module `tracing_subscriber`
[INFO] [stdout]   --> src/tests.rs:55:17
[INFO] [stdout]    |
[INFO] [stdout] 55 |     let filter: tracing_subscriber::filter::Targets =
[INFO] [stdout]    |                 ^^^^^^^^^^^^^^^^^^ use of undeclared crate or module `tracing_subscriber`
[INFO] [stdout] 
[INFO] [stdout] 
[INFO] [stdout] error[E0308]: mismatched types
[INFO] [stdout]     --> src/db.rs:28:1
[INFO] [stdout]      |
[INFO] [stdout] 28   | #[salsa::query_group(HirDatabaseStorage)]
[INFO] [stdout]      | ^^^^^^^^^^^^^^^^^^^^^^^^^^^^^^^^^^^^^^^^^ expected `&[String]`, found `&Cycle`
[INFO] [stdout] ...
[INFO] [stdout] 38   |     #[salsa::cycle(crate::mir::mir_body_recover)]
[INFO] [stdout]      |                    ---------------------------- arguments to this function are incorrect
[INFO] [stdout]      |
[INFO] [stdout]      = note: expected reference `&[std::string::String]`
[INFO] [stdout]                 found reference `&ra_ap_base_db::salsa::Cycle`
[INFO] [stdout] note: function defined here
[INFO] [stdout]     --> src/mir/lower.rs:2097:8
[INFO] [stdout]      |
[INFO] [stdout] 2097 | pub fn mir_body_recover(
[INFO] [stdout]      |        ^^^^^^^^^^^^^^^^
[INFO] [stdout] 2098 |     _db: &dyn HirDatabase,
[INFO] [stdout] 2099 |     _cycle: &[String],
[INFO] [stdout]      |     -----------------
[INFO] [stdout]      = note: this error originates in the attribute macro `salsa::query_group` (in Nightly builds, run with -Z macro-backtrace for more info)
[INFO] [stdout] 
[INFO] [stdout] 
[INFO] [stdout] error[E0308]: mismatched types
[INFO] [stdout]    --> src/db.rs:28:1
[INFO] [stdout]     |
[INFO] [stdout] 28  | #[salsa::query_group(HirDatabaseStorage)]
[INFO] [stdout]     | ^^^^^^^^^^^^^^^^^^^^^^^^^^^^^^^^^^^^^^^^^ expected `&[String]`, found `&Cycle`
[INFO] [stdout] ...
[INFO] [stdout] 45  |     #[salsa::cycle(crate::mir::monomorphized_mir_body_recover)]
[INFO] [stdout]     |                    ------------------------------------------ arguments to this function are incorrect
[INFO] [stdout]     |
[INFO] [stdout]     = note: expected reference `&[std::string::String]`
[INFO] [stdout]                found reference `&ra_ap_base_db::salsa::Cycle`
[INFO] [stdout] note: function defined here
[INFO] [stdout]    --> src/mir/monomorphization.rs:301:8
[INFO] [stdout]     |
[INFO] [stdout] 301 | pub fn monomorphized_mir_body_recover(
[INFO] [stdout]     |        ^^^^^^^^^^^^^^^^^^^^^^^^^^^^^^
[INFO] [stdout] 302 |     _: &dyn HirDatabase,
[INFO] [stdout] 303 |     _: &[String],
[INFO] [stdout]     |     ------------
[INFO] [stdout]     = note: this error originates in the attribute macro `salsa::query_group` (in Nightly builds, run with -Z macro-backtrace for more info)
[INFO] [stdout] 
[INFO] [stdout] 
[INFO] [stdout] error[E0308]: mismatched types
[INFO] [stdout]     --> src/db.rs:28:1
[INFO] [stdout]      |
[INFO] [stdout] 28   | #[salsa::query_group(HirDatabaseStorage)]
[INFO] [stdout]      | ^^^^^^^^^^^^^^^^^^^^^^^^^^^^^^^^^^^^^^^^^ expected `&[String]`, found `&Cycle`
[INFO] [stdout] ...
[INFO] [stdout] 65   |     #[salsa::cycle(crate::lower::ty_recover)]
[INFO] [stdout]      |                    ------------------------ arguments to this function are incorrect
[INFO] [stdout]      |
[INFO] [stdout]      = note: expected reference `&[std::string::String]`
[INFO] [stdout]                 found reference `&ra_ap_base_db::salsa::Cycle`
[INFO] [stdout] note: function defined here
[INFO] [stdout]     --> src/lower.rs:1888:15
[INFO] [stdout]      |
[INFO] [stdout] 1888 | pub(crate) fn ty_recover(db: &dyn HirDatabase, _cycle: &[String], def: &TyDefId) -> Binders<Ty> {
[INFO] [stdout]      |               ^^^^^^^^^^                       -----------------
[INFO] [stdout]      = note: this error originates in the attribute macro `salsa::query_group` (in Nightly builds, run with -Z macro-backtrace for more info)
[INFO] [stdout] 
[INFO] [stdout] 
[INFO] [stdout] error[E0308]: mismatched types
[INFO] [stdout]     --> src/db.rs:28:1
[INFO] [stdout]      |
[INFO] [stdout] 28   | #[salsa::query_group(HirDatabaseStorage)]
[INFO] [stdout]      | ^^^^^^^^^^^^^^^^^^^^^^^^^^^^^^^^^^^^^^^^^ expected `&[String]`, found `&Cycle`
[INFO] [stdout] ...
[INFO] [stdout] 72   |     #[salsa::cycle(crate::lower::impl_self_ty_recover)]
[INFO] [stdout]      |                    ---------------------------------- arguments to this function are incorrect
[INFO] [stdout]      |
[INFO] [stdout]      = note: expected reference `&[std::string::String]`
[INFO] [stdout]                 found reference `&ra_ap_base_db::salsa::Cycle`
[INFO] [stdout] note: function defined here
[INFO] [stdout]     --> src/lower.rs:1936:15
[INFO] [stdout]      |
[INFO] [stdout] 1936 | pub(crate) fn impl_self_ty_recover(
[INFO] [stdout]      |               ^^^^^^^^^^^^^^^^^^^^
[INFO] [stdout] 1937 |     db: &dyn HirDatabase,
[INFO] [stdout] 1938 |     _cycle: &[String],
[INFO] [stdout]      |     -----------------
[INFO] [stdout]      = note: this error originates in the attribute macro `salsa::query_group` (in Nightly builds, run with -Z macro-backtrace for more info)
[INFO] [stdout] 
[INFO] [stdout] 
[INFO] [stdout] error[E0308]: mismatched types
[INFO] [stdout]    --> src/db.rs:28:1
[INFO] [stdout]     |
[INFO] [stdout] 28  | #[salsa::query_group(HirDatabaseStorage)]
[INFO] [stdout]     | ^^^^^^^^^^^^^^^^^^^^^^^^^^^^^^^^^^^^^^^^^ expected `&[String]`, found `&Cycle`
[INFO] [stdout] ...
[INFO] [stdout] 79  |     #[salsa::cycle(crate::consteval::const_eval_recover)]
[INFO] [stdout]     |                    ------------------------------------ arguments to this function are incorrect
[INFO] [stdout]     |
[INFO] [stdout]     = note: expected reference `&[std::string::String]`
[INFO] [stdout]                found reference `&ra_ap_base_db::salsa::Cycle`
[INFO] [stdout] note: function defined here
[INFO] [stdout]    --> src/consteval.rs:185:15
[INFO] [stdout]     |
[INFO] [stdout] 185 | pub(crate) fn const_eval_recover(
[INFO] [stdout]     |               ^^^^^^^^^^^^^^^^^^
[INFO] [stdout] 186 |     _: &dyn HirDatabase,
[INFO] [stdout] 187 |     _: &[String],
[INFO] [stdout]     |     ------------
[INFO] [stdout]     = note: this error originates in the attribute macro `salsa::query_group` (in Nightly builds, run with -Z macro-backtrace for more info)
[INFO] [stdout] 
[INFO] [stdout] 
[INFO] [stdout] error[E0308]: mismatched types
[INFO] [stdout]    --> src/db.rs:28:1
[INFO] [stdout]     |
[INFO] [stdout] 28  | #[salsa::query_group(HirDatabaseStorage)]
[INFO] [stdout]     | ^^^^^^^^^^^^^^^^^^^^^^^^^^^^^^^^^^^^^^^^^ expected `&[String]`, found `&Cycle`
[INFO] [stdout] ...
[INFO] [stdout] 88  |     #[salsa::cycle(crate::consteval::const_eval_static_recover)]
[INFO] [stdout]     |                    ------------------------------------------- arguments to this function are incorrect
[INFO] [stdout]     |
[INFO] [stdout]     = note: expected reference `&[std::string::String]`
[INFO] [stdout]                found reference `&ra_ap_base_db::salsa::Cycle`
[INFO] [stdout] note: function defined here
[INFO] [stdout]    --> src/consteval.rs:195:15
[INFO] [stdout]     |
[INFO] [stdout] 195 | pub(crate) fn const_eval_static_recover(
[INFO] [stdout]     |               ^^^^^^^^^^^^^^^^^^^^^^^^^
[INFO] [stdout] 196 |     _: &dyn HirDatabase,
[INFO] [stdout] 197 |     _: &[String],
[INFO] [stdout]     |     ------------
[INFO] [stdout]     = note: this error originates in the attribute macro `salsa::query_group` (in Nightly builds, run with -Z macro-backtrace for more info)
[INFO] [stdout] 
[INFO] [stdout] 
[INFO] [stdout] error[E0308]: mismatched types
[INFO] [stdout]    --> src/db.rs:28:1
[INFO] [stdout]     |
[INFO] [stdout] 28  | #[salsa::query_group(HirDatabaseStorage)]
[INFO] [stdout]     | ^^^^^^^^^^^^^^^^^^^^^^^^^^^^^^^^^^^^^^^^^ expected `&[String]`, found `&Cycle`
[INFO] [stdout] ...
[INFO] [stdout] 92  |     #[salsa::cycle(crate::consteval::const_eval_discriminant_recover)]
[INFO] [stdout]     |                    ------------------------------------------------- arguments to this function are incorrect
[INFO] [stdout]     |
[INFO] [stdout]     = note: expected reference `&[std::string::String]`
[INFO] [stdout]                found reference `&ra_ap_base_db::salsa::Cycle`
[INFO] [stdout] note: function defined here
[INFO] [stdout]    --> src/consteval.rs:203:15
[INFO] [stdout]     |
[INFO] [stdout] 203 | pub(crate) fn const_eval_discriminant_recover(
[INFO] [stdout]     |               ^^^^^^^^^^^^^^^^^^^^^^^^^^^^^^^
[INFO] [stdout] 204 |     _: &dyn HirDatabase,
[INFO] [stdout] 205 |     _: &[String],
[INFO] [stdout]     |     ------------
[INFO] [stdout]     = note: this error originates in the attribute macro `salsa::query_group` (in Nightly builds, run with -Z macro-backtrace for more info)
[INFO] [stdout] 
[INFO] [stdout] 
[INFO] [stdout] error[E0308]: mismatched types
[INFO] [stdout]    --> src/db.rs:28:1
[INFO] [stdout]     |
[INFO] [stdout] 28  | #[salsa::query_group(HirDatabaseStorage)]
[INFO] [stdout]     | ^^^^^^^^^^^^^^^^^^^^^^^^^^^^^^^^^^^^^^^^^ expected `&[String]`, found `&Cycle`
[INFO] [stdout] ...
[INFO] [stdout] 102 |     #[salsa::cycle(crate::layout::layout_of_adt_recover)]
[INFO] [stdout]     |                    ------------------------------------ arguments to this function are incorrect
[INFO] [stdout]     |
[INFO] [stdout]     = note: expected reference `&[std::string::String]`
[INFO] [stdout]                found reference `&ra_ap_base_db::salsa::Cycle`
[INFO] [stdout] note: function defined here
[INFO] [stdout]    --> src/layout/adt.rs:141:8
[INFO] [stdout]     |
[INFO] [stdout] 141 | pub fn layout_of_adt_recover(
[INFO] [stdout]     |        ^^^^^^^^^^^^^^^^^^^^^
[INFO] [stdout] 142 |     _: &dyn HirDatabase,
[INFO] [stdout] 143 |     _: &[String],
[INFO] [stdout]     |     ------------
[INFO] [stdout]     = note: this error originates in the attribute macro `salsa::query_group` (in Nightly builds, run with -Z macro-backtrace for more info)
[INFO] [stdout] 
[INFO] [stdout] 
[INFO] [stdout] error[E0308]: mismatched types
[INFO] [stdout]    --> src/db.rs:28:1
[INFO] [stdout]     |
[INFO] [stdout] 28  | #[salsa::query_group(HirDatabaseStorage)]
[INFO] [stdout]     | ^^^^^^^^^^^^^^^^^^^^^^^^^^^^^^^^^^^^^^^^^ expected `&[String]`, found `&Cycle`
[INFO] [stdout] ...
[INFO] [stdout] 111 |     #[salsa::cycle(crate::layout::layout_of_ty_recover)]
[INFO] [stdout]     |                    ----------------------------------- arguments to this function are incorrect
[INFO] [stdout]     |
[INFO] [stdout]     = note: expected reference `&[std::string::String]`
[INFO] [stdout]                found reference `&ra_ap_base_db::salsa::Cycle`
[INFO] [stdout] note: function defined here
[INFO] [stdout]    --> src/layout.rs:432:8
[INFO] [stdout]     |
[INFO] [stdout] 432 | pub fn layout_of_ty_recover(
[INFO] [stdout]     |        ^^^^^^^^^^^^^^^^^^^^
[INFO] [stdout] 433 |     _: &dyn HirDatabase,
[INFO] [stdout] 434 |     _: &[String],
[INFO] [stdout]     |     ------------
[INFO] [stdout]     = note: this error originates in the attribute macro `salsa::query_group` (in Nightly builds, run with -Z macro-backtrace for more info)
[INFO] [stdout] 
[INFO] [stdout] 
[INFO] [stdout] error[E0308]: mismatched types
[INFO] [stdout]     --> src/db.rs:28:1
[INFO] [stdout]      |
[INFO] [stdout] 28   | #[salsa::query_group(HirDatabaseStorage)]
[INFO] [stdout]      | ^^^^^^^^^^^^^^^^^^^^^^^^^^^^^^^^^^^^^^^^^ expected `&[String]`, found `&Cycle`
[INFO] [stdout] ...
[INFO] [stdout] 135  |     #[salsa::cycle(crate::lower::generic_predicates_for_param_recover)]
[INFO] [stdout]      |                    -------------------------------------------------- arguments to this function are incorrect
[INFO] [stdout]      |
[INFO] [stdout]      = note: expected reference `&[std::string::String]`
[INFO] [stdout]                 found reference `&ra_ap_base_db::salsa::Cycle`
[INFO] [stdout] note: function defined here
[INFO] [stdout]     --> src/lower.rs:1459:15
[INFO] [stdout]      |
[INFO] [stdout] 1459 | pub(crate) fn generic_predicates_for_param_recover(
[INFO] [stdout]      |               ^^^^^^^^^^^^^^^^^^^^^^^^^^^^^^^^^^^^
[INFO] [stdout] 1460 |     _db: &dyn HirDatabase,
[INFO] [stdout] 1461 |     _cycle: &[String],
[INFO] [stdout]      |     -----------------
[INFO] [stdout]      = note: this error originates in the attribute macro `salsa::query_group` (in Nightly builds, run with -Z macro-backtrace for more info)
[INFO] [stdout] 
[INFO] [stdout] 
[INFO] [stdout] error[E0308]: mismatched types
[INFO] [stdout]     --> src/db.rs:28:1
[INFO] [stdout]      |
[INFO] [stdout] 28   | #[salsa::query_group(HirDatabaseStorage)]
[INFO] [stdout]      | ^^^^^^^^^^^^^^^^^^^^^^^^^^^^^^^^^^^^^^^^^ expected `&[String]`, found `&Cycle`
[INFO] [stdout] ...
[INFO] [stdout] 154  |     #[salsa::cycle(crate::lower::generic_defaults_recover)]
[INFO] [stdout]      |                    -------------------------------------- arguments to this function are incorrect
[INFO] [stdout]      |
[INFO] [stdout]      = note: expected reference `&[std::string::String]`
[INFO] [stdout]                 found reference `&ra_ap_base_db::salsa::Cycle`
[INFO] [stdout] note: function defined here
[INFO] [stdout]     --> src/lower.rs:1652:15
[INFO] [stdout]      |
[INFO] [stdout] 1652 | pub(crate) fn generic_defaults_recover(
[INFO] [stdout]      |               ^^^^^^^^^^^^^^^^^^^^^^^^
[INFO] [stdout] 1653 |     db: &dyn HirDatabase,
[INFO] [stdout] 1654 |     _cycle: &[String],
[INFO] [stdout]      |     -----------------
[INFO] [stdout]      = note: this error originates in the attribute macro `salsa::query_group` (in Nightly builds, run with -Z macro-backtrace for more info)
[INFO] [stdout] 
[INFO] [stdout] 
[INFO] [stdout] error[E0308]: mismatched types
[INFO] [stdout]     --> src/db.rs:28:1
[INFO] [stdout]      |
[INFO] [stdout] 28   | #[salsa::query_group(HirDatabaseStorage)]
[INFO] [stdout]      | ^^^^^^^^^^^^^^^^^^^^^^^^^^^^^^^^^^^^^^^^^ expected `&[String]`, found `&Cycle`
[INFO] [stdout] ...
[INFO] [stdout] 38   |     #[salsa::cycle(crate::mir::mir_body_recover)]
[INFO] [stdout]      |                    ---------------------------- arguments to this function are incorrect
[INFO] [stdout]      |
[INFO] [stdout]      = note: expected reference `&[std::string::String]`
[INFO] [stdout]                 found reference `&ra_ap_base_db::salsa::Cycle`
[INFO] [stdout] note: function defined here
[INFO] [stdout]     --> src/mir/lower.rs:2097:8
[INFO] [stdout]      |
[INFO] [stdout] 2097 | pub fn mir_body_recover(
[INFO] [stdout]      |        ^^^^^^^^^^^^^^^^
[INFO] [stdout] 2098 |     _db: &dyn HirDatabase,
[INFO] [stdout] 2099 |     _cycle: &[String],
[INFO] [stdout]      |     -----------------
[INFO] [stdout]      = note: this error originates in the attribute macro `salsa::query_group` (in Nightly builds, run with -Z macro-backtrace for more info)
[INFO] [stdout] 
[INFO] [stdout] 
[INFO] [stdout] error[E0308]: mismatched types
[INFO] [stdout]    --> src/db.rs:28:1
[INFO] [stdout]     |
[INFO] [stdout] 28  | #[salsa::query_group(HirDatabaseStorage)]
[INFO] [stdout]     | ^^^^^^^^^^^^^^^^^^^^^^^^^^^^^^^^^^^^^^^^^ expected `&[String]`, found `&Cycle`
[INFO] [stdout] ...
[INFO] [stdout] 45  |     #[salsa::cycle(crate::mir::monomorphized_mir_body_recover)]
[INFO] [stdout]     |                    ------------------------------------------ arguments to this function are incorrect
[INFO] [stdout]     |
[INFO] [stdout]     = note: expected reference `&[std::string::String]`
[INFO] [stdout]                found reference `&ra_ap_base_db::salsa::Cycle`
[INFO] [stdout] note: function defined here
[INFO] [stdout]    --> src/mir/monomorphization.rs:301:8
[INFO] [stdout]     |
[INFO] [stdout] 301 | pub fn monomorphized_mir_body_recover(
[INFO] [stdout]     |        ^^^^^^^^^^^^^^^^^^^^^^^^^^^^^^
[INFO] [stdout] 302 |     _: &dyn HirDatabase,
[INFO] [stdout] 303 |     _: &[String],
[INFO] [stdout]     |     ------------
[INFO] [stdout]     = note: this error originates in the attribute macro `salsa::query_group` (in Nightly builds, run with -Z macro-backtrace for more info)
[INFO] [stdout] 
[INFO] [stdout] 
[INFO] [stdout] error[E0308]: mismatched types
[INFO] [stdout]     --> src/db.rs:28:1
[INFO] [stdout]      |
[INFO] [stdout] 28   | #[salsa::query_group(HirDatabaseStorage)]
[INFO] [stdout]      | ^^^^^^^^^^^^^^^^^^^^^^^^^^^^^^^^^^^^^^^^^ expected `&[String]`, found `&Cycle`
[INFO] [stdout] ...
[INFO] [stdout] 65   |     #[salsa::cycle(crate::lower::ty_recover)]
[INFO] [stdout]      |                    ------------------------ arguments to this function are incorrect
[INFO] [stdout]      |
[INFO] [stdout]      = note: expected reference `&[std::string::String]`
[INFO] [stdout]                 found reference `&ra_ap_base_db::salsa::Cycle`
[INFO] [stdout] note: function defined here
[INFO] [stdout]     --> src/lower.rs:1888:15
[INFO] [stdout]      |
[INFO] [stdout] 1888 | pub(crate) fn ty_recover(db: &dyn HirDatabase, _cycle: &[String], def: &TyDefId) -> Binders<Ty> {
[INFO] [stdout]      |               ^^^^^^^^^^                       -----------------
[INFO] [stdout]      = note: this error originates in the attribute macro `salsa::query_group` (in Nightly builds, run with -Z macro-backtrace for more info)
[INFO] [stdout] 
[INFO] [stdout] 
[INFO] [stdout] error[E0308]: mismatched types
[INFO] [stdout]     --> src/db.rs:28:1
[INFO] [stdout]      |
[INFO] [stdout] 28   | #[salsa::query_group(HirDatabaseStorage)]
[INFO] [stdout]      | ^^^^^^^^^^^^^^^^^^^^^^^^^^^^^^^^^^^^^^^^^ expected `&[String]`, found `&Cycle`
[INFO] [stdout] ...
[INFO] [stdout] 72   |     #[salsa::cycle(crate::lower::impl_self_ty_recover)]
[INFO] [stdout]      |                    ---------------------------------- arguments to this function are incorrect
[INFO] [stdout]      |
[INFO] [stdout]      = note: expected reference `&[std::string::String]`
[INFO] [stdout]                 found reference `&ra_ap_base_db::salsa::Cycle`
[INFO] [stdout] note: function defined here
[INFO] [stdout]     --> src/lower.rs:1936:15
[INFO] [stdout]      |
[INFO] [stdout] 1936 | pub(crate) fn impl_self_ty_recover(
[INFO] [stdout]      |               ^^^^^^^^^^^^^^^^^^^^
[INFO] [stdout] 1937 |     db: &dyn HirDatabase,
[INFO] [stdout] 1938 |     _cycle: &[String],
[INFO] [stdout]      |     -----------------
[INFO] [stdout]      = note: this error originates in the attribute macro `salsa::query_group` (in Nightly builds, run with -Z macro-backtrace for more info)
[INFO] [stdout] 
[INFO] [stdout] 
[INFO] [stdout] error[E0308]: mismatched types
[INFO] [stdout]    --> src/db.rs:28:1
[INFO] [stdout]     |
[INFO] [stdout] 28  | #[salsa::query_group(HirDatabaseStorage)]
[INFO] [stdout]     | ^^^^^^^^^^^^^^^^^^^^^^^^^^^^^^^^^^^^^^^^^ expected `&[String]`, found `&Cycle`
[INFO] [stdout] ...
[INFO] [stdout] 79  |     #[salsa::cycle(crate::consteval::const_eval_recover)]
[INFO] [stdout]     |                    ------------------------------------ arguments to this function are incorrect
[INFO] [stdout]     |
[INFO] [stdout]     = note: expected reference `&[std::string::String]`
[INFO] [stdout]                found reference `&ra_ap_base_db::salsa::Cycle`
[INFO] [stdout] note: function defined here
[INFO] [stdout]    --> src/consteval.rs:185:15
[INFO] [stdout]     |
[INFO] [stdout] 185 | pub(crate) fn const_eval_recover(
[INFO] [stdout]     |               ^^^^^^^^^^^^^^^^^^
[INFO] [stdout] 186 |     _: &dyn HirDatabase,
[INFO] [stdout] 187 |     _: &[String],
[INFO] [stdout]     |     ------------
[INFO] [stdout]     = note: this error originates in the attribute macro `salsa::query_group` (in Nightly builds, run with -Z macro-backtrace for more info)
[INFO] [stdout] 
[INFO] [stdout] 
[INFO] [stdout] error[E0308]: mismatched types
[INFO] [stdout]    --> src/db.rs:28:1
[INFO] [stdout]     |
[INFO] [stdout] 28  | #[salsa::query_group(HirDatabaseStorage)]
[INFO] [stdout]     | ^^^^^^^^^^^^^^^^^^^^^^^^^^^^^^^^^^^^^^^^^ expected `&[String]`, found `&Cycle`
[INFO] [stdout] ...
[INFO] [stdout] 88  |     #[salsa::cycle(crate::consteval::const_eval_static_recover)]
[INFO] [stdout]     |                    ------------------------------------------- arguments to this function are incorrect
[INFO] [stdout]     |
[INFO] [stdout]     = note: expected reference `&[std::string::String]`
[INFO] [stdout]                found reference `&ra_ap_base_db::salsa::Cycle`
[INFO] [stdout] note: function defined here
[INFO] [stdout]    --> src/consteval.rs:195:15
[INFO] [stdout]     |
[INFO] [stdout] 195 | pub(crate) fn const_eval_static_recover(
[INFO] [stdout]     |               ^^^^^^^^^^^^^^^^^^^^^^^^^
[INFO] [stdout] 196 |     _: &dyn HirDatabase,
[INFO] [stdout] 197 |     _: &[String],
[INFO] [stdout]     |     ------------
[INFO] [stdout]     = note: this error originates in the attribute macro `salsa::query_group` (in Nightly builds, run with -Z macro-backtrace for more info)
[INFO] [stdout] 
[INFO] [stdout] 
[INFO] [stdout] error[E0308]: mismatched types
[INFO] [stdout]    --> src/db.rs:28:1
[INFO] [stdout]     |
[INFO] [stdout] 28  | #[salsa::query_group(HirDatabaseStorage)]
[INFO] [stdout]     | ^^^^^^^^^^^^^^^^^^^^^^^^^^^^^^^^^^^^^^^^^ expected `&[String]`, found `&Cycle`
[INFO] [stdout] ...
[INFO] [stdout] 92  |     #[salsa::cycle(crate::consteval::const_eval_discriminant_recover)]
[INFO] [stdout]     |                    ------------------------------------------------- arguments to this function are incorrect
[INFO] [stdout]     |
[INFO] [stdout]     = note: expected reference `&[std::string::String]`
[INFO] [stdout]                found reference `&ra_ap_base_db::salsa::Cycle`
[INFO] [stdout] note: function defined here
[INFO] [stdout]    --> src/consteval.rs:203:15
[INFO] [stdout]     |
[INFO] [stdout] 203 | pub(crate) fn const_eval_discriminant_recover(
[INFO] [stdout]     |               ^^^^^^^^^^^^^^^^^^^^^^^^^^^^^^^
[INFO] [stdout] 204 |     _: &dyn HirDatabase,
[INFO] [stdout] 205 |     _: &[String],
[INFO] [stdout]     |     ------------
[INFO] [stdout]     = note: this error originates in the attribute macro `salsa::query_group` (in Nightly builds, run with -Z macro-backtrace for more info)
[INFO] [stdout] 
[INFO] [stdout] 
[INFO] [stdout] error[E0308]: mismatched types
[INFO] [stdout]    --> src/db.rs:28:1
[INFO] [stdout]     |
[INFO] [stdout] 28  | #[salsa::query_group(HirDatabaseStorage)]
[INFO] [stdout]     | ^^^^^^^^^^^^^^^^^^^^^^^^^^^^^^^^^^^^^^^^^ expected `&[String]`, found `&Cycle`
[INFO] [stdout] ...
[INFO] [stdout] 102 |     #[salsa::cycle(crate::layout::layout_of_adt_recover)]
[INFO] [stdout]     |                    ------------------------------------ arguments to this function are incorrect
[INFO] [stdout]     |
[INFO] [stdout]     = note: expected reference `&[std::string::String]`
[INFO] [stdout]                found reference `&ra_ap_base_db::salsa::Cycle`
[INFO] [stdout] note: function defined here
[INFO] [stdout]    --> src/layout/adt.rs:141:8
[INFO] [stdout]     |
[INFO] [stdout] 141 | pub fn layout_of_adt_recover(
[INFO] [stdout]     |        ^^^^^^^^^^^^^^^^^^^^^
[INFO] [stdout] 142 |     _: &dyn HirDatabase,
[INFO] [stdout] 143 |     _: &[String],
[INFO] [stdout]     |     ------------
[INFO] [stdout]     = note: this error originates in the attribute macro `salsa::query_group` (in Nightly builds, run with -Z macro-backtrace for more info)
[INFO] [stdout] 
[INFO] [stdout] 
[INFO] [stdout] error[E0308]: mismatched types
[INFO] [stdout]    --> src/db.rs:28:1
[INFO] [stdout]     |
[INFO] [stdout] 28  | #[salsa::query_group(HirDatabaseStorage)]
[INFO] [stdout]     | ^^^^^^^^^^^^^^^^^^^^^^^^^^^^^^^^^^^^^^^^^ expected `&[String]`, found `&Cycle`
[INFO] [stdout] ...
[INFO] [stdout] 111 |     #[salsa::cycle(crate::layout::layout_of_ty_recover)]
[INFO] [stdout]     |                    ----------------------------------- arguments to this function are incorrect
[INFO] [stdout]     |
[INFO] [stdout]     = note: expected reference `&[std::string::String]`
[INFO] [stdout]                found reference `&ra_ap_base_db::salsa::Cycle`
[INFO] [stdout] note: function defined here
[INFO] [stdout]    --> src/layout.rs:432:8
[INFO] [stdout]     |
[INFO] [stdout] 432 | pub fn layout_of_ty_recover(
[INFO] [stdout]     |        ^^^^^^^^^^^^^^^^^^^^
[INFO] [stdout] 433 |     _: &dyn HirDatabase,
[INFO] [stdout] 434 |     _: &[String],
[INFO] [stdout]     |     ------------
[INFO] [stdout]     = note: this error originates in the attribute macro `salsa::query_group` (in Nightly builds, run with -Z macro-backtrace for more info)
[INFO] [stdout] 
[INFO] [stdout] 
[INFO] [stdout] error[E0308]: mismatched types
[INFO] [stdout]     --> src/db.rs:28:1
[INFO] [stdout]      |
[INFO] [stdout] 28   | #[salsa::query_group(HirDatabaseStorage)]
[INFO] [stdout]      | ^^^^^^^^^^^^^^^^^^^^^^^^^^^^^^^^^^^^^^^^^ expected `&[String]`, found `&Cycle`
[INFO] [stdout] ...
[INFO] [stdout] 135  |     #[salsa::cycle(crate::lower::generic_predicates_for_param_recover)]
[INFO] [stdout]      |                    -------------------------------------------------- arguments to this function are incorrect
[INFO] [stdout]      |
[INFO] [stdout]      = note: expected reference `&[std::string::String]`
[INFO] [stdout]                 found reference `&ra_ap_base_db::salsa::Cycle`
[INFO] [stdout] note: function defined here
[INFO] [stdout]     --> src/lower.rs:1459:15
[INFO] [stdout]      |
[INFO] [stdout] 1459 | pub(crate) fn generic_predicates_for_param_recover(
[INFO] [stdout]      |               ^^^^^^^^^^^^^^^^^^^^^^^^^^^^^^^^^^^^
[INFO] [stdout] 1460 |     _db: &dyn HirDatabase,
[INFO] [stdout] 1461 |     _cycle: &[String],
[INFO] [stdout]      |     -----------------
[INFO] [stdout]      = note: this error originates in the attribute macro `salsa::query_group` (in Nightly builds, run with -Z macro-backtrace for more info)
[INFO] [stdout] 
[INFO] [stdout] 
[INFO] [stdout] error[E0308]: mismatched types
[INFO] [stdout]     --> src/db.rs:28:1
[INFO] [stdout]      |
[INFO] [stdout] 28   | #[salsa::query_group(HirDatabaseStorage)]
[INFO] [stdout]      | ^^^^^^^^^^^^^^^^^^^^^^^^^^^^^^^^^^^^^^^^^ expected `&[String]`, found `&Cycle`
[INFO] [stdout] ...
[INFO] [stdout] 154  |     #[salsa::cycle(crate::lower::generic_defaults_recover)]
[INFO] [stdout]      |                    -------------------------------------- arguments to this function are incorrect
[INFO] [stdout]      |
[INFO] [stdout]      = note: expected reference `&[std::string::String]`
[INFO] [stdout]                 found reference `&ra_ap_base_db::salsa::Cycle`
[INFO] [stdout] note: function defined here
[INFO] [stdout]     --> src/lower.rs:1652:15
[INFO] [stdout]      |
[INFO] [stdout] 1652 | pub(crate) fn generic_defaults_recover(
[INFO] [stdout]      |               ^^^^^^^^^^^^^^^^^^^^^^^^
[INFO] [stdout] 1653 |     db: &dyn HirDatabase,
[INFO] [stdout] 1654 |     _cycle: &[String],
[INFO] [stdout]      |     -----------------
[INFO] [stdout]      = note: this error originates in the attribute macro `salsa::query_group` (in Nightly builds, run with -Z macro-backtrace for more info)
[INFO] [stdout] 
[INFO] [stdout] 
[INFO] [stdout] error: aborting due to 11 previous errors
[INFO] [stdout] 
[INFO] [stdout] 
[INFO] [stdout] For more information about this error, try `rustc --explain E0308`.
[INFO] [stdout] 
[INFO] [stderr] error: could not compile `ra_ap_hir_ty` (lib) due to 12 previous errors
[INFO] [stderr] warning: build failed, waiting for other jobs to finish...
[INFO] [stdout] error: aborting due to 28 previous errors
[INFO] [stdout] 
[INFO] [stdout] 
[INFO] [stdout] Some errors have detailed explanations: E0308, E0432, E0433.
[INFO] [stdout] 
[INFO] [stdout] For more information about an error, try `rustc --explain E0308`.
[INFO] [stdout] 
[INFO] [stderr] error: could not compile `ra_ap_hir_ty` (lib test) due to 29 previous errors
[INFO] running `Command { std: "docker" "inspect" "0dae012c154a8c2661f893fef649afb631a8f8a01fd85a02894caa0b6f47d7bb", kill_on_drop: false }`
[INFO] running `Command { std: "docker" "rm" "-f" "0dae012c154a8c2661f893fef649afb631a8f8a01fd85a02894caa0b6f47d7bb", kill_on_drop: false }`
[INFO] [stdout] 0dae012c154a8c2661f893fef649afb631a8f8a01fd85a02894caa0b6f47d7bb
