[INFO] fetching crate quiqr 0.1.2...
[INFO] checking quiqr-0.1.2 against nightly-2024-02-05 for check-cfg
[INFO] extracting crate quiqr 0.1.2 into /workspace/builds/worker-7-tc1/source
[INFO] validating manifest of crates.io crate quiqr 0.1.2 on toolchain nightly-2024-02-05
[INFO] running `Command { std: CARGO_HOME="/workspace/cargo-home" RUSTUP_HOME="/workspace/rustup-home" "/workspace/cargo-home/bin/cargo" "+nightly-2024-02-05" "metadata" "--manifest-path" "Cargo.toml" "--no-deps", kill_on_drop: false }`
[INFO] started tweaking crates.io crate quiqr 0.1.2
[INFO] finished tweaking crates.io crate quiqr 0.1.2
[INFO] tweaked toml for crates.io crate quiqr 0.1.2 written to /workspace/builds/worker-7-tc1/source/Cargo.toml
[INFO] crate crates.io crate quiqr 0.1.2 already has a lockfile, it will not be regenerated
[INFO] running `Command { std: CARGO_HOME="/workspace/cargo-home" RUSTUP_HOME="/workspace/rustup-home" "/workspace/cargo-home/bin/cargo" "+nightly-2024-02-05" "fetch" "--manifest-path" "Cargo.toml", kill_on_drop: false }`
[INFO] [stderr]     Updating crates.io index
[INFO] [stderr]  Downloading crates ...
[INFO] [stderr]   Downloaded tiff v0.5.0
[INFO] [stderr]   Downloaded winres v0.1.11
[INFO] [stderr]   Downloaded raw-window-handle v0.3.3
[INFO] [stderr]   Downloaded bytemuck v1.3.1
[INFO] [stderr]   Downloaded wayland-cursor v0.25.0
[INFO] [stderr]   Downloaded wayland-sys v0.25.0
[INFO] [stderr]   Downloaded wayland-scanner v0.25.0
[INFO] [stderr]   Downloaded wayland-commons v0.25.0
[INFO] [stderr]   Downloaded minifb v0.17.0
[INFO] [stderr]   Downloaded wayland-client v0.25.0
[INFO] [stderr]   Downloaded wayland-protocols v0.25.0
[INFO] [stderr]   Downloaded sdl2-sys v0.32.6
[INFO] [stderr]   Downloaded orbclient v0.3.27
[INFO] [stderr]   Downloaded jpeg-decoder v0.1.20
[INFO] [stderr]   Downloaded libc v0.2.74
[INFO] [stderr]   Downloaded rayon v1.3.1
[INFO] [stderr]   Downloaded image v0.23.8
[INFO] [stderr]   Downloaded sdl2 v0.32.2
[INFO] [stderr]   Downloaded x11-dl v2.18.5
[INFO] [stderr]   Downloaded rayon-core v1.7.1
[INFO] [stderr]   Downloaded xkb v0.2.1
[INFO] [stderr]   Downloaded libloading v0.6.2
[INFO] [stderr]   Downloaded xkbcommon-sys v0.7.4
[INFO] running `Command { std: "docker" "create" "-v" "/var/lib/crater-agent-workspace/builds/worker-7-tc1/target:/opt/rustwide/target:rw,Z" "-v" "/var/lib/crater-agent-workspace/builds/worker-7-tc1/source:/opt/rustwide/workdir:ro,Z" "-v" "/var/lib/crater-agent-workspace/cargo-home:/opt/rustwide/cargo-home:ro,Z" "-v" "/var/lib/crater-agent-workspace/rustup-home:/opt/rustwide/rustup-home:ro,Z" "-e" "SOURCE_DIR=/opt/rustwide/workdir" "-e" "CARGO_TARGET_DIR=/opt/rustwide/target" "-e" "CARGO_HOME=/opt/rustwide/cargo-home" "-e" "RUSTUP_HOME=/opt/rustwide/rustup-home" "-w" "/opt/rustwide/workdir" "-m" "1610612736" "--user" "0:0" "--network" "none" "ghcr.io/rust-lang/crates-build-env/linux@sha256:2788e3201cd34a07e3172128adcd8b3090168a8e3bcc40d7c032b9dda1df7d1c" "/opt/rustwide/cargo-home/bin/cargo" "+nightly-2024-02-05" "metadata" "--no-deps" "--format-version=1", kill_on_drop: false }`
[INFO] [stdout] 193df74c634fb705a56563459584097c1ebfc7baed4b3d98ea903a94af35cc0d
[INFO] running `Command { std: "docker" "start" "-a" "193df74c634fb705a56563459584097c1ebfc7baed4b3d98ea903a94af35cc0d", kill_on_drop: false }`
[INFO] running `Command { std: "docker" "inspect" "193df74c634fb705a56563459584097c1ebfc7baed4b3d98ea903a94af35cc0d", kill_on_drop: false }`
[INFO] running `Command { std: "docker" "rm" "-f" "193df74c634fb705a56563459584097c1ebfc7baed4b3d98ea903a94af35cc0d", kill_on_drop: false }`
[INFO] [stdout] 193df74c634fb705a56563459584097c1ebfc7baed4b3d98ea903a94af35cc0d
[INFO] running `Command { std: "docker" "create" "-v" "/var/lib/crater-agent-workspace/builds/worker-7-tc1/target:/opt/rustwide/target:rw,Z" "-v" "/var/lib/crater-agent-workspace/builds/worker-7-tc1/source:/opt/rustwide/workdir:ro,Z" "-v" "/var/lib/crater-agent-workspace/cargo-home:/opt/rustwide/cargo-home:ro,Z" "-v" "/var/lib/crater-agent-workspace/rustup-home:/opt/rustwide/rustup-home:ro,Z" "-e" "SOURCE_DIR=/opt/rustwide/workdir" "-e" "CARGO_TARGET_DIR=/opt/rustwide/target" "-e" "CARGO_INCREMENTAL=0" "-e" "RUST_BACKTRACE=full" "-e" "RUSTFLAGS=--cap-lints=forbid" "-e" "RUSTDOCFLAGS=--cap-lints=forbid" "-e" "CARGO_HOME=/opt/rustwide/cargo-home" "-e" "RUSTUP_HOME=/opt/rustwide/rustup-home" "-w" "/opt/rustwide/workdir" "-m" "1610612736" "--user" "0:0" "--network" "none" "ghcr.io/rust-lang/crates-build-env/linux@sha256:2788e3201cd34a07e3172128adcd8b3090168a8e3bcc40d7c032b9dda1df7d1c" "/opt/rustwide/cargo-home/bin/cargo" "+nightly-2024-02-05" "check" "--frozen" "--all" "--all-targets" "--message-format=json", kill_on_drop: false }`
[INFO] [stdout] a2cd2cbd4fd1cce6920e488a0d2f5d71848e74bd148345dcf21fccd5da2835a9
[INFO] running `Command { std: "docker" "start" "-a" "a2cd2cbd4fd1cce6920e488a0d2f5d71848e74bd148345dcf21fccd5da2835a9", kill_on_drop: false }`
[INFO] [stderr]    Compiling libc v0.2.74
[INFO] [stderr]    Compiling autocfg v1.0.0
[INFO] [stderr]     Checking cfg-if v0.1.10
[INFO] [stderr]    Compiling proc-macro2 v1.0.19
[INFO] [stderr]    Compiling unicode-xid v0.2.1
[INFO] [stderr]     Checking lazy_static v1.4.0
[INFO] [stderr]    Compiling bitflags v1.2.1
[INFO] [stderr]    Compiling maybe-uninit v2.0.0
[INFO] [stderr]    Compiling libloading v0.6.2
[INFO] [stderr]    Compiling xml-rs v0.8.3
[INFO] [stderr]    Compiling pkg-config v0.3.18
[INFO] [stderr]    Compiling byteorder v1.3.4
[INFO] [stderr]    Compiling version_check v0.9.2
[INFO] [stderr]    Compiling getrandom v0.1.14
[INFO] [stderr]    Compiling rayon-core v1.7.1
[INFO] [stderr]    Compiling nix v0.17.0
[INFO] [stderr]    Compiling syn v1.0.36
[INFO] [stderr]     Checking scopeguard v1.1.0
[INFO] [stderr]     Checking void v1.0.2
[INFO] [stderr]     Checking adler32 v1.1.0
[INFO] [stderr]    Compiling semver-parser v0.7.0
[INFO] [stderr]    Compiling log v0.4.11
[INFO] [stderr]    Compiling crc32fast v1.2.0
[INFO] [stderr]    Compiling memchr v2.3.3
[INFO] [stderr]    Compiling semver v0.9.0
[INFO] [stderr]    Compiling crossbeam-utils v0.7.2
[INFO] [stderr]    Compiling memoffset v0.5.5
[INFO] [stderr]    Compiling crossbeam-epoch v0.8.2
[INFO] [stderr]    Compiling num-traits v0.2.12
[INFO] [stderr]     Checking dlib v0.4.2
[INFO] [stderr]    Compiling num-integer v0.1.43
[INFO] [stderr]    Compiling proc-macro-error-attr v1.0.3
[INFO] [stderr]     Checking wayland-sys v0.25.0
[INFO] [stderr]    Compiling rayon v1.3.1
[INFO] [stderr]     Checking once_cell v1.4.0
[INFO] [stderr]     Checking smallvec v1.4.1
[INFO] [stderr]    Compiling xkbcommon-sys v0.7.4
[INFO] [stderr]    Compiling rustc_version v0.2.3
[INFO] [stderr]    Compiling proc-macro-error v1.0.3
[INFO] [stderr]    Compiling num-iter v0.1.41
[INFO] [stderr]    Compiling num-rational v0.3.0
[INFO] [stderr]     Checking miniz_oxide v0.3.7
[INFO] [stderr]     Checking either v1.5.3
[INFO] [stderr]     Checking lzw v0.10.0
[INFO] [stderr]     Checking scoped-tls v1.0.0
[INFO] [stderr]    Compiling quote v1.0.7
[INFO] [stderr]     Checking downcast-rs v1.2.0
[INFO] [stderr]     Checking ppv-lite86 v0.2.8
[INFO] [stderr]    Compiling cast v0.2.3
[INFO] [stderr]     Checking deflate v0.8.6
[INFO] [stderr]    Compiling x11-dl v2.18.5
[INFO] [stderr]    Compiling wayland-scanner v0.25.0
[INFO] [stderr]     Checking crossbeam-queue v0.2.3
[INFO] [stderr]     Checking unicode-width v0.1.8
[INFO] [stderr]    Compiling unicode-segmentation v1.6.0
[INFO] [stderr]    Compiling cc v1.0.58
[INFO] [stderr]     Checking color_quant v1.0.1
[INFO] [stderr]     Checking tiff v0.5.0
[INFO] [stderr]     Checking textwrap v0.11.0
[INFO] [stderr]     Checking aho-corasick v0.7.13
[INFO] [stderr]     Checking thread_local v1.0.1
[INFO] [stderr]     Checking png v0.16.7
[INFO] [stderr]     Checking gif v0.10.3
[INFO] [stderr]    Compiling anyhow v1.0.32
[INFO] [stderr]     Checking crossbeam-deque v0.7.3
[INFO] [stderr]     Checking strsim v0.8.0
[INFO] [stderr]     Checking bytemuck v1.3.1
[INFO] [stderr]     Checking vec_map v0.8.2
[INFO] [stderr]     Checking quick-error v1.2.3
[INFO] [stderr]     Checking regex-syntax v0.6.18
[INFO] [stderr]     Checking ansi_term v0.11.0
[INFO] [stderr]     Checking num_cpus v1.13.0
[INFO] [stderr]     Checking atty v0.2.14
[INFO] [stderr]    Compiling heck v0.3.1
[INFO] [stderr]     Checking remove_dir_all v0.5.3
[INFO] [stderr]     Checking rand_core v0.5.1
[INFO] [stderr]     Checking scoped_threadpool v0.1.9
[INFO] [stderr]     Checking clap v2.33.1
[INFO] [stderr]     Checking raw-window-handle v0.3.3
[INFO] [stderr]     Checking humantime v1.3.0
[INFO] [stderr]     Checking checked_int_cast v1.0.0
[INFO] [stderr]     Checking rand_chacha v0.2.2
[INFO] [stderr]    Compiling xcb v0.8.2
[INFO] [stderr]     Checking xkb v0.2.1
[INFO] [stderr]     Checking termcolor v1.1.0
[INFO] [stderr]    Compiling quiqr v0.1.2 (/opt/rustwide/workdir)
[INFO] [stderr]     Checking rand v0.7.3
[INFO] [stderr]    Compiling minifb v0.17.0
[INFO] [stderr]    Compiling wayland-client v0.25.0
[INFO] [stderr]    Compiling wayland-protocols v0.25.0
[INFO] [stderr] error: failed to run custom build command for `xcb v0.8.2`
[INFO] [stderr] note: To improve backtraces for build dependencies, set the CARGO_PROFILE_DEV_BUILD_OVERRIDE_DEBUG=true environment variable to enable debug information generation.
[INFO] [stderr] 
[INFO] [stderr] Caused by:
[INFO] [stderr]   process didn't exit successfully: `/opt/rustwide/target/debug/build/xcb-5e99f574bb121985/build-script-build` (exit status: 101)
[INFO] [stderr]   --- stderr
[INFO] [stderr]   error occured in handler:  ('request: ', ('xcb', 'SELinux', 'GetClientContext'))
[INFO] [stderr]   Traceback (most recent call last):
[INFO] [stderr]     File "/opt/rustwide/cargo-home/registry/src/index.crates.io-6f17d22bba15001f/xcb-0.8.2/rs_client.py", line 2448, in <module>
[INFO] [stderr]       module.generate()
[INFO] [stderr]     File "/opt/rustwide/cargo-home/registry/src/index.crates.io-6f17d22bba15001f/xcb-0.8.2/xcbgen/state.py", line 108, in generate
[INFO] [stderr]       self.close()
[INFO] [stderr]     File "/opt/rustwide/cargo-home/registry/src/index.crates.io-6f17d22bba15001f/xcb-0.8.2/rs_client.py", line 296, in rs_close
[INFO] [stderr]       _f.writeout(os.path.join(module.rs_srcdir, "ffi", "%s.rs" % _module_name(_ns.ext_name)))
[INFO] [stderr]     File "/opt/rustwide/cargo-home/registry/src/index.crates.io-6f17d22bba15001f/xcb-0.8.2/rs_client.py", line 114, in writeout
[INFO] [stderr]       with open(path, 'w') as f:
[INFO] [stderr]   OSError: [Errno 30] Read-only file system: '/opt/rustwide/cargo-home/registry/src/index.crates.io-6f17d22bba15001f/xcb-0.8.2/src/ffi/selinux.rs'
[INFO] [stderr]   thread 'main' panicked at /opt/rustwide/cargo-home/registry/src/index.crates.io-6f17d22bba15001f/xcb-0.8.2/build.rs:75:17:
[INFO] [stderr]   processing of /opt/rustwide/cargo-home/registry/src/index.crates.io-6f17d22bba15001f/xcb-0.8.2/xml/xselinux.xml returned non-zero (1)
[INFO] [stderr]   stack backtrace:
[INFO] [stderr]      0:     0x564af58c3566 - std::backtrace_rs::backtrace::libunwind::trace::heebc7766b165eb2a
[INFO] [stderr]                                  at /rustc/268dbbbc4b3fd71c5f360a4d0728295252430b5b/library/std/src/../../backtrace/src/backtrace/libunwind.rs:104:5
[INFO] [stderr]      1:     0x564af58c3566 - std::backtrace_rs::backtrace::trace_unsynchronized::ha677020d8fc0296d
[INFO] [stderr]                                  at /rustc/268dbbbc4b3fd71c5f360a4d0728295252430b5b/library/std/src/../../backtrace/src/backtrace/mod.rs:66:5
[INFO] [stderr]      2:     0x564af58c3566 - std::sys_common::backtrace::_print_fmt::hcaff2fd86a1aeaa3
[INFO] [stderr]                                  at /rustc/268dbbbc4b3fd71c5f360a4d0728295252430b5b/library/std/src/sys_common/backtrace.rs:68:5
[INFO] [stderr]      3:     0x564af58c3566 - <std::sys_common::backtrace::_print::DisplayBacktrace as core::fmt::Display>::fmt::hc2446d8aa0059188
[INFO] [stderr]                                  at /rustc/268dbbbc4b3fd71c5f360a4d0728295252430b5b/library/std/src/sys_common/backtrace.rs:44:22
[INFO] [stderr]      4:     0x564af58e59a0 - core::fmt::rt::Argument::fmt::h2fbb6454da37999b
[INFO] [stderr]                                  at /rustc/268dbbbc4b3fd71c5f360a4d0728295252430b5b/library/core/src/fmt/rt.rs:142:9
[INFO] [stderr]      5:     0x564af58e59a0 - core::fmt::write::had96bdeda7d49d3a
[INFO] [stderr]                                  at /rustc/268dbbbc4b3fd71c5f360a4d0728295252430b5b/library/core/src/fmt/mod.rs:1120:17
[INFO] [stderr]      6:     0x564af58c11bf - std::io::Write::write_fmt::h30b1f36eea05b391
[INFO] [stderr]                                  at /rustc/268dbbbc4b3fd71c5f360a4d0728295252430b5b/library/std/src/io/mod.rs:1849:15
[INFO] [stderr]      7:     0x564af58c3344 - std::sys_common::backtrace::_print::hc333bb91ae972137
[INFO] [stderr]                                  at /rustc/268dbbbc4b3fd71c5f360a4d0728295252430b5b/library/std/src/sys_common/backtrace.rs:47:5
[INFO] [stderr]      8:     0x564af58c3344 - std::sys_common::backtrace::print::h18fd3c71a95a3169
[INFO] [stderr]                                  at /rustc/268dbbbc4b3fd71c5f360a4d0728295252430b5b/library/std/src/sys_common/backtrace.rs:34:9
[INFO] [stderr]      9:     0x564af58c4a37 - std::panicking::default_hook::{{closure}}::ha3473f9bcb4e9a37
[INFO] [stderr]     10:     0x564af58c4799 - std::panicking::default_hook::h23d9d43185db6584
[INFO] [stderr]                                  at /rustc/268dbbbc4b3fd71c5f360a4d0728295252430b5b/library/std/src/panicking.rs:292:9
[INFO] [stderr]     11:     0x564af58c4ec8 - std::panicking::rust_panic_with_hook::h94aceaa7df3a6edd
[INFO] [stderr]                                  at /rustc/268dbbbc4b3fd71c5f360a4d0728295252430b5b/library/std/src/panicking.rs:781:13
[INFO] [stderr]     12:     0x564af58c4da2 - std::panicking::begin_panic_handler::{{closure}}::h9905d45d1d82fc42
[INFO] [stderr]                                  at /rustc/268dbbbc4b3fd71c5f360a4d0728295252430b5b/library/std/src/panicking.rs:659:13
[INFO] [stderr]     13:     0x564af58c3a66 - std::sys_common::backtrace::__rust_end_short_backtrace::hb02085545dc143b9
[INFO] [stderr]                                  at /rustc/268dbbbc4b3fd71c5f360a4d0728295252430b5b/library/std/src/sys_common/backtrace.rs:171:18
[INFO] [stderr]     14:     0x564af58c4af4 - rust_begin_unwind
[INFO] [stderr]                                  at /rustc/268dbbbc4b3fd71c5f360a4d0728295252430b5b/library/std/src/panicking.rs:647:5
[INFO] [stderr]     15:     0x564af589d285 - core::panicking::panic_fmt::h6dca3983f8a9f4d0
[INFO] [stderr]                                  at /rustc/268dbbbc4b3fd71c5f360a4d0728295252430b5b/library/core/src/panicking.rs:72:14
[INFO] [stderr]     16:     0x564af58a3311 - build_script_build::main::{{closure}}::hb5556fa2324ca0e5
[INFO] [stderr]     17:     0x564af58a1ea3 - build_script_build::visit_xml::hf36ebd30f81e55cd
[INFO] [stderr]     18:     0x564af58a27cc - build_script_build::main::h8d572f53c91ef999
[INFO] [stderr]     19:     0x564af589edd3 - core::ops::function::FnOnce::call_once::h24e987bfbfac821d
[INFO] [stderr]     20:     0x564af589ddb6 - std::sys_common::backtrace::__rust_begin_short_backtrace::hfb8168e0063f636a
[INFO] [stderr]     21:     0x564af589e4e9 - std::rt::lang_start::{{closure}}::he7cc1fd3bfb92fbe
[INFO] [stderr]     22:     0x564af58bdd91 - core::ops::function::impls::<impl core::ops::function::FnOnce<A> for &F>::call_once::h298d8ff12ebcec8c
[INFO] [stderr]                                  at /rustc/268dbbbc4b3fd71c5f360a4d0728295252430b5b/library/core/src/ops/function.rs:284:13
[INFO] [stderr]     23:     0x564af58bdd91 - std::panicking::try::do_call::hbd0ffb05da5bd343
[INFO] [stderr]                                  at /rustc/268dbbbc4b3fd71c5f360a4d0728295252430b5b/library/std/src/panicking.rs:554:40
[INFO] [stderr]     24:     0x564af58bdd91 - std::panicking::try::h11c9a152defd5d2a
[INFO] [stderr]                                  at /rustc/268dbbbc4b3fd71c5f360a4d0728295252430b5b/library/std/src/panicking.rs:518:19
[INFO] [stderr]     25:     0x564af58bdd91 - std::panic::catch_unwind::h0d6db2fa902b4d64
[INFO] [stderr]                                  at /rustc/268dbbbc4b3fd71c5f360a4d0728295252430b5b/library/std/src/panic.rs:142:14
[INFO] [stderr]     26:     0x564af58bdd91 - std::rt::lang_start_internal::{{closure}}::hdcc09b4aad7ef821
[INFO] [stderr]                                  at /rustc/268dbbbc4b3fd71c5f360a4d0728295252430b5b/library/std/src/rt.rs:148:48
[INFO] [stderr]     27:     0x564af58bdd91 - std::panicking::try::do_call::h3ffd2f162d60900f
[INFO] [stderr]                                  at /rustc/268dbbbc4b3fd71c5f360a4d0728295252430b5b/library/std/src/panicking.rs:554:40
[INFO] [stderr]     28:     0x564af58bdd91 - std::panicking::try::heeba82b9c3e190fb
[INFO] [stderr]                                  at /rustc/268dbbbc4b3fd71c5f360a4d0728295252430b5b/library/std/src/panicking.rs:518:19
[INFO] [stderr]     29:     0x564af58bdd91 - std::panic::catch_unwind::hdaab8f1c188f387f
[INFO] [stderr]                                  at /rustc/268dbbbc4b3fd71c5f360a4d0728295252430b5b/library/std/src/panic.rs:142:14
[INFO] [stderr]     30:     0x564af58bdd91 - std::rt::lang_start_internal::h9989e088c48b7903
[INFO] [stderr]                                  at /rustc/268dbbbc4b3fd71c5f360a4d0728295252430b5b/library/std/src/rt.rs:148:20
[INFO] [stderr]     31:     0x564af589e4c7 - std::rt::lang_start::h3212dfc727bee97e
[INFO] [stderr]     32:     0x564af58a3395 - main
[INFO] [stderr]     33:     0x7f20cb986d90 - <unknown>
[INFO] [stderr]     34:     0x7f20cb986e40 - __libc_start_main
[INFO] [stderr]     35:     0x564af589d9b5 - _start
[INFO] [stderr]     36:                0x0 - <unknown>
[INFO] [stderr] warning: build failed, waiting for other jobs to finish...
[INFO] running `Command { std: "docker" "inspect" "a2cd2cbd4fd1cce6920e488a0d2f5d71848e74bd148345dcf21fccd5da2835a9", kill_on_drop: false }`
[INFO] running `Command { std: "docker" "rm" "-f" "a2cd2cbd4fd1cce6920e488a0d2f5d71848e74bd148345dcf21fccd5da2835a9", kill_on_drop: false }`
[INFO] [stdout] a2cd2cbd4fd1cce6920e488a0d2f5d71848e74bd148345dcf21fccd5da2835a9
[INFO] checking quiqr-0.1.2 against nightly-2024-02-05+rustflags=-Dunexpected_cfgs+cargoflags=-Zcheck-cfg for check-cfg
[INFO] extracting crate quiqr 0.1.2 into /workspace/builds/worker-7-tc2/source
[INFO] validating manifest of crates.io crate quiqr 0.1.2 on toolchain nightly-2024-02-05
[INFO] running `Command { std: CARGO_HOME="/workspace/cargo-home" RUSTUP_HOME="/workspace/rustup-home" "/workspace/cargo-home/bin/cargo" "+nightly-2024-02-05" "metadata" "--manifest-path" "Cargo.toml" "--no-deps", kill_on_drop: false }`
[INFO] started tweaking crates.io crate quiqr 0.1.2
[INFO] finished tweaking crates.io crate quiqr 0.1.2
[INFO] tweaked toml for crates.io crate quiqr 0.1.2 written to /workspace/builds/worker-7-tc2/source/Cargo.toml
[INFO] crate crates.io crate quiqr 0.1.2 already has a lockfile, it will not be regenerated
[INFO] running `Command { std: CARGO_HOME="/workspace/cargo-home" RUSTUP_HOME="/workspace/rustup-home" "/workspace/cargo-home/bin/cargo" "+nightly-2024-02-05" "fetch" "--manifest-path" "Cargo.toml", kill_on_drop: false }`
[INFO] running `Command { std: "docker" "create" "-v" "/var/lib/crater-agent-workspace/builds/worker-7-tc2/target:/opt/rustwide/target:rw,Z" "-v" "/var/lib/crater-agent-workspace/builds/worker-7-tc2/source:/opt/rustwide/workdir:ro,Z" "-v" "/var/lib/crater-agent-workspace/cargo-home:/opt/rustwide/cargo-home:ro,Z" "-v" "/var/lib/crater-agent-workspace/rustup-home:/opt/rustwide/rustup-home:ro,Z" "-e" "SOURCE_DIR=/opt/rustwide/workdir" "-e" "CARGO_TARGET_DIR=/opt/rustwide/target" "-e" "CARGO_HOME=/opt/rustwide/cargo-home" "-e" "RUSTUP_HOME=/opt/rustwide/rustup-home" "-w" "/opt/rustwide/workdir" "-m" "1610612736" "--user" "0:0" "--network" "none" "ghcr.io/rust-lang/crates-build-env/linux@sha256:2788e3201cd34a07e3172128adcd8b3090168a8e3bcc40d7c032b9dda1df7d1c" "/opt/rustwide/cargo-home/bin/cargo" "+nightly-2024-02-05" "metadata" "--no-deps" "--format-version=1", kill_on_drop: false }`
[INFO] [stdout] 0587ae6027d4acc50832b508fa013253235ffb9e10efed9babe2d68a6b18d4d0
[INFO] running `Command { std: "docker" "start" "-a" "0587ae6027d4acc50832b508fa013253235ffb9e10efed9babe2d68a6b18d4d0", kill_on_drop: false }`
[INFO] running `Command { std: "docker" "inspect" "0587ae6027d4acc50832b508fa013253235ffb9e10efed9babe2d68a6b18d4d0", kill_on_drop: false }`
[INFO] running `Command { std: "docker" "rm" "-f" "0587ae6027d4acc50832b508fa013253235ffb9e10efed9babe2d68a6b18d4d0", kill_on_drop: false }`
[INFO] [stdout] 0587ae6027d4acc50832b508fa013253235ffb9e10efed9babe2d68a6b18d4d0
[INFO] running `Command { std: "docker" "create" "-v" "/var/lib/crater-agent-workspace/builds/worker-7-tc2/target:/opt/rustwide/target:rw,Z" "-v" "/var/lib/crater-agent-workspace/builds/worker-7-tc2/source:/opt/rustwide/workdir:ro,Z" "-v" "/var/lib/crater-agent-workspace/cargo-home:/opt/rustwide/cargo-home:ro,Z" "-v" "/var/lib/crater-agent-workspace/rustup-home:/opt/rustwide/rustup-home:ro,Z" "-e" "SOURCE_DIR=/opt/rustwide/workdir" "-e" "CARGO_TARGET_DIR=/opt/rustwide/target" "-e" "CARGO_INCREMENTAL=0" "-e" "RUST_BACKTRACE=full" "-e" "RUSTFLAGS=--cap-lints=forbid -Dunexpected_cfgs" "-e" "RUSTDOCFLAGS=--cap-lints=forbid" "-e" "CARGO_HOME=/opt/rustwide/cargo-home" "-e" "RUSTUP_HOME=/opt/rustwide/rustup-home" "-w" "/opt/rustwide/workdir" "-m" "1610612736" "--user" "0:0" "--network" "none" "ghcr.io/rust-lang/crates-build-env/linux@sha256:2788e3201cd34a07e3172128adcd8b3090168a8e3bcc40d7c032b9dda1df7d1c" "/opt/rustwide/cargo-home/bin/cargo" "+nightly-2024-02-05" "check" "--frozen" "--all" "--all-targets" "--message-format=json" "-Zcheck-cfg", kill_on_drop: false }`
[INFO] [stdout] 9b7c2f2bf3f87e9802063f7642e1fe35258ac95217d93fe0c485f6bced5875e8
[INFO] running `Command { std: "docker" "start" "-a" "9b7c2f2bf3f87e9802063f7642e1fe35258ac95217d93fe0c485f6bced5875e8", kill_on_drop: false }`
[INFO] [stderr]    Compiling libc v0.2.74
[INFO] [stderr]    Compiling autocfg v1.0.0
[INFO] [stderr]     Checking cfg-if v0.1.10
[INFO] [stderr]    Compiling proc-macro2 v1.0.19
[INFO] [stderr]    Compiling unicode-xid v0.2.1
[INFO] [stderr]     Checking lazy_static v1.4.0
[INFO] [stderr]    Compiling bitflags v1.2.1
[INFO] [stderr]    Compiling maybe-uninit v2.0.0
[INFO] [stderr]    Compiling xml-rs v0.8.3
[INFO] [stderr]    Compiling libloading v0.6.2
[INFO] [stderr]    Compiling byteorder v1.3.4
[INFO] [stderr]    Compiling version_check v0.9.2
[INFO] [stderr]    Compiling pkg-config v0.3.18
[INFO] [stderr]    Compiling nix v0.17.0
[INFO] [stderr]    Compiling rayon-core v1.7.1
[INFO] [stderr]    Compiling syn v1.0.36
[INFO] [stderr]    Compiling getrandom v0.1.14
[INFO] [stderr]     Checking scopeguard v1.1.0
[INFO] [stderr]     Checking void v1.0.2
[INFO] [stderr]    Compiling semver-parser v0.7.0
[INFO] [stderr]    Compiling log v0.4.11
[INFO] [stderr]     Checking adler32 v1.1.0
[INFO] [stderr]     Checking once_cell v1.4.0
[INFO] [stderr]    Compiling semver v0.9.0
[INFO] [stderr]    Compiling proc-macro-error-attr v1.0.3
[INFO] [stderr]    Compiling crossbeam-utils v0.7.2
[INFO] [stderr]    Compiling memoffset v0.5.5
[INFO] [stderr]    Compiling crossbeam-epoch v0.8.2
[INFO] [stderr]    Compiling num-traits v0.2.12
[INFO] [stderr]    Compiling num-integer v0.1.43
[INFO] [stderr]     Checking dlib v0.4.2
[INFO] [stderr]    Compiling rayon v1.3.1
[INFO] [stderr]    Compiling crc32fast v1.2.0
[INFO] [stderr]     Checking wayland-sys v0.25.0
[INFO] [stderr]     Checking smallvec v1.4.1
[INFO] [stderr]    Compiling memchr v2.3.3
[INFO] [stderr]    Compiling xkbcommon-sys v0.7.4
[INFO] [stderr]    Compiling rustc_version v0.2.3
[INFO] [stderr]    Compiling num-iter v0.1.41
[INFO] [stderr]    Compiling num-rational v0.3.0
[INFO] [stderr]    Compiling proc-macro-error v1.0.3
[INFO] [stderr]     Checking miniz_oxide v0.3.7
[INFO] [stderr]     Checking either v1.5.3
[INFO] [stderr]     Checking ppv-lite86 v0.2.8
[INFO] [stderr]     Checking downcast-rs v1.2.0
[INFO] [stderr]    Compiling quote v1.0.7
[INFO] [stderr]     Checking scoped-tls v1.0.0
[INFO] [stderr]     Checking lzw v0.10.0
[INFO] [stderr]    Compiling cast v0.2.3
[INFO] [stderr]     Checking deflate v0.8.6
[INFO] [stderr]    Compiling x11-dl v2.18.5
[INFO] [stderr]    Compiling wayland-scanner v0.25.0
[INFO] [stderr]     Checking color_quant v1.0.1
[INFO] [stderr]     Checking unicode-width v0.1.8
[INFO] [stderr]    Compiling unicode-segmentation v1.6.0
[INFO] [stderr]     Checking crossbeam-queue v0.2.3
[INFO] [stderr]    Compiling cc v1.0.58
[INFO] [stderr]     Checking tiff v0.5.0
[INFO] [stderr]     Checking textwrap v0.11.0
[INFO] [stderr]     Checking aho-corasick v0.7.13
[INFO] [stderr]     Checking gif v0.10.3
[INFO] [stderr]     Checking thread_local v1.0.1
[INFO] [stderr]     Checking vec_map v0.8.2
[INFO] [stderr]     Checking ansi_term v0.11.0
[INFO] [stderr]     Checking png v0.16.7
[INFO] [stderr]     Checking crossbeam-deque v0.7.3
[INFO] [stderr]     Checking quick-error v1.2.3
[INFO] [stderr]     Checking bytemuck v1.3.1
[INFO] [stderr]     Checking strsim v0.8.0
[INFO] [stderr]     Checking regex-syntax v0.6.18
[INFO] [stderr]    Compiling anyhow v1.0.32
[INFO] [stderr]     Checking num_cpus v1.13.0
[INFO] [stderr]     Checking atty v0.2.14
[INFO] [stderr]    Compiling heck v0.3.1
[INFO] [stderr]     Checking remove_dir_all v0.5.3
[INFO] [stderr]     Checking scoped_threadpool v0.1.9
[INFO] [stderr]     Checking clap v2.33.1
[INFO] [stderr]     Checking rand_core v0.5.1
[INFO] [stderr]    Compiling xcb v0.8.2
[INFO] [stderr]     Checking raw-window-handle v0.3.3
[INFO] [stderr]     Checking humantime v1.3.0
[INFO] [stderr]     Checking rand_chacha v0.2.2
[INFO] [stderr]     Checking xkb v0.2.1
[INFO] [stderr]     Checking checked_int_cast v1.0.0
[INFO] [stderr]    Compiling quiqr v0.1.2 (/opt/rustwide/workdir)
[INFO] [stderr]     Checking termcolor v1.1.0
[INFO] [stderr]     Checking rand v0.7.3
[INFO] [stderr]    Compiling minifb v0.17.0
[INFO] [stderr]    Compiling wayland-client v0.25.0
[INFO] [stderr]    Compiling wayland-protocols v0.25.0
[INFO] [stderr] error: failed to run custom build command for `xcb v0.8.2`
[INFO] [stderr] note: To improve backtraces for build dependencies, set the CARGO_PROFILE_DEV_BUILD_OVERRIDE_DEBUG=true environment variable to enable debug information generation.
[INFO] [stderr] 
[INFO] [stderr] Caused by:
[INFO] [stderr]   process didn't exit successfully: `/opt/rustwide/target/debug/build/xcb-5e99f574bb121985/build-script-build` (exit status: 101)
[INFO] [stderr]   --- stderr
[INFO] [stderr]   error occured in handler:  ('request: ', ('xcb', 'SELinux', 'GetClientContext'))
[INFO] [stderr]   Traceback (most recent call last):
[INFO] [stderr]     File "/opt/rustwide/cargo-home/registry/src/index.crates.io-6f17d22bba15001f/xcb-0.8.2/rs_client.py", line 2448, in <module>
[INFO] [stderr]       module.generate()
[INFO] [stderr]     File "/opt/rustwide/cargo-home/registry/src/index.crates.io-6f17d22bba15001f/xcb-0.8.2/xcbgen/state.py", line 108, in generate
[INFO] [stderr]       self.close()
[INFO] [stderr]     File "/opt/rustwide/cargo-home/registry/src/index.crates.io-6f17d22bba15001f/xcb-0.8.2/rs_client.py", line 296, in rs_close
[INFO] [stderr]       _f.writeout(os.path.join(module.rs_srcdir, "ffi", "%s.rs" % _module_name(_ns.ext_name)))
[INFO] [stderr]     File "/opt/rustwide/cargo-home/registry/src/index.crates.io-6f17d22bba15001f/xcb-0.8.2/rs_client.py", line 114, in writeout
[INFO] [stderr]       with open(path, 'w') as f:
[INFO] [stderr]   OSError: [Errno 30] Read-only file system: '/opt/rustwide/cargo-home/registry/src/index.crates.io-6f17d22bba15001f/xcb-0.8.2/src/ffi/selinux.rs'
[INFO] [stderr]   thread 'main' panicked at /opt/rustwide/cargo-home/registry/src/index.crates.io-6f17d22bba15001f/xcb-0.8.2/build.rs:75:17:
[INFO] [stderr]   processing of /opt/rustwide/cargo-home/registry/src/index.crates.io-6f17d22bba15001f/xcb-0.8.2/xml/xselinux.xml returned non-zero (1)
[INFO] [stderr]   stack backtrace:
[INFO] [stderr]      0:     0x55701eb57566 - std::backtrace_rs::backtrace::libunwind::trace::heebc7766b165eb2a
[INFO] [stderr]                                  at /rustc/268dbbbc4b3fd71c5f360a4d0728295252430b5b/library/std/src/../../backtrace/src/backtrace/libunwind.rs:104:5
[INFO] [stderr]      1:     0x55701eb57566 - std::backtrace_rs::backtrace::trace_unsynchronized::ha677020d8fc0296d
[INFO] [stderr]                                  at /rustc/268dbbbc4b3fd71c5f360a4d0728295252430b5b/library/std/src/../../backtrace/src/backtrace/mod.rs:66:5
[INFO] [stderr]      2:     0x55701eb57566 - std::sys_common::backtrace::_print_fmt::hcaff2fd86a1aeaa3
[INFO] [stderr]                                  at /rustc/268dbbbc4b3fd71c5f360a4d0728295252430b5b/library/std/src/sys_common/backtrace.rs:68:5
[INFO] [stderr]      3:     0x55701eb57566 - <std::sys_common::backtrace::_print::DisplayBacktrace as core::fmt::Display>::fmt::hc2446d8aa0059188
[INFO] [stderr]                                  at /rustc/268dbbbc4b3fd71c5f360a4d0728295252430b5b/library/std/src/sys_common/backtrace.rs:44:22
[INFO] [stderr]      4:     0x55701eb799a0 - core::fmt::rt::Argument::fmt::h2fbb6454da37999b
[INFO] [stderr]                                  at /rustc/268dbbbc4b3fd71c5f360a4d0728295252430b5b/library/core/src/fmt/rt.rs:142:9
[INFO] [stderr]      5:     0x55701eb799a0 - core::fmt::write::had96bdeda7d49d3a
[INFO] [stderr]                                  at /rustc/268dbbbc4b3fd71c5f360a4d0728295252430b5b/library/core/src/fmt/mod.rs:1120:17
[INFO] [stderr]      6:     0x55701eb551bf - std::io::Write::write_fmt::h30b1f36eea05b391
[INFO] [stderr]                                  at /rustc/268dbbbc4b3fd71c5f360a4d0728295252430b5b/library/std/src/io/mod.rs:1849:15
[INFO] [stderr]      7:     0x55701eb57344 - std::sys_common::backtrace::_print::hc333bb91ae972137
[INFO] [stderr]                                  at /rustc/268dbbbc4b3fd71c5f360a4d0728295252430b5b/library/std/src/sys_common/backtrace.rs:47:5
[INFO] [stderr]      8:     0x55701eb57344 - std::sys_common::backtrace::print::h18fd3c71a95a3169
[INFO] [stderr]                                  at /rustc/268dbbbc4b3fd71c5f360a4d0728295252430b5b/library/std/src/sys_common/backtrace.rs:34:9
[INFO] [stderr]      9:     0x55701eb58a37 - std::panicking::default_hook::{{closure}}::ha3473f9bcb4e9a37
[INFO] [stderr]     10:     0x55701eb58799 - std::panicking::default_hook::h23d9d43185db6584
[INFO] [stderr]                                  at /rustc/268dbbbc4b3fd71c5f360a4d0728295252430b5b/library/std/src/panicking.rs:292:9
[INFO] [stderr]     11:     0x55701eb58ec8 - std::panicking::rust_panic_with_hook::h94aceaa7df3a6edd
[INFO] [stderr]                                  at /rustc/268dbbbc4b3fd71c5f360a4d0728295252430b5b/library/std/src/panicking.rs:781:13
[INFO] [stderr]     12:     0x55701eb58da2 - std::panicking::begin_panic_handler::{{closure}}::h9905d45d1d82fc42
[INFO] [stderr]                                  at /rustc/268dbbbc4b3fd71c5f360a4d0728295252430b5b/library/std/src/panicking.rs:659:13
[INFO] [stderr]     13:     0x55701eb57a66 - std::sys_common::backtrace::__rust_end_short_backtrace::hb02085545dc143b9
[INFO] [stderr]                                  at /rustc/268dbbbc4b3fd71c5f360a4d0728295252430b5b/library/std/src/sys_common/backtrace.rs:171:18
[INFO] [stderr]     14:     0x55701eb58af4 - rust_begin_unwind
[INFO] [stderr]                                  at /rustc/268dbbbc4b3fd71c5f360a4d0728295252430b5b/library/std/src/panicking.rs:647:5
[INFO] [stderr]     15:     0x55701eb31285 - core::panicking::panic_fmt::h6dca3983f8a9f4d0
[INFO] [stderr]                                  at /rustc/268dbbbc4b3fd71c5f360a4d0728295252430b5b/library/core/src/panicking.rs:72:14
[INFO] [stderr]     16:     0x55701eb37311 - build_script_build::main::{{closure}}::hb5556fa2324ca0e5
[INFO] [stderr]     17:     0x55701eb35ea3 - build_script_build::visit_xml::hf36ebd30f81e55cd
[INFO] [stderr]     18:     0x55701eb367cc - build_script_build::main::h8d572f53c91ef999
[INFO] [stderr]     19:     0x55701eb32dd3 - core::ops::function::FnOnce::call_once::h24e987bfbfac821d
[INFO] [stderr]     20:     0x55701eb31db6 - std::sys_common::backtrace::__rust_begin_short_backtrace::hfb8168e0063f636a
[INFO] [stderr]     21:     0x55701eb324e9 - std::rt::lang_start::{{closure}}::he7cc1fd3bfb92fbe
[INFO] [stderr]     22:     0x55701eb51d91 - core::ops::function::impls::<impl core::ops::function::FnOnce<A> for &F>::call_once::h298d8ff12ebcec8c
[INFO] [stderr]                                  at /rustc/268dbbbc4b3fd71c5f360a4d0728295252430b5b/library/core/src/ops/function.rs:284:13
[INFO] [stderr]     23:     0x55701eb51d91 - std::panicking::try::do_call::hbd0ffb05da5bd343
[INFO] [stderr]                                  at /rustc/268dbbbc4b3fd71c5f360a4d0728295252430b5b/library/std/src/panicking.rs:554:40
[INFO] [stderr]     24:     0x55701eb51d91 - std::panicking::try::h11c9a152defd5d2a
[INFO] [stderr]                                  at /rustc/268dbbbc4b3fd71c5f360a4d0728295252430b5b/library/std/src/panicking.rs:518:19
[INFO] [stderr]     25:     0x55701eb51d91 - std::panic::catch_unwind::h0d6db2fa902b4d64
[INFO] [stderr]                                  at /rustc/268dbbbc4b3fd71c5f360a4d0728295252430b5b/library/std/src/panic.rs:142:14
[INFO] [stderr]     26:     0x55701eb51d91 - std::rt::lang_start_internal::{{closure}}::hdcc09b4aad7ef821
[INFO] [stderr]                                  at /rustc/268dbbbc4b3fd71c5f360a4d0728295252430b5b/library/std/src/rt.rs:148:48
[INFO] [stderr]     27:     0x55701eb51d91 - std::panicking::try::do_call::h3ffd2f162d60900f
[INFO] [stderr]                                  at /rustc/268dbbbc4b3fd71c5f360a4d0728295252430b5b/library/std/src/panicking.rs:554:40
[INFO] [stderr]     28:     0x55701eb51d91 - std::panicking::try::heeba82b9c3e190fb
[INFO] [stderr]                                  at /rustc/268dbbbc4b3fd71c5f360a4d0728295252430b5b/library/std/src/panicking.rs:518:19
[INFO] [stderr]     29:     0x55701eb51d91 - std::panic::catch_unwind::hdaab8f1c188f387f
[INFO] [stderr]                                  at /rustc/268dbbbc4b3fd71c5f360a4d0728295252430b5b/library/std/src/panic.rs:142:14
[INFO] [stderr]     30:     0x55701eb51d91 - std::rt::lang_start_internal::h9989e088c48b7903
[INFO] [stderr]                                  at /rustc/268dbbbc4b3fd71c5f360a4d0728295252430b5b/library/std/src/rt.rs:148:20
[INFO] [stderr]     31:     0x55701eb324c7 - std::rt::lang_start::h3212dfc727bee97e
[INFO] [stderr]     32:     0x55701eb37395 - main
[INFO] [stderr]     33:     0x7fd4bcf3dd90 - <unknown>
[INFO] [stderr]     34:     0x7fd4bcf3de40 - __libc_start_main
[INFO] [stderr]     35:     0x55701eb319b5 - _start
[INFO] [stderr]     36:                0x0 - <unknown>
[INFO] [stderr] warning: build failed, waiting for other jobs to finish...
[INFO] running `Command { std: "docker" "inspect" "9b7c2f2bf3f87e9802063f7642e1fe35258ac95217d93fe0c485f6bced5875e8", kill_on_drop: false }`
[INFO] running `Command { std: "docker" "rm" "-f" "9b7c2f2bf3f87e9802063f7642e1fe35258ac95217d93fe0c485f6bced5875e8", kill_on_drop: false }`
[INFO] [stdout] 9b7c2f2bf3f87e9802063f7642e1fe35258ac95217d93fe0c485f6bced5875e8
