[INFO] fetching crate quasi 0.32.0...
[INFO] checking quasi-0.32.0 against nightly-2024-02-05 for check-cfg
[INFO] extracting crate quasi 0.32.0 into /workspace/builds/worker-7-tc1/source
[INFO] validating manifest of crates.io crate quasi 0.32.0 on toolchain nightly-2024-02-05
[INFO] running `Command { std: CARGO_HOME="/workspace/cargo-home" RUSTUP_HOME="/workspace/rustup-home" "/workspace/cargo-home/bin/cargo" "+nightly-2024-02-05" "metadata" "--manifest-path" "Cargo.toml" "--no-deps", kill_on_drop: false }`
[INFO] started tweaking crates.io crate quasi 0.32.0
[INFO] finished tweaking crates.io crate quasi 0.32.0
[INFO] tweaked toml for crates.io crate quasi 0.32.0 written to /workspace/builds/worker-7-tc1/source/Cargo.toml
[INFO] running `Command { std: CARGO_HOME="/workspace/cargo-home" RUSTUP_HOME="/workspace/rustup-home" "/workspace/cargo-home/bin/cargo" "+nightly-2024-02-05" "generate-lockfile" "--manifest-path" "Cargo.toml", kill_on_drop: false }`
[INFO] [stderr]     Updating crates.io index
[INFO] running `Command { std: CARGO_HOME="/workspace/cargo-home" RUSTUP_HOME="/workspace/rustup-home" "/workspace/cargo-home/bin/cargo" "+nightly-2024-02-05" "fetch" "--manifest-path" "Cargo.toml", kill_on_drop: false }`
[INFO] [stderr]  Downloading crates ...
[INFO] [stderr]   Downloaded clippy v0.0.302
[INFO] [stderr]   Downloaded arrayref v0.3.7
[INFO] [stderr]   Downloaded syntex_pos v0.58.1
[INFO] [stderr]   Downloaded term v0.5.2
[INFO] [stderr]   Downloaded winapi-build v0.1.1
[INFO] [stderr]   Downloaded constant_time_eq v0.1.5
[INFO] [stderr]   Downloaded dirs v1.0.5
[INFO] [stderr]   Downloaded bitflags v0.8.2
[INFO] [stderr]   Downloaded rustc-serialize v0.3.25
[INFO] [stderr]   Downloaded log v0.3.9
[INFO] [stderr]   Downloaded kernel32-sys v0.2.2
[INFO] [stderr]   Downloaded redox_syscall v0.1.57
[INFO] [stderr]   Downloaded syntex_syntax v0.58.1
[INFO] [stderr]   Downloaded winapi v0.2.8
[INFO] [stderr]   Downloaded syntex_errors v0.58.1
[INFO] [stderr]   Downloaded unicode-xid v0.0.4
[INFO] [stderr]   Downloaded term v0.4.6
[INFO] [stderr]   Downloaded redox_users v0.3.5
[INFO] [stderr]   Downloaded blake2b_simd v0.5.11
[INFO] [stderr]   Downloaded rust-argon2 v0.8.3
[INFO] running `Command { std: "docker" "create" "-v" "/var/lib/crater-agent-workspace/builds/worker-7-tc1/target:/opt/rustwide/target:rw,Z" "-v" "/var/lib/crater-agent-workspace/builds/worker-7-tc1/source:/opt/rustwide/workdir:ro,Z" "-v" "/var/lib/crater-agent-workspace/cargo-home:/opt/rustwide/cargo-home:ro,Z" "-v" "/var/lib/crater-agent-workspace/rustup-home:/opt/rustwide/rustup-home:ro,Z" "-e" "SOURCE_DIR=/opt/rustwide/workdir" "-e" "CARGO_TARGET_DIR=/opt/rustwide/target" "-e" "CARGO_HOME=/opt/rustwide/cargo-home" "-e" "RUSTUP_HOME=/opt/rustwide/rustup-home" "-w" "/opt/rustwide/workdir" "-m" "1610612736" "--user" "0:0" "--network" "none" "ghcr.io/rust-lang/crates-build-env/linux@sha256:2788e3201cd34a07e3172128adcd8b3090168a8e3bcc40d7c032b9dda1df7d1c" "/opt/rustwide/cargo-home/bin/cargo" "+nightly-2024-02-05" "metadata" "--no-deps" "--format-version=1", kill_on_drop: false }`
[INFO] [stdout] 9bc8093b3afa7c5d55f6026b056cacbc774a3be9b628512a71c10a8b0f235002
[INFO] running `Command { std: "docker" "start" "-a" "9bc8093b3afa7c5d55f6026b056cacbc774a3be9b628512a71c10a8b0f235002", kill_on_drop: false }`
[INFO] running `Command { std: "docker" "inspect" "9bc8093b3afa7c5d55f6026b056cacbc774a3be9b628512a71c10a8b0f235002", kill_on_drop: false }`
[INFO] running `Command { std: "docker" "rm" "-f" "9bc8093b3afa7c5d55f6026b056cacbc774a3be9b628512a71c10a8b0f235002", kill_on_drop: false }`
[INFO] [stdout] 9bc8093b3afa7c5d55f6026b056cacbc774a3be9b628512a71c10a8b0f235002
[INFO] running `Command { std: "docker" "create" "-v" "/var/lib/crater-agent-workspace/builds/worker-7-tc1/target:/opt/rustwide/target:rw,Z" "-v" "/var/lib/crater-agent-workspace/builds/worker-7-tc1/source:/opt/rustwide/workdir:ro,Z" "-v" "/var/lib/crater-agent-workspace/cargo-home:/opt/rustwide/cargo-home:ro,Z" "-v" "/var/lib/crater-agent-workspace/rustup-home:/opt/rustwide/rustup-home:ro,Z" "-e" "SOURCE_DIR=/opt/rustwide/workdir" "-e" "CARGO_TARGET_DIR=/opt/rustwide/target" "-e" "CARGO_INCREMENTAL=0" "-e" "RUST_BACKTRACE=full" "-e" "RUSTFLAGS=--cap-lints=forbid" "-e" "RUSTDOCFLAGS=--cap-lints=forbid" "-e" "CARGO_HOME=/opt/rustwide/cargo-home" "-e" "RUSTUP_HOME=/opt/rustwide/rustup-home" "-w" "/opt/rustwide/workdir" "-m" "1610612736" "--user" "0:0" "--network" "none" "ghcr.io/rust-lang/crates-build-env/linux@sha256:2788e3201cd34a07e3172128adcd8b3090168a8e3bcc40d7c032b9dda1df7d1c" "/opt/rustwide/cargo-home/bin/cargo" "+nightly-2024-02-05" "check" "--frozen" "--all" "--all-targets" "--message-format=json", kill_on_drop: false }`
[INFO] [stdout] 41e48c6613e9b95a4875fba3501b1f145c085698ffb63abb7251a80715f4f08c
[INFO] running `Command { std: "docker" "start" "-a" "41e48c6613e9b95a4875fba3501b1f145c085698ffb63abb7251a80715f4f08c", kill_on_drop: false }`
[INFO] [stderr]     Checking quasi v0.32.0 (/opt/rustwide/workdir)
[INFO] [stdout] error[E0463]: can't find crate for `syntax`
[INFO] [stdout]   --> src/lib.rs:23:1
[INFO] [stdout]    |
[INFO] [stdout] 23 | extern crate syntax;
[INFO] [stdout]    | ^^^^^^^^^^^^^^^^^^^^ can't find crate
[INFO] [stdout] 
[INFO] [stdout] 
[INFO] [stdout] error[E0463]: can't find crate for `syntax`
[INFO] [stdout]   --> src/lib.rs:23:1
[INFO] [stdout]    |
[INFO] [stdout] 23 | extern crate syntax;
[INFO] [stdout]    | ^^^^^^^^^^^^^^^^^^^^ can't find crate
[INFO] [stdout] 
[INFO] [stdout] 
[INFO] [stdout] error[E0463]: can't find crate for `rustc_errors`
[INFO] [stdout]   --> src/lib.rs:25:1
[INFO] [stdout]    |
[INFO] [stdout] 25 | extern crate rustc_errors as errors;
[INFO] [stdout]    | ^^^^^^^^^^^^^^^^^^^^^^^^^^^^^^^^^^^^ can't find crate
[INFO] [stdout]    |
[INFO] [stdout]    = help: maybe you need to install the missing components with: `rustup component add rust-src rustc-dev llvm-tools-preview`
[INFO] [stdout] 
[INFO] [stdout] 
[INFO] [stdout] error[E0463]: can't find crate for `rustc_errors`
[INFO] [stdout]   --> src/lib.rs:25:1
[INFO] [stdout]    |
[INFO] [stdout] 25 | extern crate rustc_errors as errors;
[INFO] [stdout]    | ^^^^^^^^^^^^^^^^^^^^^^^^^^^^^^^^^^^^ can't find crate
[INFO] [stdout]    |
[INFO] [stdout]    = help: maybe you need to install the missing components with: `rustup component add rust-src rustc-dev llvm-tools-preview`
[INFO] [stdout] 
[INFO] [stdout] 
[INFO] [stdout] error: cannot find macro `panictry` in this scope
[INFO] [stdout]    --> src/lib.rs:426:9
[INFO] [stdout]     |
[INFO] [stdout] 426 |         panictry!(parser.parse_attribute(permit_inner))
[INFO] [stdout]     |         ^^^^^^^^
[INFO] [stdout] 
[INFO] [stdout] 
[INFO] [stdout] error: cannot find macro `panictry` in this scope
[INFO] [stdout]    --> src/lib.rs:426:9
[INFO] [stdout]     |
[INFO] [stdout] 426 |         panictry!(parser.parse_attribute(permit_inner))
[INFO] [stdout]     |         ^^^^^^^^
[INFO] [stdout] 
[INFO] [stdout] 
[INFO] [stdout] error: cannot find macro `panictry` in this scope
[INFO] [stdout]    --> src/lib.rs:422:5
[INFO] [stdout]     |
[INFO] [stdout] 422 |     panictry!(parser.parse_stmt())
[INFO] [stdout]     |     ^^^^^^^^
[INFO] [stdout] 
[INFO] [stdout] 
[INFO] [stdout] error: cannot find macro `panictry` in this scope
[INFO] [stdout]    --> src/lib.rs:422:5
[INFO] [stdout]     |
[INFO] [stdout] 422 |     panictry!(parser.parse_stmt())
[INFO] [stdout]     |     ^^^^^^^^
[INFO] [stdout] 
[INFO] [stdout] 
[INFO] [stdout] error: cannot find macro `panictry` in this scope
[INFO] [stdout]    --> src/lib.rs:418:9
[INFO] [stdout]     |
[INFO] [stdout] 418 |         panictry!(parser.parse_ty())
[INFO] [stdout]     |         ^^^^^^^^
[INFO] [stdout] 
[INFO] [stdout] 
[INFO] [stdout] error: cannot find macro `panictry` in this scope
[INFO] [stdout]    --> src/lib.rs:418:9
[INFO] [stdout]     |
[INFO] [stdout] 418 |         panictry!(parser.parse_ty())
[INFO] [stdout]     |         ^^^^^^^^
[INFO] [stdout] 
[INFO] [stdout] 
[INFO] [stdout] error: cannot find macro `panictry` in this scope
[INFO] [stdout]    --> src/lib.rs:414:9
[INFO] [stdout]     |
[INFO] [stdout] 414 |         panictry!(parser.parse_arm())
[INFO] [stdout]     |         ^^^^^^^^
[INFO] [stdout] 
[INFO] [stdout] 
[INFO] [stdout] error: cannot find macro `panictry` in this scope
[INFO] [stdout]    --> src/lib.rs:414:9
[INFO] [stdout]     |
[INFO] [stdout] 414 |         panictry!(parser.parse_arm())
[INFO] [stdout]     |         ^^^^^^^^
[INFO] [stdout] 
[INFO] [stdout] 
[INFO] [stdout] error: cannot find macro `panictry` in this scope
[INFO] [stdout]    --> src/lib.rs:410:9
[INFO] [stdout]     |
[INFO] [stdout] 410 |         panictry!(parser.parse_pat())
[INFO] [stdout]     |         ^^^^^^^^
[INFO] [stdout] 
[INFO] [stdout] 
[INFO] [stdout] error: cannot find macro `panictry` in this scope
[INFO] [stdout]    --> src/lib.rs:410:9
[INFO] [stdout]     |
[INFO] [stdout] 410 |         panictry!(parser.parse_pat())
[INFO] [stdout]     |         ^^^^^^^^
[INFO] [stdout] 
[INFO] [stdout] 
[INFO] [stdout] error: cannot find macro `panictry` in this scope
[INFO] [stdout]    --> src/lib.rs:406:9
[INFO] [stdout]     |
[INFO] [stdout] 406 |         panictry!(parser.parse_item())
[INFO] [stdout]     |         ^^^^^^^^
[INFO] [stdout] 
[INFO] [stdout] 
[INFO] [stdout] error: cannot find macro `panictry` in this scope
[INFO] [stdout]    --> src/lib.rs:406:9
[INFO] [stdout]     |
[INFO] [stdout] 406 |         panictry!(parser.parse_item())
[INFO] [stdout]     |         ^^^^^^^^
[INFO] [stdout] 
[INFO] [stdout] 
[INFO] [stdout] error: cannot find macro `panictry` in this scope
[INFO] [stdout]    --> src/lib.rs:402:9
[INFO] [stdout]     |
[INFO] [stdout] 402 |         panictry!(parser.parse_expr())
[INFO] [stdout]     |         ^^^^^^^^
[INFO] [stdout] 
[INFO] [stdout] 
[INFO] [stdout] error: cannot find macro `panictry` in this scope
[INFO] [stdout]    --> src/lib.rs:402:9
[INFO] [stdout]     |
[INFO] [stdout] 402 |         panictry!(parser.parse_expr())
[INFO] [stdout]     |         ^^^^^^^^
[INFO] [stdout] 
[INFO] [stdout] 
[INFO] [stdout] error: cannot find macro `panictry` in this scope
[INFO] [stdout]    --> src/lib.rs:394:9
[INFO] [stdout]     |
[INFO] [stdout] 394 |         panictry!(parse::parse_tts_from_source_str(
[INFO] [stdout]     |         ^^^^^^^^
[INFO] [stdout] 
[INFO] [stdout] 
[INFO] [stdout] error: cannot find macro `panictry` in this scope
[INFO] [stdout]    --> src/lib.rs:394:9
[INFO] [stdout]     |
[INFO] [stdout] 394 |         panictry!(parse::parse_tts_from_source_str(
[INFO] [stdout]     |         ^^^^^^^^
[INFO] [stdout] 
[INFO] [stdout] 
[INFO] [stdout] error: cannot find macro `panictry` in this scope
[INFO] [stdout]    --> src/lib.rs:387:9
[INFO] [stdout]     |
[INFO] [stdout] 387 |         panictry!(parse::parse_expr_from_source_str(
[INFO] [stdout]     |         ^^^^^^^^
[INFO] [stdout] 
[INFO] [stdout] 
[INFO] [stdout] error: cannot find macro `panictry` in this scope
[INFO] [stdout]    --> src/lib.rs:387:9
[INFO] [stdout]     |
[INFO] [stdout] 387 |         panictry!(parse::parse_expr_from_source_str(
[INFO] [stdout]     |         ^^^^^^^^
[INFO] [stdout] 
[INFO] [stdout] 
[INFO] [stdout] error: cannot find macro `panictry` in this scope
[INFO] [stdout]    --> src/lib.rs:380:9
[INFO] [stdout]     |
[INFO] [stdout] 380 |         panictry!(parse::parse_stmt_from_source_str(
[INFO] [stdout]     |         ^^^^^^^^
[INFO] [stdout] 
[INFO] [stdout] 
[INFO] [stdout] error: cannot find macro `panictry` in this scope
[INFO] [stdout]    --> src/lib.rs:373:9
[INFO] [stdout]     |
[INFO] [stdout] 373 |         panictry!(parse::parse_item_from_source_str(
[INFO] [stdout]     |         ^^^^^^^^
[INFO] [stdout] 
[INFO] [stdout] 
[INFO] [stdout] error: cannot find macro `panictry` in this scope
[INFO] [stdout]    --> src/lib.rs:380:9
[INFO] [stdout]     |
[INFO] [stdout] 380 |         panictry!(parse::parse_stmt_from_source_str(
[INFO] [stdout]     |         ^^^^^^^^
[INFO] [stdout] 
[INFO] [stdout] 
[INFO] [stdout] error: cannot find macro `panictry` in this scope
[INFO] [stdout]    --> src/lib.rs:163:9
[INFO] [stdout]     |
[INFO] [stdout] 163 |         panictry!(parse_tts_from_source_str(
[INFO] [stdout]     |         ^^^^^^^^
[INFO] [stdout] 
[INFO] [stdout] 
[INFO] [stdout] error: cannot find macro `panictry` in this scope
[INFO] [stdout]    --> src/lib.rs:373:9
[INFO] [stdout]     |
[INFO] [stdout] 373 |         panictry!(parse::parse_item_from_source_str(
[INFO] [stdout]     |         ^^^^^^^^
[INFO] [stdout] 
[INFO] [stdout] 
[INFO] [stdout] error: cannot find macro `panictry` in this scope
[INFO] [stdout]    --> src/lib.rs:145:9
[INFO] [stdout]     |
[INFO] [stdout] 145 |         panictry!(parse_tts_from_source_str(
[INFO] [stdout]     |         ^^^^^^^^
[INFO] [stdout] 
[INFO] [stdout] 
[INFO] [stdout] error: cannot find macro `panictry` in this scope
[INFO] [stdout]    --> src/lib.rs:163:9
[INFO] [stdout]     |
[INFO] [stdout] 163 |         panictry!(parse_tts_from_source_str(
[INFO] [stdout]     |         ^^^^^^^^
[INFO] [stdout] 
[INFO] [stdout] 
[INFO] [stdout] error: cannot find macro `panictry` in this scope
[INFO] [stdout]    --> src/lib.rs:145:9
[INFO] [stdout]     |
[INFO] [stdout] 145 |         panictry!(parse_tts_from_source_str(
[INFO] [stdout]     |         ^^^^^^^^
[INFO] [stdout] 
[INFO] [stdout] 
[INFO] [stdout] warning: the feature `i128_type` has been stable since 1.26.0 and no longer requires an attribute to enable
[INFO] [stdout]   --> src/lib.rs:11:66
[INFO] [stdout]    |
[INFO] [stdout] 11 | #![cfg_attr(not(feature = "with-syntex"), feature(rustc_private, i128_type))]
[INFO] [stdout]    |                                                                  ^^^^^^^^^
[INFO] [stdout]    |
[INFO] [stdout]    = note: `#[warn(stable_features)]` on by default
[INFO] [stdout] 
[INFO] [stdout] 
[INFO] [stdout] warning: the feature `i128_type` has been stable since 1.26.0 and no longer requires an attribute to enable
[INFO] [stdout]   --> src/lib.rs:11:66
[INFO] [stdout]    |
[INFO] [stdout] 11 | #![cfg_attr(not(feature = "with-syntex"), feature(rustc_private, i128_type))]
[INFO] [stdout]    |                                                                  ^^^^^^^^^
[INFO] [stdout]    |
[INFO] [stdout]    = note: `#[warn(stable_features)]` on by default
[INFO] [stdout] 
[INFO] [stdout] 
[INFO] [stdout] error: aborting due to 15 previous errors; 1 warning emitted
[INFO] [stdout] 
[INFO] [stdout] 
[INFO] [stdout] For more information about this error, try `rustc --explain E0463`.
[INFO] [stdout] 
[INFO] [stdout] error: aborting due to 15 previous errors; 1 warning emitted
[INFO] [stdout] 
[INFO] [stdout] 
[INFO] [stdout] For more information about this error, try `rustc --explain E0463`.
[INFO] [stdout] 
[INFO] [stderr] error: could not compile `quasi` (lib test) due to 16 previous errors; 1 warning emitted
[INFO] [stderr] warning: build failed, waiting for other jobs to finish...
[INFO] [stderr] error: could not compile `quasi` (lib) due to 16 previous errors; 1 warning emitted
[INFO] running `Command { std: "docker" "inspect" "41e48c6613e9b95a4875fba3501b1f145c085698ffb63abb7251a80715f4f08c", kill_on_drop: false }`
[INFO] running `Command { std: "docker" "rm" "-f" "41e48c6613e9b95a4875fba3501b1f145c085698ffb63abb7251a80715f4f08c", kill_on_drop: false }`
[INFO] [stdout] 41e48c6613e9b95a4875fba3501b1f145c085698ffb63abb7251a80715f4f08c
