[INFO] fetching crate qualia_derive 0.15.2...
[INFO] checking qualia_derive-0.15.2 against nightly-2024-02-05 for check-cfg
[INFO] extracting crate qualia_derive 0.15.2 into /workspace/builds/worker-0-tc1/source
[INFO] validating manifest of crates.io crate qualia_derive 0.15.2 on toolchain nightly-2024-02-05
[INFO] running `Command { std: CARGO_HOME="/workspace/cargo-home" RUSTUP_HOME="/workspace/rustup-home" "/workspace/cargo-home/bin/cargo" "+nightly-2024-02-05" "metadata" "--manifest-path" "Cargo.toml" "--no-deps", kill_on_drop: false }`
[INFO] started tweaking crates.io crate qualia_derive 0.15.2
[INFO] finished tweaking crates.io crate qualia_derive 0.15.2
[INFO] tweaked toml for crates.io crate qualia_derive 0.15.2 written to /workspace/builds/worker-0-tc1/source/Cargo.toml
[INFO] running `Command { std: CARGO_HOME="/workspace/cargo-home" RUSTUP_HOME="/workspace/rustup-home" "/workspace/cargo-home/bin/cargo" "+nightly-2024-02-05" "generate-lockfile" "--manifest-path" "Cargo.toml", kill_on_drop: false }`
[INFO] [stderr]     Updating crates.io index
[INFO] running `Command { std: CARGO_HOME="/workspace/cargo-home" RUSTUP_HOME="/workspace/rustup-home" "/workspace/cargo-home/bin/cargo" "+nightly-2024-02-05" "fetch" "--manifest-path" "Cargo.toml", kill_on_drop: false }`
[INFO] running `Command { std: "docker" "create" "-v" "/var/lib/crater-agent-workspace/builds/worker-0-tc1/target:/opt/rustwide/target:rw,Z" "-v" "/var/lib/crater-agent-workspace/builds/worker-0-tc1/source:/opt/rustwide/workdir:ro,Z" "-v" "/var/lib/crater-agent-workspace/cargo-home:/opt/rustwide/cargo-home:ro,Z" "-v" "/var/lib/crater-agent-workspace/rustup-home:/opt/rustwide/rustup-home:ro,Z" "-e" "SOURCE_DIR=/opt/rustwide/workdir" "-e" "CARGO_TARGET_DIR=/opt/rustwide/target" "-e" "CARGO_HOME=/opt/rustwide/cargo-home" "-e" "RUSTUP_HOME=/opt/rustwide/rustup-home" "-w" "/opt/rustwide/workdir" "-m" "1610612736" "--user" "0:0" "--network" "none" "ghcr.io/rust-lang/crates-build-env/linux@sha256:2788e3201cd34a07e3172128adcd8b3090168a8e3bcc40d7c032b9dda1df7d1c" "/opt/rustwide/cargo-home/bin/cargo" "+nightly-2024-02-05" "metadata" "--no-deps" "--format-version=1", kill_on_drop: false }`
[INFO] [stdout] 0f9acf3ff444362716ec86c66445bccdd7d05f5d55862ba830ed7b60d2cab7bc
[INFO] running `Command { std: "docker" "start" "-a" "0f9acf3ff444362716ec86c66445bccdd7d05f5d55862ba830ed7b60d2cab7bc", kill_on_drop: false }`
[INFO] running `Command { std: "docker" "inspect" "0f9acf3ff444362716ec86c66445bccdd7d05f5d55862ba830ed7b60d2cab7bc", kill_on_drop: false }`
[INFO] running `Command { std: "docker" "rm" "-f" "0f9acf3ff444362716ec86c66445bccdd7d05f5d55862ba830ed7b60d2cab7bc", kill_on_drop: false }`
[INFO] [stdout] 0f9acf3ff444362716ec86c66445bccdd7d05f5d55862ba830ed7b60d2cab7bc
[INFO] running `Command { std: "docker" "create" "-v" "/var/lib/crater-agent-workspace/builds/worker-0-tc1/target:/opt/rustwide/target:rw,Z" "-v" "/var/lib/crater-agent-workspace/builds/worker-0-tc1/source:/opt/rustwide/workdir:ro,Z" "-v" "/var/lib/crater-agent-workspace/cargo-home:/opt/rustwide/cargo-home:ro,Z" "-v" "/var/lib/crater-agent-workspace/rustup-home:/opt/rustwide/rustup-home:ro,Z" "-e" "SOURCE_DIR=/opt/rustwide/workdir" "-e" "CARGO_TARGET_DIR=/opt/rustwide/target" "-e" "CARGO_INCREMENTAL=0" "-e" "RUST_BACKTRACE=full" "-e" "RUSTFLAGS=--cap-lints=forbid" "-e" "RUSTDOCFLAGS=--cap-lints=forbid" "-e" "CARGO_HOME=/opt/rustwide/cargo-home" "-e" "RUSTUP_HOME=/opt/rustwide/rustup-home" "-w" "/opt/rustwide/workdir" "-m" "1610612736" "--user" "0:0" "--network" "none" "ghcr.io/rust-lang/crates-build-env/linux@sha256:2788e3201cd34a07e3172128adcd8b3090168a8e3bcc40d7c032b9dda1df7d1c" "/opt/rustwide/cargo-home/bin/cargo" "+nightly-2024-02-05" "check" "--frozen" "--all" "--all-targets" "--message-format=json", kill_on_drop: false }`
[INFO] [stdout] 45bb91f1686de36339a2f0f953a8be347fcb49149de7d695de36818f61a03c51
[INFO] running `Command { std: "docker" "start" "-a" "45bb91f1686de36339a2f0f953a8be347fcb49149de7d695de36818f61a03c51", kill_on_drop: false }`
[INFO] [stderr]    Compiling syn v1.0.109
[INFO] [stderr]    Compiling proc-macro2 v1.0.78
[INFO] [stderr]    Compiling rustix v0.38.31
[INFO] [stderr]     Checking regex-automata v0.4.5
[INFO] [stderr]    Compiling trybuild v1.0.89
[INFO] [stderr]     Checking float-cmp v0.8.0
[INFO] [stderr]     Checking basic-toml v0.1.8
[INFO] [stderr]     Checking convert_case v0.5.0
[INFO] [stderr]    Compiling quote v1.0.35
[INFO] [stderr]    Compiling syn v2.0.48
[INFO] [stderr]     Checking tempfile v3.10.0
[INFO] [stderr]     Checking regex v1.10.3
[INFO] [stderr]     Checking predicates v1.0.8
[INFO] [stderr]    Compiling serde_derive v1.0.196
[INFO] [stderr]     Checking qualia_derive v0.15.2 (/opt/rustwide/workdir)
[INFO] [stdout] error[E0432]: unresolved import `qualia`
[INFO] [stdout]  --> tests/derive.rs:2:5
[INFO] [stdout]   |
[INFO] [stdout] 2 | use qualia::{object, ConversionError, Object, Result};
[INFO] [stdout]   |     ^^^^^^ use of undeclared crate or module `qualia`
[INFO] [stdout] 
[INFO] [stdout] 
[INFO] [stdout] error[E0432]: unresolved import `qualia`
[INFO] [stdout]  --> tests/helpers.rs:1:5
[INFO] [stdout]   |
[INFO] [stdout] 1 | use qualia::{object, ConversionError, ObjectShape, ObjectShapeWithId, Queryable, Result, Q};
[INFO] [stdout]   |     ^^^^^^ use of undeclared crate or module `qualia`
[INFO] [stdout] 
[INFO] [stdout] 
[INFO] [stdout] error[E0432]: unresolved import `qualia`
[INFO] [stdout]  --> tests/derive.rs:6:17
[INFO] [stdout]   |
[INFO] [stdout] 6 | #[derive(Debug, ObjectShape, PartialEq)]
[INFO] [stdout]   |                 ^^^^^^^^^^^ use of undeclared crate or module `qualia`
[INFO] [stdout]   |
[INFO] [stdout]   = note: this error originates in the derive macro `ObjectShape` (in Nightly builds, run with -Z macro-backtrace for more info)
[INFO] [stdout] 
[INFO] [stdout] 
[INFO] [stdout] error[E0432]: unresolved import `qualia`
[INFO] [stdout]   --> tests/derive.rs:13:17
[INFO] [stdout]    |
[INFO] [stdout] 13 | #[derive(Debug, ObjectShape, PartialEq)]
[INFO] [stdout]    |                 ^^^^^^^^^^^ use of undeclared crate or module `qualia`
[INFO] [stdout]    |
[INFO] [stdout]    = note: this error originates in the derive macro `ObjectShape` (in Nightly builds, run with -Z macro-backtrace for more info)
[INFO] [stdout] 
[INFO] [stdout] 
[INFO] [stdout] error[E0432]: unresolved import `qualia`
[INFO] [stdout]  --> tests/attrs.rs:2:5
[INFO] [stdout]   |
[INFO] [stdout] 2 | use qualia::{object, ConversionError, Object, Result};
[INFO] [stdout]   |     ^^^^^^ use of undeclared crate or module `qualia`
[INFO] [stdout] 
[INFO] [stdout] 
[INFO] [stdout] error[E0432]: unresolved import `qualia`
[INFO] [stdout]   --> tests/attrs.rs:19:21
[INFO] [stdout]    |
[INFO] [stdout] 19 |     #[derive(Debug, ObjectShape, PartialEq)]
[INFO] [stdout]    |                     ^^^^^^^^^^^ use of undeclared crate or module `qualia`
[INFO] [stdout]    |
[INFO] [stdout]    = note: this error originates in the derive macro `ObjectShape` (in Nightly builds, run with -Z macro-backtrace for more info)
[INFO] [stdout] 
[INFO] [stdout] 
[INFO] [stdout] error[E0432]: unresolved import `qualia`
[INFO] [stdout]   --> tests/attrs.rs:59:21
[INFO] [stdout]    |
[INFO] [stdout] 59 |     #[derive(Debug, ObjectShape, PartialEq)]
[INFO] [stdout]    |                     ^^^^^^^^^^^ use of undeclared crate or module `qualia`
[INFO] [stdout]    |
[INFO] [stdout]    = note: this error originates in the derive macro `ObjectShape` (in Nightly builds, run with -Z macro-backtrace for more info)
[INFO] [stdout] 
[INFO] [stdout] 
[INFO] [stdout] error[E0432]: unresolved import `qualia`
[INFO] [stdout]    --> tests/attrs.rs:102:21
[INFO] [stdout]     |
[INFO] [stdout] 102 |     #[derive(Debug, ObjectShape, PartialEq)]
[INFO] [stdout]     |                     ^^^^^^^^^^^ use of undeclared crate or module `qualia`
[INFO] [stdout]     |
[INFO] [stdout]     = note: this error originates in the derive macro `ObjectShape` (in Nightly builds, run with -Z macro-backtrace for more info)
[INFO] [stdout] 
[INFO] [stdout] 
[INFO] [stdout] error[E0432]: unresolved import `qualia`
[INFO] [stdout]    --> tests/attrs.rs:162:21
[INFO] [stdout]     |
[INFO] [stdout] 162 |     #[derive(Debug, ObjectShape, PartialEq)]
[INFO] [stdout]     |                     ^^^^^^^^^^^ use of undeclared crate or module `qualia`
[INFO] [stdout]     |
[INFO] [stdout]     = note: this error originates in the derive macro `ObjectShape` (in Nightly builds, run with -Z macro-backtrace for more info)
[INFO] [stdout] 
[INFO] [stdout] 
[INFO] [stdout] error[E0432]: unresolved import `qualia`
[INFO] [stdout]    --> tests/attrs.rs:203:21
[INFO] [stdout]     |
[INFO] [stdout] 203 |     #[derive(Debug, ObjectShape, PartialEq)]
[INFO] [stdout]     |                     ^^^^^^^^^^^ use of undeclared crate or module `qualia`
[INFO] [stdout]     |
[INFO] [stdout]     = note: this error originates in the derive macro `ObjectShape` (in Nightly builds, run with -Z macro-backtrace for more info)
[INFO] [stdout] 
[INFO] [stdout] 
[INFO] [stdout] error[E0432]: unresolved import `qualia`
[INFO] [stdout]    --> tests/attrs.rs:211:21
[INFO] [stdout]     |
[INFO] [stdout] 211 |     #[derive(Debug, ObjectShape, PartialEq)]
[INFO] [stdout]     |                     ^^^^^^^^^^^ use of undeclared crate or module `qualia`
[INFO] [stdout]     |
[INFO] [stdout]     = note: this error originates in the derive macro `ObjectShape` (in Nightly builds, run with -Z macro-backtrace for more info)
[INFO] [stdout] 
[INFO] [stdout] 
[INFO] [stdout] error: cannot find attribute `fixed_fields` in this scope
[INFO] [stdout]  --> tests/helpers.rs:6:7
[INFO] [stdout]   |
[INFO] [stdout] 6 |     #[fixed_fields("a" => 1, "b" => "c")]
[INFO] [stdout]   |       ^^^^^^^^^^^^
[INFO] [stdout] 
[INFO] [stdout] 
[INFO] [stdout] error[E0433]: failed to resolve: use of undeclared crate or module `qualia`
[INFO] [stdout]  --> tests/derive.rs:6:17
[INFO] [stdout]   |
[INFO] [stdout] 6 | #[derive(Debug, ObjectShape, PartialEq)]
[INFO] [stdout]   |                 ^^^^^^^^^^^ use of undeclared crate or module `qualia`
[INFO] [stdout]   |
[INFO] [stdout]   = note: this error originates in the derive macro `ObjectShape` (in Nightly builds, run with -Z macro-backtrace for more info)
[INFO] [stdout] 
[INFO] [stdout] 
[INFO] [stdout] error[E0433]: failed to resolve: use of undeclared crate or module `qualia`
[INFO] [stdout]   --> tests/attrs.rs:19:21
[INFO] [stdout]    |
[INFO] [stdout] 19 |     #[derive(Debug, ObjectShape, PartialEq)]
[INFO] [stdout]    |                     ^^^^^^^^^^^ use of undeclared crate or module `qualia`
[INFO] [stdout]    |
[INFO] [stdout]    = note: this error originates in the derive macro `ObjectShape` (in Nightly builds, run with -Z macro-backtrace for more info)
[INFO] [stdout] 
[INFO] [stdout] 
[INFO] [stdout] error[E0599]: no function or associated item named `q` found for struct `QueriedShape` in the current scope
[INFO] [stdout]   --> tests/helpers.rs:12:23
[INFO] [stdout]    |
[INFO] [stdout] 7  |     struct QueriedShape {
[INFO] [stdout]    |     ------------------- function or associated item `q` not found for this struct
[INFO] [stdout] ...
[INFO] [stdout] 12 |         QueriedShape::q().build(),
[INFO] [stdout]    |                       ^ function or associated item not found in `QueriedShape`
[INFO] [stdout] 
[INFO] [stdout] 
[INFO] [stdout] error[E0599]: no method named `get_object_id` found for struct `IdShape` in the current scope
[INFO] [stdout]   --> tests/helpers.rs:30:10
[INFO] [stdout]    |
[INFO] [stdout] 22 |       struct IdShape {
[INFO] [stdout]    |       -------------- method `get_object_id` not found for this struct
[INFO] [stdout] ...
[INFO] [stdout] 27 | /         IdShape {
[INFO] [stdout] 28 | |             object_id: Some(49)
[INFO] [stdout] 29 | |         }
[INFO] [stdout] 30 | |         .get_object_id(),
[INFO] [stdout]    | |         -^^^^^^^^^^^^^ method not found in `IdShape`
[INFO] [stdout]    | |_________|
[INFO] [stdout]    | 
[INFO] [stdout] 
[INFO] [stdout] 
[INFO] [stdout] error: aborting due to 4 previous errors
[INFO] [stdout] 
[INFO] [stdout] 
[INFO] [stdout] Some errors have detailed explanations: E0432, E0599.
[INFO] [stdout] 
[INFO] [stdout] For more information about an error, try `rustc --explain E0432`.
[INFO] [stdout] 
[INFO] [stderr] error: could not compile `qualia_derive` (test "helpers") due to 5 previous errors
[INFO] [stderr] warning: build failed, waiting for other jobs to finish...
[INFO] [stdout] error[E0433]: failed to resolve: use of undeclared crate or module `qualia`
[INFO] [stdout]   --> tests/derive.rs:13:17
[INFO] [stdout]    |
[INFO] [stdout] 13 | #[derive(Debug, ObjectShape, PartialEq)]
[INFO] [stdout]    |                 ^^^^^^^^^^^ use of undeclared crate or module `qualia`
[INFO] [stdout]    |
[INFO] [stdout]    = note: this error originates in the derive macro `ObjectShape` (in Nightly builds, run with -Z macro-backtrace for more info)
[INFO] [stdout] 
[INFO] [stdout] 
[INFO] [stdout] error[E0433]: failed to resolve: use of undeclared crate or module `qualia`
[INFO] [stdout]   --> tests/attrs.rs:59:21
[INFO] [stdout]    |
[INFO] [stdout] 59 |     #[derive(Debug, ObjectShape, PartialEq)]
[INFO] [stdout]    |                     ^^^^^^^^^^^ use of undeclared crate or module `qualia`
[INFO] [stdout]    |
[INFO] [stdout]    = note: this error originates in the derive macro `ObjectShape` (in Nightly builds, run with -Z macro-backtrace for more info)
[INFO] [stdout] 
[INFO] [stdout] 
[INFO] [stdout] error: aborting due to 5 previous errors
[INFO] [stdout] 
[INFO] [stdout] 
[INFO] [stdout] Some errors have detailed explanations: E0432, E0433.
[INFO] [stdout] 
[INFO] [stdout] For more information about an error, try `rustc --explain E0432`.
[INFO] [stdout] 
[INFO] [stderr] error: could not compile `qualia_derive` (test "derive") due to 6 previous errors
[INFO] [stdout] error[E0433]: failed to resolve: use of undeclared crate or module `qualia`
[INFO] [stdout]    --> tests/attrs.rs:102:21
[INFO] [stdout]     |
[INFO] [stdout] 102 |     #[derive(Debug, ObjectShape, PartialEq)]
[INFO] [stdout]     |                     ^^^^^^^^^^^ use of undeclared crate or module `qualia`
[INFO] [stdout]     |
[INFO] [stdout]     = note: this error originates in the derive macro `ObjectShape` (in Nightly builds, run with -Z macro-backtrace for more info)
[INFO] [stdout] 
[INFO] [stdout] 
[INFO] [stdout] error[E0433]: failed to resolve: use of undeclared crate or module `qualia`
[INFO] [stdout]    --> tests/attrs.rs:162:21
[INFO] [stdout]     |
[INFO] [stdout] 162 |     #[derive(Debug, ObjectShape, PartialEq)]
[INFO] [stdout]     |                     ^^^^^^^^^^^ use of undeclared crate or module `qualia`
[INFO] [stdout]     |
[INFO] [stdout]     = note: this error originates in the derive macro `ObjectShape` (in Nightly builds, run with -Z macro-backtrace for more info)
[INFO] [stdout] 
[INFO] [stdout] 
[INFO] [stdout] error[E0433]: failed to resolve: use of undeclared crate or module `qualia`
[INFO] [stdout]    --> tests/attrs.rs:203:21
[INFO] [stdout]     |
[INFO] [stdout] 203 |     #[derive(Debug, ObjectShape, PartialEq)]
[INFO] [stdout]     |                     ^^^^^^^^^^^ use of undeclared crate or module `qualia`
[INFO] [stdout]     |
[INFO] [stdout]     = note: this error originates in the derive macro `ObjectShape` (in Nightly builds, run with -Z macro-backtrace for more info)
[INFO] [stdout] 
[INFO] [stdout] 
[INFO] [stdout] error[E0433]: failed to resolve: use of undeclared crate or module `qualia`
[INFO] [stdout]    --> tests/attrs.rs:211:21
[INFO] [stdout]     |
[INFO] [stdout] 211 |     #[derive(Debug, ObjectShape, PartialEq)]
[INFO] [stdout]     |                     ^^^^^^^^^^^ use of undeclared crate or module `qualia`
[INFO] [stdout]     |
[INFO] [stdout]     = note: this error originates in the derive macro `ObjectShape` (in Nightly builds, run with -Z macro-backtrace for more info)
[INFO] [stdout] 
[INFO] [stdout] 
[INFO] [stdout] error: aborting due to 13 previous errors
[INFO] [stdout] 
[INFO] [stdout] 
[INFO] [stdout] Some errors have detailed explanations: E0432, E0433.
[INFO] [stdout] 
[INFO] [stdout] For more information about an error, try `rustc --explain E0432`.
[INFO] [stdout] 
[INFO] [stderr] error: could not compile `qualia_derive` (test "attrs") due to 14 previous errors
[INFO] running `Command { std: "docker" "inspect" "45bb91f1686de36339a2f0f953a8be347fcb49149de7d695de36818f61a03c51", kill_on_drop: false }`
[INFO] running `Command { std: "docker" "rm" "-f" "45bb91f1686de36339a2f0f953a8be347fcb49149de7d695de36818f61a03c51", kill_on_drop: false }`
[INFO] [stdout] 45bb91f1686de36339a2f0f953a8be347fcb49149de7d695de36818f61a03c51
