[INFO] fetching crate quaint-forked 0.1.3-alpha.5...
[INFO] checking quaint-forked-0.1.3-alpha.5 against nightly-2024-02-05 for check-cfg
[INFO] extracting crate quaint-forked 0.1.3-alpha.5 into /workspace/builds/worker-4-tc1/source
[INFO] validating manifest of crates.io crate quaint-forked 0.1.3-alpha.5 on toolchain nightly-2024-02-05
[INFO] running `Command { std: CARGO_HOME="/workspace/cargo-home" RUSTUP_HOME="/workspace/rustup-home" "/workspace/cargo-home/bin/cargo" "+nightly-2024-02-05" "metadata" "--manifest-path" "Cargo.toml" "--no-deps", kill_on_drop: false }`
[INFO] removed /workspace/builds/worker-4-tc1/source/rust-toolchain
[INFO] started tweaking crates.io crate quaint-forked 0.1.3-alpha.5
[INFO] finished tweaking crates.io crate quaint-forked 0.1.3-alpha.5
[INFO] tweaked toml for crates.io crate quaint-forked 0.1.3-alpha.5 written to /workspace/builds/worker-4-tc1/source/Cargo.toml
[INFO] running `Command { std: CARGO_HOME="/workspace/cargo-home" RUSTUP_HOME="/workspace/rustup-home" "/workspace/cargo-home/bin/cargo" "+nightly-2024-02-05" "generate-lockfile" "--manifest-path" "Cargo.toml", kill_on_drop: false }`
[INFO] [stderr]     Updating crates.io index
[INFO] running `Command { std: CARGO_HOME="/workspace/cargo-home" RUSTUP_HOME="/workspace/rustup-home" "/workspace/cargo-home/bin/cargo" "+nightly-2024-02-05" "fetch" "--manifest-path" "Cargo.toml", kill_on_drop: false }`
[INFO] [stderr]     Blocking waiting for file lock on package cache
[INFO] [stderr]  Downloading crates ...
[INFO] [stderr]   Downloaded metrics-macros v0.5.1
[INFO] [stderr]   Downloaded postgres-native-tls v0.5.0
[INFO] [stderr]   Downloaded connection-string v0.2.0
[INFO] [stderr]   Downloaded winauth v0.0.4
[INFO] [stderr]   Downloaded connection-string v0.1.14
[INFO] [stderr]   Downloaded metrics v0.18.1
[INFO] [stderr]   Downloaded names v0.11.0
[INFO] [stderr]   Downloaded mysql_async v0.31.3
[INFO] [stderr]   Downloaded mysql_common v0.29.2
[INFO] [stderr]   Downloaded tiberius v0.11.7
[INFO] [stderr]   Downloaded mobc-forked v0.7.4-alpha.4
[INFO] running `Command { std: "docker" "create" "-v" "/var/lib/crater-agent-workspace/builds/worker-4-tc1/target:/opt/rustwide/target:rw,Z" "-v" "/var/lib/crater-agent-workspace/builds/worker-4-tc1/source:/opt/rustwide/workdir:ro,Z" "-v" "/var/lib/crater-agent-workspace/cargo-home:/opt/rustwide/cargo-home:ro,Z" "-v" "/var/lib/crater-agent-workspace/rustup-home:/opt/rustwide/rustup-home:ro,Z" "-e" "SOURCE_DIR=/opt/rustwide/workdir" "-e" "CARGO_TARGET_DIR=/opt/rustwide/target" "-e" "CARGO_HOME=/opt/rustwide/cargo-home" "-e" "RUSTUP_HOME=/opt/rustwide/rustup-home" "-w" "/opt/rustwide/workdir" "-m" "1610612736" "--user" "0:0" "--network" "none" "ghcr.io/rust-lang/crates-build-env/linux@sha256:2788e3201cd34a07e3172128adcd8b3090168a8e3bcc40d7c032b9dda1df7d1c" "/opt/rustwide/cargo-home/bin/cargo" "+nightly-2024-02-05" "metadata" "--no-deps" "--format-version=1", kill_on_drop: false }`
[INFO] [stdout] 81ac064230dec380ab23710cda0425d5d8f54942694a2d1af2eafbe4025e9218
[INFO] running `Command { std: "docker" "start" "-a" "81ac064230dec380ab23710cda0425d5d8f54942694a2d1af2eafbe4025e9218", kill_on_drop: false }`
[INFO] running `Command { std: "docker" "inspect" "81ac064230dec380ab23710cda0425d5d8f54942694a2d1af2eafbe4025e9218", kill_on_drop: false }`
[INFO] running `Command { std: "docker" "rm" "-f" "81ac064230dec380ab23710cda0425d5d8f54942694a2d1af2eafbe4025e9218", kill_on_drop: false }`
[INFO] [stdout] 81ac064230dec380ab23710cda0425d5d8f54942694a2d1af2eafbe4025e9218
[INFO] running `Command { std: "docker" "create" "-v" "/var/lib/crater-agent-workspace/builds/worker-4-tc1/target:/opt/rustwide/target:rw,Z" "-v" "/var/lib/crater-agent-workspace/builds/worker-4-tc1/source:/opt/rustwide/workdir:ro,Z" "-v" "/var/lib/crater-agent-workspace/cargo-home:/opt/rustwide/cargo-home:ro,Z" "-v" "/var/lib/crater-agent-workspace/rustup-home:/opt/rustwide/rustup-home:ro,Z" "-e" "SOURCE_DIR=/opt/rustwide/workdir" "-e" "CARGO_TARGET_DIR=/opt/rustwide/target" "-e" "CARGO_INCREMENTAL=0" "-e" "RUST_BACKTRACE=full" "-e" "RUSTFLAGS=--cap-lints=forbid" "-e" "RUSTDOCFLAGS=--cap-lints=forbid" "-e" "CARGO_HOME=/opt/rustwide/cargo-home" "-e" "RUSTUP_HOME=/opt/rustwide/rustup-home" "-w" "/opt/rustwide/workdir" "-m" "1610612736" "--user" "0:0" "--network" "none" "ghcr.io/rust-lang/crates-build-env/linux@sha256:2788e3201cd34a07e3172128adcd8b3090168a8e3bcc40d7c032b9dda1df7d1c" "/opt/rustwide/cargo-home/bin/cargo" "+nightly-2024-02-05" "check" "--frozen" "--all" "--all-targets" "--message-format=json", kill_on_drop: false }`
[INFO] [stdout] 6039c35fa5a6bfcd1223df125abfdc17b799747a4e262745be73811f2da3dfe7
[INFO] running `Command { std: "docker" "start" "-a" "6039c35fa5a6bfcd1223df125abfdc17b799747a4e262745be73811f2da3dfe7", kill_on_drop: false }`
[INFO] [stderr]    Compiling metrics v0.18.1
[INFO] [stderr]     Checking tracing-core v0.1.32
[INFO] [stderr]    Compiling names v0.11.0
[INFO] [stderr]     Checking connection-string v0.1.14
[INFO] [stderr]    Compiling futures-macro v0.3.30
[INFO] [stderr]    Compiling metrics-macros v0.5.1
[INFO] [stderr]    Compiling indoc-impl v0.3.6
[INFO] [stderr]    Compiling async-trait v0.1.77
[INFO] [stderr]    Compiling tokio-macros v2.2.0
[INFO] [stderr]     Checking serde v1.0.196
[INFO] [stderr]     Checking uuid v1.7.0
[INFO] [stderr]     Checking tracing v0.1.40
[INFO] [stderr]     Checking indoc v0.3.6
[INFO] [stderr]     Checking tokio v1.36.0
[INFO] [stderr]     Checking futures-util v0.3.30
[INFO] [stderr]     Checking futures-executor v0.3.30
[INFO] [stderr]     Checking futures v0.3.30
[INFO] [stderr]     Checking quaint-forked v0.1.3-alpha.5 (/opt/rustwide/workdir)
[INFO] [stdout] error: one of 'sqlite', 'postgresql', 'mysql' or 'mssql' features must be enabled
[INFO] [stdout]    --> src/lib.rs:109:1
[INFO] [stdout]     |
[INFO] [stdout] 109 | compile_error!("one of 'sqlite', 'postgresql', 'mysql' or 'mssql' features must be enabled");
[INFO] [stdout]     | ^^^^^^^^^^^^^^^^^^^^^^^^^^^^^^^^^^^^^^^^^^^^^^^^^^^^^^^^^^^^^^^^^^^^^^^^^^^^^^^^^^^^^^^^^^^^
[INFO] [stdout] 
[INFO] [stdout] 
[INFO] [stdout] error: one of 'sqlite', 'postgresql', 'mysql' or 'mssql' features must be enabled
[INFO] [stdout]    --> src/lib.rs:109:1
[INFO] [stdout]     |
[INFO] [stdout] 109 | compile_error!("one of 'sqlite', 'postgresql', 'mysql' or 'mssql' features must be enabled");
[INFO] [stdout]     | ^^^^^^^^^^^^^^^^^^^^^^^^^^^^^^^^^^^^^^^^^^^^^^^^^^^^^^^^^^^^^^^^^^^^^^^^^^^^^^^^^^^^^^^^^^^^
[INFO] [stdout] 
[INFO] [stdout] 
[INFO] [stdout] error[E0432]: unresolved import `test_setup`
[INFO] [stdout]  --> src/tests/test_api.rs:1:5
[INFO] [stdout]   |
[INFO] [stdout] 1 | use test_setup::Tags;
[INFO] [stdout]   |     ^^^^^^^^^^ use of undeclared crate or module `test_setup`
[INFO] [stdout] 
[INFO] [stdout] 
[INFO] [stdout] error[E0432]: unresolved import `test_macros`
[INFO] [stdout]  --> src/tests/query/error.rs:6:5
[INFO] [stdout]   |
[INFO] [stdout] 6 | use test_macros::test_each_connector;
[INFO] [stdout]   |     ^^^^^^^^^^^ use of undeclared crate or module `test_macros`
[INFO] [stdout] 
[INFO] [stdout] 
[INFO] [stdout] error[E0432]: unresolved import `test_macros`
[INFO] [stdout]   --> src/tests/query.rs:11:5
[INFO] [stdout]    |
[INFO] [stdout] 11 | use test_macros::test_each_connector;
[INFO] [stdout]    |     ^^^^^^^^^^^ use of undeclared crate or module `test_macros`
[INFO] [stdout] 
[INFO] [stdout] 
[INFO] [stdout] error[E0432]: unresolved import `test_setup`
[INFO] [stdout]   --> src/tests/query.rs:12:5
[INFO] [stdout]    |
[INFO] [stdout] 12 | use test_setup::Tags;
[INFO] [stdout]    |     ^^^^^^^^^^ use of undeclared crate or module `test_setup`
[INFO] [stdout] 
[INFO] [stdout] 
[INFO] [stdout] error[E0432]: unresolved import `test_macros`
[INFO] [stdout]  --> src/tests/upsert.rs:3:5
[INFO] [stdout]   |
[INFO] [stdout] 3 | use test_macros::test_each_connector;
[INFO] [stdout]   |     ^^^^^^^^^^^ use of undeclared crate or module `test_macros`
[INFO] [stdout] 
[INFO] [stdout] 
[INFO] [stdout] warning: unused macro definition: `test_type`
[INFO] [stdout]    --> src/macros.rs:163:14
[INFO] [stdout]     |
[INFO] [stdout] 163 | macro_rules! test_type {
[INFO] [stdout]     |              ^^^^^^^^^
[INFO] [stdout]     |
[INFO] [stdout]     = note: `#[warn(unused_macros)]` on by default
[INFO] [stdout] 
[INFO] [stdout] 
[INFO] [stdout] warning: unused variable: `inner`
[INFO] [stdout]    --> src/single.rs:132:13
[INFO] [stdout]     |
[INFO] [stdout] 132 |         let inner = match url_str {
[INFO] [stdout]     |             ^^^^^ help: if this is intentional, prefix it with an underscore: `_inner`
[INFO] [stdout]     |
[INFO] [stdout]     = note: `#[warn(unused_variables)]` on by default
[INFO] [stdout] 
[INFO] [stdout] 
[INFO] [stdout] warning: unused variable: `inner`
[INFO] [stdout]    --> src/single.rs:132:13
[INFO] [stdout]     |
[INFO] [stdout] 132 |         let inner = match url_str {
[INFO] [stdout]     |             ^^^^^ help: if this is intentional, prefix it with an underscore: `_inner`
[INFO] [stdout]     |
[INFO] [stdout]     = note: `#[warn(unused_variables)]` on by default
[INFO] [stdout] 
[INFO] [stdout] 
[INFO] [stdout] error: aborting due to 1 previous error; 1 warning emitted
[INFO] [stdout] 
[INFO] [stdout] 
[INFO] [stderr] error: could not compile `quaint-forked` (lib) due to 2 previous errors; 1 warning emitted
[INFO] [stderr] warning: build failed, waiting for other jobs to finish...
[INFO] [stdout] warning: unreachable expression
[INFO] [stdout]    --> src/tests/query/error.rs:305:5
[INFO] [stdout]     |
[INFO] [stdout] 305 |       if api.conn().connection_info().sql_family().is_mysql() {
[INFO] [stdout]     |       ^  ----------------------------------------- any code following this expression is unreachable
[INFO] [stdout]     |  _____|
[INFO] [stdout]     | |
[INFO] [stdout] 306 | |         let error_message = result.unwrap_err().to_string();
[INFO] [stdout] 307 | |         assert_eq!(error_message, "Error accessing result set, column not found: YOLO");
[INFO] [stdout] 308 | |     }
[INFO] [stdout]     | |_____^ unreachable expression
[INFO] [stdout]     |
[INFO] [stdout] note: this expression has type `connection_info::SqlFamily`, which is uninhabited
[INFO] [stdout]    --> src/tests/query/error.rs:305:8
[INFO] [stdout]     |
[INFO] [stdout] 305 |     if api.conn().connection_info().sql_family().is_mysql() {
[INFO] [stdout]     |        ^^^^^^^^^^^^^^^^^^^^^^^^^^^^^^^^^^^^^^^^^
[INFO] [stdout]     = note: `#[warn(unreachable_code)]` on by default
[INFO] [stdout] 
[INFO] [stdout] 
[INFO] [stdout] error: aborting due to 6 previous errors; 3 warnings emitted
[INFO] [stdout] 
[INFO] [stdout] 
[INFO] [stdout] For more information about this error, try `rustc --explain E0432`.
[INFO] [stdout] 
[INFO] [stderr] error: could not compile `quaint-forked` (lib test) due to 7 previous errors; 3 warnings emitted
[INFO] running `Command { std: "docker" "inspect" "6039c35fa5a6bfcd1223df125abfdc17b799747a4e262745be73811f2da3dfe7", kill_on_drop: false }`
[INFO] running `Command { std: "docker" "rm" "-f" "6039c35fa5a6bfcd1223df125abfdc17b799747a4e262745be73811f2da3dfe7", kill_on_drop: false }`
[INFO] [stdout] 6039c35fa5a6bfcd1223df125abfdc17b799747a4e262745be73811f2da3dfe7
