[INFO] fetching crate qsspodcasts 0.1.0...
[INFO] checking qsspodcasts-0.1.0 against nightly-2024-02-05 for check-cfg
[INFO] extracting crate qsspodcasts 0.1.0 into /workspace/builds/worker-7-tc1/source
[INFO] validating manifest of crates.io crate qsspodcasts 0.1.0 on toolchain nightly-2024-02-05
[INFO] running `Command { std: CARGO_HOME="/workspace/cargo-home" RUSTUP_HOME="/workspace/rustup-home" "/workspace/cargo-home/bin/cargo" "+nightly-2024-02-05" "metadata" "--manifest-path" "Cargo.toml" "--no-deps", kill_on_drop: false }`
[INFO] started tweaking crates.io crate qsspodcasts 0.1.0
[INFO] finished tweaking crates.io crate qsspodcasts 0.1.0
[INFO] tweaked toml for crates.io crate qsspodcasts 0.1.0 written to /workspace/builds/worker-7-tc1/source/Cargo.toml
[INFO] crate crates.io crate qsspodcasts 0.1.0 already has a lockfile, it will not be regenerated
[INFO] running `Command { std: CARGO_HOME="/workspace/cargo-home" RUSTUP_HOME="/workspace/rustup-home" "/workspace/cargo-home/bin/cargo" "+nightly-2024-02-05" "fetch" "--manifest-path" "Cargo.toml", kill_on_drop: false }`
[INFO] [stderr]     Updating crates.io index
[INFO] [stderr]  Downloading crates ...
[INFO] [stderr]   Downloaded gstreamer-pbutils-sys v0.20.0
[INFO] [stderr]   Downloaded qsspodcasts_data_transport v0.1.0
[INFO] [stderr]   Downloaded qsspodcasts_business_core v0.1.0
[INFO] [stderr]   Downloaded qsspodcasts_autocomplete_server v0.1.0
[INFO] [stderr]   Downloaded qsspodcasts_command_management v0.1.0
[INFO] [stderr]   Downloaded atom_syndication v0.12.1
[INFO] [stderr]   Downloaded gobject-sys v0.17.4
[INFO] [stderr]   Downloaded qsspodcasts_abstract_frontend v0.1.0
[INFO] [stderr]   Downloaded quick-xml v0.28.1
[INFO] [stderr]   Downloaded gstreamer-video-sys v0.20.0
[INFO] [stderr]   Downloaded glib-macros v0.17.7
[INFO] [stderr]   Downloaded reqwest v0.11.16
[INFO] [stderr]   Downloaded glib v0.17.5
[INFO] [stderr]   Downloaded ratatui v0.22.0
[INFO] [stderr]   Downloaded gstreamer v0.20.3
[INFO] [stderr]   Downloaded html2text v0.4.5
[INFO] [stderr]   Downloaded gio-sys v0.17.4
[INFO] [stderr]   Downloaded rss v2.0.3
[INFO] [stderr]   Downloaded gstreamer-base-sys v0.20.0
[INFO] [stderr]   Downloaded glib-sys v0.17.4
[INFO] [stderr]   Downloaded gstreamer-sys v0.20.0
[INFO] [stderr]   Downloaded gstreamer-audio-sys v0.20.0
[INFO] [stderr]   Downloaded qsspodcasts_str_to_lines v0.1.0
[INFO] [stderr]   Downloaded qsspodcasts_podcast_download v0.1.0
[INFO] [stderr]   Downloaded qsspodcasts_path_providing v0.1.0
[INFO] [stderr]   Downloaded gstreamer-play-sys v0.20.0
[INFO] [stderr]   Downloaded qsspodcasts_podcast_player v0.1.0
[INFO] [stderr]   Downloaded qsspodcasts_frontend v0.1.0
[INFO] [stderr]   Downloaded qsspodcasts_rss_management v0.1.0
[INFO] [stderr]   Downloaded qsspodcasts_podcast_management v0.1.0
[INFO] [stderr]   Downloaded gstreamer-play v0.20.2
[INFO] [stderr]   Downloaded qsspodcasts_fs_utils v0.1.0
[INFO] [stderr]   Downloaded gstreamer-pbutils v0.20.0
[INFO] [stderr]   Downloaded gstreamer-audio v0.20.4
[INFO] [stderr]   Downloaded gstreamer-base v0.20.0
[INFO] [stderr]   Downloaded gstreamer-video v0.20.4
[INFO] running `Command { std: "docker" "create" "-v" "/var/lib/crater-agent-workspace/builds/worker-7-tc1/target:/opt/rustwide/target:rw,Z" "-v" "/var/lib/crater-agent-workspace/builds/worker-7-tc1/source:/opt/rustwide/workdir:ro,Z" "-v" "/var/lib/crater-agent-workspace/cargo-home:/opt/rustwide/cargo-home:ro,Z" "-v" "/var/lib/crater-agent-workspace/rustup-home:/opt/rustwide/rustup-home:ro,Z" "-e" "SOURCE_DIR=/opt/rustwide/workdir" "-e" "CARGO_TARGET_DIR=/opt/rustwide/target" "-e" "CARGO_HOME=/opt/rustwide/cargo-home" "-e" "RUSTUP_HOME=/opt/rustwide/rustup-home" "-w" "/opt/rustwide/workdir" "-m" "1610612736" "--user" "0:0" "--network" "none" "ghcr.io/rust-lang/crates-build-env/linux@sha256:2788e3201cd34a07e3172128adcd8b3090168a8e3bcc40d7c032b9dda1df7d1c" "/opt/rustwide/cargo-home/bin/cargo" "+nightly-2024-02-05" "metadata" "--no-deps" "--format-version=1", kill_on_drop: false }`
[INFO] [stdout] 5dd27a6f220a242e57a0d7af938a9d8367c01edb1bf907e147eea53d409ef51e
[INFO] running `Command { std: "docker" "start" "-a" "5dd27a6f220a242e57a0d7af938a9d8367c01edb1bf907e147eea53d409ef51e", kill_on_drop: false }`
[INFO] running `Command { std: "docker" "inspect" "5dd27a6f220a242e57a0d7af938a9d8367c01edb1bf907e147eea53d409ef51e", kill_on_drop: false }`
[INFO] running `Command { std: "docker" "rm" "-f" "5dd27a6f220a242e57a0d7af938a9d8367c01edb1bf907e147eea53d409ef51e", kill_on_drop: false }`
[INFO] [stdout] 5dd27a6f220a242e57a0d7af938a9d8367c01edb1bf907e147eea53d409ef51e
[INFO] running `Command { std: "docker" "create" "-v" "/var/lib/crater-agent-workspace/builds/worker-7-tc1/target:/opt/rustwide/target:rw,Z" "-v" "/var/lib/crater-agent-workspace/builds/worker-7-tc1/source:/opt/rustwide/workdir:ro,Z" "-v" "/var/lib/crater-agent-workspace/cargo-home:/opt/rustwide/cargo-home:ro,Z" "-v" "/var/lib/crater-agent-workspace/rustup-home:/opt/rustwide/rustup-home:ro,Z" "-e" "SOURCE_DIR=/opt/rustwide/workdir" "-e" "CARGO_TARGET_DIR=/opt/rustwide/target" "-e" "CARGO_INCREMENTAL=0" "-e" "RUST_BACKTRACE=full" "-e" "RUSTFLAGS=--cap-lints=forbid" "-e" "RUSTDOCFLAGS=--cap-lints=forbid" "-e" "CARGO_HOME=/opt/rustwide/cargo-home" "-e" "RUSTUP_HOME=/opt/rustwide/rustup-home" "-w" "/opt/rustwide/workdir" "-m" "1610612736" "--user" "0:0" "--network" "none" "ghcr.io/rust-lang/crates-build-env/linux@sha256:2788e3201cd34a07e3172128adcd8b3090168a8e3bcc40d7c032b9dda1df7d1c" "/opt/rustwide/cargo-home/bin/cargo" "+nightly-2024-02-05" "check" "--frozen" "--all" "--all-targets" "--message-format=json", kill_on_drop: false }`
[INFO] [stdout] a0d98754fa088dc8cc6abffce73bc402c1c79d775c36eb27b8e9f0df8934f4c3
[INFO] running `Command { std: "docker" "start" "-a" "a0d98754fa088dc8cc6abffce73bc402c1c79d775c36eb27b8e9f0df8934f4c3", kill_on_drop: false }`
[INFO] [stderr]    Compiling autocfg v1.1.0
[INFO] [stderr]    Compiling libc v0.2.141
[INFO] [stderr]    Compiling proc-macro2 v1.0.56
[INFO] [stderr]    Compiling unicode-ident v1.0.8
[INFO] [stderr]    Compiling quote v1.0.26
[INFO] [stderr]    Compiling serde v1.0.159
[INFO] [stderr]     Checking cfg-if v1.0.0
[INFO] [stderr]    Compiling pkg-config v0.3.26
[INFO] [stderr]    Compiling hashbrown v0.12.3
[INFO] [stderr]    Compiling winnow v0.4.1
[INFO] [stderr]    Compiling smallvec v1.10.0
[INFO] [stderr]    Compiling indexmap v1.9.3
[INFO] [stdout] error[E0422]: cannot find struct, variant or union type `LineColumn` in crate `proc_macro`
[INFO] [stdout]    --> /opt/rustwide/cargo-home/registry/src/index.crates.io-6f17d22bba15001f/proc-macro2-1.0.56/src/wrapper.rs:475:33
[INFO] [stdout]     |
[INFO] [stdout] 475 |                 let proc_macro::LineColumn { line, column } = s.start();
[INFO] [stdout]     |                                 ^^^^^^^^^^ not found in `proc_macro`
[INFO] [stdout]     |
[INFO] [stdout] help: consider importing this struct through its public re-export
[INFO] [stdout]     |
[INFO] [stdout] 1   + use crate::LineColumn;
[INFO] [stdout]     |
[INFO] [stdout] help: if you import `LineColumn`, refer to it directly
[INFO] [stdout]     |
[INFO] [stdout] 475 -                 let proc_macro::LineColumn { line, column } = s.start();
[INFO] [stdout] 475 +                 let LineColumn { line, column } = s.start();
[INFO] [stdout]     |
[INFO] [stdout] 
[INFO] [stdout] 
[INFO] [stdout] error[E0422]: cannot find struct, variant or union type `LineColumn` in crate `proc_macro`
[INFO] [stdout]    --> /opt/rustwide/cargo-home/registry/src/index.crates.io-6f17d22bba15001f/proc-macro2-1.0.56/src/wrapper.rs:489:33
[INFO] [stdout]     |
[INFO] [stdout] 489 |                 let proc_macro::LineColumn { line, column } = s.end();
[INFO] [stdout]     |                                 ^^^^^^^^^^ not found in `proc_macro`
[INFO] [stdout]     |
[INFO] [stdout] help: consider importing this struct through its public re-export
[INFO] [stdout]     |
[INFO] [stdout] 1   + use crate::LineColumn;
[INFO] [stdout]     |
[INFO] [stdout] help: if you import `LineColumn`, refer to it directly
[INFO] [stdout]     |
[INFO] [stdout] 489 -                 let proc_macro::LineColumn { line, column } = s.end();
[INFO] [stdout] 489 +                 let LineColumn { line, column } = s.end();
[INFO] [stdout]     |
[INFO] [stdout] 
[INFO] [stdout] 
[INFO] [stdout] error[E0635]: unknown feature `proc_macro_span_shrink`
[INFO] [stdout]   --> /opt/rustwide/cargo-home/registry/src/index.crates.io-6f17d22bba15001f/proc-macro2-1.0.56/src/lib.rs:92:30
[INFO] [stdout]    |
[INFO] [stdout] 92 |     feature(proc_macro_span, proc_macro_span_shrink)
[INFO] [stdout]    |                              ^^^^^^^^^^^^^^^^^^^^^^
[INFO] [stdout] 
[INFO] [stdout] 
[INFO] [stderr]    Compiling cfg-expr v0.14.0
[INFO] [stderr]    Compiling version-compare v0.1.1
[INFO] [stdout] error: aborting due to 3 previous errors
[INFO] [stdout] 
[INFO] [stdout] 
[INFO] [stdout] Some errors have detailed explanations: E0422, E0635.
[INFO] [stdout] 
[INFO] [stdout] For more information about an error, try `rustc --explain E0422`.
[INFO] [stdout] 
[INFO] [stderr] error: could not compile `proc-macro2` (lib) due to 4 previous errors
[INFO] [stderr] warning: build failed, waiting for other jobs to finish...
[INFO] running `Command { std: "docker" "inspect" "a0d98754fa088dc8cc6abffce73bc402c1c79d775c36eb27b8e9f0df8934f4c3", kill_on_drop: false }`
[INFO] running `Command { std: "docker" "rm" "-f" "a0d98754fa088dc8cc6abffce73bc402c1c79d775c36eb27b8e9f0df8934f4c3", kill_on_drop: false }`
[INFO] [stdout] a0d98754fa088dc8cc6abffce73bc402c1c79d775c36eb27b8e9f0df8934f4c3
